I20260608 09:49:27.130124 25251 raft_consensus.cc:515] T b7a5ba18367343a39cced73205227722 P f7eb1ba3053542839a5b449497d2741d [term 0 FOLLOWER]: Starting pre-election with config: opid_index: -1 OBSOLETE_local: false peers { permanent_uuid: "f030f938470a46c4b1870f7d812788a8" member_type: VOTER last_known_addr { host: "127.20.15.129" port: 46797 } } peers { permanent_uuid: "abc4d378645647c5a282c2bc375ba863" member_type: VOTER last_known_addr { host: "127.20.15.130" port: 39157 } } peers { permanent_uuid: "f7eb1ba3053542839a5b449497d2741d" member_type: VOTER last_known_addr { host: "127.20.15.131" port: 34755 } }
I20260608 09:49:27.131400 25244 tablet_bootstrap.cc:654] T 1dfd0292bb8545e293aa1628b794f4b1 P f7eb1ba3053542839a5b449497d2741d: Neither blocks nor log segments found. Creating new log.
I20260608 09:49:27.117682 25243 raft_consensus.cc:385] T e868592fa8b74212a3b8d8790a542671 P abc4d378645647c5a282c2bc375ba863 [term 0 FOLLOWER]: Consensus starting up: Expiring failure detector timer to make a prompt election more likely
I20260608 09:49:27.132829 25243 raft_consensus.cc:740] T e868592fa8b74212a3b8d8790a542671 P abc4d378645647c5a282c2bc375ba863 [term 0 FOLLOWER]: Becoming Follower/Learner. State: Replica: abc4d378645647c5a282c2bc375ba863, State: Initialized, Role: FOLLOWER
I20260608 09:49:27.133891 25243 consensus_queue.cc:260] T e868592fa8b74212a3b8d8790a542671 P abc4d378645647c5a282c2bc375ba863 [NON_LEADER]: Queue going to NON_LEADER mode. State: All replicated index: 0, Majority replicated index: 0, Committed index: 0, Last appended: 0.0, Last appended by leader: 0, Current term: 0, Majority size: -1, State: 0, Mode: NON_LEADER, active raft config: opid_index: -1 OBSOLETE_local: false peers { permanent_uuid: "f030f938470a46c4b1870f7d812788a8" member_type: VOTER last_known_addr { host: "127.20.15.129" port: 46797 } } peers { permanent_uuid: "abc4d378645647c5a282c2bc375ba863" member_type: VOTER last_known_addr { host: "127.20.15.130" port: 39157 } } peers { permanent_uuid: "f7eb1ba3053542839a5b449497d2741d" member_type: VOTER last_known_addr { host: "127.20.15.131" port: 34755 } }
I20260608 09:49:27.135181 25048 tablet_service.cc:1917] Received RequestConsensusVote() RPC: tablet_id: "b7a5ba18367343a39cced73205227722" candidate_uuid: "f7eb1ba3053542839a5b449497d2741d" candidate_term: 1 candidate_status { last_received { term: 0 index: 0 } } ignore_live_leader: false dest_uuid: "f030f938470a46c4b1870f7d812788a8" is_pre_election: true
I20260608 09:49:27.135658 25276 raft_consensus.cc:493] T c975de193b9748f6a8085686e374f255 P f7eb1ba3053542839a5b449497d2741d [term 0 FOLLOWER]: Starting pre-election (no leader contacted us within the election timeout)
I20260608 09:49:27.135815 25048 raft_consensus.cc:2468] T b7a5ba18367343a39cced73205227722 P f030f938470a46c4b1870f7d812788a8 [term 0 FOLLOWER]: Leader pre-election vote request: Granting yes vote for candidate f7eb1ba3053542839a5b449497d2741d in term 0.
I20260608 09:49:27.136451 25243 ts_tablet_manager.cc:1434] T e868592fa8b74212a3b8d8790a542671 P abc4d378645647c5a282c2bc375ba863: Time spent starting tablet: real 0.024s	user 0.005s	sys 0.002s
I20260608 09:49:27.137610 25243 tablet_bootstrap.cc:492] T f5a201ec1f134137a0451377ebb5b3bc P abc4d378645647c5a282c2bc375ba863: Bootstrap starting.
I20260608 09:49:27.136181 25276 raft_consensus.cc:515] T c975de193b9748f6a8085686e374f255 P f7eb1ba3053542839a5b449497d2741d [term 0 FOLLOWER]: Starting pre-election with config: opid_index: -1 OBSOLETE_local: false peers { permanent_uuid: "f030f938470a46c4b1870f7d812788a8" member_type: VOTER last_known_addr { host: "127.20.15.129" port: 46797 } } peers { permanent_uuid: "abc4d378645647c5a282c2bc375ba863" member_type: VOTER last_known_addr { host: "127.20.15.130" port: 39157 } } peers { permanent_uuid: "f7eb1ba3053542839a5b449497d2741d" member_type: VOTER last_known_addr { host: "127.20.15.131" port: 34755 } }
I20260608 09:49:27.139972 25162 leader_election.cc:304] T b7a5ba18367343a39cced73205227722 P f7eb1ba3053542839a5b449497d2741d [CANDIDATE]: Term 1 pre-election: Election decided. Result: candidate won. Election summary: received 2 responses out of 3 voters: 2 yes votes; 0 no votes. yes voters: f030f938470a46c4b1870f7d812788a8, f7eb1ba3053542839a5b449497d2741d; no voters: 
I20260608 09:49:27.140404 25124 tablet_service.cc:1917] Received RequestConsensusVote() RPC: tablet_id: "b7a5ba18367343a39cced73205227722" candidate_uuid: "f7eb1ba3053542839a5b449497d2741d" candidate_term: 1 candidate_status { last_received { term: 0 index: 0 } } ignore_live_leader: false dest_uuid: "abc4d378645647c5a282c2bc375ba863" is_pre_election: true
I20260608 09:49:27.132429 25251 leader_election.cc:290] T b7a5ba18367343a39cced73205227722 P f7eb1ba3053542839a5b449497d2741d [CANDIDATE]: Term 1 pre-election: Requested pre-vote from peers f030f938470a46c4b1870f7d812788a8 (127.20.15.129:46797), abc4d378645647c5a282c2bc375ba863 (127.20.15.130:39157)
I20260608 09:49:27.141155 25251 raft_consensus.cc:2804] T b7a5ba18367343a39cced73205227722 P f7eb1ba3053542839a5b449497d2741d [term 0 FOLLOWER]: Leader pre-election won for term 1
I20260608 09:49:27.141101 25124 raft_consensus.cc:2468] T b7a5ba18367343a39cced73205227722 P abc4d378645647c5a282c2bc375ba863 [term 0 FOLLOWER]: Leader pre-election vote request: Granting yes vote for candidate f7eb1ba3053542839a5b449497d2741d in term 0.
I20260608 09:49:27.140518 25276 leader_election.cc:290] T c975de193b9748f6a8085686e374f255 P f7eb1ba3053542839a5b449497d2741d [CANDIDATE]: Term 1 pre-election: Requested pre-vote from peers f030f938470a46c4b1870f7d812788a8 (127.20.15.129:46797), abc4d378645647c5a282c2bc375ba863 (127.20.15.130:39157)
I20260608 09:49:27.141625 25251 raft_consensus.cc:493] T b7a5ba18367343a39cced73205227722 P f7eb1ba3053542839a5b449497d2741d [term 0 FOLLOWER]: Starting leader election (no leader contacted us within the election timeout)
I20260608 09:49:27.149284 25251 raft_consensus.cc:3060] T b7a5ba18367343a39cced73205227722 P f7eb1ba3053542839a5b449497d2741d [term 0 FOLLOWER]: Advancing to term 1
I20260608 09:49:27.151731 25245 tablet_bootstrap.cc:492] T c975de193b9748f6a8085686e374f255 P f030f938470a46c4b1870f7d812788a8: No bootstrap required, opened a new log
I20260608 09:49:27.152247 25245 ts_tablet_manager.cc:1403] T c975de193b9748f6a8085686e374f255 P f030f938470a46c4b1870f7d812788a8: Time spent bootstrapping tablet: real 0.029s	user 0.015s	sys 0.001s
I20260608 09:49:27.156200 25243 tablet_bootstrap.cc:654] T f5a201ec1f134137a0451377ebb5b3bc P abc4d378645647c5a282c2bc375ba863: Neither blocks nor log segments found. Creating new log.
I20260608 09:49:27.155025 25245 raft_consensus.cc:359] T c975de193b9748f6a8085686e374f255 P f030f938470a46c4b1870f7d812788a8 [term 0 FOLLOWER]: Replica starting. Triggering 0 pending ops. Active config: opid_index: -1 OBSOLETE_local: false peers { permanent_uuid: "f030f938470a46c4b1870f7d812788a8" member_type: VOTER last_known_addr { host: "127.20.15.129" port: 46797 } } peers { permanent_uuid: "abc4d378645647c5a282c2bc375ba863" member_type: VOTER last_known_addr { host: "127.20.15.130" port: 39157 } } peers { permanent_uuid: "f7eb1ba3053542839a5b449497d2741d" member_type: VOTER last_known_addr { host: "127.20.15.131" port: 34755 } }
I20260608 09:49:27.155965 24946 catalog_manager.cc:5696] T f5a201ec1f134137a0451377ebb5b3bc P f030f938470a46c4b1870f7d812788a8 reported cstate change: term changed from 0 to 1, leader changed from <none> to f030f938470a46c4b1870f7d812788a8 (127.20.15.129). New cstate: current_term: 1 leader_uuid: "f030f938470a46c4b1870f7d812788a8" committed_config { opid_index: -1 OBSOLETE_local: false peers { permanent_uuid: "abc4d378645647c5a282c2bc375ba863" member_type: VOTER last_known_addr { host: "127.20.15.130" port: 39157 } health_report { overall_health: UNKNOWN } } peers { permanent_uuid: "f030f938470a46c4b1870f7d812788a8" member_type: VOTER last_known_addr { host: "127.20.15.129" port: 46797 } health_report { overall_health: HEALTHY } } peers { permanent_uuid: "f7eb1ba3053542839a5b449497d2741d" member_type: VOTER last_known_addr { host: "127.20.15.131" port: 34755 } health_report { overall_health: UNKNOWN } } }
I20260608 09:49:27.160670 25048 tablet_service.cc:1917] Received RequestConsensusVote() RPC: tablet_id: "c975de193b9748f6a8085686e374f255" candidate_uuid: "f7eb1ba3053542839a5b449497d2741d" candidate_term: 1 candidate_status { last_received { term: 0 index: 0 } } ignore_live_leader: false dest_uuid: "f030f938470a46c4b1870f7d812788a8" is_pre_election: true
I20260608 09:49:27.162808 25124 tablet_service.cc:1917] Received RequestConsensusVote() RPC: tablet_id: "c975de193b9748f6a8085686e374f255" candidate_uuid: "f7eb1ba3053542839a5b449497d2741d" candidate_term: 1 candidate_status { last_received { term: 0 index: 0 } } ignore_live_leader: false dest_uuid: "abc4d378645647c5a282c2bc375ba863" is_pre_election: true
W20260608 09:49:27.165107 25162 leader_election.cc:343] T c975de193b9748f6a8085686e374f255 P f7eb1ba3053542839a5b449497d2741d [CANDIDATE]: Term 1 pre-election: Tablet error from VoteRequest() call to peer abc4d378645647c5a282c2bc375ba863 (127.20.15.130:39157): Illegal state: must be running to vote when last-logged opid is not known
I20260608 09:49:27.166035 25243 tablet_bootstrap.cc:492] T f5a201ec1f134137a0451377ebb5b3bc P abc4d378645647c5a282c2bc375ba863: No bootstrap required, opened a new log
I20260608 09:49:27.166524 25243 ts_tablet_manager.cc:1403] T f5a201ec1f134137a0451377ebb5b3bc P abc4d378645647c5a282c2bc375ba863: Time spent bootstrapping tablet: real 0.029s	user 0.005s	sys 0.009s
I20260608 09:49:27.166576 25251 raft_consensus.cc:515] T b7a5ba18367343a39cced73205227722 P f7eb1ba3053542839a5b449497d2741d [term 1 FOLLOWER]: Starting leader election with config: opid_index: -1 OBSOLETE_local: false peers { permanent_uuid: "f030f938470a46c4b1870f7d812788a8" member_type: VOTER last_known_addr { host: "127.20.15.129" port: 46797 } } peers { permanent_uuid: "abc4d378645647c5a282c2bc375ba863" member_type: VOTER last_known_addr { host: "127.20.15.130" port: 39157 } } peers { permanent_uuid: "f7eb1ba3053542839a5b449497d2741d" member_type: VOTER last_known_addr { host: "127.20.15.131" port: 34755 } }
I20260608 09:49:27.168777 25251 leader_election.cc:290] T b7a5ba18367343a39cced73205227722 P f7eb1ba3053542839a5b449497d2741d [CANDIDATE]: Term 1 election: Requested vote from peers f030f938470a46c4b1870f7d812788a8 (127.20.15.129:46797), abc4d378645647c5a282c2bc375ba863 (127.20.15.130:39157)
I20260608 09:49:27.156773 25245 raft_consensus.cc:385] T c975de193b9748f6a8085686e374f255 P f030f938470a46c4b1870f7d812788a8 [term 0 FOLLOWER]: Consensus starting up: Expiring failure detector timer to make a prompt election more likely
I20260608 09:49:27.169775 25245 raft_consensus.cc:740] T c975de193b9748f6a8085686e374f255 P f030f938470a46c4b1870f7d812788a8 [term 0 FOLLOWER]: Becoming Follower/Learner. State: Replica: f030f938470a46c4b1870f7d812788a8, State: Initialized, Role: FOLLOWER
I20260608 09:49:27.169829 25243 raft_consensus.cc:359] T f5a201ec1f134137a0451377ebb5b3bc P abc4d378645647c5a282c2bc375ba863 [term 0 FOLLOWER]: Replica starting. Triggering 0 pending ops. Active config: opid_index: -1 OBSOLETE_local: false peers { permanent_uuid: "abc4d378645647c5a282c2bc375ba863" member_type: VOTER last_known_addr { host: "127.20.15.130" port: 39157 } } peers { permanent_uuid: "f030f938470a46c4b1870f7d812788a8" member_type: VOTER last_known_addr { host: "127.20.15.129" port: 46797 } } peers { permanent_uuid: "f7eb1ba3053542839a5b449497d2741d" member_type: VOTER last_known_addr { host: "127.20.15.131" port: 34755 } }
I20260608 09:49:27.170215 25049 tablet_service.cc:1917] Received RequestConsensusVote() RPC: tablet_id: "b7a5ba18367343a39cced73205227722" candidate_uuid: "f7eb1ba3053542839a5b449497d2741d" candidate_term: 1 candidate_status { last_received { term: 0 index: 0 } } ignore_live_leader: false dest_uuid: "f030f938470a46c4b1870f7d812788a8"
I20260608 09:49:27.170688 25243 raft_consensus.cc:385] T f5a201ec1f134137a0451377ebb5b3bc P abc4d378645647c5a282c2bc375ba863 [term 0 FOLLOWER]: Consensus starting up: Expiring failure detector timer to make a prompt election more likely
I20260608 09:49:27.170831 25049 raft_consensus.cc:3060] T b7a5ba18367343a39cced73205227722 P f030f938470a46c4b1870f7d812788a8 [term 0 FOLLOWER]: Advancing to term 1
I20260608 09:49:27.170751 25245 consensus_queue.cc:260] T c975de193b9748f6a8085686e374f255 P f030f938470a46c4b1870f7d812788a8 [NON_LEADER]: Queue going to NON_LEADER mode. State: All replicated index: 0, Majority replicated index: 0, Committed index: 0, Last appended: 0.0, Last appended by leader: 0, Current term: 0, Majority size: -1, State: 0, Mode: NON_LEADER, active raft config: opid_index: -1 OBSOLETE_local: false peers { permanent_uuid: "f030f938470a46c4b1870f7d812788a8" member_type: VOTER last_known_addr { host: "127.20.15.129" port: 46797 } } peers { permanent_uuid: "abc4d378645647c5a282c2bc375ba863" member_type: VOTER last_known_addr { host: "127.20.15.130" port: 39157 } } peers { permanent_uuid: "f7eb1ba3053542839a5b449497d2741d" member_type: VOTER last_known_addr { host: "127.20.15.131" port: 34755 } }
I20260608 09:49:27.171157 25243 raft_consensus.cc:740] T f5a201ec1f134137a0451377ebb5b3bc P abc4d378645647c5a282c2bc375ba863 [term 0 FOLLOWER]: Becoming Follower/Learner. State: Replica: abc4d378645647c5a282c2bc375ba863, State: Initialized, Role: FOLLOWER
I20260608 09:49:27.172288 25243 consensus_queue.cc:260] T f5a201ec1f134137a0451377ebb5b3bc P abc4d378645647c5a282c2bc375ba863 [NON_LEADER]: Queue going to NON_LEADER mode. State: All replicated index: 0, Majority replicated index: 0, Committed index: 0, Last appended: 0.0, Last appended by leader: 0, Current term: 0, Majority size: -1, State: 0, Mode: NON_LEADER, active raft config: opid_index: -1 OBSOLETE_local: false peers { permanent_uuid: "abc4d378645647c5a282c2bc375ba863" member_type: VOTER last_known_addr { host: "127.20.15.130" port: 39157 } } peers { permanent_uuid: "f030f938470a46c4b1870f7d812788a8" member_type: VOTER last_known_addr { host: "127.20.15.129" port: 46797 } } peers { permanent_uuid: "f7eb1ba3053542839a5b449497d2741d" member_type: VOTER last_known_addr { host: "127.20.15.131" port: 34755 } }
I20260608 09:49:27.173427 25245 ts_tablet_manager.cc:1434] T c975de193b9748f6a8085686e374f255 P f030f938470a46c4b1870f7d812788a8: Time spent starting tablet: real 0.021s	user 0.002s	sys 0.006s
I20260608 09:49:27.174389 25245 tablet_bootstrap.cc:492] T c23e087152a845e1bb0942285273908a P f030f938470a46c4b1870f7d812788a8: Bootstrap starting.
I20260608 09:49:27.174753 25243 ts_tablet_manager.cc:1434] T f5a201ec1f134137a0451377ebb5b3bc P abc4d378645647c5a282c2bc375ba863: Time spent starting tablet: real 0.008s	user 0.003s	sys 0.003s
I20260608 09:49:27.175249 25048 raft_consensus.cc:2468] T c975de193b9748f6a8085686e374f255 P f030f938470a46c4b1870f7d812788a8 [term 0 FOLLOWER]: Leader pre-election vote request: Granting yes vote for candidate f7eb1ba3053542839a5b449497d2741d in term 0.
I20260608 09:49:27.180110 25244 tablet_bootstrap.cc:492] T 1dfd0292bb8545e293aa1628b794f4b1 P f7eb1ba3053542839a5b449497d2741d: No bootstrap required, opened a new log
I20260608 09:49:27.180464 25245 tablet_bootstrap.cc:654] T c23e087152a845e1bb0942285273908a P f030f938470a46c4b1870f7d812788a8: Neither blocks nor log segments found. Creating new log.
I20260608 09:49:27.180696 25244 ts_tablet_manager.cc:1403] T 1dfd0292bb8545e293aa1628b794f4b1 P f7eb1ba3053542839a5b449497d2741d: Time spent bootstrapping tablet: real 0.056s	user 0.023s	sys 0.003s
I20260608 09:49:27.182154 25124 tablet_service.cc:1917] Received RequestConsensusVote() RPC: tablet_id: "b7a5ba18367343a39cced73205227722" candidate_uuid: "f7eb1ba3053542839a5b449497d2741d" candidate_term: 1 candidate_status { last_received { term: 0 index: 0 } } ignore_live_leader: false dest_uuid: "abc4d378645647c5a282c2bc375ba863"
I20260608 09:49:27.182730 25124 raft_consensus.cc:3060] T b7a5ba18367343a39cced73205227722 P abc4d378645647c5a282c2bc375ba863 [term 0 FOLLOWER]: Advancing to term 1
I20260608 09:49:27.180743 25243 tablet_bootstrap.cc:492] T c23e087152a845e1bb0942285273908a P abc4d378645647c5a282c2bc375ba863: Bootstrap starting.
I20260608 09:49:27.180253 25049 raft_consensus.cc:2468] T b7a5ba18367343a39cced73205227722 P f030f938470a46c4b1870f7d812788a8 [term 1 FOLLOWER]: Leader election vote request: Granting yes vote for candidate f7eb1ba3053542839a5b449497d2741d in term 1.
I20260608 09:49:27.190116 25124 raft_consensus.cc:2468] T b7a5ba18367343a39cced73205227722 P abc4d378645647c5a282c2bc375ba863 [term 1 FOLLOWER]: Leader election vote request: Granting yes vote for candidate f7eb1ba3053542839a5b449497d2741d in term 1.
I20260608 09:49:27.181531 25162 leader_election.cc:304] T c975de193b9748f6a8085686e374f255 P f7eb1ba3053542839a5b449497d2741d [CANDIDATE]: Term 1 pre-election: Election decided. Result: candidate won. Election summary: received 3 responses out of 3 voters: 2 yes votes; 1 no votes. yes voters: f030f938470a46c4b1870f7d812788a8, f7eb1ba3053542839a5b449497d2741d; no voters: abc4d378645647c5a282c2bc375ba863
I20260608 09:49:27.193336 25251 raft_consensus.cc:2804] T c975de193b9748f6a8085686e374f255 P f7eb1ba3053542839a5b449497d2741d [term 0 FOLLOWER]: Leader pre-election won for term 1
I20260608 09:49:27.193723 25251 raft_consensus.cc:493] T c975de193b9748f6a8085686e374f255 P f7eb1ba3053542839a5b449497d2741d [term 0 FOLLOWER]: Starting leader election (no leader contacted us within the election timeout)
I20260608 09:49:27.194051 25251 raft_consensus.cc:3060] T c975de193b9748f6a8085686e374f255 P f7eb1ba3053542839a5b449497d2741d [term 0 FOLLOWER]: Advancing to term 1
I20260608 09:49:27.194409 25244 raft_consensus.cc:359] T 1dfd0292bb8545e293aa1628b794f4b1 P f7eb1ba3053542839a5b449497d2741d [term 0 FOLLOWER]: Replica starting. Triggering 0 pending ops. Active config: opid_index: -1 OBSOLETE_local: false peers { permanent_uuid: "f030f938470a46c4b1870f7d812788a8" member_type: VOTER last_known_addr { host: "127.20.15.129" port: 46797 } } peers { permanent_uuid: "abc4d378645647c5a282c2bc375ba863" member_type: VOTER last_known_addr { host: "127.20.15.130" port: 39157 } } peers { permanent_uuid: "f7eb1ba3053542839a5b449497d2741d" member_type: VOTER last_known_addr { host: "127.20.15.131" port: 34755 } }
I20260608 09:49:27.195163 25244 raft_consensus.cc:385] T 1dfd0292bb8545e293aa1628b794f4b1 P f7eb1ba3053542839a5b449497d2741d [term 0 FOLLOWER]: Consensus starting up: Expiring failure detector timer to make a prompt election more likely
I20260608 09:49:27.195489 25244 raft_consensus.cc:740] T 1dfd0292bb8545e293aa1628b794f4b1 P f7eb1ba3053542839a5b449497d2741d [term 0 FOLLOWER]: Becoming Follower/Learner. State: Replica: f7eb1ba3053542839a5b449497d2741d, State: Initialized, Role: FOLLOWER
I20260608 09:49:27.196403 25244 consensus_queue.cc:260] T 1dfd0292bb8545e293aa1628b794f4b1 P f7eb1ba3053542839a5b449497d2741d [NON_LEADER]: Queue going to NON_LEADER mode. State: All replicated index: 0, Majority replicated index: 0, Committed index: 0, Last appended: 0.0, Last appended by leader: 0, Current term: 0, Majority size: -1, State: 0, Mode: NON_LEADER, active raft config: opid_index: -1 OBSOLETE_local: false peers { permanent_uuid: "f030f938470a46c4b1870f7d812788a8" member_type: VOTER last_known_addr { host: "127.20.15.129" port: 46797 } } peers { permanent_uuid: "abc4d378645647c5a282c2bc375ba863" member_type: VOTER last_known_addr { host: "127.20.15.130" port: 39157 } } peers { permanent_uuid: "f7eb1ba3053542839a5b449497d2741d" member_type: VOTER last_known_addr { host: "127.20.15.131" port: 34755 } }
I20260608 09:49:27.197656 25243 tablet_bootstrap.cc:654] T c23e087152a845e1bb0942285273908a P abc4d378645647c5a282c2bc375ba863: Neither blocks nor log segments found. Creating new log.
I20260608 09:49:27.198652 25244 ts_tablet_manager.cc:1434] T 1dfd0292bb8545e293aa1628b794f4b1 P f7eb1ba3053542839a5b449497d2741d: Time spent starting tablet: real 0.018s	user 0.005s	sys 0.000s
I20260608 09:49:27.199709 25244 tablet_bootstrap.cc:492] T 4e90a4f86d75412e922c636cc902464c P f7eb1ba3053542839a5b449497d2741d: Bootstrap starting.
I20260608 09:49:27.201128 25251 raft_consensus.cc:515] T c975de193b9748f6a8085686e374f255 P f7eb1ba3053542839a5b449497d2741d [term 1 FOLLOWER]: Starting leader election with config: opid_index: -1 OBSOLETE_local: false peers { permanent_uuid: "f030f938470a46c4b1870f7d812788a8" member_type: VOTER last_known_addr { host: "127.20.15.129" port: 46797 } } peers { permanent_uuid: "abc4d378645647c5a282c2bc375ba863" member_type: VOTER last_known_addr { host: "127.20.15.130" port: 39157 } } peers { permanent_uuid: "f7eb1ba3053542839a5b449497d2741d" member_type: VOTER last_known_addr { host: "127.20.15.131" port: 34755 } }
I20260608 09:49:27.205639 25244 tablet_bootstrap.cc:654] T 4e90a4f86d75412e922c636cc902464c P f7eb1ba3053542839a5b449497d2741d: Neither blocks nor log segments found. Creating new log.
I20260608 09:49:27.206614 25049 tablet_service.cc:1917] Received RequestConsensusVote() RPC: tablet_id: "c975de193b9748f6a8085686e374f255" candidate_uuid: "f7eb1ba3053542839a5b449497d2741d" candidate_term: 1 candidate_status { last_received { term: 0 index: 0 } } ignore_live_leader: false dest_uuid: "f030f938470a46c4b1870f7d812788a8"
I20260608 09:49:27.207341 25049 raft_consensus.cc:3060] T c975de193b9748f6a8085686e374f255 P f030f938470a46c4b1870f7d812788a8 [term 0 FOLLOWER]: Advancing to term 1
I20260608 09:49:27.209481 25243 tablet_bootstrap.cc:492] T c23e087152a845e1bb0942285273908a P abc4d378645647c5a282c2bc375ba863: No bootstrap required, opened a new log
I20260608 09:49:27.210026 25243 ts_tablet_manager.cc:1403] T c23e087152a845e1bb0942285273908a P abc4d378645647c5a282c2bc375ba863: Time spent bootstrapping tablet: real 0.034s	user 0.010s	sys 0.008s
I20260608 09:49:27.212908 25243 raft_consensus.cc:359] T c23e087152a845e1bb0942285273908a P abc4d378645647c5a282c2bc375ba863 [term 0 FOLLOWER]: Replica starting. Triggering 0 pending ops. Active config: opid_index: -1 OBSOLETE_local: false peers { permanent_uuid: "f030f938470a46c4b1870f7d812788a8" member_type: VOTER last_known_addr { host: "127.20.15.129" port: 46797 } } peers { permanent_uuid: "abc4d378645647c5a282c2bc375ba863" member_type: VOTER last_known_addr { host: "127.20.15.130" port: 39157 } } peers { permanent_uuid: "f7eb1ba3053542839a5b449497d2741d" member_type: VOTER last_known_addr { host: "127.20.15.131" port: 34755 } }
I20260608 09:49:27.213708 25243 raft_consensus.cc:385] T c23e087152a845e1bb0942285273908a P abc4d378645647c5a282c2bc375ba863 [term 0 FOLLOWER]: Consensus starting up: Expiring failure detector timer to make a prompt election more likely
I20260608 09:49:27.214031 25243 raft_consensus.cc:740] T c23e087152a845e1bb0942285273908a P abc4d378645647c5a282c2bc375ba863 [term 0 FOLLOWER]: Becoming Follower/Learner. State: Replica: abc4d378645647c5a282c2bc375ba863, State: Initialized, Role: FOLLOWER
I20260608 09:49:27.214359 25049 raft_consensus.cc:2468] T c975de193b9748f6a8085686e374f255 P f030f938470a46c4b1870f7d812788a8 [term 1 FOLLOWER]: Leader election vote request: Granting yes vote for candidate f7eb1ba3053542839a5b449497d2741d in term 1.
I20260608 09:49:27.215133 25162 leader_election.cc:304] T b7a5ba18367343a39cced73205227722 P f7eb1ba3053542839a5b449497d2741d [CANDIDATE]: Term 1 election: Election decided. Result: candidate won. Election summary: received 2 responses out of 3 voters: 2 yes votes; 0 no votes. yes voters: abc4d378645647c5a282c2bc375ba863, f7eb1ba3053542839a5b449497d2741d; no voters: 
I20260608 09:49:27.214977 25243 consensus_queue.cc:260] T c23e087152a845e1bb0942285273908a P abc4d378645647c5a282c2bc375ba863 [NON_LEADER]: Queue going to NON_LEADER mode. State: All replicated index: 0, Majority replicated index: 0, Committed index: 0, Last appended: 0.0, Last appended by leader: 0, Current term: 0, Majority size: -1, State: 0, Mode: NON_LEADER, active raft config: opid_index: -1 OBSOLETE_local: false peers { permanent_uuid: "f030f938470a46c4b1870f7d812788a8" member_type: VOTER last_known_addr { host: "127.20.15.129" port: 46797 } } peers { permanent_uuid: "abc4d378645647c5a282c2bc375ba863" member_type: VOTER last_known_addr { host: "127.20.15.130" port: 39157 } } peers { permanent_uuid: "f7eb1ba3053542839a5b449497d2741d" member_type: VOTER last_known_addr { host: "127.20.15.131" port: 34755 } }
I20260608 09:49:27.218153 25290 raft_consensus.cc:2804] T b7a5ba18367343a39cced73205227722 P f7eb1ba3053542839a5b449497d2741d [term 1 FOLLOWER]: Leader election won for term 1
I20260608 09:49:27.218348 25243 ts_tablet_manager.cc:1434] T c23e087152a845e1bb0942285273908a P abc4d378645647c5a282c2bc375ba863: Time spent starting tablet: real 0.008s	user 0.005s	sys 0.000s
I20260608 09:49:27.218879 25124 tablet_service.cc:1917] Received RequestConsensusVote() RPC: tablet_id: "c975de193b9748f6a8085686e374f255" candidate_uuid: "f7eb1ba3053542839a5b449497d2741d" candidate_term: 1 candidate_status { last_received { term: 0 index: 0 } } ignore_live_leader: false dest_uuid: "abc4d378645647c5a282c2bc375ba863"
I20260608 09:49:27.219215 25243 tablet_bootstrap.cc:492] T ed4d644a17c846e888ac3b72da514ee8 P abc4d378645647c5a282c2bc375ba863: Bootstrap starting.
I20260608 09:49:27.216080 25251 leader_election.cc:290] T c975de193b9748f6a8085686e374f255 P f7eb1ba3053542839a5b449497d2741d [CANDIDATE]: Term 1 election: Requested vote from peers f030f938470a46c4b1870f7d812788a8 (127.20.15.129:46797), abc4d378645647c5a282c2bc375ba863 (127.20.15.130:39157)
W20260608 09:49:27.220252 25162 leader_election.cc:343] T c975de193b9748f6a8085686e374f255 P f7eb1ba3053542839a5b449497d2741d [CANDIDATE]: Term 1 election: Tablet error from VoteRequest() call to peer abc4d378645647c5a282c2bc375ba863 (127.20.15.130:39157): Illegal state: must be running to vote when last-logged opid is not known
I20260608 09:49:27.222895 25162 leader_election.cc:304] T c975de193b9748f6a8085686e374f255 P f7eb1ba3053542839a5b449497d2741d [CANDIDATE]: Term 1 election: Election decided. Result: candidate won. Election summary: received 3 responses out of 3 voters: 2 yes votes; 1 no votes. yes voters: f030f938470a46c4b1870f7d812788a8, f7eb1ba3053542839a5b449497d2741d; no voters: abc4d378645647c5a282c2bc375ba863
I20260608 09:49:27.220846 25290 raft_consensus.cc:697] T b7a5ba18367343a39cced73205227722 P f7eb1ba3053542839a5b449497d2741d [term 1 LEADER]: Becoming Leader. State: Replica: f7eb1ba3053542839a5b449497d2741d, State: Running, Role: LEADER
I20260608 09:49:27.224128 25251 raft_consensus.cc:2804] T c975de193b9748f6a8085686e374f255 P f7eb1ba3053542839a5b449497d2741d [term 1 FOLLOWER]: Leader election won for term 1
I20260608 09:49:27.224736 25251 raft_consensus.cc:697] T c975de193b9748f6a8085686e374f255 P f7eb1ba3053542839a5b449497d2741d [term 1 LEADER]: Becoming Leader. State: Replica: f7eb1ba3053542839a5b449497d2741d, State: Running, Role: LEADER
I20260608 09:49:27.225412 25243 tablet_bootstrap.cc:654] T ed4d644a17c846e888ac3b72da514ee8 P abc4d378645647c5a282c2bc375ba863: Neither blocks nor log segments found. Creating new log.
I20260608 09:49:27.225538 25251 consensus_queue.cc:237] T c975de193b9748f6a8085686e374f255 P f7eb1ba3053542839a5b449497d2741d [LEADER]: Queue going to LEADER mode. State: All replicated index: 0, Majority replicated index: 0, Committed index: 0, Last appended: 0.0, Last appended by leader: 0, Current term: 1, Majority size: 2, State: 0, Mode: LEADER, active raft config: opid_index: -1 OBSOLETE_local: false peers { permanent_uuid: "f030f938470a46c4b1870f7d812788a8" member_type: VOTER last_known_addr { host: "127.20.15.129" port: 46797 } } peers { permanent_uuid: "abc4d378645647c5a282c2bc375ba863" member_type: VOTER last_known_addr { host: "127.20.15.130" port: 39157 } } peers { permanent_uuid: "f7eb1ba3053542839a5b449497d2741d" member_type: VOTER last_known_addr { host: "127.20.15.131" port: 34755 } }
I20260608 09:49:27.220952 25244 tablet_bootstrap.cc:492] T 4e90a4f86d75412e922c636cc902464c P f7eb1ba3053542839a5b449497d2741d: No bootstrap required, opened a new log
I20260608 09:49:27.227623 25244 ts_tablet_manager.cc:1403] T 4e90a4f86d75412e922c636cc902464c P f7eb1ba3053542839a5b449497d2741d: Time spent bootstrapping tablet: real 0.028s	user 0.012s	sys 0.006s
I20260608 09:49:27.224136 25290 consensus_queue.cc:237] T b7a5ba18367343a39cced73205227722 P f7eb1ba3053542839a5b449497d2741d [LEADER]: Queue going to LEADER mode. State: All replicated index: 0, Majority replicated index: 0, Committed index: 0, Last appended: 0.0, Last appended by leader: 0, Current term: 1, Majority size: 2, State: 0, Mode: LEADER, active raft config: opid_index: -1 OBSOLETE_local: false peers { permanent_uuid: "f030f938470a46c4b1870f7d812788a8" member_type: VOTER last_known_addr { host: "127.20.15.129" port: 46797 } } peers { permanent_uuid: "abc4d378645647c5a282c2bc375ba863" member_type: VOTER last_known_addr { host: "127.20.15.130" port: 39157 } } peers { permanent_uuid: "f7eb1ba3053542839a5b449497d2741d" member_type: VOTER last_known_addr { host: "127.20.15.131" port: 34755 } }
I20260608 09:49:27.230547 25244 raft_consensus.cc:359] T 4e90a4f86d75412e922c636cc902464c P f7eb1ba3053542839a5b449497d2741d [term 0 FOLLOWER]: Replica starting. Triggering 0 pending ops. Active config: opid_index: -1 OBSOLETE_local: false peers { permanent_uuid: "f030f938470a46c4b1870f7d812788a8" member_type: VOTER last_known_addr { host: "127.20.15.129" port: 46797 } } peers { permanent_uuid: "abc4d378645647c5a282c2bc375ba863" member_type: VOTER last_known_addr { host: "127.20.15.130" port: 39157 } } peers { permanent_uuid: "f7eb1ba3053542839a5b449497d2741d" member_type: VOTER last_known_addr { host: "127.20.15.131" port: 34755 } }
I20260608 09:49:27.231288 25244 raft_consensus.cc:385] T 4e90a4f86d75412e922c636cc902464c P f7eb1ba3053542839a5b449497d2741d [term 0 FOLLOWER]: Consensus starting up: Expiring failure detector timer to make a prompt election more likely
I20260608 09:49:27.231601 25244 raft_consensus.cc:740] T 4e90a4f86d75412e922c636cc902464c P f7eb1ba3053542839a5b449497d2741d [term 0 FOLLOWER]: Becoming Follower/Learner. State: Replica: f7eb1ba3053542839a5b449497d2741d, State: Initialized, Role: FOLLOWER
I20260608 09:49:27.232359 25244 consensus_queue.cc:260] T 4e90a4f86d75412e922c636cc902464c P f7eb1ba3053542839a5b449497d2741d [NON_LEADER]: Queue going to NON_LEADER mode. State: All replicated index: 0, Majority replicated index: 0, Committed index: 0, Last appended: 0.0, Last appended by leader: 0, Current term: 0, Majority size: -1, State: 0, Mode: NON_LEADER, active raft config: opid_index: -1 OBSOLETE_local: false peers { permanent_uuid: "f030f938470a46c4b1870f7d812788a8" member_type: VOTER last_known_addr { host: "127.20.15.129" port: 46797 } } peers { permanent_uuid: "abc4d378645647c5a282c2bc375ba863" member_type: VOTER last_known_addr { host: "127.20.15.130" port: 39157 } } peers { permanent_uuid: "f7eb1ba3053542839a5b449497d2741d" member_type: VOTER last_known_addr { host: "127.20.15.131" port: 34755 } }
I20260608 09:49:27.235100 25244 ts_tablet_manager.cc:1434] T 4e90a4f86d75412e922c636cc902464c P f7eb1ba3053542839a5b449497d2741d: Time spent starting tablet: real 0.007s	user 0.006s	sys 0.000s
I20260608 09:49:27.236140 25244 tablet_bootstrap.cc:492] T ff2ab57d9ef943e6a2faec0054e38d97 P f7eb1ba3053542839a5b449497d2741d: Bootstrap starting.
I20260608 09:49:27.223232 25245 tablet_bootstrap.cc:492] T c23e087152a845e1bb0942285273908a P f030f938470a46c4b1870f7d812788a8: No bootstrap required, opened a new log
I20260608 09:49:27.236863 25245 ts_tablet_manager.cc:1403] T c23e087152a845e1bb0942285273908a P f030f938470a46c4b1870f7d812788a8: Time spent bootstrapping tablet: real 0.063s	user 0.014s	sys 0.012s
I20260608 09:49:27.240917 25245 raft_consensus.cc:359] T c23e087152a845e1bb0942285273908a P f030f938470a46c4b1870f7d812788a8 [term 0 FOLLOWER]: Replica starting. Triggering 0 pending ops. Active config: opid_index: -1 OBSOLETE_local: false peers { permanent_uuid: "f030f938470a46c4b1870f7d812788a8" member_type: VOTER last_known_addr { host: "127.20.15.129" port: 46797 } } peers { permanent_uuid: "abc4d378645647c5a282c2bc375ba863" member_type: VOTER last_known_addr { host: "127.20.15.130" port: 39157 } } peers { permanent_uuid: "f7eb1ba3053542839a5b449497d2741d" member_type: VOTER last_known_addr { host: "127.20.15.131" port: 34755 } }
I20260608 09:49:27.241708 25245 raft_consensus.cc:385] T c23e087152a845e1bb0942285273908a P f030f938470a46c4b1870f7d812788a8 [term 0 FOLLOWER]: Consensus starting up: Expiring failure detector timer to make a prompt election more likely
I20260608 09:49:27.242036 25245 raft_consensus.cc:740] T c23e087152a845e1bb0942285273908a P f030f938470a46c4b1870f7d812788a8 [term 0 FOLLOWER]: Becoming Follower/Learner. State: Replica: f030f938470a46c4b1870f7d812788a8, State: Initialized, Role: FOLLOWER
I20260608 09:49:27.242997 25245 consensus_queue.cc:260] T c23e087152a845e1bb0942285273908a P f030f938470a46c4b1870f7d812788a8 [NON_LEADER]: Queue going to NON_LEADER mode. State: All replicated index: 0, Majority replicated index: 0, Committed index: 0, Last appended: 0.0, Last appended by leader: 0, Current term: 0, Majority size: -1, State: 0, Mode: NON_LEADER, active raft config: opid_index: -1 OBSOLETE_local: false peers { permanent_uuid: "f030f938470a46c4b1870f7d812788a8" member_type: VOTER last_known_addr { host: "127.20.15.129" port: 46797 } } peers { permanent_uuid: "abc4d378645647c5a282c2bc375ba863" member_type: VOTER last_known_addr { host: "127.20.15.130" port: 39157 } } peers { permanent_uuid: "f7eb1ba3053542839a5b449497d2741d" member_type: VOTER last_known_addr { host: "127.20.15.131" port: 34755 } }
I20260608 09:49:27.245215 25245 ts_tablet_manager.cc:1434] T c23e087152a845e1bb0942285273908a P f030f938470a46c4b1870f7d812788a8: Time spent starting tablet: real 0.008s	user 0.006s	sys 0.000s
I20260608 09:49:27.246188 25245 tablet_bootstrap.cc:492] T 56348c838e2c47969289914d3c2c0eca P f030f938470a46c4b1870f7d812788a8: Bootstrap starting.
I20260608 09:49:27.245517 24947 catalog_manager.cc:5696] T b7a5ba18367343a39cced73205227722 P f7eb1ba3053542839a5b449497d2741d reported cstate change: term changed from 0 to 1, leader changed from <none> to f7eb1ba3053542839a5b449497d2741d (127.20.15.131). New cstate: current_term: 1 leader_uuid: "f7eb1ba3053542839a5b449497d2741d" committed_config { opid_index: -1 OBSOLETE_local: false peers { permanent_uuid: "f030f938470a46c4b1870f7d812788a8" member_type: VOTER last_known_addr { host: "127.20.15.129" port: 46797 } health_report { overall_health: UNKNOWN } } peers { permanent_uuid: "abc4d378645647c5a282c2bc375ba863" member_type: VOTER last_known_addr { host: "127.20.15.130" port: 39157 } health_report { overall_health: UNKNOWN } } peers { permanent_uuid: "f7eb1ba3053542839a5b449497d2741d" member_type: VOTER last_known_addr { host: "127.20.15.131" port: 34755 } health_report { overall_health: HEALTHY } } }
I20260608 09:49:27.251406 25244 tablet_bootstrap.cc:654] T ff2ab57d9ef943e6a2faec0054e38d97 P f7eb1ba3053542839a5b449497d2741d: Neither blocks nor log segments found. Creating new log.
I20260608 09:49:27.252562 25245 tablet_bootstrap.cc:654] T 56348c838e2c47969289914d3c2c0eca P f030f938470a46c4b1870f7d812788a8: Neither blocks nor log segments found. Creating new log.
I20260608 09:49:27.258991 25245 tablet_bootstrap.cc:492] T 56348c838e2c47969289914d3c2c0eca P f030f938470a46c4b1870f7d812788a8: No bootstrap required, opened a new log
I20260608 09:49:27.259649 25245 ts_tablet_manager.cc:1403] T 56348c838e2c47969289914d3c2c0eca P f030f938470a46c4b1870f7d812788a8: Time spent bootstrapping tablet: real 0.014s	user 0.012s	sys 0.000s
I20260608 09:49:27.261129 25243 tablet_bootstrap.cc:492] T ed4d644a17c846e888ac3b72da514ee8 P abc4d378645647c5a282c2bc375ba863: No bootstrap required, opened a new log
I20260608 09:49:27.261601 25243 ts_tablet_manager.cc:1403] T ed4d644a17c846e888ac3b72da514ee8 P abc4d378645647c5a282c2bc375ba863: Time spent bootstrapping tablet: real 0.043s	user 0.012s	sys 0.003s
I20260608 09:49:27.262701 25245 raft_consensus.cc:359] T 56348c838e2c47969289914d3c2c0eca P f030f938470a46c4b1870f7d812788a8 [term 0 FOLLOWER]: Replica starting. Triggering 0 pending ops. Active config: opid_index: -1 OBSOLETE_local: false peers { permanent_uuid: "f030f938470a46c4b1870f7d812788a8" member_type: VOTER last_known_addr { host: "127.20.15.129" port: 46797 } } peers { permanent_uuid: "abc4d378645647c5a282c2bc375ba863" member_type: VOTER last_known_addr { host: "127.20.15.130" port: 39157 } } peers { permanent_uuid: "f7eb1ba3053542839a5b449497d2741d" member_type: VOTER last_known_addr { host: "127.20.15.131" port: 34755 } }
I20260608 09:49:27.263561 25245 raft_consensus.cc:385] T 56348c838e2c47969289914d3c2c0eca P f030f938470a46c4b1870f7d812788a8 [term 0 FOLLOWER]: Consensus starting up: Expiring failure detector timer to make a prompt election more likely
I20260608 09:49:27.264281 25243 raft_consensus.cc:359] T ed4d644a17c846e888ac3b72da514ee8 P abc4d378645647c5a282c2bc375ba863 [term 0 FOLLOWER]: Replica starting. Triggering 0 pending ops. Active config: opid_index: -1 OBSOLETE_local: false peers { permanent_uuid: "f030f938470a46c4b1870f7d812788a8" member_type: VOTER last_known_addr { host: "127.20.15.129" port: 46797 } } peers { permanent_uuid: "abc4d378645647c5a282c2bc375ba863" member_type: VOTER last_known_addr { host: "127.20.15.130" port: 39157 } } peers { permanent_uuid: "f7eb1ba3053542839a5b449497d2741d" member_type: VOTER last_known_addr { host: "127.20.15.131" port: 34755 } }
I20260608 09:49:27.264776 25243 raft_consensus.cc:385] T ed4d644a17c846e888ac3b72da514ee8 P abc4d378645647c5a282c2bc375ba863 [term 0 FOLLOWER]: Consensus starting up: Expiring failure detector timer to make a prompt election more likely
I20260608 09:49:27.263903 24947 catalog_manager.cc:5696] T c975de193b9748f6a8085686e374f255 P f7eb1ba3053542839a5b449497d2741d reported cstate change: term changed from 0 to 1, leader changed from <none> to f7eb1ba3053542839a5b449497d2741d (127.20.15.131). New cstate: current_term: 1 leader_uuid: "f7eb1ba3053542839a5b449497d2741d" committed_config { opid_index: -1 OBSOLETE_local: false peers { permanent_uuid: "f030f938470a46c4b1870f7d812788a8" member_type: VOTER last_known_addr { host: "127.20.15.129" port: 46797 } health_report { overall_health: UNKNOWN } } peers { permanent_uuid: "abc4d378645647c5a282c2bc375ba863" member_type: VOTER last_known_addr { host: "127.20.15.130" port: 39157 } health_report { overall_health: UNKNOWN } } peers { permanent_uuid: "f7eb1ba3053542839a5b449497d2741d" member_type: VOTER last_known_addr { host: "127.20.15.131" port: 34755 } health_report { overall_health: HEALTHY } } }
I20260608 09:49:27.264986 25243 raft_consensus.cc:740] T ed4d644a17c846e888ac3b72da514ee8 P abc4d378645647c5a282c2bc375ba863 [term 0 FOLLOWER]: Becoming Follower/Learner. State: Replica: abc4d378645647c5a282c2bc375ba863, State: Initialized, Role: FOLLOWER
I20260608 09:49:27.265808 25243 consensus_queue.cc:260] T ed4d644a17c846e888ac3b72da514ee8 P abc4d378645647c5a282c2bc375ba863 [NON_LEADER]: Queue going to NON_LEADER mode. State: All replicated index: 0, Majority replicated index: 0, Committed index: 0, Last appended: 0.0, Last appended by leader: 0, Current term: 0, Majority size: -1, State: 0, Mode: NON_LEADER, active raft config: opid_index: -1 OBSOLETE_local: false peers { permanent_uuid: "f030f938470a46c4b1870f7d812788a8" member_type: VOTER last_known_addr { host: "127.20.15.129" port: 46797 } } peers { permanent_uuid: "abc4d378645647c5a282c2bc375ba863" member_type: VOTER last_known_addr { host: "127.20.15.130" port: 39157 } } peers { permanent_uuid: "f7eb1ba3053542839a5b449497d2741d" member_type: VOTER last_known_addr { host: "127.20.15.131" port: 34755 } }
I20260608 09:49:27.263890 25245 raft_consensus.cc:740] T 56348c838e2c47969289914d3c2c0eca P f030f938470a46c4b1870f7d812788a8 [term 0 FOLLOWER]: Becoming Follower/Learner. State: Replica: f030f938470a46c4b1870f7d812788a8, State: Initialized, Role: FOLLOWER
I20260608 09:49:27.267690 25243 ts_tablet_manager.cc:1434] T ed4d644a17c846e888ac3b72da514ee8 P abc4d378645647c5a282c2bc375ba863: Time spent starting tablet: real 0.006s	user 0.007s	sys 0.001s
I20260608 09:49:27.268077 25245 consensus_queue.cc:260] T 56348c838e2c47969289914d3c2c0eca P f030f938470a46c4b1870f7d812788a8 [NON_LEADER]: Queue going to NON_LEADER mode. State: All replicated index: 0, Majority replicated index: 0, Committed index: 0, Last appended: 0.0, Last appended by leader: 0, Current term: 0, Majority size: -1, State: 0, Mode: NON_LEADER, active raft config: opid_index: -1 OBSOLETE_local: false peers { permanent_uuid: "f030f938470a46c4b1870f7d812788a8" member_type: VOTER last_known_addr { host: "127.20.15.129" port: 46797 } } peers { permanent_uuid: "abc4d378645647c5a282c2bc375ba863" member_type: VOTER last_known_addr { host: "127.20.15.130" port: 39157 } } peers { permanent_uuid: "f7eb1ba3053542839a5b449497d2741d" member_type: VOTER last_known_addr { host: "127.20.15.131" port: 34755 } }
I20260608 09:49:27.268676 25243 tablet_bootstrap.cc:492] T c975de193b9748f6a8085686e374f255 P abc4d378645647c5a282c2bc375ba863: Bootstrap starting.
I20260608 09:49:27.270640 25245 ts_tablet_manager.cc:1434] T 56348c838e2c47969289914d3c2c0eca P f030f938470a46c4b1870f7d812788a8: Time spent starting tablet: real 0.011s	user 0.005s	sys 0.000s
I20260608 09:49:27.271909 25245 tablet_bootstrap.cc:492] T 1dfd0292bb8545e293aa1628b794f4b1 P f030f938470a46c4b1870f7d812788a8: Bootstrap starting.
I20260608 09:49:27.285207 25243 tablet_bootstrap.cc:654] T c975de193b9748f6a8085686e374f255 P abc4d378645647c5a282c2bc375ba863: Neither blocks nor log segments found. Creating new log.
I20260608 09:49:27.286895 25244 tablet_bootstrap.cc:492] T ff2ab57d9ef943e6a2faec0054e38d97 P f7eb1ba3053542839a5b449497d2741d: No bootstrap required, opened a new log
I20260608 09:49:27.287472 25244 ts_tablet_manager.cc:1403] T ff2ab57d9ef943e6a2faec0054e38d97 P f7eb1ba3053542839a5b449497d2741d: Time spent bootstrapping tablet: real 0.052s	user 0.025s	sys 0.014s
I20260608 09:49:27.288041 25245 tablet_bootstrap.cc:654] T 1dfd0292bb8545e293aa1628b794f4b1 P f030f938470a46c4b1870f7d812788a8: Neither blocks nor log segments found. Creating new log.
I20260608 09:49:27.290047 25244 raft_consensus.cc:359] T ff2ab57d9ef943e6a2faec0054e38d97 P f7eb1ba3053542839a5b449497d2741d [term 0 FOLLOWER]: Replica starting. Triggering 0 pending ops. Active config: opid_index: -1 OBSOLETE_local: false peers { permanent_uuid: "f030f938470a46c4b1870f7d812788a8" member_type: VOTER last_known_addr { host: "127.20.15.129" port: 46797 } } peers { permanent_uuid: "abc4d378645647c5a282c2bc375ba863" member_type: VOTER last_known_addr { host: "127.20.15.130" port: 39157 } } peers { permanent_uuid: "f7eb1ba3053542839a5b449497d2741d" member_type: VOTER last_known_addr { host: "127.20.15.131" port: 34755 } }
I20260608 09:49:27.290472 25243 tablet_bootstrap.cc:492] T c975de193b9748f6a8085686e374f255 P abc4d378645647c5a282c2bc375ba863: No bootstrap required, opened a new log
I20260608 09:49:27.290676 25244 raft_consensus.cc:385] T ff2ab57d9ef943e6a2faec0054e38d97 P f7eb1ba3053542839a5b449497d2741d [term 0 FOLLOWER]: Consensus starting up: Expiring failure detector timer to make a prompt election more likely
I20260608 09:49:27.290984 25243 ts_tablet_manager.cc:1403] T c975de193b9748f6a8085686e374f255 P abc4d378645647c5a282c2bc375ba863: Time spent bootstrapping tablet: real 0.023s	user 0.003s	sys 0.009s
I20260608 09:49:27.291271 25244 raft_consensus.cc:740] T ff2ab57d9ef943e6a2faec0054e38d97 P f7eb1ba3053542839a5b449497d2741d [term 0 FOLLOWER]: Becoming Follower/Learner. State: Replica: f7eb1ba3053542839a5b449497d2741d, State: Initialized, Role: FOLLOWER
I20260608 09:49:27.291972 25244 consensus_queue.cc:260] T ff2ab57d9ef943e6a2faec0054e38d97 P f7eb1ba3053542839a5b449497d2741d [NON_LEADER]: Queue going to NON_LEADER mode. State: All replicated index: 0, Majority replicated index: 0, Committed index: 0, Last appended: 0.0, Last appended by leader: 0, Current term: 0, Majority size: -1, State: 0, Mode: NON_LEADER, active raft config: opid_index: -1 OBSOLETE_local: false peers { permanent_uuid: "f030f938470a46c4b1870f7d812788a8" member_type: VOTER last_known_addr { host: "127.20.15.129" port: 46797 } } peers { permanent_uuid: "abc4d378645647c5a282c2bc375ba863" member_type: VOTER last_known_addr { host: "127.20.15.130" port: 39157 } } peers { permanent_uuid: "f7eb1ba3053542839a5b449497d2741d" member_type: VOTER last_known_addr { host: "127.20.15.131" port: 34755 } }
I20260608 09:49:27.292866 25245 tablet_bootstrap.cc:492] T 1dfd0292bb8545e293aa1628b794f4b1 P f030f938470a46c4b1870f7d812788a8: No bootstrap required, opened a new log
I20260608 09:49:27.293354 25245 ts_tablet_manager.cc:1403] T 1dfd0292bb8545e293aa1628b794f4b1 P f030f938470a46c4b1870f7d812788a8: Time spent bootstrapping tablet: real 0.022s	user 0.008s	sys 0.003s
I20260608 09:49:27.293828 25244 ts_tablet_manager.cc:1434] T ff2ab57d9ef943e6a2faec0054e38d97 P f7eb1ba3053542839a5b449497d2741d: Time spent starting tablet: real 0.006s	user 0.005s	sys 0.000s
I20260608 09:49:27.294045 25243 raft_consensus.cc:359] T c975de193b9748f6a8085686e374f255 P abc4d378645647c5a282c2bc375ba863 [term 0 FOLLOWER]: Replica starting. Triggering 0 pending ops. Active config: opid_index: -1 OBSOLETE_local: false peers { permanent_uuid: "f030f938470a46c4b1870f7d812788a8" member_type: VOTER last_known_addr { host: "127.20.15.129" port: 46797 } } peers { permanent_uuid: "abc4d378645647c5a282c2bc375ba863" member_type: VOTER last_known_addr { host: "127.20.15.130" port: 39157 } } peers { permanent_uuid: "f7eb1ba3053542839a5b449497d2741d" member_type: VOTER last_known_addr { host: "127.20.15.131" port: 34755 } }
I20260608 09:49:27.294772 25243 raft_consensus.cc:385] T c975de193b9748f6a8085686e374f255 P abc4d378645647c5a282c2bc375ba863 [term 0 FOLLOWER]: Consensus starting up: Expiring failure detector timer to make a prompt election more likely
I20260608 09:49:27.294888 25244 tablet_bootstrap.cc:492] T 56348c838e2c47969289914d3c2c0eca P f7eb1ba3053542839a5b449497d2741d: Bootstrap starting.
I20260608 09:49:27.295127 25243 raft_consensus.cc:740] T c975de193b9748f6a8085686e374f255 P abc4d378645647c5a282c2bc375ba863 [term 0 FOLLOWER]: Becoming Follower/Learner. State: Replica: abc4d378645647c5a282c2bc375ba863, State: Initialized, Role: FOLLOWER
I20260608 09:49:27.296020 25243 consensus_queue.cc:260] T c975de193b9748f6a8085686e374f255 P abc4d378645647c5a282c2bc375ba863 [NON_LEADER]: Queue going to NON_LEADER mode. State: All replicated index: 0, Majority replicated index: 0, Committed index: 0, Last appended: 0.0, Last appended by leader: 0, Current term: 0, Majority size: -1, State: 0, Mode: NON_LEADER, active raft config: opid_index: -1 OBSOLETE_local: false peers { permanent_uuid: "f030f938470a46c4b1870f7d812788a8" member_type: VOTER last_known_addr { host: "127.20.15.129" port: 46797 } } peers { permanent_uuid: "abc4d378645647c5a282c2bc375ba863" member_type: VOTER last_known_addr { host: "127.20.15.130" port: 39157 } } peers { permanent_uuid: "f7eb1ba3053542839a5b449497d2741d" member_type: VOTER last_known_addr { host: "127.20.15.131" port: 34755 } }
I20260608 09:49:27.296087 25245 raft_consensus.cc:359] T 1dfd0292bb8545e293aa1628b794f4b1 P f030f938470a46c4b1870f7d812788a8 [term 0 FOLLOWER]: Replica starting. Triggering 0 pending ops. Active config: opid_index: -1 OBSOLETE_local: false peers { permanent_uuid: "f030f938470a46c4b1870f7d812788a8" member_type: VOTER last_known_addr { host: "127.20.15.129" port: 46797 } } peers { permanent_uuid: "abc4d378645647c5a282c2bc375ba863" member_type: VOTER last_known_addr { host: "127.20.15.130" port: 39157 } } peers { permanent_uuid: "f7eb1ba3053542839a5b449497d2741d" member_type: VOTER last_known_addr { host: "127.20.15.131" port: 34755 } }
I20260608 09:49:27.297241 25245 raft_consensus.cc:385] T 1dfd0292bb8545e293aa1628b794f4b1 P f030f938470a46c4b1870f7d812788a8 [term 0 FOLLOWER]: Consensus starting up: Expiring failure detector timer to make a prompt election more likely
I20260608 09:49:27.298050 25249 raft_consensus.cc:493] T c23e087152a845e1bb0942285273908a P f030f938470a46c4b1870f7d812788a8 [term 0 FOLLOWER]: Starting pre-election (no leader contacted us within the election timeout)
I20260608 09:49:27.298522 25249 raft_consensus.cc:515] T c23e087152a845e1bb0942285273908a P f030f938470a46c4b1870f7d812788a8 [term 0 FOLLOWER]: Starting pre-election with config: opid_index: -1 OBSOLETE_local: false peers { permanent_uuid: "f030f938470a46c4b1870f7d812788a8" member_type: VOTER last_known_addr { host: "127.20.15.129" port: 46797 } } peers { permanent_uuid: "abc4d378645647c5a282c2bc375ba863" member_type: VOTER last_known_addr { host: "127.20.15.130" port: 39157 } } peers { permanent_uuid: "f7eb1ba3053542839a5b449497d2741d" member_type: VOTER last_known_addr { host: "127.20.15.131" port: 34755 } }
I20260608 09:49:27.300807 25249 leader_election.cc:290] T c23e087152a845e1bb0942285273908a P f030f938470a46c4b1870f7d812788a8 [CANDIDATE]: Term 1 pre-election: Requested pre-vote from peers abc4d378645647c5a282c2bc375ba863 (127.20.15.130:39157), f7eb1ba3053542839a5b449497d2741d (127.20.15.131:34755)
I20260608 09:49:27.297555 25245 raft_consensus.cc:740] T 1dfd0292bb8545e293aa1628b794f4b1 P f030f938470a46c4b1870f7d812788a8 [term 0 FOLLOWER]: Becoming Follower/Learner. State: Replica: f030f938470a46c4b1870f7d812788a8, State: Initialized, Role: FOLLOWER
