I20260608 10:04:49.800139 32242 consensus_queue.cc:1048] T c6a3266c958b4167b14a124248e91a29 P bd00577933f146e69980cd77de991e4d [LEADER]: Connected to new peer: Peer: permanent_uuid: "469744bc4e324f3e8dec374e213b7d18" member_type: VOTER last_known_addr { host: "127.28.94.129" port: 33331 }, Status: LMP_MISMATCH, Last received: 0.0, Next index: 1, Last known committed idx: 0, Time since last communication: 0.002s
I20260608 10:04:49.802474 32266 raft_consensus.cc:493] T 241d6746c34a406ba4e83430e3f5a310 P bd00577933f146e69980cd77de991e4d [term 0 FOLLOWER]: Starting pre-election (no leader contacted us within the election timeout)
I20260608 10:04:49.802946 32266 raft_consensus.cc:515] T 241d6746c34a406ba4e83430e3f5a310 P bd00577933f146e69980cd77de991e4d [term 0 FOLLOWER]: Starting pre-election with config: opid_index: -1 OBSOLETE_local: false peers { permanent_uuid: "c02c21e06ca34998be4573701ead7175" member_type: VOTER last_known_addr { host: "127.28.94.132" port: 38037 } } peers { permanent_uuid: "4ecd63135b0c41f497fa60e3620d0b5a" member_type: VOTER last_known_addr { host: "127.28.94.130" port: 42315 } } peers { permanent_uuid: "bd00577933f146e69980cd77de991e4d" member_type: VOTER last_known_addr { host: "127.28.94.131" port: 34233 } }
I20260608 10:04:49.805169 32266 leader_election.cc:290] T 241d6746c34a406ba4e83430e3f5a310 P bd00577933f146e69980cd77de991e4d [CANDIDATE]: Term 1 pre-election: Requested pre-vote from peers c02c21e06ca34998be4573701ead7175 (127.28.94.132:38037), 4ecd63135b0c41f497fa60e3620d0b5a (127.28.94.130:42315)
I20260608 10:04:49.809624 32241 consensus_queue.cc:1048] T 9bf92840761e4ae39efeccc2607ad0d4 P 469744bc4e324f3e8dec374e213b7d18 [LEADER]: Connected to new peer: Peer: permanent_uuid: "bd00577933f146e69980cd77de991e4d" member_type: VOTER last_known_addr { host: "127.28.94.131" port: 34233 }, Status: LMP_MISMATCH, Last received: 0.0, Next index: 1, Last known committed idx: 0, Time since last communication: 0.000s
I20260608 10:04:49.810907 32242 consensus_queue.cc:1048] T 199a9710e8c640f3b55eba7d5b5ec276 P bd00577933f146e69980cd77de991e4d [LEADER]: Connected to new peer: Peer: permanent_uuid: "4ecd63135b0c41f497fa60e3620d0b5a" member_type: VOTER last_known_addr { host: "127.28.94.130" port: 42315 }, Status: LMP_MISMATCH, Last received: 0.0, Next index: 1, Last known committed idx: 0, Time since last communication: 0.000s
I20260608 10:04:49.774188 32381 raft_consensus.cc:493] T 483ea303a48b476b91a2f212ea04e74c P c02c21e06ca34998be4573701ead7175 [term 0 FOLLOWER]: Starting pre-election (no leader contacted us within the election timeout)
I20260608 10:04:49.813182 32041 tablet_service.cc:1917] Received RequestConsensusVote() RPC: tablet_id: "483ea303a48b476b91a2f212ea04e74c" candidate_uuid: "bd00577933f146e69980cd77de991e4d" candidate_term: 1 candidate_status { last_received { term: 0 index: 0 } } ignore_live_leader: false dest_uuid: "469744bc4e324f3e8dec374e213b7d18"
I20260608 10:04:49.827536 32114 tablet_service.cc:1917] Received RequestConsensusVote() RPC: tablet_id: "241d6746c34a406ba4e83430e3f5a310" candidate_uuid: "bd00577933f146e69980cd77de991e4d" candidate_term: 1 candidate_status { last_received { term: 0 index: 0 } } ignore_live_leader: false dest_uuid: "4ecd63135b0c41f497fa60e3620d0b5a" is_pre_election: true
I20260608 10:04:49.829680 32041 raft_consensus.cc:3060] T 483ea303a48b476b91a2f212ea04e74c P 469744bc4e324f3e8dec374e213b7d18 [term 0 FOLLOWER]: Advancing to term 1
I20260608 10:04:49.840211 32276 consensus_queue.cc:1048] T eb2dda8516e24ce38d43590d01c853e0 P 4ecd63135b0c41f497fa60e3620d0b5a [LEADER]: Connected to new peer: Peer: permanent_uuid: "bd00577933f146e69980cd77de991e4d" member_type: VOTER last_known_addr { host: "127.28.94.131" port: 34233 }, Status: LMP_MISMATCH, Last received: 0.0, Next index: 1, Last known committed idx: 0, Time since last communication: 0.004s
I20260608 10:04:49.828917 32381 raft_consensus.cc:515] T 483ea303a48b476b91a2f212ea04e74c P c02c21e06ca34998be4573701ead7175 [term 0 FOLLOWER]: Starting pre-election with config: opid_index: -1 OBSOLETE_local: false peers { permanent_uuid: "c02c21e06ca34998be4573701ead7175" member_type: VOTER last_known_addr { host: "127.28.94.132" port: 38037 } } peers { permanent_uuid: "469744bc4e324f3e8dec374e213b7d18" member_type: VOTER last_known_addr { host: "127.28.94.129" port: 33331 } } peers { permanent_uuid: "bd00577933f146e69980cd77de991e4d" member_type: VOTER last_known_addr { host: "127.28.94.131" port: 34233 } }
I20260608 10:04:49.866151 32236 tablet_bootstrap.cc:654] T 8c7a9ea0641f4304b2f9ab421e217fe6 P 469744bc4e324f3e8dec374e213b7d18: Neither blocks nor log segments found. Creating new log.
I20260608 10:04:49.873070 32027 tablet_service.cc:1511] Processing CreateTablet for tablet 91962468fc6d4154981c5e7a431048b6 (DEFAULT_TABLE table=range_aware_rebalance_new_range [id=e6882ddd00db45848e6410ab2ad960be]), partition=HASH (key) PARTITION 7, RANGE (key) PARTITION 10 <= VALUES < 20
I20260608 10:04:49.874591 32027 data_dirs.cc:400] Could only allocate 1 dirs of requested 3 for tablet 91962468fc6d4154981c5e7a431048b6. 1 dirs total, 0 dirs full, 0 dirs failed
W20260608 10:04:49.876518 32156 leader_election.cc:343] T 241d6746c34a406ba4e83430e3f5a310 P bd00577933f146e69980cd77de991e4d [CANDIDATE]: Term 1 pre-election: Tablet error from VoteRequest() call to peer 4ecd63135b0c41f497fa60e3620d0b5a (127.28.94.130:42315): Illegal state: must be running to vote when last-logged opid is not known
I20260608 10:04:49.883674 32262 consensus_queue.cc:1048] T c6a3266c958b4167b14a124248e91a29 P bd00577933f146e69980cd77de991e4d [LEADER]: Connected to new peer: Peer: permanent_uuid: "4ecd63135b0c41f497fa60e3620d0b5a" member_type: VOTER last_known_addr { host: "127.28.94.130" port: 42315 }, Status: LMP_MISMATCH, Last received: 0.0, Next index: 1, Last known committed idx: 0, Time since last communication: 0.000s
I20260608 10:04:49.912221 32235 tablet_bootstrap.cc:492] T 8c7a9ea0641f4304b2f9ab421e217fe6 P 4ecd63135b0c41f497fa60e3620d0b5a: No bootstrap required, opened a new log
I20260608 10:04:49.912763 32235 ts_tablet_manager.cc:1403] T 8c7a9ea0641f4304b2f9ab421e217fe6 P 4ecd63135b0c41f497fa60e3620d0b5a: Time spent bootstrapping tablet: real 0.296s	user 0.020s	sys 0.007s
I20260608 10:04:49.930030 32381 leader_election.cc:290] T 483ea303a48b476b91a2f212ea04e74c P c02c21e06ca34998be4573701ead7175 [CANDIDATE]: Term 1 pre-election: Requested pre-vote from peers 469744bc4e324f3e8dec374e213b7d18 (127.28.94.129:33331), bd00577933f146e69980cd77de991e4d (127.28.94.131:34233)
I20260608 10:04:49.947692 32333 tablet_service.cc:1917] Received RequestConsensusVote() RPC: tablet_id: "483ea303a48b476b91a2f212ea04e74c" candidate_uuid: "bd00577933f146e69980cd77de991e4d" candidate_term: 1 candidate_status { last_received { term: 0 index: 0 } } ignore_live_leader: false dest_uuid: "c02c21e06ca34998be4573701ead7175" is_pre_election: true
I20260608 10:04:49.956468 32372 tablet_bootstrap.cc:492] T 2040f514bc4846c294426f37b28ba620 P c02c21e06ca34998be4573701ead7175: No bootstrap required, opened a new log
I20260608 10:04:49.956283 32235 raft_consensus.cc:359] T 8c7a9ea0641f4304b2f9ab421e217fe6 P 4ecd63135b0c41f497fa60e3620d0b5a [term 0 FOLLOWER]: Replica starting. Triggering 0 pending ops. Active config: opid_index: -1 OBSOLETE_local: false peers { permanent_uuid: "c02c21e06ca34998be4573701ead7175" member_type: VOTER last_known_addr { host: "127.28.94.132" port: 38037 } } peers { permanent_uuid: "469744bc4e324f3e8dec374e213b7d18" member_type: VOTER last_known_addr { host: "127.28.94.129" port: 33331 } } peers { permanent_uuid: "4ecd63135b0c41f497fa60e3620d0b5a" member_type: VOTER last_known_addr { host: "127.28.94.130" port: 42315 } }
I20260608 10:04:49.957118 32235 raft_consensus.cc:385] T 8c7a9ea0641f4304b2f9ab421e217fe6 P 4ecd63135b0c41f497fa60e3620d0b5a [term 0 FOLLOWER]: Consensus starting up: Expiring failure detector timer to make a prompt election more likely
I20260608 10:04:49.957150 32234 tablet_bootstrap.cc:492] T 3a2efb32f60b4f6585633fa3d7f741b1 P bd00577933f146e69980cd77de991e4d: No bootstrap required, opened a new log
I20260608 10:04:49.957588 32235 raft_consensus.cc:740] T 8c7a9ea0641f4304b2f9ab421e217fe6 P 4ecd63135b0c41f497fa60e3620d0b5a [term 0 FOLLOWER]: Becoming Follower/Learner. State: Replica: 4ecd63135b0c41f497fa60e3620d0b5a, State: Initialized, Role: FOLLOWER
I20260608 10:04:49.958189 32234 ts_tablet_manager.cc:1403] T 3a2efb32f60b4f6585633fa3d7f741b1 P bd00577933f146e69980cd77de991e4d: Time spent bootstrapping tablet: real 0.207s	user 0.014s	sys 0.006s
I20260608 10:04:49.957079 32372 ts_tablet_manager.cc:1403] T 2040f514bc4846c294426f37b28ba620 P c02c21e06ca34998be4573701ead7175: Time spent bootstrapping tablet: real 0.231s	user 0.005s	sys 0.010s
I20260608 10:04:49.957640 32041 raft_consensus.cc:2468] T 483ea303a48b476b91a2f212ea04e74c P 469744bc4e324f3e8dec374e213b7d18 [term 1 FOLLOWER]: Leader election vote request: Granting yes vote for candidate bd00577933f146e69980cd77de991e4d in term 1.
I20260608 10:04:49.958761 32333 raft_consensus.cc:2468] T 483ea303a48b476b91a2f212ea04e74c P c02c21e06ca34998be4573701ead7175 [term 0 FOLLOWER]: Leader pre-election vote request: Granting yes vote for candidate bd00577933f146e69980cd77de991e4d in term 0.
I20260608 10:04:49.962476 32235 consensus_queue.cc:260] T 8c7a9ea0641f4304b2f9ab421e217fe6 P 4ecd63135b0c41f497fa60e3620d0b5a [NON_LEADER]: Queue going to NON_LEADER mode. State: All replicated index: 0, Majority replicated index: 0, Committed index: 0, Last appended: 0.0, Last appended by leader: 0, Current term: 0, Majority size: -1, State: 0, Mode: NON_LEADER, active raft config: opid_index: -1 OBSOLETE_local: false peers { permanent_uuid: "c02c21e06ca34998be4573701ead7175" member_type: VOTER last_known_addr { host: "127.28.94.132" port: 38037 } } peers { permanent_uuid: "469744bc4e324f3e8dec374e213b7d18" member_type: VOTER last_known_addr { host: "127.28.94.129" port: 33331 } } peers { permanent_uuid: "4ecd63135b0c41f497fa60e3620d0b5a" member_type: VOTER last_known_addr { host: "127.28.94.130" port: 42315 } }
I20260608 10:04:49.967846 32331 tablet_service.cc:1917] Received RequestConsensusVote() RPC: tablet_id: "241d6746c34a406ba4e83430e3f5a310" candidate_uuid: "bd00577933f146e69980cd77de991e4d" candidate_term: 1 candidate_status { last_received { term: 0 index: 0 } } ignore_live_leader: false dest_uuid: "c02c21e06ca34998be4573701ead7175" is_pre_election: true
I20260608 10:04:49.962134 32332 tablet_service.cc:1917] Received RequestConsensusVote() RPC: tablet_id: "483ea303a48b476b91a2f212ea04e74c" candidate_uuid: "bd00577933f146e69980cd77de991e4d" candidate_term: 1 candidate_status { last_received { term: 0 index: 0 } } ignore_live_leader: false dest_uuid: "c02c21e06ca34998be4573701ead7175"
I20260608 10:04:49.970063 32332 raft_consensus.cc:3060] T 483ea303a48b476b91a2f212ea04e74c P c02c21e06ca34998be4573701ead7175 [term 0 FOLLOWER]: Advancing to term 1
I20260608 10:04:49.970029 32235 ts_tablet_manager.cc:1434] T 8c7a9ea0641f4304b2f9ab421e217fe6 P 4ecd63135b0c41f497fa60e3620d0b5a: Time spent starting tablet: real 0.057s	user 0.008s	sys 0.005s
I20260608 10:04:49.971837 32235 tablet_bootstrap.cc:492] T 241d6746c34a406ba4e83430e3f5a310 P 4ecd63135b0c41f497fa60e3620d0b5a: Bootstrap starting.
W20260608 10:04:49.972147 32155 leader_election.cc:343] T 241d6746c34a406ba4e83430e3f5a310 P bd00577933f146e69980cd77de991e4d [CANDIDATE]: Term 1 pre-election: Tablet error from VoteRequest() call to peer c02c21e06ca34998be4573701ead7175 (127.28.94.132:38037): Illegal state: must be running to vote when last-logged opid is not known
I20260608 10:04:49.972676 32155 leader_election.cc:304] T 241d6746c34a406ba4e83430e3f5a310 P bd00577933f146e69980cd77de991e4d [CANDIDATE]: Term 1 pre-election: Election decided. Result: candidate lost. Election summary: received 3 responses out of 3 voters: 1 yes votes; 2 no votes. yes voters: bd00577933f146e69980cd77de991e4d; no voters: 4ecd63135b0c41f497fa60e3620d0b5a, c02c21e06ca34998be4573701ead7175
I20260608 10:04:49.973479 32262 raft_consensus.cc:2749] T 241d6746c34a406ba4e83430e3f5a310 P bd00577933f146e69980cd77de991e4d [term 0 FOLLOWER]: Leader pre-election lost for term 1. Reason: could not achieve majority
I20260608 10:04:49.975831 32156 leader_election.cc:304] T 483ea303a48b476b91a2f212ea04e74c P bd00577933f146e69980cd77de991e4d [CANDIDATE]: Term 1 election: Election decided. Result: candidate won. Election summary: received 2 responses out of 3 voters: 2 yes votes; 0 no votes. yes voters: 469744bc4e324f3e8dec374e213b7d18, bd00577933f146e69980cd77de991e4d; no voters: 
I20260608 10:04:49.987354 32234 raft_consensus.cc:359] T 3a2efb32f60b4f6585633fa3d7f741b1 P bd00577933f146e69980cd77de991e4d [term 0 FOLLOWER]: Replica starting. Triggering 0 pending ops. Active config: opid_index: -1 OBSOLETE_local: false peers { permanent_uuid: "469744bc4e324f3e8dec374e213b7d18" member_type: VOTER last_known_addr { host: "127.28.94.129" port: 33331 } } peers { permanent_uuid: "c02c21e06ca34998be4573701ead7175" member_type: VOTER last_known_addr { host: "127.28.94.132" port: 38037 } } peers { permanent_uuid: "bd00577933f146e69980cd77de991e4d" member_type: VOTER last_known_addr { host: "127.28.94.131" port: 34233 } }
I20260608 10:04:49.982489 32262 raft_consensus.cc:2804] T 483ea303a48b476b91a2f212ea04e74c P bd00577933f146e69980cd77de991e4d [term 1 FOLLOWER]: Leader election won for term 1
I20260608 10:04:49.988503 32262 raft_consensus.cc:697] T 483ea303a48b476b91a2f212ea04e74c P bd00577933f146e69980cd77de991e4d [term 1 LEADER]: Becoming Leader. State: Replica: bd00577933f146e69980cd77de991e4d, State: Running, Role: LEADER
I20260608 10:04:49.988071 32234 raft_consensus.cc:385] T 3a2efb32f60b4f6585633fa3d7f741b1 P bd00577933f146e69980cd77de991e4d [term 0 FOLLOWER]: Consensus starting up: Expiring failure detector timer to make a prompt election more likely
I20260608 10:04:49.989092 32234 raft_consensus.cc:740] T 3a2efb32f60b4f6585633fa3d7f741b1 P bd00577933f146e69980cd77de991e4d [term 0 FOLLOWER]: Becoming Follower/Learner. State: Replica: bd00577933f146e69980cd77de991e4d, State: Initialized, Role: FOLLOWER
I20260608 10:04:49.989375 32262 consensus_queue.cc:237] T 483ea303a48b476b91a2f212ea04e74c P bd00577933f146e69980cd77de991e4d [LEADER]: Queue going to LEADER mode. State: All replicated index: 0, Majority replicated index: 0, Committed index: 0, Last appended: 0.0, Last appended by leader: 0, Current term: 1, Majority size: 2, State: 0, Mode: LEADER, active raft config: opid_index: -1 OBSOLETE_local: false peers { permanent_uuid: "c02c21e06ca34998be4573701ead7175" member_type: VOTER last_known_addr { host: "127.28.94.132" port: 38037 } } peers { permanent_uuid: "469744bc4e324f3e8dec374e213b7d18" member_type: VOTER last_known_addr { host: "127.28.94.129" port: 33331 } } peers { permanent_uuid: "bd00577933f146e69980cd77de991e4d" member_type: VOTER last_known_addr { host: "127.28.94.131" port: 34233 } }
I20260608 10:04:49.989939 32234 consensus_queue.cc:260] T 3a2efb32f60b4f6585633fa3d7f741b1 P bd00577933f146e69980cd77de991e4d [NON_LEADER]: Queue going to NON_LEADER mode. State: All replicated index: 0, Majority replicated index: 0, Committed index: 0, Last appended: 0.0, Last appended by leader: 0, Current term: 0, Majority size: -1, State: 0, Mode: NON_LEADER, active raft config: opid_index: -1 OBSOLETE_local: false peers { permanent_uuid: "469744bc4e324f3e8dec374e213b7d18" member_type: VOTER last_known_addr { host: "127.28.94.129" port: 33331 } } peers { permanent_uuid: "c02c21e06ca34998be4573701ead7175" member_type: VOTER last_known_addr { host: "127.28.94.132" port: 38037 } } peers { permanent_uuid: "bd00577933f146e69980cd77de991e4d" member_type: VOTER last_known_addr { host: "127.28.94.131" port: 34233 } }
I20260608 10:04:49.992039 32234 ts_tablet_manager.cc:1434] T 3a2efb32f60b4f6585633fa3d7f741b1 P bd00577933f146e69980cd77de991e4d: Time spent starting tablet: real 0.034s	user 0.005s	sys 0.001s
I20260608 10:04:49.992942 32234 tablet_bootstrap.cc:492] T 8e8266fb7f8d47b79ebea3a0e41393a8 P bd00577933f146e69980cd77de991e4d: Bootstrap starting.
I20260608 10:04:49.994378 32332 raft_consensus.cc:2468] T 483ea303a48b476b91a2f212ea04e74c P c02c21e06ca34998be4573701ead7175 [term 1 FOLLOWER]: Leader election vote request: Granting yes vote for candidate bd00577933f146e69980cd77de991e4d in term 1.
W20260608 10:04:49.982163 32390 log.cc:927] Time spent T eb2dda8516e24ce38d43590d01c853e0 P bd00577933f146e69980cd77de991e4d: Append to log took a long time: real 0.093s	user 0.001s	sys 0.000s
I20260608 10:04:49.999975 32372 raft_consensus.cc:359] T 2040f514bc4846c294426f37b28ba620 P c02c21e06ca34998be4573701ead7175 [term 0 FOLLOWER]: Replica starting. Triggering 0 pending ops. Active config: opid_index: -1 OBSOLETE_local: false peers { permanent_uuid: "c02c21e06ca34998be4573701ead7175" member_type: VOTER last_known_addr { host: "127.28.94.132" port: 38037 } } peers { permanent_uuid: "4ecd63135b0c41f497fa60e3620d0b5a" member_type: VOTER last_known_addr { host: "127.28.94.130" port: 42315 } } peers { permanent_uuid: "469744bc4e324f3e8dec374e213b7d18" member_type: VOTER last_known_addr { host: "127.28.94.129" port: 33331 } }
I20260608 10:04:50.000785 32372 raft_consensus.cc:385] T 2040f514bc4846c294426f37b28ba620 P c02c21e06ca34998be4573701ead7175 [term 0 FOLLOWER]: Consensus starting up: Expiring failure detector timer to make a prompt election more likely
I20260608 10:04:50.001075 32372 raft_consensus.cc:740] T 2040f514bc4846c294426f37b28ba620 P c02c21e06ca34998be4573701ead7175 [term 0 FOLLOWER]: Becoming Follower/Learner. State: Replica: c02c21e06ca34998be4573701ead7175, State: Initialized, Role: FOLLOWER
I20260608 10:04:50.003767 32372 consensus_queue.cc:260] T 2040f514bc4846c294426f37b28ba620 P c02c21e06ca34998be4573701ead7175 [NON_LEADER]: Queue going to NON_LEADER mode. State: All replicated index: 0, Majority replicated index: 0, Committed index: 0, Last appended: 0.0, Last appended by leader: 0, Current term: 0, Majority size: -1, State: 0, Mode: NON_LEADER, active raft config: opid_index: -1 OBSOLETE_local: false peers { permanent_uuid: "c02c21e06ca34998be4573701ead7175" member_type: VOTER last_known_addr { host: "127.28.94.132" port: 38037 } } peers { permanent_uuid: "4ecd63135b0c41f497fa60e3620d0b5a" member_type: VOTER last_known_addr { host: "127.28.94.130" port: 42315 } } peers { permanent_uuid: "469744bc4e324f3e8dec374e213b7d18" member_type: VOTER last_known_addr { host: "127.28.94.129" port: 33331 } }
I20260608 10:04:50.009974 32372 ts_tablet_manager.cc:1434] T 2040f514bc4846c294426f37b28ba620 P c02c21e06ca34998be4573701ead7175: Time spent starting tablet: real 0.048s	user 0.004s	sys 0.004s
I20260608 10:04:50.031188 32240 raft_consensus.cc:493] T 2040f514bc4846c294426f37b28ba620 P 4ecd63135b0c41f497fa60e3620d0b5a [term 0 FOLLOWER]: Starting pre-election (no leader contacted us within the election timeout)
I20260608 10:04:50.065522 32234 tablet_bootstrap.cc:654] T 8e8266fb7f8d47b79ebea3a0e41393a8 P bd00577933f146e69980cd77de991e4d: Neither blocks nor log segments found. Creating new log.
I20260608 10:04:50.031951 32235 tablet_bootstrap.cc:654] T 241d6746c34a406ba4e83430e3f5a310 P 4ecd63135b0c41f497fa60e3620d0b5a: Neither blocks nor log segments found. Creating new log.
I20260608 10:04:50.106369 32190 tablet_service.cc:1917] Received RequestConsensusVote() RPC: tablet_id: "483ea303a48b476b91a2f212ea04e74c" candidate_uuid: "c02c21e06ca34998be4573701ead7175" candidate_term: 1 candidate_status { last_received { term: 0 index: 0 } } ignore_live_leader: false dest_uuid: "bd00577933f146e69980cd77de991e4d" is_pre_election: true
I20260608 10:04:50.031812 32240 raft_consensus.cc:515] T 2040f514bc4846c294426f37b28ba620 P 4ecd63135b0c41f497fa60e3620d0b5a [term 0 FOLLOWER]: Starting pre-election with config: opid_index: -1 OBSOLETE_local: false peers { permanent_uuid: "c02c21e06ca34998be4573701ead7175" member_type: VOTER last_known_addr { host: "127.28.94.132" port: 38037 } } peers { permanent_uuid: "4ecd63135b0c41f497fa60e3620d0b5a" member_type: VOTER last_known_addr { host: "127.28.94.130" port: 42315 } } peers { permanent_uuid: "469744bc4e324f3e8dec374e213b7d18" member_type: VOTER last_known_addr { host: "127.28.94.129" port: 33331 } }
I20260608 10:04:50.092118 32372 tablet_bootstrap.cc:492] T 241d6746c34a406ba4e83430e3f5a310 P c02c21e06ca34998be4573701ead7175: Bootstrap starting.
I20260608 10:04:50.114312 32236 tablet_bootstrap.cc:492] T 8c7a9ea0641f4304b2f9ab421e217fe6 P 469744bc4e324f3e8dec374e213b7d18: No bootstrap required, opened a new log
I20260608 10:04:50.114861 32236 ts_tablet_manager.cc:1403] T 8c7a9ea0641f4304b2f9ab421e217fe6 P 469744bc4e324f3e8dec374e213b7d18: Time spent bootstrapping tablet: real 0.315s	user 0.034s	sys 0.018s
I20260608 10:04:50.069579 32038 tablet_service.cc:1917] Received RequestConsensusVote() RPC: tablet_id: "483ea303a48b476b91a2f212ea04e74c" candidate_uuid: "c02c21e06ca34998be4573701ead7175" candidate_term: 1 candidate_status { last_received { term: 0 index: 0 } } ignore_live_leader: false dest_uuid: "469744bc4e324f3e8dec374e213b7d18" is_pre_election: true
I20260608 10:04:50.117151 32038 raft_consensus.cc:2393] T 483ea303a48b476b91a2f212ea04e74c P 469744bc4e324f3e8dec374e213b7d18 [term 1 FOLLOWER]: Leader pre-election vote request: Denying vote to candidate c02c21e06ca34998be4573701ead7175 in current term 1: Already voted for candidate bd00577933f146e69980cd77de991e4d in this term.
I20260608 10:04:50.117214 32240 leader_election.cc:290] T 2040f514bc4846c294426f37b28ba620 P 4ecd63135b0c41f497fa60e3620d0b5a [CANDIDATE]: Term 1 pre-election: Requested pre-vote from peers c02c21e06ca34998be4573701ead7175 (127.28.94.132:38037), 469744bc4e324f3e8dec374e213b7d18 (127.28.94.129:33331)
I20260608 10:04:50.121843 32037 tablet_service.cc:1917] Received RequestConsensusVote() RPC: tablet_id: "2040f514bc4846c294426f37b28ba620" candidate_uuid: "4ecd63135b0c41f497fa60e3620d0b5a" candidate_term: 1 candidate_status { last_received { term: 0 index: 0 } } ignore_live_leader: false dest_uuid: "469744bc4e324f3e8dec374e213b7d18" is_pre_election: true
W20260608 10:04:50.122623 31987 auto_rebalancer.cc:259] Could not retrieve cluster info: Service unavailable: Tablet not running
I20260608 10:04:50.126549 32299 leader_election.cc:304] T 483ea303a48b476b91a2f212ea04e74c P c02c21e06ca34998be4573701ead7175 [CANDIDATE]: Term 1 pre-election: Election decided. Result: candidate lost. Election summary: received 3 responses out of 3 voters: 1 yes votes; 2 no votes. yes voters: c02c21e06ca34998be4573701ead7175; no voters: 469744bc4e324f3e8dec374e213b7d18, bd00577933f146e69980cd77de991e4d
I20260608 10:04:50.127468 32236 raft_consensus.cc:359] T 8c7a9ea0641f4304b2f9ab421e217fe6 P 469744bc4e324f3e8dec374e213b7d18 [term 0 FOLLOWER]: Replica starting. Triggering 0 pending ops. Active config: opid_index: -1 OBSOLETE_local: false peers { permanent_uuid: "c02c21e06ca34998be4573701ead7175" member_type: VOTER last_known_addr { host: "127.28.94.132" port: 38037 } } peers { permanent_uuid: "469744bc4e324f3e8dec374e213b7d18" member_type: VOTER last_known_addr { host: "127.28.94.129" port: 33331 } } peers { permanent_uuid: "4ecd63135b0c41f497fa60e3620d0b5a" member_type: VOTER last_known_addr { host: "127.28.94.130" port: 42315 } }
I20260608 10:04:50.127914 32381 raft_consensus.cc:2749] T 483ea303a48b476b91a2f212ea04e74c P c02c21e06ca34998be4573701ead7175 [term 1 FOLLOWER]: Leader pre-election lost for term 1. Reason: could not achieve majority
I20260608 10:04:50.128283 32236 raft_consensus.cc:385] T 8c7a9ea0641f4304b2f9ab421e217fe6 P 469744bc4e324f3e8dec374e213b7d18 [term 0 FOLLOWER]: Consensus starting up: Expiring failure detector timer to make a prompt election more likely
I20260608 10:04:50.122577 32037 raft_consensus.cc:2468] T 2040f514bc4846c294426f37b28ba620 P 469744bc4e324f3e8dec374e213b7d18 [term 0 FOLLOWER]: Leader pre-election vote request: Granting yes vote for candidate 4ecd63135b0c41f497fa60e3620d0b5a in term 0.
I20260608 10:04:50.130146 32082 leader_election.cc:304] T 2040f514bc4846c294426f37b28ba620 P 4ecd63135b0c41f497fa60e3620d0b5a [CANDIDATE]: Term 1 pre-election: Election decided. Result: candidate won. Election summary: received 2 responses out of 3 voters: 2 yes votes; 0 no votes. yes voters: 469744bc4e324f3e8dec374e213b7d18, 4ecd63135b0c41f497fa60e3620d0b5a; no voters: 
I20260608 10:04:50.128787 32236 raft_consensus.cc:740] T 8c7a9ea0641f4304b2f9ab421e217fe6 P 469744bc4e324f3e8dec374e213b7d18 [term 0 FOLLOWER]: Becoming Follower/Learner. State: Replica: 469744bc4e324f3e8dec374e213b7d18, State: Initialized, Role: FOLLOWER
I20260608 10:04:50.132326 32236 consensus_queue.cc:260] T 8c7a9ea0641f4304b2f9ab421e217fe6 P 469744bc4e324f3e8dec374e213b7d18 [NON_LEADER]: Queue going to NON_LEADER mode. State: All replicated index: 0, Majority replicated index: 0, Committed index: 0, Last appended: 0.0, Last appended by leader: 0, Current term: 0, Majority size: -1, State: 0, Mode: NON_LEADER, active raft config: opid_index: -1 OBSOLETE_local: false peers { permanent_uuid: "c02c21e06ca34998be4573701ead7175" member_type: VOTER last_known_addr { host: "127.28.94.132" port: 38037 } } peers { permanent_uuid: "469744bc4e324f3e8dec374e213b7d18" member_type: VOTER last_known_addr { host: "127.28.94.129" port: 33331 } } peers { permanent_uuid: "4ecd63135b0c41f497fa60e3620d0b5a" member_type: VOTER last_known_addr { host: "127.28.94.130" port: 42315 } }
I20260608 10:04:50.134779 32276 raft_consensus.cc:2804] T 2040f514bc4846c294426f37b28ba620 P 4ecd63135b0c41f497fa60e3620d0b5a [term 0 FOLLOWER]: Leader pre-election won for term 1
I20260608 10:04:50.135257 32276 raft_consensus.cc:493] T 2040f514bc4846c294426f37b28ba620 P 4ecd63135b0c41f497fa60e3620d0b5a [term 0 FOLLOWER]: Starting leader election (no leader contacted us within the election timeout)
I20260608 10:04:50.135612 32276 raft_consensus.cc:3060] T 2040f514bc4846c294426f37b28ba620 P 4ecd63135b0c41f497fa60e3620d0b5a [term 0 FOLLOWER]: Advancing to term 1
I20260608 10:04:50.136174 32372 tablet_bootstrap.cc:654] T 241d6746c34a406ba4e83430e3f5a310 P c02c21e06ca34998be4573701ead7175: Neither blocks nor log segments found. Creating new log.
I20260608 10:04:50.138381 32236 ts_tablet_manager.cc:1434] T 8c7a9ea0641f4304b2f9ab421e217fe6 P 469744bc4e324f3e8dec374e213b7d18: Time spent starting tablet: real 0.023s	user 0.008s	sys 0.000s
I20260608 10:04:50.139814 32236 tablet_bootstrap.cc:492] T 3a2efb32f60b4f6585633fa3d7f741b1 P 469744bc4e324f3e8dec374e213b7d18: Bootstrap starting.
I20260608 10:04:50.143471 32235 tablet_bootstrap.cc:492] T 241d6746c34a406ba4e83430e3f5a310 P 4ecd63135b0c41f497fa60e3620d0b5a: No bootstrap required, opened a new log
I20260608 10:04:50.143963 32235 ts_tablet_manager.cc:1403] T 241d6746c34a406ba4e83430e3f5a310 P 4ecd63135b0c41f497fa60e3620d0b5a: Time spent bootstrapping tablet: real 0.172s	user 0.016s	sys 0.026s
I20260608 10:04:50.148780 32276 raft_consensus.cc:515] T 2040f514bc4846c294426f37b28ba620 P 4ecd63135b0c41f497fa60e3620d0b5a [term 1 FOLLOWER]: Starting leader election with config: opid_index: -1 OBSOLETE_local: false peers { permanent_uuid: "c02c21e06ca34998be4573701ead7175" member_type: VOTER last_known_addr { host: "127.28.94.132" port: 38037 } } peers { permanent_uuid: "4ecd63135b0c41f497fa60e3620d0b5a" member_type: VOTER last_known_addr { host: "127.28.94.130" port: 42315 } } peers { permanent_uuid: "469744bc4e324f3e8dec374e213b7d18" member_type: VOTER last_known_addr { host: "127.28.94.129" port: 33331 } }
I20260608 10:04:50.152743 32037 tablet_service.cc:1917] Received RequestConsensusVote() RPC: tablet_id: "2040f514bc4846c294426f37b28ba620" candidate_uuid: "4ecd63135b0c41f497fa60e3620d0b5a" candidate_term: 1 candidate_status { last_received { term: 0 index: 0 } } ignore_live_leader: false dest_uuid: "469744bc4e324f3e8dec374e213b7d18"
I20260608 10:04:50.148710 32235 raft_consensus.cc:359] T 241d6746c34a406ba4e83430e3f5a310 P 4ecd63135b0c41f497fa60e3620d0b5a [term 0 FOLLOWER]: Replica starting. Triggering 0 pending ops. Active config: opid_index: -1 OBSOLETE_local: false peers { permanent_uuid: "c02c21e06ca34998be4573701ead7175" member_type: VOTER last_known_addr { host: "127.28.94.132" port: 38037 } } peers { permanent_uuid: "4ecd63135b0c41f497fa60e3620d0b5a" member_type: VOTER last_known_addr { host: "127.28.94.130" port: 42315 } } peers { permanent_uuid: "bd00577933f146e69980cd77de991e4d" member_type: VOTER last_known_addr { host: "127.28.94.131" port: 34233 } }
I20260608 10:04:50.153326 32037 raft_consensus.cc:3060] T 2040f514bc4846c294426f37b28ba620 P 469744bc4e324f3e8dec374e213b7d18 [term 0 FOLLOWER]: Advancing to term 1
I20260608 10:04:50.154248 32276 leader_election.cc:290] T 2040f514bc4846c294426f37b28ba620 P 4ecd63135b0c41f497fa60e3620d0b5a [CANDIDATE]: Term 1 election: Requested vote from peers c02c21e06ca34998be4573701ead7175 (127.28.94.132:38037), 469744bc4e324f3e8dec374e213b7d18 (127.28.94.129:33331)
I20260608 10:04:50.154163 32236 tablet_bootstrap.cc:654] T 3a2efb32f60b4f6585633fa3d7f741b1 P 469744bc4e324f3e8dec374e213b7d18: Neither blocks nor log segments found. Creating new log.
I20260608 10:04:50.154997 32235 raft_consensus.cc:385] T 241d6746c34a406ba4e83430e3f5a310 P 4ecd63135b0c41f497fa60e3620d0b5a [term 0 FOLLOWER]: Consensus starting up: Expiring failure detector timer to make a prompt election more likely
I20260608 10:04:50.155345 32235 raft_consensus.cc:740] T 241d6746c34a406ba4e83430e3f5a310 P 4ecd63135b0c41f497fa60e3620d0b5a [term 0 FOLLOWER]: Becoming Follower/Learner. State: Replica: 4ecd63135b0c41f497fa60e3620d0b5a, State: Initialized, Role: FOLLOWER
I20260608 10:04:50.156502 32235 consensus_queue.cc:260] T 241d6746c34a406ba4e83430e3f5a310 P 4ecd63135b0c41f497fa60e3620d0b5a [NON_LEADER]: Queue going to NON_LEADER mode. State: All replicated index: 0, Majority replicated index: 0, Committed index: 0, Last appended: 0.0, Last appended by leader: 0, Current term: 0, Majority size: -1, State: 0, Mode: NON_LEADER, active raft config: opid_index: -1 OBSOLETE_local: false peers { permanent_uuid: "c02c21e06ca34998be4573701ead7175" member_type: VOTER last_known_addr { host: "127.28.94.132" port: 38037 } } peers { permanent_uuid: "4ecd63135b0c41f497fa60e3620d0b5a" member_type: VOTER last_known_addr { host: "127.28.94.130" port: 42315 } } peers { permanent_uuid: "bd00577933f146e69980cd77de991e4d" member_type: VOTER last_known_addr { host: "127.28.94.131" port: 34233 } }
I20260608 10:04:50.159443 32372 tablet_bootstrap.cc:492] T 241d6746c34a406ba4e83430e3f5a310 P c02c21e06ca34998be4573701ead7175: No bootstrap required, opened a new log
I20260608 10:04:50.160133 32372 ts_tablet_manager.cc:1403] T 241d6746c34a406ba4e83430e3f5a310 P c02c21e06ca34998be4573701ead7175: Time spent bootstrapping tablet: real 0.094s	user 0.010s	sys 0.009s
I20260608 10:04:50.161370 32235 ts_tablet_manager.cc:1434] T 241d6746c34a406ba4e83430e3f5a310 P 4ecd63135b0c41f497fa60e3620d0b5a: Time spent starting tablet: real 0.017s	user 0.009s	sys 0.000s
I20260608 10:04:50.169889 32037 raft_consensus.cc:2468] T 2040f514bc4846c294426f37b28ba620 P 469744bc4e324f3e8dec374e213b7d18 [term 1 FOLLOWER]: Leader election vote request: Granting yes vote for candidate 4ecd63135b0c41f497fa60e3620d0b5a in term 1.
I20260608 10:04:50.172010 32082 leader_election.cc:304] T 2040f514bc4846c294426f37b28ba620 P 4ecd63135b0c41f497fa60e3620d0b5a [CANDIDATE]: Term 1 election: Election decided. Result: candidate won. Election summary: received 2 responses out of 3 voters: 2 yes votes; 0 no votes. yes voters: 469744bc4e324f3e8dec374e213b7d18, 4ecd63135b0c41f497fa60e3620d0b5a; no voters: 
I20260608 10:04:50.172928 32276 raft_consensus.cc:2804] T 2040f514bc4846c294426f37b28ba620 P 4ecd63135b0c41f497fa60e3620d0b5a [term 1 FOLLOWER]: Leader election won for term 1
I20260608 10:04:50.173626 32276 raft_consensus.cc:697] T 2040f514bc4846c294426f37b28ba620 P 4ecd63135b0c41f497fa60e3620d0b5a [term 1 LEADER]: Becoming Leader. State: Replica: 4ecd63135b0c41f497fa60e3620d0b5a, State: Running, Role: LEADER
I20260608 10:04:50.174751 32234 tablet_bootstrap.cc:492] T 8e8266fb7f8d47b79ebea3a0e41393a8 P bd00577933f146e69980cd77de991e4d: No bootstrap required, opened a new log
I20260608 10:04:50.176005 32234 ts_tablet_manager.cc:1403] T 8e8266fb7f8d47b79ebea3a0e41393a8 P bd00577933f146e69980cd77de991e4d: Time spent bootstrapping tablet: real 0.183s	user 0.033s	sys 0.020s
I20260608 10:04:50.178663 32372 raft_consensus.cc:359] T 241d6746c34a406ba4e83430e3f5a310 P c02c21e06ca34998be4573701ead7175 [term 0 FOLLOWER]: Replica starting. Triggering 0 pending ops. Active config: opid_index: -1 OBSOLETE_local: false peers { permanent_uuid: "c02c21e06ca34998be4573701ead7175" member_type: VOTER last_known_addr { host: "127.28.94.132" port: 38037 } } peers { permanent_uuid: "4ecd63135b0c41f497fa60e3620d0b5a" member_type: VOTER last_known_addr { host: "127.28.94.130" port: 42315 } } peers { permanent_uuid: "bd00577933f146e69980cd77de991e4d" member_type: VOTER last_known_addr { host: "127.28.94.131" port: 34233 } }
I20260608 10:04:50.175055 32235 tablet_bootstrap.cc:492] T 80aa4ad2350e47e29fbb0bbcca32007d P 4ecd63135b0c41f497fa60e3620d0b5a: Bootstrap starting.
I20260608 10:04:50.174492 32276 consensus_queue.cc:237] T 2040f514bc4846c294426f37b28ba620 P 4ecd63135b0c41f497fa60e3620d0b5a [LEADER]: Queue going to LEADER mode. State: All replicated index: 0, Majority replicated index: 0, Committed index: 0, Last appended: 0.0, Last appended by leader: 0, Current term: 1, Majority size: 2, State: 0, Mode: LEADER, active raft config: opid_index: -1 OBSOLETE_local: false peers { permanent_uuid: "c02c21e06ca34998be4573701ead7175" member_type: VOTER last_known_addr { host: "127.28.94.132" port: 38037 } } peers { permanent_uuid: "4ecd63135b0c41f497fa60e3620d0b5a" member_type: VOTER last_known_addr { host: "127.28.94.130" port: 42315 } } peers { permanent_uuid: "469744bc4e324f3e8dec374e213b7d18" member_type: VOTER last_known_addr { host: "127.28.94.129" port: 33331 } }
I20260608 10:04:50.179538 32372 raft_consensus.cc:385] T 241d6746c34a406ba4e83430e3f5a310 P c02c21e06ca34998be4573701ead7175 [term 0 FOLLOWER]: Consensus starting up: Expiring failure detector timer to make a prompt election more likely
I20260608 10:04:50.179908 32372 raft_consensus.cc:740] T 241d6746c34a406ba4e83430e3f5a310 P c02c21e06ca34998be4573701ead7175 [term 0 FOLLOWER]: Becoming Follower/Learner. State: Replica: c02c21e06ca34998be4573701ead7175, State: Initialized, Role: FOLLOWER
I20260608 10:04:50.182974 32372 consensus_queue.cc:260] T 241d6746c34a406ba4e83430e3f5a310 P c02c21e06ca34998be4573701ead7175 [NON_LEADER]: Queue going to NON_LEADER mode. State: All replicated index: 0, Majority replicated index: 0, Committed index: 0, Last appended: 0.0, Last appended by leader: 0, Current term: 0, Majority size: -1, State: 0, Mode: NON_LEADER, active raft config: opid_index: -1 OBSOLETE_local: false peers { permanent_uuid: "c02c21e06ca34998be4573701ead7175" member_type: VOTER last_known_addr { host: "127.28.94.132" port: 38037 } } peers { permanent_uuid: "4ecd63135b0c41f497fa60e3620d0b5a" member_type: VOTER last_known_addr { host: "127.28.94.130" port: 42315 } } peers { permanent_uuid: "bd00577933f146e69980cd77de991e4d" member_type: VOTER last_known_addr { host: "127.28.94.131" port: 34233 } }
I20260608 10:04:50.187770 32372 ts_tablet_manager.cc:1434] T 241d6746c34a406ba4e83430e3f5a310 P c02c21e06ca34998be4573701ead7175: Time spent starting tablet: real 0.027s	user 0.009s	sys 0.000s
I20260608 10:04:50.188565 32372 tablet_bootstrap.cc:492] T 8c7a9ea0641f4304b2f9ab421e217fe6 P c02c21e06ca34998be4573701ead7175: Bootstrap starting.
I20260608 10:04:50.178828 32234 raft_consensus.cc:359] T 8e8266fb7f8d47b79ebea3a0e41393a8 P bd00577933f146e69980cd77de991e4d [term 0 FOLLOWER]: Replica starting. Triggering 0 pending ops. Active config: opid_index: -1 OBSOLETE_local: false peers { permanent_uuid: "c02c21e06ca34998be4573701ead7175" member_type: VOTER last_known_addr { host: "127.28.94.132" port: 38037 } } peers { permanent_uuid: "bd00577933f146e69980cd77de991e4d" member_type: VOTER last_known_addr { host: "127.28.94.131" port: 34233 } } peers { permanent_uuid: "4ecd63135b0c41f497fa60e3620d0b5a" member_type: VOTER last_known_addr { host: "127.28.94.130" port: 42315 } }
I20260608 10:04:50.189718 32234 raft_consensus.cc:385] T 8e8266fb7f8d47b79ebea3a0e41393a8 P bd00577933f146e69980cd77de991e4d [term 0 FOLLOWER]: Consensus starting up: Expiring failure detector timer to make a prompt election more likely
I20260608 10:04:50.190028 32234 raft_consensus.cc:740] T 8e8266fb7f8d47b79ebea3a0e41393a8 P bd00577933f146e69980cd77de991e4d [term 0 FOLLOWER]: Becoming Follower/Learner. State: Replica: bd00577933f146e69980cd77de991e4d, State: Initialized, Role: FOLLOWER
I20260608 10:04:50.190762 32234 consensus_queue.cc:260] T 8e8266fb7f8d47b79ebea3a0e41393a8 P bd00577933f146e69980cd77de991e4d [NON_LEADER]: Queue going to NON_LEADER mode. State: All replicated index: 0, Majority replicated index: 0, Committed index: 0, Last appended: 0.0, Last appended by leader: 0, Current term: 0, Majority size: -1, State: 0, Mode: NON_LEADER, active raft config: opid_index: -1 OBSOLETE_local: false peers { permanent_uuid: "c02c21e06ca34998be4573701ead7175" member_type: VOTER last_known_addr { host: "127.28.94.132" port: 38037 } } peers { permanent_uuid: "bd00577933f146e69980cd77de991e4d" member_type: VOTER last_known_addr { host: "127.28.94.131" port: 34233 } } peers { permanent_uuid: "4ecd63135b0c41f497fa60e3620d0b5a" member_type: VOTER last_known_addr { host: "127.28.94.130" port: 42315 } }
I20260608 10:04:50.194947 32372 tablet_bootstrap.cc:654] T 8c7a9ea0641f4304b2f9ab421e217fe6 P c02c21e06ca34998be4573701ead7175: Neither blocks nor log segments found. Creating new log.
I20260608 10:04:50.198613 32235 tablet_bootstrap.cc:654] T 80aa4ad2350e47e29fbb0bbcca32007d P 4ecd63135b0c41f497fa60e3620d0b5a: Neither blocks nor log segments found. Creating new log.
I20260608 10:04:50.197983 31939 catalog_manager.cc:5696] T 483ea303a48b476b91a2f212ea04e74c P bd00577933f146e69980cd77de991e4d reported cstate change: term changed from 0 to 1, leader changed from <none> to bd00577933f146e69980cd77de991e4d (127.28.94.131). New cstate: current_term: 1 leader_uuid: "bd00577933f146e69980cd77de991e4d" committed_config { opid_index: -1 OBSOLETE_local: false peers { permanent_uuid: "c02c21e06ca34998be4573701ead7175" member_type: VOTER last_known_addr { host: "127.28.94.132" port: 38037 } health_report { overall_health: UNKNOWN } } peers { permanent_uuid: "469744bc4e324f3e8dec374e213b7d18" member_type: VOTER last_known_addr { host: "127.28.94.129" port: 33331 } health_report { overall_health: UNKNOWN } } peers { permanent_uuid: "bd00577933f146e69980cd77de991e4d" member_type: VOTER last_known_addr { host: "127.28.94.131" port: 34233 } health_report { overall_health: HEALTHY } } }
I20260608 10:04:50.204950 32234 ts_tablet_manager.cc:1434] T 8e8266fb7f8d47b79ebea3a0e41393a8 P bd00577933f146e69980cd77de991e4d: Time spent starting tablet: real 0.029s	user 0.006s	sys 0.000s
I20260608 10:04:50.206014 32234 tablet_bootstrap.cc:492] T 91962468fc6d4154981c5e7a431048b6 P bd00577933f146e69980cd77de991e4d: Bootstrap starting.
I20260608 10:04:50.213449 32332 tablet_service.cc:1917] Received RequestConsensusVote() RPC: tablet_id: "2040f514bc4846c294426f37b28ba620" candidate_uuid: "4ecd63135b0c41f497fa60e3620d0b5a" candidate_term: 1 candidate_status { last_received { term: 0 index: 0 } } ignore_live_leader: false dest_uuid: "c02c21e06ca34998be4573701ead7175" is_pre_election: true
I20260608 10:04:50.214162 32332 raft_consensus.cc:2468] T 2040f514bc4846c294426f37b28ba620 P c02c21e06ca34998be4573701ead7175 [term 0 FOLLOWER]: Leader pre-election vote request: Granting yes vote for candidate 4ecd63135b0c41f497fa60e3620d0b5a in term 0.
I20260608 10:04:50.216779 32372 tablet_bootstrap.cc:492] T 8c7a9ea0641f4304b2f9ab421e217fe6 P c02c21e06ca34998be4573701ead7175: No bootstrap required, opened a new log
I20260608 10:04:50.217283 32372 ts_tablet_manager.cc:1403] T 8c7a9ea0641f4304b2f9ab421e217fe6 P c02c21e06ca34998be4573701ead7175: Time spent bootstrapping tablet: real 0.029s	user 0.017s	sys 0.000s
I20260608 10:04:50.218657 32236 tablet_bootstrap.cc:492] T 3a2efb32f60b4f6585633fa3d7f741b1 P 469744bc4e324f3e8dec374e213b7d18: No bootstrap required, opened a new log
I20260608 10:04:50.218966 32333 tablet_service.cc:1917] Received RequestConsensusVote() RPC: tablet_id: "2040f514bc4846c294426f37b28ba620" candidate_uuid: "4ecd63135b0c41f497fa60e3620d0b5a" candidate_term: 1 candidate_status { last_received { term: 0 index: 0 } } ignore_live_leader: false dest_uuid: "c02c21e06ca34998be4573701ead7175"
I20260608 10:04:50.219201 32236 ts_tablet_manager.cc:1403] T 3a2efb32f60b4f6585633fa3d7f741b1 P 469744bc4e324f3e8dec374e213b7d18: Time spent bootstrapping tablet: real 0.080s	user 0.013s	sys 0.004s
I20260608 10:04:50.217078 32234 tablet_bootstrap.cc:654] T 91962468fc6d4154981c5e7a431048b6 P bd00577933f146e69980cd77de991e4d: Neither blocks nor log segments found. Creating new log.
I20260608 10:04:50.221458 32333 raft_consensus.cc:3060] T 2040f514bc4846c294426f37b28ba620 P c02c21e06ca34998be4573701ead7175 [term 0 FOLLOWER]: Advancing to term 1
I20260608 10:04:50.220346 32372 raft_consensus.cc:359] T 8c7a9ea0641f4304b2f9ab421e217fe6 P c02c21e06ca34998be4573701ead7175 [term 0 FOLLOWER]: Replica starting. Triggering 0 pending ops. Active config: opid_index: -1 OBSOLETE_local: false peers { permanent_uuid: "c02c21e06ca34998be4573701ead7175" member_type: VOTER last_known_addr { host: "127.28.94.132" port: 38037 } } peers { permanent_uuid: "469744bc4e324f3e8dec374e213b7d18" member_type: VOTER last_known_addr { host: "127.28.94.129" port: 33331 } } peers { permanent_uuid: "4ecd63135b0c41f497fa60e3620d0b5a" member_type: VOTER last_known_addr { host: "127.28.94.130" port: 42315 } }
I20260608 10:04:50.226475 32372 raft_consensus.cc:385] T 8c7a9ea0641f4304b2f9ab421e217fe6 P c02c21e06ca34998be4573701ead7175 [term 0 FOLLOWER]: Consensus starting up: Expiring failure detector timer to make a prompt election more likely
I20260608 10:04:50.226786 32372 raft_consensus.cc:740] T 8c7a9ea0641f4304b2f9ab421e217fe6 P c02c21e06ca34998be4573701ead7175 [term 0 FOLLOWER]: Becoming Follower/Learner. State: Replica: c02c21e06ca34998be4573701ead7175, State: Initialized, Role: FOLLOWER
I20260608 10:04:50.227766 32372 consensus_queue.cc:260] T 8c7a9ea0641f4304b2f9ab421e217fe6 P c02c21e06ca34998be4573701ead7175 [NON_LEADER]: Queue going to NON_LEADER mode. State: All replicated index: 0, Majority replicated index: 0, Committed index: 0, Last appended: 0.0, Last appended by leader: 0, Current term: 0, Majority size: -1, State: 0, Mode: NON_LEADER, active raft config: opid_index: -1 OBSOLETE_local: false peers { permanent_uuid: "c02c21e06ca34998be4573701ead7175" member_type: VOTER last_known_addr { host: "127.28.94.132" port: 38037 } } peers { permanent_uuid: "469744bc4e324f3e8dec374e213b7d18" member_type: VOTER last_known_addr { host: "127.28.94.129" port: 33331 } } peers { permanent_uuid: "4ecd63135b0c41f497fa60e3620d0b5a" member_type: VOTER last_known_addr { host: "127.28.94.130" port: 42315 } }
I20260608 10:04:50.228775 32236 raft_consensus.cc:359] T 3a2efb32f60b4f6585633fa3d7f741b1 P 469744bc4e324f3e8dec374e213b7d18 [term 0 FOLLOWER]: Replica starting. Triggering 0 pending ops. Active config: opid_index: -1 OBSOLETE_local: false peers { permanent_uuid: "469744bc4e324f3e8dec374e213b7d18" member_type: VOTER last_known_addr { host: "127.28.94.129" port: 33331 } } peers { permanent_uuid: "c02c21e06ca34998be4573701ead7175" member_type: VOTER last_known_addr { host: "127.28.94.132" port: 38037 } } peers { permanent_uuid: "bd00577933f146e69980cd77de991e4d" member_type: VOTER last_known_addr { host: "127.28.94.131" port: 34233 } }
I20260608 10:04:50.229452 32236 raft_consensus.cc:385] T 3a2efb32f60b4f6585633fa3d7f741b1 P 469744bc4e324f3e8dec374e213b7d18 [term 0 FOLLOWER]: Consensus starting up: Expiring failure detector timer to make a prompt election more likely
I20260608 10:04:50.229745 32236 raft_consensus.cc:740] T 3a2efb32f60b4f6585633fa3d7f741b1 P 469744bc4e324f3e8dec374e213b7d18 [term 0 FOLLOWER]: Becoming Follower/Learner. State: Replica: 469744bc4e324f3e8dec374e213b7d18, State: Initialized, Role: FOLLOWER
I20260608 10:04:50.231839 32333 raft_consensus.cc:2468] T 2040f514bc4846c294426f37b28ba620 P c02c21e06ca34998be4573701ead7175 [term 1 FOLLOWER]: Leader election vote request: Granting yes vote for candidate 4ecd63135b0c41f497fa60e3620d0b5a in term 1.
I20260608 10:04:50.234228 32236 consensus_queue.cc:260] T 3a2efb32f60b4f6585633fa3d7f741b1 P 469744bc4e324f3e8dec374e213b7d18 [NON_LEADER]: Queue going to NON_LEADER mode. State: All replicated index: 0, Majority replicated index: 0, Committed index: 0, Last appended: 0.0, Last appended by leader: 0, Current term: 0, Majority size: -1, State: 0, Mode: NON_LEADER, active raft config: opid_index: -1 OBSOLETE_local: false peers { permanent_uuid: "469744bc4e324f3e8dec374e213b7d18" member_type: VOTER last_known_addr { host: "127.28.94.129" port: 33331 } } peers { permanent_uuid: "c02c21e06ca34998be4573701ead7175" member_type: VOTER last_known_addr { host: "127.28.94.132" port: 38037 } } peers { permanent_uuid: "bd00577933f146e69980cd77de991e4d" member_type: VOTER last_known_addr { host: "127.28.94.131" port: 34233 } }
I20260608 10:04:50.236676 32372 ts_tablet_manager.cc:1434] T 8c7a9ea0641f4304b2f9ab421e217fe6 P c02c21e06ca34998be4573701ead7175: Time spent starting tablet: real 0.019s	user 0.003s	sys 0.003s
I20260608 10:04:50.237900 32372 tablet_bootstrap.cc:492] T 8e8266fb7f8d47b79ebea3a0e41393a8 P c02c21e06ca34998be4573701ead7175: Bootstrap starting.
I20260608 10:04:50.238390 32236 ts_tablet_manager.cc:1434] T 3a2efb32f60b4f6585633fa3d7f741b1 P 469744bc4e324f3e8dec374e213b7d18: Time spent starting tablet: real 0.017s	user 0.006s	sys 0.001s
I20260608 10:04:50.237077 32235 tablet_bootstrap.cc:492] T 80aa4ad2350e47e29fbb0bbcca32007d P 4ecd63135b0c41f497fa60e3620d0b5a: No bootstrap required, opened a new log
I20260608 10:04:50.239312 32236 tablet_bootstrap.cc:492] T 91962468fc6d4154981c5e7a431048b6 P 469744bc4e324f3e8dec374e213b7d18: Bootstrap starting.
I20260608 10:04:50.239662 32235 ts_tablet_manager.cc:1403] T 80aa4ad2350e47e29fbb0bbcca32007d P 4ecd63135b0c41f497fa60e3620d0b5a: Time spent bootstrapping tablet: real 0.065s	user 0.019s	sys 0.008s
I20260608 10:04:50.242726 32235 raft_consensus.cc:359] T 80aa4ad2350e47e29fbb0bbcca32007d P 4ecd63135b0c41f497fa60e3620d0b5a [term 0 FOLLOWER]: Replica starting. Triggering 0 pending ops. Active config: opid_index: -1 OBSOLETE_local: false peers { permanent_uuid: "469744bc4e324f3e8dec374e213b7d18" member_type: VOTER last_known_addr { host: "127.28.94.129" port: 33331 } } peers { permanent_uuid: "c02c21e06ca34998be4573701ead7175" member_type: VOTER last_known_addr { host: "127.28.94.132" port: 38037 } } peers { permanent_uuid: "4ecd63135b0c41f497fa60e3620d0b5a" member_type: VOTER last_known_addr { host: "127.28.94.130" port: 42315 } }
I20260608 10:04:50.243389 32235 raft_consensus.cc:385] T 80aa4ad2350e47e29fbb0bbcca32007d P 4ecd63135b0c41f497fa60e3620d0b5a [term 0 FOLLOWER]: Consensus starting up: Expiring failure detector timer to make a prompt election more likely
I20260608 10:04:50.243645 32235 raft_consensus.cc:740] T 80aa4ad2350e47e29fbb0bbcca32007d P 4ecd63135b0c41f497fa60e3620d0b5a [term 0 FOLLOWER]: Becoming Follower/Learner. State: Replica: 4ecd63135b0c41f497fa60e3620d0b5a, State: Initialized, Role: FOLLOWER
I20260608 10:04:50.244496 32235 consensus_queue.cc:260] T 80aa4ad2350e47e29fbb0bbcca32007d P 4ecd63135b0c41f497fa60e3620d0b5a [NON_LEADER]: Queue going to NON_LEADER mode. State: All replicated index: 0, Majority replicated index: 0, Committed index: 0, Last appended: 0.0, Last appended by leader: 0, Current term: 0, Majority size: -1, State: 0, Mode: NON_LEADER, active raft config: opid_index: -1 OBSOLETE_local: false peers { permanent_uuid: "469744bc4e324f3e8dec374e213b7d18" member_type: VOTER last_known_addr { host: "127.28.94.129" port: 33331 } } peers { permanent_uuid: "c02c21e06ca34998be4573701ead7175" member_type: VOTER last_known_addr { host: "127.28.94.132" port: 38037 } } peers { permanent_uuid: "4ecd63135b0c41f497fa60e3620d0b5a" member_type: VOTER last_known_addr { host: "127.28.94.130" port: 42315 } }
I20260608 10:04:50.246371 32372 tablet_bootstrap.cc:654] T 8e8266fb7f8d47b79ebea3a0e41393a8 P c02c21e06ca34998be4573701ead7175: Neither blocks nor log segments found. Creating new log.
I20260608 10:04:50.246627 32235 ts_tablet_manager.cc:1434] T 80aa4ad2350e47e29fbb0bbcca32007d P 4ecd63135b0c41f497fa60e3620d0b5a: Time spent starting tablet: real 0.007s	user 0.005s	sys 0.000s
I20260608 10:04:50.247571 32235 tablet_bootstrap.cc:492] T 8e8266fb7f8d47b79ebea3a0e41393a8 P 4ecd63135b0c41f497fa60e3620d0b5a: Bootstrap starting.
I20260608 10:04:50.253347 32235 tablet_bootstrap.cc:654] T 8e8266fb7f8d47b79ebea3a0e41393a8 P 4ecd63135b0c41f497fa60e3620d0b5a: Neither blocks nor log segments found. Creating new log.
I20260608 10:04:50.253962 32372 tablet_bootstrap.cc:492] T 8e8266fb7f8d47b79ebea3a0e41393a8 P c02c21e06ca34998be4573701ead7175: No bootstrap required, opened a new log
I20260608 10:04:50.254508 32372 ts_tablet_manager.cc:1403] T 8e8266fb7f8d47b79ebea3a0e41393a8 P c02c21e06ca34998be4573701ead7175: Time spent bootstrapping tablet: real 0.017s	user 0.009s	sys 0.003s
