I20260608 10:04:35.854493 32708 raft_consensus.cc:2243] T 00000000000000000000000000000000 P 7d4e0ca0d85e4cf4b5e02f48ebdae199 [term 1 LEADER]: Raft consensus shutting down.
I20260608 10:04:35.855209 32708 raft_consensus.cc:2272] T 00000000000000000000000000000000 P 7d4e0ca0d85e4cf4b5e02f48ebdae199 [term 1 FOLLOWER]: Raft consensus is shut down!
I20260608 10:04:35.855602 32708 tablet_replica.cc:333] T 00000000000000000000000000000000 P 7d4e0ca0d85e4cf4b5e02f48ebdae199: stopping tablet replica
I20260608 10:04:35.875556 32708 master.cc:584] Master@127.31.241.62:40769 shutdown complete.
[       OK ] AutoRebalancerTest.NoReplicaMovesIfLocationLoadSkewedByOne (13046 ms)
[ RUN      ] AutoRebalancerTest.NoReplicaMovesIfCannotFixPlacementPolicy
I20260608 10:04:35.918470 32708 internal_mini_cluster.cc:156] Creating distributed mini masters. Addrs: 127.31.241.62:43729
I20260608 10:04:35.919844 32708 file_cache.cc:492] Constructed file cache file cache with capacity 419430
W20260608 10:04:35.926347  4240 instance_detector.cc:116] could not retrieve Azure instance metadata: Network error: curl error: HTTP response code said error: The requested URL returned error: 404
W20260608 10:04:35.926467  4239 instance_detector.cc:116] could not retrieve AWS instance metadata: Network error: curl error: HTTP response code said error: The requested URL returned error: 404
W20260608 10:04:35.927469  4242 instance_detector.cc:116] could not retrieve OpenStack instance metadata: Network error: curl error: HTTP response code said error: The requested URL returned error: 404
I20260608 10:04:35.929872 32708 server_base.cc:1061] running on GCE node
I20260608 10:04:35.930681 32708 hybrid_clock.cc:584] initializing the hybrid clock with 'system_unsync' time source
W20260608 10:04:35.930871 32708 system_unsync_time.cc:38] NTP support is disabled. Clock error bounds will not be accurate. This configuration is not suitable for distributed clusters.
I20260608 10:04:35.930987 32708 hybrid_clock.cc:648] HybridClock initialized: now 1780913075930976 us; error 0 us; skew 500 ppm
I20260608 10:04:35.931562 32708 server_base.cc:861] Flag tcmalloc_max_total_thread_cache_bytes is not working since tcmalloc is not enabled.
I20260608 10:04:35.934266 32708 webserver.cc:533] Webserver started at http://127.31.241.62:42889/ using document root <none> and password file <none>
I20260608 10:04:35.934787 32708 fs_manager.cc:362] Metadata directory not provided
I20260608 10:04:35.934952 32708 fs_manager.cc:368] Using write-ahead log directory (fs_wal_dir) as metadata directory
I20260608 10:04:35.935235 32708 server_base.cc:909] This appears to be a new deployment of Kudu; creating new FS layout
I20260608 10:04:35.936455 32708 fs_manager.cc:1068] Generated new instance metadata in path /tmp/dist-test-taskKLY9wA/test-tmp/auto_rebalancer-test.0.AutoRebalancerTest.NoReplicaMovesIfCannotFixPlacementPolicy.1780912971813082-32708-0/minicluster-data/master-0-root/instance:
uuid: "ae0d80a91edd4676b5fdc0362a1337ad"
format_stamp: "Formatted at 2026-06-08 10:04:35 on dist-test-slave-jpc4"
I20260608 10:04:35.941393 32708 fs_manager.cc:696] Time spent creating directory manager: real 0.004s	user 0.007s	sys 0.000s
I20260608 10:04:35.945282  4247 log_block_manager.cc:4031] Time spent loading block containers with low live blocks: real 0.000s	user 0.000s	sys 0.000s
I20260608 10:04:35.946219 32708 fs_manager.cc:730] Time spent opening block manager: real 0.003s	user 0.003s	sys 0.000s
I20260608 10:04:35.946533 32708 fs_manager.cc:647] Opened local filesystem: /tmp/dist-test-taskKLY9wA/test-tmp/auto_rebalancer-test.0.AutoRebalancerTest.NoReplicaMovesIfCannotFixPlacementPolicy.1780912971813082-32708-0/minicluster-data/master-0-root
uuid: "ae0d80a91edd4676b5fdc0362a1337ad"
format_stamp: "Formatted at 2026-06-08 10:04:35 on dist-test-slave-jpc4"
I20260608 10:04:35.946847 32708 fs_report.cc:389] FS layout report
--------------------
wal directory: /tmp/dist-test-taskKLY9wA/test-tmp/auto_rebalancer-test.0.AutoRebalancerTest.NoReplicaMovesIfCannotFixPlacementPolicy.1780912971813082-32708-0/minicluster-data/master-0-root
metadata directory: /tmp/dist-test-taskKLY9wA/test-tmp/auto_rebalancer-test.0.AutoRebalancerTest.NoReplicaMovesIfCannotFixPlacementPolicy.1780912971813082-32708-0/minicluster-data/master-0-root
1 data directories: /tmp/dist-test-taskKLY9wA/test-tmp/auto_rebalancer-test.0.AutoRebalancerTest.NoReplicaMovesIfCannotFixPlacementPolicy.1780912971813082-32708-0/minicluster-data/master-0-root/data
Total live blocks: 0
Total live bytes: 0
Total live bytes (after alignment): 0
Total number of LBM containers: 0 (0 full)
Did not check for missing blocks
Did not check for orphaned blocks
Total full LBM containers with extra space: 0 (0 repaired)
Total full LBM container extra space in bytes: 0 (0 repaired)
Total incomplete LBM containers: 0 (0 repaired)
Total LBM partial records: 0 (0 repaired)
Total corrupted LBM metadata records in RocksDB: 0 (0 repaired)
I20260608 10:04:35.970664 32708 rpc_server.cc:225] running with OpenSSL 1.1.1  11 Sep 2018
I20260608 10:04:35.972035 32708 kserver.cc:163] Server-wide thread pool size limit: 3276
I20260608 10:04:36.014518 32708 rpc_server.cc:307] RPC server started. Bound to: 127.31.241.62:43729
I20260608 10:04:36.014693  4298 acceptor_pool.cc:272] collecting diagnostics on the listening RPC socket 127.31.241.62:43729 every 8 connection(s)
I20260608 10:04:36.019071  4299 data_dirs.cc:400] Could only allocate 1 dirs of requested 3 for tablet 00000000000000000000000000000000. 1 dirs total, 0 dirs full, 0 dirs failed
I20260608 10:04:36.030601  4299 tablet_bootstrap.cc:492] T 00000000000000000000000000000000 P ae0d80a91edd4676b5fdc0362a1337ad: Bootstrap starting.
I20260608 10:04:36.035765  4299 tablet_bootstrap.cc:654] T 00000000000000000000000000000000 P ae0d80a91edd4676b5fdc0362a1337ad: Neither blocks nor log segments found. Creating new log.
I20260608 10:04:36.040427  4299 tablet_bootstrap.cc:492] T 00000000000000000000000000000000 P ae0d80a91edd4676b5fdc0362a1337ad: No bootstrap required, opened a new log
I20260608 10:04:36.042987  4299 raft_consensus.cc:359] T 00000000000000000000000000000000 P ae0d80a91edd4676b5fdc0362a1337ad [term 0 FOLLOWER]: Replica starting. Triggering 0 pending ops. Active config: opid_index: -1 OBSOLETE_local: true peers { permanent_uuid: "ae0d80a91edd4676b5fdc0362a1337ad" member_type: VOTER }
I20260608 10:04:36.043409  4299 raft_consensus.cc:385] T 00000000000000000000000000000000 P ae0d80a91edd4676b5fdc0362a1337ad [term 0 FOLLOWER]: Consensus starting up: Expiring failure detector timer to make a prompt election more likely
I20260608 10:04:36.043697  4299 raft_consensus.cc:740] T 00000000000000000000000000000000 P ae0d80a91edd4676b5fdc0362a1337ad [term 0 FOLLOWER]: Becoming Follower/Learner. State: Replica: ae0d80a91edd4676b5fdc0362a1337ad, State: Initialized, Role: FOLLOWER
I20260608 10:04:36.044344  4299 consensus_queue.cc:260] T 00000000000000000000000000000000 P ae0d80a91edd4676b5fdc0362a1337ad [NON_LEADER]: Queue going to NON_LEADER mode. State: All replicated index: 0, Majority replicated index: 0, Committed index: 0, Last appended: 0.0, Last appended by leader: 0, Current term: 0, Majority size: -1, State: 0, Mode: NON_LEADER, active raft config: opid_index: -1 OBSOLETE_local: true peers { permanent_uuid: "ae0d80a91edd4676b5fdc0362a1337ad" member_type: VOTER }
I20260608 10:04:36.044843  4299 raft_consensus.cc:399] T 00000000000000000000000000000000 P ae0d80a91edd4676b5fdc0362a1337ad [term 0 FOLLOWER]: Only one voter in the Raft config. Triggering election immediately
I20260608 10:04:36.045050  4299 raft_consensus.cc:493] T 00000000000000000000000000000000 P ae0d80a91edd4676b5fdc0362a1337ad [term 0 FOLLOWER]: Starting leader election (initial election of a single-replica configuration)
I20260608 10:04:36.045356  4299 raft_consensus.cc:3060] T 00000000000000000000000000000000 P ae0d80a91edd4676b5fdc0362a1337ad [term 0 FOLLOWER]: Advancing to term 1
I20260608 10:04:36.050489  4299 raft_consensus.cc:515] T 00000000000000000000000000000000 P ae0d80a91edd4676b5fdc0362a1337ad [term 1 FOLLOWER]: Starting leader election with config: opid_index: -1 OBSOLETE_local: true peers { permanent_uuid: "ae0d80a91edd4676b5fdc0362a1337ad" member_type: VOTER }
I20260608 10:04:36.051062  4299 leader_election.cc:304] T 00000000000000000000000000000000 P ae0d80a91edd4676b5fdc0362a1337ad [CANDIDATE]: Term 1 election: Election decided. Result: candidate won. Election summary: received 1 responses out of 1 voters: 1 yes votes; 0 no votes. yes voters: ae0d80a91edd4676b5fdc0362a1337ad; no voters: 
I20260608 10:04:36.052349  4299 leader_election.cc:290] T 00000000000000000000000000000000 P ae0d80a91edd4676b5fdc0362a1337ad [CANDIDATE]: Term 1 election: Requested vote from peers 
I20260608 10:04:36.052836  4302 raft_consensus.cc:2804] T 00000000000000000000000000000000 P ae0d80a91edd4676b5fdc0362a1337ad [term 1 FOLLOWER]: Leader election won for term 1
I20260608 10:04:36.054342  4302 raft_consensus.cc:697] T 00000000000000000000000000000000 P ae0d80a91edd4676b5fdc0362a1337ad [term 1 LEADER]: Becoming Leader. State: Replica: ae0d80a91edd4676b5fdc0362a1337ad, State: Running, Role: LEADER
I20260608 10:04:36.055131  4302 consensus_queue.cc:237] T 00000000000000000000000000000000 P ae0d80a91edd4676b5fdc0362a1337ad [LEADER]: Queue going to LEADER mode. State: All replicated index: 0, Majority replicated index: 0, Committed index: 0, Last appended: 0.0, Last appended by leader: 0, Current term: 1, Majority size: 1, State: 0, Mode: LEADER, active raft config: opid_index: -1 OBSOLETE_local: true peers { permanent_uuid: "ae0d80a91edd4676b5fdc0362a1337ad" member_type: VOTER }
I20260608 10:04:36.055663  4299 sys_catalog.cc:565] T 00000000000000000000000000000000 P ae0d80a91edd4676b5fdc0362a1337ad [sys.catalog]: configured and running, proceeding with master startup.
I20260608 10:04:36.058678  4304 sys_catalog.cc:455] T 00000000000000000000000000000000 P ae0d80a91edd4676b5fdc0362a1337ad [sys.catalog]: SysCatalogTable state changed. Reason: New leader ae0d80a91edd4676b5fdc0362a1337ad. Latest consensus state: current_term: 1 leader_uuid: "ae0d80a91edd4676b5fdc0362a1337ad" committed_config { opid_index: -1 OBSOLETE_local: true peers { permanent_uuid: "ae0d80a91edd4676b5fdc0362a1337ad" member_type: VOTER } }
I20260608 10:04:36.058728  4303 sys_catalog.cc:455] T 00000000000000000000000000000000 P ae0d80a91edd4676b5fdc0362a1337ad [sys.catalog]: SysCatalogTable state changed. Reason: RaftConsensus started. Latest consensus state: current_term: 1 leader_uuid: "ae0d80a91edd4676b5fdc0362a1337ad" committed_config { opid_index: -1 OBSOLETE_local: true peers { permanent_uuid: "ae0d80a91edd4676b5fdc0362a1337ad" member_type: VOTER } }
I20260608 10:04:36.059532  4304 sys_catalog.cc:458] T 00000000000000000000000000000000 P ae0d80a91edd4676b5fdc0362a1337ad [sys.catalog]: This master's current role is: LEADER
I20260608 10:04:36.059549  4303 sys_catalog.cc:458] T 00000000000000000000000000000000 P ae0d80a91edd4676b5fdc0362a1337ad [sys.catalog]: This master's current role is: LEADER
I20260608 10:04:36.068998  4307 catalog_manager.cc:1510] Loading table and tablet metadata into memory...
I20260608 10:04:36.077790  4307 catalog_manager.cc:1519] Initializing Kudu cluster ID...
I20260608 10:04:36.079175 32708 internal_mini_cluster.cc:184] Waiting to initialize catalog manager on master 0
I20260608 10:04:36.089046  4307 catalog_manager.cc:1382] Generated new cluster ID: c78ebb3f8c3a45fe850d68d96944b122
I20260608 10:04:36.089423  4307 catalog_manager.cc:1530] Initializing Kudu internal certificate authority...
I20260608 10:04:36.111271  4307 catalog_manager.cc:1405] Generated new certificate authority record
I20260608 10:04:36.112700  4307 catalog_manager.cc:1539] Loading token signing keys...
I20260608 10:04:36.132702  4307 catalog_manager.cc:6069] T 00000000000000000000000000000000 P ae0d80a91edd4676b5fdc0362a1337ad: Generated new TSK 0
I20260608 10:04:36.133374  4307 catalog_manager.cc:1549] Initializing in-progress tserver states...
I20260608 10:04:36.146091 32708 file_cache.cc:492] Constructed file cache file cache with capacity 419430
W20260608 10:04:36.152877  4320 instance_detector.cc:116] could not retrieve AWS instance metadata: Network error: curl error: HTTP response code said error: The requested URL returned error: 404
W20260608 10:04:36.153999  4321 instance_detector.cc:116] could not retrieve Azure instance metadata: Network error: curl error: HTTP response code said error: The requested URL returned error: 404
W20260608 10:04:36.157194  4323 instance_detector.cc:116] could not retrieve OpenStack instance metadata: Network error: curl error: HTTP response code said error: The requested URL returned error: 404
I20260608 10:04:36.158120 32708 server_base.cc:1061] running on GCE node
I20260608 10:04:36.159030 32708 hybrid_clock.cc:584] initializing the hybrid clock with 'system_unsync' time source
W20260608 10:04:36.159237 32708 system_unsync_time.cc:38] NTP support is disabled. Clock error bounds will not be accurate. This configuration is not suitable for distributed clusters.
I20260608 10:04:36.159377 32708 hybrid_clock.cc:648] HybridClock initialized: now 1780913076159364 us; error 0 us; skew 500 ppm
I20260608 10:04:36.159981 32708 server_base.cc:861] Flag tcmalloc_max_total_thread_cache_bytes is not working since tcmalloc is not enabled.
I20260608 10:04:36.162742 32708 webserver.cc:533] Webserver started at http://127.31.241.1:35723/ using document root <none> and password file <none>
I20260608 10:04:36.163269 32708 fs_manager.cc:362] Metadata directory not provided
I20260608 10:04:36.163441 32708 fs_manager.cc:368] Using write-ahead log directory (fs_wal_dir) as metadata directory
I20260608 10:04:36.163689 32708 server_base.cc:909] This appears to be a new deployment of Kudu; creating new FS layout
I20260608 10:04:36.164906 32708 fs_manager.cc:1068] Generated new instance metadata in path /tmp/dist-test-taskKLY9wA/test-tmp/auto_rebalancer-test.0.AutoRebalancerTest.NoReplicaMovesIfCannotFixPlacementPolicy.1780912971813082-32708-0/minicluster-data/ts-0-root/instance:
uuid: "0d856ba83e8c41a48e646add64beb837"
format_stamp: "Formatted at 2026-06-08 10:04:36 on dist-test-slave-jpc4"
I20260608 10:04:36.170359 32708 fs_manager.cc:696] Time spent creating directory manager: real 0.005s	user 0.007s	sys 0.000s
I20260608 10:04:36.174276  4328 log_block_manager.cc:4031] Time spent loading block containers with low live blocks: real 0.000s	user 0.000s	sys 0.000s
I20260608 10:04:36.175132 32708 fs_manager.cc:730] Time spent opening block manager: real 0.003s	user 0.002s	sys 0.002s
I20260608 10:04:36.175486 32708 fs_manager.cc:647] Opened local filesystem: /tmp/dist-test-taskKLY9wA/test-tmp/auto_rebalancer-test.0.AutoRebalancerTest.NoReplicaMovesIfCannotFixPlacementPolicy.1780912971813082-32708-0/minicluster-data/ts-0-root
uuid: "0d856ba83e8c41a48e646add64beb837"
format_stamp: "Formatted at 2026-06-08 10:04:36 on dist-test-slave-jpc4"
I20260608 10:04:36.175815 32708 fs_report.cc:389] FS layout report
--------------------
wal directory: /tmp/dist-test-taskKLY9wA/test-tmp/auto_rebalancer-test.0.AutoRebalancerTest.NoReplicaMovesIfCannotFixPlacementPolicy.1780912971813082-32708-0/minicluster-data/ts-0-root
metadata directory: /tmp/dist-test-taskKLY9wA/test-tmp/auto_rebalancer-test.0.AutoRebalancerTest.NoReplicaMovesIfCannotFixPlacementPolicy.1780912971813082-32708-0/minicluster-data/ts-0-root
1 data directories: /tmp/dist-test-taskKLY9wA/test-tmp/auto_rebalancer-test.0.AutoRebalancerTest.NoReplicaMovesIfCannotFixPlacementPolicy.1780912971813082-32708-0/minicluster-data/ts-0-root/data
Total live blocks: 0
Total live bytes: 0
Total live bytes (after alignment): 0
Total number of LBM containers: 0 (0 full)
Did not check for missing blocks
Did not check for orphaned blocks
Total full LBM containers with extra space: 0 (0 repaired)
Total full LBM container extra space in bytes: 0 (0 repaired)
Total incomplete LBM containers: 0 (0 repaired)
Total LBM partial records: 0 (0 repaired)
Total corrupted LBM metadata records in RocksDB: 0 (0 repaired)
I20260608 10:04:36.225008 32708 rpc_server.cc:225] running with OpenSSL 1.1.1  11 Sep 2018
I20260608 10:04:36.226399 32708 kserver.cc:163] Server-wide thread pool size limit: 3276
I20260608 10:04:36.227989 32708 txn_system_client.cc:432] TxnSystemClient initialization is disabled...
I20260608 10:04:36.230512 32708 ts_tablet_manager.cc:585] Loaded tablet metadata (0 total tablets, 0 live tablets)
I20260608 10:04:36.230743 32708 ts_tablet_manager.cc:531] Time spent load tablet metadata: real 0.000s	user 0.000s	sys 0.000s
I20260608 10:04:36.231006 32708 ts_tablet_manager.cc:616] Registered 0 tablets
I20260608 10:04:36.231184 32708 ts_tablet_manager.cc:595] Time spent register tablets: real 0.000s	user 0.000s	sys 0.000s
I20260608 10:04:36.276296 32708 rpc_server.cc:307] RPC server started. Bound to: 127.31.241.1:45989
I20260608 10:04:36.276422  4390 acceptor_pool.cc:272] collecting diagnostics on the listening RPC socket 127.31.241.1:45989 every 8 connection(s)
I20260608 10:04:36.282045 32708 file_cache.cc:492] Constructed file cache file cache with capacity 419430
W20260608 10:04:36.291097  4395 instance_detector.cc:116] could not retrieve AWS instance metadata: Network error: curl error: HTTP response code said error: The requested URL returned error: 404
W20260608 10:04:36.292793  4396 instance_detector.cc:116] could not retrieve Azure instance metadata: Network error: curl error: HTTP response code said error: The requested URL returned error: 404
W20260608 10:04:36.294150  4398 instance_detector.cc:116] could not retrieve OpenStack instance metadata: Network error: curl error: HTTP response code said error: The requested URL returned error: 404
I20260608 10:04:36.295352 32708 server_base.cc:1061] running on GCE node
I20260608 10:04:36.296655 32708 hybrid_clock.cc:584] initializing the hybrid clock with 'system_unsync' time source
W20260608 10:04:36.296880 32708 system_unsync_time.cc:38] NTP support is disabled. Clock error bounds will not be accurate. This configuration is not suitable for distributed clusters.
I20260608 10:04:36.297101 32708 hybrid_clock.cc:648] HybridClock initialized: now 1780913076297065 us; error 0 us; skew 500 ppm
I20260608 10:04:36.297549  4391 heartbeater.cc:344] Connected to a master server at 127.31.241.62:43729
I20260608 10:04:36.297927 32708 server_base.cc:861] Flag tcmalloc_max_total_thread_cache_bytes is not working since tcmalloc is not enabled.
I20260608 10:04:36.298018  4391 heartbeater.cc:461] Registering TS with master...
I20260608 10:04:36.299079  4391 heartbeater.cc:507] Master 127.31.241.62:43729 requested a full tablet report, sending...
I20260608 10:04:36.301380 32708 webserver.cc:533] Webserver started at http://127.31.241.2:43731/ using document root <none> and password file <none>
I20260608 10:04:36.301553  4264 ts_manager.cc:194] Registered new tserver with Master: 0d856ba83e8c41a48e646add64beb837 (127.31.241.1:45989)
I20260608 10:04:36.302102 32708 fs_manager.cc:362] Metadata directory not provided
I20260608 10:04:36.302345 32708 fs_manager.cc:368] Using write-ahead log directory (fs_wal_dir) as metadata directory
I20260608 10:04:36.302665 32708 server_base.cc:909] This appears to be a new deployment of Kudu; creating new FS layout
I20260608 10:04:36.303767  4264 master_service.cc:502] Signed X509 certificate for tserver {username='slave'} at 127.0.0.1:43842
I20260608 10:04:36.303916 32708 fs_manager.cc:1068] Generated new instance metadata in path /tmp/dist-test-taskKLY9wA/test-tmp/auto_rebalancer-test.0.AutoRebalancerTest.NoReplicaMovesIfCannotFixPlacementPolicy.1780912971813082-32708-0/minicluster-data/ts-1-root/instance:
uuid: "ce841b03f56b4a6185edb6663ac7b50a"
format_stamp: "Formatted at 2026-06-08 10:04:36 on dist-test-slave-jpc4"
I20260608 10:04:36.309252 32708 fs_manager.cc:696] Time spent creating directory manager: real 0.005s	user 0.006s	sys 0.000s
I20260608 10:04:36.313876  4403 log_block_manager.cc:4031] Time spent loading block containers with low live blocks: real 0.000s	user 0.000s	sys 0.000s
I20260608 10:04:36.314795 32708 fs_manager.cc:730] Time spent opening block manager: real 0.003s	user 0.003s	sys 0.000s
I20260608 10:04:36.315127 32708 fs_manager.cc:647] Opened local filesystem: /tmp/dist-test-taskKLY9wA/test-tmp/auto_rebalancer-test.0.AutoRebalancerTest.NoReplicaMovesIfCannotFixPlacementPolicy.1780912971813082-32708-0/minicluster-data/ts-1-root
uuid: "ce841b03f56b4a6185edb6663ac7b50a"
format_stamp: "Formatted at 2026-06-08 10:04:36 on dist-test-slave-jpc4"
I20260608 10:04:36.315519 32708 fs_report.cc:389] FS layout report
--------------------
wal directory: /tmp/dist-test-taskKLY9wA/test-tmp/auto_rebalancer-test.0.AutoRebalancerTest.NoReplicaMovesIfCannotFixPlacementPolicy.1780912971813082-32708-0/minicluster-data/ts-1-root
metadata directory: /tmp/dist-test-taskKLY9wA/test-tmp/auto_rebalancer-test.0.AutoRebalancerTest.NoReplicaMovesIfCannotFixPlacementPolicy.1780912971813082-32708-0/minicluster-data/ts-1-root
1 data directories: /tmp/dist-test-taskKLY9wA/test-tmp/auto_rebalancer-test.0.AutoRebalancerTest.NoReplicaMovesIfCannotFixPlacementPolicy.1780912971813082-32708-0/minicluster-data/ts-1-root/data
Total live blocks: 0
Total live bytes: 0
Total live bytes (after alignment): 0
Total number of LBM containers: 0 (0 full)
Did not check for missing blocks
Did not check for orphaned blocks
Total full LBM containers with extra space: 0 (0 repaired)
Total full LBM container extra space in bytes: 0 (0 repaired)
Total incomplete LBM containers: 0 (0 repaired)
Total LBM partial records: 0 (0 repaired)
Total corrupted LBM metadata records in RocksDB: 0 (0 repaired)
I20260608 10:04:36.335598 32708 rpc_server.cc:225] running with OpenSSL 1.1.1  11 Sep 2018
I20260608 10:04:36.336898 32708 kserver.cc:163] Server-wide thread pool size limit: 3276
I20260608 10:04:36.338519 32708 txn_system_client.cc:432] TxnSystemClient initialization is disabled...
I20260608 10:04:36.340950 32708 ts_tablet_manager.cc:585] Loaded tablet metadata (0 total tablets, 0 live tablets)
I20260608 10:04:36.341190 32708 ts_tablet_manager.cc:531] Time spent load tablet metadata: real 0.000s	user 0.000s	sys 0.000s
I20260608 10:04:36.341449 32708 ts_tablet_manager.cc:616] Registered 0 tablets
I20260608 10:04:36.341645 32708 ts_tablet_manager.cc:595] Time spent register tablets: real 0.000s	user 0.001s	sys 0.000s
I20260608 10:04:36.385252 32708 rpc_server.cc:307] RPC server started. Bound to: 127.31.241.2:33751
I20260608 10:04:36.385447  4465 acceptor_pool.cc:272] collecting diagnostics on the listening RPC socket 127.31.241.2:33751 every 8 connection(s)
I20260608 10:04:36.390607 32708 file_cache.cc:492] Constructed file cache file cache with capacity 419430
W20260608 10:04:36.397799  4469 instance_detector.cc:116] could not retrieve AWS instance metadata: Network error: curl error: HTTP response code said error: The requested URL returned error: 404
W20260608 10:04:36.398912  4470 instance_detector.cc:116] could not retrieve Azure instance metadata: Network error: curl error: HTTP response code said error: The requested URL returned error: 404
I20260608 10:04:36.403262 32708 server_base.cc:1061] running on GCE node
I20260608 10:04:36.404178  4466 heartbeater.cc:344] Connected to a master server at 127.31.241.62:43729
W20260608 10:04:36.404369  4472 instance_detector.cc:116] could not retrieve OpenStack instance metadata: Network error: curl error: HTTP response code said error: The requested URL returned error: 404
I20260608 10:04:36.404599  4466 heartbeater.cc:461] Registering TS with master...
I20260608 10:04:36.405452 32708 hybrid_clock.cc:584] initializing the hybrid clock with 'system_unsync' time source
I20260608 10:04:36.405534  4466 heartbeater.cc:507] Master 127.31.241.62:43729 requested a full tablet report, sending...
W20260608 10:04:36.405771 32708 system_unsync_time.cc:38] NTP support is disabled. Clock error bounds will not be accurate. This configuration is not suitable for distributed clusters.
I20260608 10:04:36.406030 32708 hybrid_clock.cc:648] HybridClock initialized: now 1780913076406010 us; error 0 us; skew 500 ppm
I20260608 10:04:36.406689 32708 server_base.cc:861] Flag tcmalloc_max_total_thread_cache_bytes is not working since tcmalloc is not enabled.
I20260608 10:04:36.408180  4264 ts_manager.cc:194] Registered new tserver with Master: ce841b03f56b4a6185edb6663ac7b50a (127.31.241.2:33751)
I20260608 10:04:36.409782 32708 webserver.cc:533] Webserver started at http://127.31.241.3:39955/ using document root <none> and password file <none>
I20260608 10:04:36.410389  4264 master_service.cc:502] Signed X509 certificate for tserver {username='slave'} at 127.0.0.1:43846
I20260608 10:04:36.410573 32708 fs_manager.cc:362] Metadata directory not provided
I20260608 10:04:36.410876 32708 fs_manager.cc:368] Using write-ahead log directory (fs_wal_dir) as metadata directory
I20260608 10:04:36.411218 32708 server_base.cc:909] This appears to be a new deployment of Kudu; creating new FS layout
I20260608 10:04:36.412595 32708 fs_manager.cc:1068] Generated new instance metadata in path /tmp/dist-test-taskKLY9wA/test-tmp/auto_rebalancer-test.0.AutoRebalancerTest.NoReplicaMovesIfCannotFixPlacementPolicy.1780912971813082-32708-0/minicluster-data/ts-2-root/instance:
uuid: "c04f082d2d6b4ce094b50f23f080949b"
format_stamp: "Formatted at 2026-06-08 10:04:36 on dist-test-slave-jpc4"
I20260608 10:04:36.417888 32708 fs_manager.cc:696] Time spent creating directory manager: real 0.005s	user 0.007s	sys 0.000s
I20260608 10:04:36.422072  4477 log_block_manager.cc:4031] Time spent loading block containers with low live blocks: real 0.000s	user 0.000s	sys 0.000s
I20260608 10:04:36.423008 32708 fs_manager.cc:730] Time spent opening block manager: real 0.003s	user 0.002s	sys 0.002s
I20260608 10:04:36.423274 32708 fs_manager.cc:647] Opened local filesystem: /tmp/dist-test-taskKLY9wA/test-tmp/auto_rebalancer-test.0.AutoRebalancerTest.NoReplicaMovesIfCannotFixPlacementPolicy.1780912971813082-32708-0/minicluster-data/ts-2-root
uuid: "c04f082d2d6b4ce094b50f23f080949b"
format_stamp: "Formatted at 2026-06-08 10:04:36 on dist-test-slave-jpc4"
I20260608 10:04:36.423532 32708 fs_report.cc:389] FS layout report
--------------------
wal directory: /tmp/dist-test-taskKLY9wA/test-tmp/auto_rebalancer-test.0.AutoRebalancerTest.NoReplicaMovesIfCannotFixPlacementPolicy.1780912971813082-32708-0/minicluster-data/ts-2-root
metadata directory: /tmp/dist-test-taskKLY9wA/test-tmp/auto_rebalancer-test.0.AutoRebalancerTest.NoReplicaMovesIfCannotFixPlacementPolicy.1780912971813082-32708-0/minicluster-data/ts-2-root
1 data directories: /tmp/dist-test-taskKLY9wA/test-tmp/auto_rebalancer-test.0.AutoRebalancerTest.NoReplicaMovesIfCannotFixPlacementPolicy.1780912971813082-32708-0/minicluster-data/ts-2-root/data
Total live blocks: 0
Total live bytes: 0
Total live bytes (after alignment): 0
Total number of LBM containers: 0 (0 full)
Did not check for missing blocks
Did not check for orphaned blocks
Total full LBM containers with extra space: 0 (0 repaired)
Total full LBM container extra space in bytes: 0 (0 repaired)
Total incomplete LBM containers: 0 (0 repaired)
Total LBM partial records: 0 (0 repaired)
Total corrupted LBM metadata records in RocksDB: 0 (0 repaired)
I20260608 10:04:36.440351 32708 rpc_server.cc:225] running with OpenSSL 1.1.1  11 Sep 2018
I20260608 10:04:36.441646 32708 kserver.cc:163] Server-wide thread pool size limit: 3276
I20260608 10:04:36.443135 32708 txn_system_client.cc:432] TxnSystemClient initialization is disabled...
I20260608 10:04:36.445381 32708 ts_tablet_manager.cc:585] Loaded tablet metadata (0 total tablets, 0 live tablets)
I20260608 10:04:36.445614 32708 ts_tablet_manager.cc:531] Time spent load tablet metadata: real 0.000s	user 0.000s	sys 0.000s
I20260608 10:04:36.445878 32708 ts_tablet_manager.cc:616] Registered 0 tablets
I20260608 10:04:36.446044 32708 ts_tablet_manager.cc:595] Time spent register tablets: real 0.000s	user 0.000s	sys 0.000s
I20260608 10:04:36.488585 32708 rpc_server.cc:307] RPC server started. Bound to: 127.31.241.3:37477
I20260608 10:04:36.488718  4539 acceptor_pool.cc:272] collecting diagnostics on the listening RPC socket 127.31.241.3:37477 every 8 connection(s)
I20260608 10:04:36.504070  4540 heartbeater.cc:344] Connected to a master server at 127.31.241.62:43729
I20260608 10:04:36.504511  4540 heartbeater.cc:461] Registering TS with master...
I20260608 10:04:36.505355  4540 heartbeater.cc:507] Master 127.31.241.62:43729 requested a full tablet report, sending...
I20260608 10:04:36.507652  4264 ts_manager.cc:194] Registered new tserver with Master: c04f082d2d6b4ce094b50f23f080949b (127.31.241.3:37477)
I20260608 10:04:36.508666 32708 internal_mini_cluster.cc:371] 3 TS(s) registered with all masters after 0.016463165s
I20260608 10:04:36.509330  4264 master_service.cc:502] Signed X509 certificate for tserver {username='slave'} at 127.0.0.1:43850
I20260608 10:04:37.306840  4391 heartbeater.cc:499] Master 127.31.241.62:43729 was elected leader, sending a full tablet report...
I20260608 10:04:37.413386  4466 heartbeater.cc:499] Master 127.31.241.62:43729 was elected leader, sending a full tablet report...
I20260608 10:04:37.512482  4540 heartbeater.cc:499] Master 127.31.241.62:43729 was elected leader, sending a full tablet report...
I20260608 10:04:37.578703  4264 catalog_manager.cc:2282] Servicing CreateTable request from {username='slave'} at 127.0.0.1:43856:
name: "test-workload"
schema {
  columns {
    name: "key"
    type: INT32
    is_key: true
    is_nullable: false
    encoding: AUTO_ENCODING
    compression: DEFAULT_COMPRESSION
    cfile_block_size: 0
    immutable: false
  }
  columns {
    name: "int_val"
    type: INT32
    is_key: false
    is_nullable: false
    encoding: AUTO_ENCODING
    compression: DEFAULT_COMPRESSION
    cfile_block_size: 0
    immutable: false
  }
  columns {
    name: "string_val"
    type: STRING
    is_key: false
    is_nullable: true
    encoding: AUTO_ENCODING
    compression: DEFAULT_COMPRESSION
    cfile_block_size: 0
    immutable: false
  }
}
num_replicas: 3
split_rows_range_bounds {
}
partition_schema {
  range_schema {
    columns {
      name: "key"
    }
  }
}
W20260608 10:04:37.580817  4264 catalog_manager.cc:7076] The number of live tablet servers is not enough to re-replicate a tablet replica of the newly created table test-workload in case of a server failure: 4 tablet servers would be needed, 3 are available. Consider bringing up more tablet servers.
I20260608 10:04:37.625059  4431 tablet_service.cc:1511] Processing CreateTablet for tablet 08878c009ec44e4aa4cca708e24294fe (DEFAULT_TABLE table=test-workload [id=55b90f12cd2c4501bac604d519a5f93b]), partition=RANGE (key) PARTITION UNBOUNDED
I20260608 10:04:37.626657  4431 data_dirs.cc:400] Could only allocate 1 dirs of requested 3 for tablet 08878c009ec44e4aa4cca708e24294fe. 1 dirs total, 0 dirs full, 0 dirs failed
I20260608 10:04:37.630484  4356 tablet_service.cc:1511] Processing CreateTablet for tablet 08878c009ec44e4aa4cca708e24294fe (DEFAULT_TABLE table=test-workload [id=55b90f12cd2c4501bac604d519a5f93b]), partition=RANGE (key) PARTITION UNBOUNDED
I20260608 10:04:37.631899  4356 data_dirs.cc:400] Could only allocate 1 dirs of requested 3 for tablet 08878c009ec44e4aa4cca708e24294fe. 1 dirs total, 0 dirs full, 0 dirs failed
I20260608 10:04:37.636417  4505 tablet_service.cc:1511] Processing CreateTablet for tablet 08878c009ec44e4aa4cca708e24294fe (DEFAULT_TABLE table=test-workload [id=55b90f12cd2c4501bac604d519a5f93b]), partition=RANGE (key) PARTITION UNBOUNDED
I20260608 10:04:37.637934  4505 data_dirs.cc:400] Could only allocate 1 dirs of requested 3 for tablet 08878c009ec44e4aa4cca708e24294fe. 1 dirs total, 0 dirs full, 0 dirs failed
I20260608 10:04:37.647219  4561 tablet_bootstrap.cc:492] T 08878c009ec44e4aa4cca708e24294fe P ce841b03f56b4a6185edb6663ac7b50a: Bootstrap starting.
I20260608 10:04:37.652149  4562 tablet_bootstrap.cc:492] T 08878c009ec44e4aa4cca708e24294fe P 0d856ba83e8c41a48e646add64beb837: Bootstrap starting.
I20260608 10:04:37.654912  4561 tablet_bootstrap.cc:654] T 08878c009ec44e4aa4cca708e24294fe P ce841b03f56b4a6185edb6663ac7b50a: Neither blocks nor log segments found. Creating new log.
I20260608 10:04:37.657004  4563 tablet_bootstrap.cc:492] T 08878c009ec44e4aa4cca708e24294fe P c04f082d2d6b4ce094b50f23f080949b: Bootstrap starting.
I20260608 10:04:37.659327  4562 tablet_bootstrap.cc:654] T 08878c009ec44e4aa4cca708e24294fe P 0d856ba83e8c41a48e646add64beb837: Neither blocks nor log segments found. Creating new log.
I20260608 10:04:37.664928  4563 tablet_bootstrap.cc:654] T 08878c009ec44e4aa4cca708e24294fe P c04f082d2d6b4ce094b50f23f080949b: Neither blocks nor log segments found. Creating new log.
I20260608 10:04:37.665234  4561 tablet_bootstrap.cc:492] T 08878c009ec44e4aa4cca708e24294fe P ce841b03f56b4a6185edb6663ac7b50a: No bootstrap required, opened a new log
I20260608 10:04:37.665771  4561 ts_tablet_manager.cc:1403] T 08878c009ec44e4aa4cca708e24294fe P ce841b03f56b4a6185edb6663ac7b50a: Time spent bootstrapping tablet: real 0.020s	user 0.014s	sys 0.003s
I20260608 10:04:37.666812  4562 tablet_bootstrap.cc:492] T 08878c009ec44e4aa4cca708e24294fe P 0d856ba83e8c41a48e646add64beb837: No bootstrap required, opened a new log
I20260608 10:04:37.667416  4562 ts_tablet_manager.cc:1403] T 08878c009ec44e4aa4cca708e24294fe P 0d856ba83e8c41a48e646add64beb837: Time spent bootstrapping tablet: real 0.016s	user 0.013s	sys 0.000s
I20260608 10:04:37.668814  4561 raft_consensus.cc:359] T 08878c009ec44e4aa4cca708e24294fe P ce841b03f56b4a6185edb6663ac7b50a [term 0 FOLLOWER]: Replica starting. Triggering 0 pending ops. Active config: opid_index: -1 OBSOLETE_local: false peers { permanent_uuid: "ce841b03f56b4a6185edb6663ac7b50a" member_type: VOTER last_known_addr { host: "127.31.241.2" port: 33751 } } peers { permanent_uuid: "0d856ba83e8c41a48e646add64beb837" member_type: VOTER last_known_addr { host: "127.31.241.1" port: 45989 } } peers { permanent_uuid: "c04f082d2d6b4ce094b50f23f080949b" member_type: VOTER last_known_addr { host: "127.31.241.3" port: 37477 } }
I20260608 10:04:37.669588  4561 raft_consensus.cc:385] T 08878c009ec44e4aa4cca708e24294fe P ce841b03f56b4a6185edb6663ac7b50a [term 0 FOLLOWER]: Consensus starting up: Expiring failure detector timer to make a prompt election more likely
I20260608 10:04:37.669881  4561 raft_consensus.cc:740] T 08878c009ec44e4aa4cca708e24294fe P ce841b03f56b4a6185edb6663ac7b50a [term 0 FOLLOWER]: Becoming Follower/Learner. State: Replica: ce841b03f56b4a6185edb6663ac7b50a, State: Initialized, Role: FOLLOWER
I20260608 10:04:37.670442  4562 raft_consensus.cc:359] T 08878c009ec44e4aa4cca708e24294fe P 0d856ba83e8c41a48e646add64beb837 [term 0 FOLLOWER]: Replica starting. Triggering 0 pending ops. Active config: opid_index: -1 OBSOLETE_local: false peers { permanent_uuid: "ce841b03f56b4a6185edb6663ac7b50a" member_type: VOTER last_known_addr { host: "127.31.241.2" port: 33751 } } peers { permanent_uuid: "0d856ba83e8c41a48e646add64beb837" member_type: VOTER last_known_addr { host: "127.31.241.1" port: 45989 } } peers { permanent_uuid: "c04f082d2d6b4ce094b50f23f080949b" member_type: VOTER last_known_addr { host: "127.31.241.3" port: 37477 } }
I20260608 10:04:37.670936  4563 tablet_bootstrap.cc:492] T 08878c009ec44e4aa4cca708e24294fe P c04f082d2d6b4ce094b50f23f080949b: No bootstrap required, opened a new log
I20260608 10:04:37.670608  4561 consensus_queue.cc:260] T 08878c009ec44e4aa4cca708e24294fe P ce841b03f56b4a6185edb6663ac7b50a [NON_LEADER]: Queue going to NON_LEADER mode. State: All replicated index: 0, Majority replicated index: 0, Committed index: 0, Last appended: 0.0, Last appended by leader: 0, Current term: 0, Majority size: -1, State: 0, Mode: NON_LEADER, active raft config: opid_index: -1 OBSOLETE_local: false peers { permanent_uuid: "ce841b03f56b4a6185edb6663ac7b50a" member_type: VOTER last_known_addr { host: "127.31.241.2" port: 33751 } } peers { permanent_uuid: "0d856ba83e8c41a48e646add64beb837" member_type: VOTER last_known_addr { host: "127.31.241.1" port: 45989 } } peers { permanent_uuid: "c04f082d2d6b4ce094b50f23f080949b" member_type: VOTER last_known_addr { host: "127.31.241.3" port: 37477 } }
I20260608 10:04:37.671288  4562 raft_consensus.cc:385] T 08878c009ec44e4aa4cca708e24294fe P 0d856ba83e8c41a48e646add64beb837 [term 0 FOLLOWER]: Consensus starting up: Expiring failure detector timer to make a prompt election more likely
I20260608 10:04:37.671573  4563 ts_tablet_manager.cc:1403] T 08878c009ec44e4aa4cca708e24294fe P c04f082d2d6b4ce094b50f23f080949b: Time spent bootstrapping tablet: real 0.015s	user 0.010s	sys 0.004s
I20260608 10:04:37.671677  4562 raft_consensus.cc:740] T 08878c009ec44e4aa4cca708e24294fe P 0d856ba83e8c41a48e646add64beb837 [term 0 FOLLOWER]: Becoming Follower/Learner. State: Replica: 0d856ba83e8c41a48e646add64beb837, State: Initialized, Role: FOLLOWER
I20260608 10:04:37.672672  4562 consensus_queue.cc:260] T 08878c009ec44e4aa4cca708e24294fe P 0d856ba83e8c41a48e646add64beb837 [NON_LEADER]: Queue going to NON_LEADER mode. State: All replicated index: 0, Majority replicated index: 0, Committed index: 0, Last appended: 0.0, Last appended by leader: 0, Current term: 0, Majority size: -1, State: 0, Mode: NON_LEADER, active raft config: opid_index: -1 OBSOLETE_local: false peers { permanent_uuid: "ce841b03f56b4a6185edb6663ac7b50a" member_type: VOTER last_known_addr { host: "127.31.241.2" port: 33751 } } peers { permanent_uuid: "0d856ba83e8c41a48e646add64beb837" member_type: VOTER last_known_addr { host: "127.31.241.1" port: 45989 } } peers { permanent_uuid: "c04f082d2d6b4ce094b50f23f080949b" member_type: VOTER last_known_addr { host: "127.31.241.3" port: 37477 } }
I20260608 10:04:37.674805  4563 raft_consensus.cc:359] T 08878c009ec44e4aa4cca708e24294fe P c04f082d2d6b4ce094b50f23f080949b [term 0 FOLLOWER]: Replica starting. Triggering 0 pending ops. Active config: opid_index: -1 OBSOLETE_local: false peers { permanent_uuid: "ce841b03f56b4a6185edb6663ac7b50a" member_type: VOTER last_known_addr { host: "127.31.241.2" port: 33751 } } peers { permanent_uuid: "0d856ba83e8c41a48e646add64beb837" member_type: VOTER last_known_addr { host: "127.31.241.1" port: 45989 } } peers { permanent_uuid: "c04f082d2d6b4ce094b50f23f080949b" member_type: VOTER last_known_addr { host: "127.31.241.3" port: 37477 } }
I20260608 10:04:37.675732  4563 raft_consensus.cc:385] T 08878c009ec44e4aa4cca708e24294fe P c04f082d2d6b4ce094b50f23f080949b [term 0 FOLLOWER]: Consensus starting up: Expiring failure detector timer to make a prompt election more likely
I20260608 10:04:37.676116  4563 raft_consensus.cc:740] T 08878c009ec44e4aa4cca708e24294fe P c04f082d2d6b4ce094b50f23f080949b [term 0 FOLLOWER]: Becoming Follower/Learner. State: Replica: c04f082d2d6b4ce094b50f23f080949b, State: Initialized, Role: FOLLOWER
I20260608 10:04:37.677234  4563 consensus_queue.cc:260] T 08878c009ec44e4aa4cca708e24294fe P c04f082d2d6b4ce094b50f23f080949b [NON_LEADER]: Queue going to NON_LEADER mode. State: All replicated index: 0, Majority replicated index: 0, Committed index: 0, Last appended: 0.0, Last appended by leader: 0, Current term: 0, Majority size: -1, State: 0, Mode: NON_LEADER, active raft config: opid_index: -1 OBSOLETE_local: false peers { permanent_uuid: "ce841b03f56b4a6185edb6663ac7b50a" member_type: VOTER last_known_addr { host: "127.31.241.2" port: 33751 } } peers { permanent_uuid: "0d856ba83e8c41a48e646add64beb837" member_type: VOTER last_known_addr { host: "127.31.241.1" port: 45989 } } peers { permanent_uuid: "c04f082d2d6b4ce094b50f23f080949b" member_type: VOTER last_known_addr { host: "127.31.241.3" port: 37477 } }
I20260608 10:04:37.681244  4563 ts_tablet_manager.cc:1434] T 08878c009ec44e4aa4cca708e24294fe P c04f082d2d6b4ce094b50f23f080949b: Time spent starting tablet: real 0.009s	user 0.008s	sys 0.000s
I20260608 10:04:37.683617  4562 ts_tablet_manager.cc:1434] T 08878c009ec44e4aa4cca708e24294fe P 0d856ba83e8c41a48e646add64beb837: Time spent starting tablet: real 0.016s	user 0.008s	sys 0.004s
I20260608 10:04:37.685236  4561 ts_tablet_manager.cc:1434] T 08878c009ec44e4aa4cca708e24294fe P ce841b03f56b4a6185edb6663ac7b50a: Time spent starting tablet: real 0.019s	user 0.009s	sys 0.004s
I20260608 10:04:37.740310  4567 raft_consensus.cc:493] T 08878c009ec44e4aa4cca708e24294fe P ce841b03f56b4a6185edb6663ac7b50a [term 0 FOLLOWER]: Starting pre-election (no leader contacted us within the election timeout)
I20260608 10:04:37.740788  4567 raft_consensus.cc:515] T 08878c009ec44e4aa4cca708e24294fe P ce841b03f56b4a6185edb6663ac7b50a [term 0 FOLLOWER]: Starting pre-election with config: opid_index: -1 OBSOLETE_local: false peers { permanent_uuid: "ce841b03f56b4a6185edb6663ac7b50a" member_type: VOTER last_known_addr { host: "127.31.241.2" port: 33751 } } peers { permanent_uuid: "0d856ba83e8c41a48e646add64beb837" member_type: VOTER last_known_addr { host: "127.31.241.1" port: 45989 } } peers { permanent_uuid: "c04f082d2d6b4ce094b50f23f080949b" member_type: VOTER last_known_addr { host: "127.31.241.3" port: 37477 } }
I20260608 10:04:37.743155  4567 leader_election.cc:290] T 08878c009ec44e4aa4cca708e24294fe P ce841b03f56b4a6185edb6663ac7b50a [CANDIDATE]: Term 1 pre-election: Requested pre-vote from peers 0d856ba83e8c41a48e646add64beb837 (127.31.241.1:45989), c04f082d2d6b4ce094b50f23f080949b (127.31.241.3:37477)
I20260608 10:04:37.757462  4366 tablet_service.cc:1917] Received RequestConsensusVote() RPC: tablet_id: "08878c009ec44e4aa4cca708e24294fe" candidate_uuid: "ce841b03f56b4a6185edb6663ac7b50a" candidate_term: 1 candidate_status { last_received { term: 0 index: 0 } } ignore_live_leader: false dest_uuid: "0d856ba83e8c41a48e646add64beb837" is_pre_election: true
I20260608 10:04:37.757390  4515 tablet_service.cc:1917] Received RequestConsensusVote() RPC: tablet_id: "08878c009ec44e4aa4cca708e24294fe" candidate_uuid: "ce841b03f56b4a6185edb6663ac7b50a" candidate_term: 1 candidate_status { last_received { term: 0 index: 0 } } ignore_live_leader: false dest_uuid: "c04f082d2d6b4ce094b50f23f080949b" is_pre_election: true
I20260608 10:04:37.758495  4515 raft_consensus.cc:2468] T 08878c009ec44e4aa4cca708e24294fe P c04f082d2d6b4ce094b50f23f080949b [term 0 FOLLOWER]: Leader pre-election vote request: Granting yes vote for candidate ce841b03f56b4a6185edb6663ac7b50a in term 0.
I20260608 10:04:37.758483  4366 raft_consensus.cc:2468] T 08878c009ec44e4aa4cca708e24294fe P 0d856ba83e8c41a48e646add64beb837 [term 0 FOLLOWER]: Leader pre-election vote request: Granting yes vote for candidate ce841b03f56b4a6185edb6663ac7b50a in term 0.
I20260608 10:04:37.760228  4407 leader_election.cc:304] T 08878c009ec44e4aa4cca708e24294fe P ce841b03f56b4a6185edb6663ac7b50a [CANDIDATE]: Term 1 pre-election: Election decided. Result: candidate won. Election summary: received 2 responses out of 3 voters: 2 yes votes; 0 no votes. yes voters: c04f082d2d6b4ce094b50f23f080949b, ce841b03f56b4a6185edb6663ac7b50a; no voters: 
I20260608 10:04:37.760999  4567 raft_consensus.cc:2804] T 08878c009ec44e4aa4cca708e24294fe P ce841b03f56b4a6185edb6663ac7b50a [term 0 FOLLOWER]: Leader pre-election won for term 1
I20260608 10:04:37.761288  4567 raft_consensus.cc:493] T 08878c009ec44e4aa4cca708e24294fe P ce841b03f56b4a6185edb6663ac7b50a [term 0 FOLLOWER]: Starting leader election (no leader contacted us within the election timeout)
I20260608 10:04:37.761672  4567 raft_consensus.cc:3060] T 08878c009ec44e4aa4cca708e24294fe P ce841b03f56b4a6185edb6663ac7b50a [term 0 FOLLOWER]: Advancing to term 1
I20260608 10:04:37.766875  4567 raft_consensus.cc:515] T 08878c009ec44e4aa4cca708e24294fe P ce841b03f56b4a6185edb6663ac7b50a [term 1 FOLLOWER]: Starting leader election with config: opid_index: -1 OBSOLETE_local: false peers { permanent_uuid: "ce841b03f56b4a6185edb6663ac7b50a" member_type: VOTER last_known_addr { host: "127.31.241.2" port: 33751 } } peers { permanent_uuid: "0d856ba83e8c41a48e646add64beb837" member_type: VOTER last_known_addr { host: "127.31.241.1" port: 45989 } } peers { permanent_uuid: "c04f082d2d6b4ce094b50f23f080949b" member_type: VOTER last_known_addr { host: "127.31.241.3" port: 37477 } }
I20260608 10:04:37.768664  4567 leader_election.cc:290] T 08878c009ec44e4aa4cca708e24294fe P ce841b03f56b4a6185edb6663ac7b50a [CANDIDATE]: Term 1 election: Requested vote from peers 0d856ba83e8c41a48e646add64beb837 (127.31.241.1:45989), c04f082d2d6b4ce094b50f23f080949b (127.31.241.3:37477)
I20260608 10:04:37.769652  4366 tablet_service.cc:1917] Received RequestConsensusVote() RPC: tablet_id: "08878c009ec44e4aa4cca708e24294fe" candidate_uuid: "ce841b03f56b4a6185edb6663ac7b50a" candidate_term: 1 candidate_status { last_received { term: 0 index: 0 } } ignore_live_leader: false dest_uuid: "0d856ba83e8c41a48e646add64beb837"
I20260608 10:04:37.769758  4515 tablet_service.cc:1917] Received RequestConsensusVote() RPC: tablet_id: "08878c009ec44e4aa4cca708e24294fe" candidate_uuid: "ce841b03f56b4a6185edb6663ac7b50a" candidate_term: 1 candidate_status { last_received { term: 0 index: 0 } } ignore_live_leader: false dest_uuid: "c04f082d2d6b4ce094b50f23f080949b"
I20260608 10:04:37.770200  4366 raft_consensus.cc:3060] T 08878c009ec44e4aa4cca708e24294fe P 0d856ba83e8c41a48e646add64beb837 [term 0 FOLLOWER]: Advancing to term 1
I20260608 10:04:37.770306  4515 raft_consensus.cc:3060] T 08878c009ec44e4aa4cca708e24294fe P c04f082d2d6b4ce094b50f23f080949b [term 0 FOLLOWER]: Advancing to term 1
I20260608 10:04:37.775455  4515 raft_consensus.cc:2468] T 08878c009ec44e4aa4cca708e24294fe P c04f082d2d6b4ce094b50f23f080949b [term 1 FOLLOWER]: Leader election vote request: Granting yes vote for candidate ce841b03f56b4a6185edb6663ac7b50a in term 1.
I20260608 10:04:37.775450  4366 raft_consensus.cc:2468] T 08878c009ec44e4aa4cca708e24294fe P 0d856ba83e8c41a48e646add64beb837 [term 1 FOLLOWER]: Leader election vote request: Granting yes vote for candidate ce841b03f56b4a6185edb6663ac7b50a in term 1.
I20260608 10:04:37.776638  4407 leader_election.cc:304] T 08878c009ec44e4aa4cca708e24294fe P ce841b03f56b4a6185edb6663ac7b50a [CANDIDATE]: Term 1 election: Election decided. Result: candidate won. Election summary: received 2 responses out of 3 voters: 2 yes votes; 0 no votes. yes voters: c04f082d2d6b4ce094b50f23f080949b, ce841b03f56b4a6185edb6663ac7b50a; no voters: 
I20260608 10:04:37.777377  4567 raft_consensus.cc:2804] T 08878c009ec44e4aa4cca708e24294fe P ce841b03f56b4a6185edb6663ac7b50a [term 1 FOLLOWER]: Leader election won for term 1
I20260608 10:04:37.778620  4567 raft_consensus.cc:697] T 08878c009ec44e4aa4cca708e24294fe P ce841b03f56b4a6185edb6663ac7b50a [term 1 LEADER]: Becoming Leader. State: Replica: ce841b03f56b4a6185edb6663ac7b50a, State: Running, Role: LEADER
I20260608 10:04:37.779318  4567 consensus_queue.cc:237] T 08878c009ec44e4aa4cca708e24294fe P ce841b03f56b4a6185edb6663ac7b50a [LEADER]: Queue going to LEADER mode. State: All replicated index: 0, Majority replicated index: 0, Committed index: 0, Last appended: 0.0, Last appended by leader: 0, Current term: 1, Majority size: 2, State: 0, Mode: LEADER, active raft config: opid_index: -1 OBSOLETE_local: false peers { permanent_uuid: "ce841b03f56b4a6185edb6663ac7b50a" member_type: VOTER last_known_addr { host: "127.31.241.2" port: 33751 } } peers { permanent_uuid: "0d856ba83e8c41a48e646add64beb837" member_type: VOTER last_known_addr { host: "127.31.241.1" port: 45989 } } peers { permanent_uuid: "c04f082d2d6b4ce094b50f23f080949b" member_type: VOTER last_known_addr { host: "127.31.241.3" port: 37477 } }
I20260608 10:04:37.786688  4264 catalog_manager.cc:5696] T 08878c009ec44e4aa4cca708e24294fe P ce841b03f56b4a6185edb6663ac7b50a reported cstate change: term changed from 0 to 1, leader changed from <none> to ce841b03f56b4a6185edb6663ac7b50a (127.31.241.2). New cstate: current_term: 1 leader_uuid: "ce841b03f56b4a6185edb6663ac7b50a" committed_config { opid_index: -1 OBSOLETE_local: false peers { permanent_uuid: "ce841b03f56b4a6185edb6663ac7b50a" member_type: VOTER last_known_addr { host: "127.31.241.2" port: 33751 } health_report { overall_health: HEALTHY } } peers { permanent_uuid: "0d856ba83e8c41a48e646add64beb837" member_type: VOTER last_known_addr { host: "127.31.241.1" port: 45989 } health_report { overall_health: UNKNOWN } } peers { permanent_uuid: "c04f082d2d6b4ce094b50f23f080949b" member_type: VOTER last_known_addr { host: "127.31.241.3" port: 37477 } health_report { overall_health: UNKNOWN } } }
I20260608 10:04:38.071633  4312 placement_policy_util.cc:407] tablet 08878c009ec44e4aa4cca708e24294fe: detected majority of replicas (2 of 3) at location L0
I20260608 10:04:38.074280  4317 auto_leader_rebalancer.cc:140] leader rebalance for table test-workload
I20260608 10:04:38.075803  4317 auto_leader_rebalancer.cc:388] table: test-workload, leader rebalance finish, leader transfer count: 0
I20260608 10:04:38.076175  4317 auto_leader_rebalancer.cc:451] All tables' leader rebalancing finished this round
I20260608 10:04:38.217072  4567 consensus_queue.cc:1048] T 08878c009ec44e4aa4cca708e24294fe P ce841b03f56b4a6185edb6663ac7b50a [LEADER]: Connected to new peer: Peer: permanent_uuid: "c04f082d2d6b4ce094b50f23f080949b" member_type: VOTER last_known_addr { host: "127.31.241.3" port: 37477 }, Status: LMP_MISMATCH, Last received: 0.0, Next index: 1, Last known committed idx: 0, Time since last communication: 0.000s
