I20260608 10:03:57.641791 26884 heartbeater.cc:344] Connected to a master server at 127.23.149.126:46375
I20260608 10:03:57.642093 24149 webserver.cc:533] Webserver started at http://127.23.149.66:43307/ using document root <none> and password file <none>
I20260608 10:03:57.642246 26884 heartbeater.cc:461] Registering TS with master...
I20260608 10:03:57.642786 24149 fs_manager.cc:362] Metadata directory not provided
I20260608 10:03:57.643049 24149 fs_manager.cc:368] Using write-ahead log directory (fs_wal_dir) as metadata directory
I20260608 10:03:57.643217 26884 heartbeater.cc:507] Master 127.23.149.126:46375 requested a full tablet report, sending...
I20260608 10:03:57.643399 24149 server_base.cc:909] This appears to be a new deployment of Kudu; creating new FS layout
I20260608 10:03:57.644884 24149 fs_manager.cc:1068] Generated new instance metadata in path /tmp/dist-test-taskPmJWqW/test-tmp/auto_rebalancer-test.0.AutoRebalancerTest.RangeAwareBuildClusterInfoGroupsByRange.1780912953037710-24149-0/minicluster-data/ts-1-root/instance:
uuid: "d8b1de418e784082b726e9b4d0534274"
format_stamp: "Formatted at 2026-06-08 10:03:57 on dist-test-slave-293m"
I20260608 10:03:57.646166 26757 ts_manager.cc:194] Registered new tserver with Master: 052e1d9472234412a45d2d7201e36ec3 (127.23.149.65:35799)
I20260608 10:03:57.648917 26757 master_service.cc:502] Signed X509 certificate for tserver {username='slave'} at 127.0.0.1:48174
I20260608 10:03:57.651541 24149 fs_manager.cc:696] Time spent creating directory manager: real 0.006s	user 0.005s	sys 0.001s
I20260608 10:03:57.656068 26896 log_block_manager.cc:4031] Time spent loading block containers with low live blocks: real 0.000s	user 0.000s	sys 0.000s
I20260608 10:03:57.656998 24149 fs_manager.cc:730] Time spent opening block manager: real 0.003s	user 0.003s	sys 0.000s
I20260608 10:03:57.657342 24149 fs_manager.cc:647] Opened local filesystem: /tmp/dist-test-taskPmJWqW/test-tmp/auto_rebalancer-test.0.AutoRebalancerTest.RangeAwareBuildClusterInfoGroupsByRange.1780912953037710-24149-0/minicluster-data/ts-1-root
uuid: "d8b1de418e784082b726e9b4d0534274"
format_stamp: "Formatted at 2026-06-08 10:03:57 on dist-test-slave-293m"
I20260608 10:03:57.657675 24149 fs_report.cc:389] FS layout report
--------------------
wal directory: /tmp/dist-test-taskPmJWqW/test-tmp/auto_rebalancer-test.0.AutoRebalancerTest.RangeAwareBuildClusterInfoGroupsByRange.1780912953037710-24149-0/minicluster-data/ts-1-root
metadata directory: /tmp/dist-test-taskPmJWqW/test-tmp/auto_rebalancer-test.0.AutoRebalancerTest.RangeAwareBuildClusterInfoGroupsByRange.1780912953037710-24149-0/minicluster-data/ts-1-root
1 data directories: /tmp/dist-test-taskPmJWqW/test-tmp/auto_rebalancer-test.0.AutoRebalancerTest.RangeAwareBuildClusterInfoGroupsByRange.1780912953037710-24149-0/minicluster-data/ts-1-root/data
Total live blocks: 0
Total live bytes: 0
Total live bytes (after alignment): 0
Total number of LBM containers: 0 (0 full)
Did not check for missing blocks
Did not check for orphaned blocks
Total full LBM containers with extra space: 0 (0 repaired)
Total full LBM container extra space in bytes: 0 (0 repaired)
Total incomplete LBM containers: 0 (0 repaired)
Total LBM partial records: 0 (0 repaired)
Total corrupted LBM metadata records in RocksDB: 0 (0 repaired)
I20260608 10:03:57.675437 24149 rpc_server.cc:225] running with OpenSSL 1.1.1  11 Sep 2018
I20260608 10:03:57.676909 24149 kserver.cc:163] Server-wide thread pool size limit: 3276
I20260608 10:03:57.678570 24149 txn_system_client.cc:432] TxnSystemClient initialization is disabled...
I20260608 10:03:57.681227 24149 ts_tablet_manager.cc:585] Loaded tablet metadata (0 total tablets, 0 live tablets)
I20260608 10:03:57.681460 24149 ts_tablet_manager.cc:531] Time spent load tablet metadata: real 0.000s	user 0.000s	sys 0.000s
I20260608 10:03:57.681720 24149 ts_tablet_manager.cc:616] Registered 0 tablets
I20260608 10:03:57.681879 24149 ts_tablet_manager.cc:595] Time spent register tablets: real 0.000s	user 0.000s	sys 0.000s
I20260608 10:03:57.729580 24149 rpc_server.cc:307] RPC server started. Bound to: 127.23.149.66:36815
I20260608 10:03:57.729732 26958 acceptor_pool.cc:272] collecting diagnostics on the listening RPC socket 127.23.149.66:36815 every 8 connection(s)
I20260608 10:03:57.735291 24149 file_cache.cc:492] Constructed file cache file cache with capacity 419430
W20260608 10:03:57.743880 26962 instance_detector.cc:116] could not retrieve AWS instance metadata: Network error: curl error: HTTP response code said error: The requested URL returned error: 404
W20260608 10:03:57.746484 26963 instance_detector.cc:116] could not retrieve Azure instance metadata: Network error: curl error: HTTP response code said error: The requested URL returned error: 404
I20260608 10:03:57.747298 26959 heartbeater.cc:344] Connected to a master server at 127.23.149.126:46375
I20260608 10:03:57.747786 26959 heartbeater.cc:461] Registering TS with master...
W20260608 10:03:57.748150 26965 instance_detector.cc:116] could not retrieve OpenStack instance metadata: Network error: curl error: HTTP response code said error: The requested URL returned error: 404
I20260608 10:03:57.748796 26959 heartbeater.cc:507] Master 127.23.149.126:46375 requested a full tablet report, sending...
I20260608 10:03:57.749508 24149 server_base.cc:1061] running on GCE node
I20260608 10:03:57.750478 24149 hybrid_clock.cc:584] initializing the hybrid clock with 'system_unsync' time source
W20260608 10:03:57.750690 24149 system_unsync_time.cc:38] NTP support is disabled. Clock error bounds will not be accurate. This configuration is not suitable for distributed clusters.
I20260608 10:03:57.750867 24149 hybrid_clock.cc:648] HybridClock initialized: now 1780913037750846 us; error 0 us; skew 500 ppm
I20260608 10:03:57.751103 26757 ts_manager.cc:194] Registered new tserver with Master: d8b1de418e784082b726e9b4d0534274 (127.23.149.66:36815)
I20260608 10:03:57.751555 24149 server_base.cc:861] Flag tcmalloc_max_total_thread_cache_bytes is not working since tcmalloc is not enabled.
I20260608 10:03:57.752713 26757 master_service.cc:502] Signed X509 certificate for tserver {username='slave'} at 127.0.0.1:48180
I20260608 10:03:57.754621 24149 webserver.cc:533] Webserver started at http://127.23.149.67:43617/ using document root <none> and password file <none>
I20260608 10:03:57.755213 24149 fs_manager.cc:362] Metadata directory not provided
I20260608 10:03:57.755410 24149 fs_manager.cc:368] Using write-ahead log directory (fs_wal_dir) as metadata directory
I20260608 10:03:57.755686 24149 server_base.cc:909] This appears to be a new deployment of Kudu; creating new FS layout
I20260608 10:03:57.757055 24149 fs_manager.cc:1068] Generated new instance metadata in path /tmp/dist-test-taskPmJWqW/test-tmp/auto_rebalancer-test.0.AutoRebalancerTest.RangeAwareBuildClusterInfoGroupsByRange.1780912953037710-24149-0/minicluster-data/ts-2-root/instance:
uuid: "ac620f4fbf574d5b8e79c8be49906f4e"
format_stamp: "Formatted at 2026-06-08 10:03:57 on dist-test-slave-293m"
I20260608 10:03:57.762193 24149 fs_manager.cc:696] Time spent creating directory manager: real 0.005s	user 0.004s	sys 0.001s
I20260608 10:03:57.765978 26970 log_block_manager.cc:4031] Time spent loading block containers with low live blocks: real 0.000s	user 0.000s	sys 0.000s
I20260608 10:03:57.766846 24149 fs_manager.cc:730] Time spent opening block manager: real 0.002s	user 0.001s	sys 0.000s
I20260608 10:03:57.767163 24149 fs_manager.cc:647] Opened local filesystem: /tmp/dist-test-taskPmJWqW/test-tmp/auto_rebalancer-test.0.AutoRebalancerTest.RangeAwareBuildClusterInfoGroupsByRange.1780912953037710-24149-0/minicluster-data/ts-2-root
uuid: "ac620f4fbf574d5b8e79c8be49906f4e"
format_stamp: "Formatted at 2026-06-08 10:03:57 on dist-test-slave-293m"
I20260608 10:03:57.767433 24149 fs_report.cc:389] FS layout report
--------------------
wal directory: /tmp/dist-test-taskPmJWqW/test-tmp/auto_rebalancer-test.0.AutoRebalancerTest.RangeAwareBuildClusterInfoGroupsByRange.1780912953037710-24149-0/minicluster-data/ts-2-root
metadata directory: /tmp/dist-test-taskPmJWqW/test-tmp/auto_rebalancer-test.0.AutoRebalancerTest.RangeAwareBuildClusterInfoGroupsByRange.1780912953037710-24149-0/minicluster-data/ts-2-root
1 data directories: /tmp/dist-test-taskPmJWqW/test-tmp/auto_rebalancer-test.0.AutoRebalancerTest.RangeAwareBuildClusterInfoGroupsByRange.1780912953037710-24149-0/minicluster-data/ts-2-root/data
Total live blocks: 0
Total live bytes: 0
Total live bytes (after alignment): 0
Total number of LBM containers: 0 (0 full)
Did not check for missing blocks
Did not check for orphaned blocks
Total full LBM containers with extra space: 0 (0 repaired)
Total full LBM container extra space in bytes: 0 (0 repaired)
Total incomplete LBM containers: 0 (0 repaired)
Total LBM partial records: 0 (0 repaired)
Total corrupted LBM metadata records in RocksDB: 0 (0 repaired)
I20260608 10:03:57.781817 24149 rpc_server.cc:225] running with OpenSSL 1.1.1  11 Sep 2018
I20260608 10:03:57.783267 24149 kserver.cc:163] Server-wide thread pool size limit: 3276
I20260608 10:03:57.785006 24149 txn_system_client.cc:432] TxnSystemClient initialization is disabled...
I20260608 10:03:57.787631 24149 ts_tablet_manager.cc:585] Loaded tablet metadata (0 total tablets, 0 live tablets)
I20260608 10:03:57.787844 24149 ts_tablet_manager.cc:531] Time spent load tablet metadata: real 0.000s	user 0.000s	sys 0.000s
I20260608 10:03:57.788084 24149 ts_tablet_manager.cc:616] Registered 0 tablets
I20260608 10:03:57.788280 24149 ts_tablet_manager.cc:595] Time spent register tablets: real 0.000s	user 0.001s	sys 0.000s
I20260608 10:03:57.835619 24149 rpc_server.cc:307] RPC server started. Bound to: 127.23.149.67:44239
I20260608 10:03:57.835811 27032 acceptor_pool.cc:272] collecting diagnostics on the listening RPC socket 127.23.149.67:44239 every 8 connection(s)
I20260608 10:03:57.851763 27033 heartbeater.cc:344] Connected to a master server at 127.23.149.126:46375
I20260608 10:03:57.852231 27033 heartbeater.cc:461] Registering TS with master...
I20260608 10:03:57.852999 27033 heartbeater.cc:507] Master 127.23.149.126:46375 requested a full tablet report, sending...
I20260608 10:03:57.855222 26757 ts_manager.cc:194] Registered new tserver with Master: ac620f4fbf574d5b8e79c8be49906f4e (127.23.149.67:44239)
I20260608 10:03:57.855770 24149 internal_mini_cluster.cc:371] 3 TS(s) registered with all masters after 0.016334513s
I20260608 10:03:57.856899 26757 master_service.cc:502] Signed X509 certificate for tserver {username='slave'} at 127.0.0.1:48190
I20260608 10:03:58.652076 26884 heartbeater.cc:499] Master 127.23.149.126:46375 was elected leader, sending a full tablet report...
I20260608 10:03:58.755652 26959 heartbeater.cc:499] Master 127.23.149.126:46375 was elected leader, sending a full tablet report...
I20260608 10:03:58.860015 27033 heartbeater.cc:499] Master 127.23.149.126:46375 was elected leader, sending a full tablet report...
I20260608 10:03:58.910415 26757 catalog_manager.cc:2282] Servicing CreateTable request from {username='slave'} at 127.0.0.1:48206:
name: "range_aware_auto_rebalancer_test"
schema {
  columns {
    name: "key"
    type: INT32
    is_key: true
    is_nullable: false
    encoding: AUTO_ENCODING
    compression: DEFAULT_COMPRESSION
    cfile_block_size: 0
    immutable: false
  }
}
num_replicas: 3
split_rows_range_bounds {
  rows: "\006\001\000\000\000\000\007\001\n\000\000\000\006\001\n\000\000\000\007\001\024\000\000\000""\006\001\000\000\000\000\007\001\n\000\000\000\006\001\n\000\000\000\007\001\024\000\000\000"
  indirect_data: """"
}
partition_schema {
  hash_schema {
    columns {
      name: "key"
    }
    num_buckets: 2
    seed: 0
  }
  range_schema {
    columns {
      name: "key"
    }
  }
}
W20260608 10:03:58.912933 26757 catalog_manager.cc:7076] The number of live tablet servers is not enough to re-replicate a tablet replica of the newly created table range_aware_auto_rebalancer_test in case of a server failure: 4 tablet servers would be needed, 3 are available. Consider bringing up more tablet servers.
I20260608 10:03:58.996971 26924 tablet_service.cc:1511] Processing CreateTablet for tablet a7a2f71e58054af2a336c23aabe0e31f (DEFAULT_TABLE table=range_aware_auto_rebalancer_test [id=3c686bbe84d047c19e231755a8b3335c]), partition=HASH (key) PARTITION 0, RANGE (key) PARTITION 0 <= VALUES < 10
I20260608 10:03:58.997314 26923 tablet_service.cc:1511] Processing CreateTablet for tablet 8af5fc95770445b6bddd6d1f1202ad0a (DEFAULT_TABLE table=range_aware_auto_rebalancer_test [id=3c686bbe84d047c19e231755a8b3335c]), partition=HASH (key) PARTITION 0, RANGE (key) PARTITION 10 <= VALUES < 20
I20260608 10:03:58.999754 26922 tablet_service.cc:1511] Processing CreateTablet for tablet 8b5df0e30ee742a3b55a979fa184e239 (DEFAULT_TABLE table=range_aware_auto_rebalancer_test [id=3c686bbe84d047c19e231755a8b3335c]), partition=HASH (key) PARTITION 1, RANGE (key) PARTITION 0 <= VALUES < 10
I20260608 10:03:59.001278 26922 data_dirs.cc:400] Could only allocate 1 dirs of requested 3 for tablet 8b5df0e30ee742a3b55a979fa184e239. 1 dirs total, 0 dirs full, 0 dirs failed
I20260608 10:03:59.002470 26923 data_dirs.cc:400] Could only allocate 1 dirs of requested 3 for tablet 8af5fc95770445b6bddd6d1f1202ad0a. 1 dirs total, 0 dirs full, 0 dirs failed
I20260608 10:03:59.004195 26921 tablet_service.cc:1511] Processing CreateTablet for tablet dcf5332b05894b01822beb67f39c2a4a (DEFAULT_TABLE table=range_aware_auto_rebalancer_test [id=3c686bbe84d047c19e231755a8b3335c]), partition=HASH (key) PARTITION 1, RANGE (key) PARTITION 10 <= VALUES < 20
I20260608 10:03:59.005663 26921 data_dirs.cc:400] Could only allocate 1 dirs of requested 3 for tablet dcf5332b05894b01822beb67f39c2a4a. 1 dirs total, 0 dirs full, 0 dirs failed
I20260608 10:03:59.008368 26998 tablet_service.cc:1511] Processing CreateTablet for tablet a7a2f71e58054af2a336c23aabe0e31f (DEFAULT_TABLE table=range_aware_auto_rebalancer_test [id=3c686bbe84d047c19e231755a8b3335c]), partition=HASH (key) PARTITION 0, RANGE (key) PARTITION 0 <= VALUES < 10
I20260608 10:03:59.009894 26998 data_dirs.cc:400] Could only allocate 1 dirs of requested 3 for tablet a7a2f71e58054af2a336c23aabe0e31f. 1 dirs total, 0 dirs full, 0 dirs failed
I20260608 10:03:59.010396 26995 tablet_service.cc:1511] Processing CreateTablet for tablet dcf5332b05894b01822beb67f39c2a4a (DEFAULT_TABLE table=range_aware_auto_rebalancer_test [id=3c686bbe84d047c19e231755a8b3335c]), partition=HASH (key) PARTITION 1, RANGE (key) PARTITION 10 <= VALUES < 20
I20260608 10:03:59.010905 26848 tablet_service.cc:1511] Processing CreateTablet for tablet 8af5fc95770445b6bddd6d1f1202ad0a (DEFAULT_TABLE table=range_aware_auto_rebalancer_test [id=3c686bbe84d047c19e231755a8b3335c]), partition=HASH (key) PARTITION 0, RANGE (key) PARTITION 10 <= VALUES < 20
I20260608 10:03:59.011847 26995 data_dirs.cc:400] Could only allocate 1 dirs of requested 3 for tablet dcf5332b05894b01822beb67f39c2a4a. 1 dirs total, 0 dirs full, 0 dirs failed
I20260608 10:03:59.012301 26848 data_dirs.cc:400] Could only allocate 1 dirs of requested 3 for tablet 8af5fc95770445b6bddd6d1f1202ad0a. 1 dirs total, 0 dirs full, 0 dirs failed
I20260608 10:03:59.013444 26997 tablet_service.cc:1511] Processing CreateTablet for tablet 8af5fc95770445b6bddd6d1f1202ad0a (DEFAULT_TABLE table=range_aware_auto_rebalancer_test [id=3c686bbe84d047c19e231755a8b3335c]), partition=HASH (key) PARTITION 0, RANGE (key) PARTITION 10 <= VALUES < 20
I20260608 10:03:59.013619 26846 tablet_service.cc:1511] Processing CreateTablet for tablet dcf5332b05894b01822beb67f39c2a4a (DEFAULT_TABLE table=range_aware_auto_rebalancer_test [id=3c686bbe84d047c19e231755a8b3335c]), partition=HASH (key) PARTITION 1, RANGE (key) PARTITION 10 <= VALUES < 20
I20260608 10:03:59.014951 26997 data_dirs.cc:400] Could only allocate 1 dirs of requested 3 for tablet 8af5fc95770445b6bddd6d1f1202ad0a. 1 dirs total, 0 dirs full, 0 dirs failed
I20260608 10:03:59.015273 26846 data_dirs.cc:400] Could only allocate 1 dirs of requested 3 for tablet dcf5332b05894b01822beb67f39c2a4a. 1 dirs total, 0 dirs full, 0 dirs failed
I20260608 10:03:59.008885 26924 data_dirs.cc:400] Could only allocate 1 dirs of requested 3 for tablet a7a2f71e58054af2a336c23aabe0e31f. 1 dirs total, 0 dirs full, 0 dirs failed
I20260608 10:03:59.018230 26996 tablet_service.cc:1511] Processing CreateTablet for tablet 8b5df0e30ee742a3b55a979fa184e239 (DEFAULT_TABLE table=range_aware_auto_rebalancer_test [id=3c686bbe84d047c19e231755a8b3335c]), partition=HASH (key) PARTITION 1, RANGE (key) PARTITION 0 <= VALUES < 10
I20260608 10:03:59.019781 26996 data_dirs.cc:400] Could only allocate 1 dirs of requested 3 for tablet 8b5df0e30ee742a3b55a979fa184e239. 1 dirs total, 0 dirs full, 0 dirs failed
I20260608 10:03:59.021522 26849 tablet_service.cc:1511] Processing CreateTablet for tablet a7a2f71e58054af2a336c23aabe0e31f (DEFAULT_TABLE table=range_aware_auto_rebalancer_test [id=3c686bbe84d047c19e231755a8b3335c]), partition=HASH (key) PARTITION 0, RANGE (key) PARTITION 0 <= VALUES < 10
I20260608 10:03:59.023052 26849 data_dirs.cc:400] Could only allocate 1 dirs of requested 3 for tablet a7a2f71e58054af2a336c23aabe0e31f. 1 dirs total, 0 dirs full, 0 dirs failed
I20260608 10:03:59.025511 26847 tablet_service.cc:1511] Processing CreateTablet for tablet 8b5df0e30ee742a3b55a979fa184e239 (DEFAULT_TABLE table=range_aware_auto_rebalancer_test [id=3c686bbe84d047c19e231755a8b3335c]), partition=HASH (key) PARTITION 1, RANGE (key) PARTITION 0 <= VALUES < 10
I20260608 10:03:59.027009 26847 data_dirs.cc:400] Could only allocate 1 dirs of requested 3 for tablet 8b5df0e30ee742a3b55a979fa184e239. 1 dirs total, 0 dirs full, 0 dirs failed
I20260608 10:03:59.049134 27053 tablet_bootstrap.cc:492] T a7a2f71e58054af2a336c23aabe0e31f P ac620f4fbf574d5b8e79c8be49906f4e: Bootstrap starting.
I20260608 10:03:59.056090 27053 tablet_bootstrap.cc:654] T a7a2f71e58054af2a336c23aabe0e31f P ac620f4fbf574d5b8e79c8be49906f4e: Neither blocks nor log segments found. Creating new log.
I20260608 10:03:59.062443 27055 tablet_bootstrap.cc:492] T 8af5fc95770445b6bddd6d1f1202ad0a P d8b1de418e784082b726e9b4d0534274: Bootstrap starting.
I20260608 10:03:59.076493 27054 tablet_bootstrap.cc:492] T dcf5332b05894b01822beb67f39c2a4a P 052e1d9472234412a45d2d7201e36ec3: Bootstrap starting.
I20260608 10:03:59.079092 27055 tablet_bootstrap.cc:654] T 8af5fc95770445b6bddd6d1f1202ad0a P d8b1de418e784082b726e9b4d0534274: Neither blocks nor log segments found. Creating new log.
I20260608 10:03:59.085331 27054 tablet_bootstrap.cc:654] T dcf5332b05894b01822beb67f39c2a4a P 052e1d9472234412a45d2d7201e36ec3: Neither blocks nor log segments found. Creating new log.
I20260608 10:03:59.080955 27053 tablet_bootstrap.cc:492] T a7a2f71e58054af2a336c23aabe0e31f P ac620f4fbf574d5b8e79c8be49906f4e: No bootstrap required, opened a new log
I20260608 10:03:59.089099 27053 ts_tablet_manager.cc:1403] T a7a2f71e58054af2a336c23aabe0e31f P ac620f4fbf574d5b8e79c8be49906f4e: Time spent bootstrapping tablet: real 0.040s	user 0.018s	sys 0.012s
I20260608 10:03:59.094430 27053 raft_consensus.cc:359] T a7a2f71e58054af2a336c23aabe0e31f P ac620f4fbf574d5b8e79c8be49906f4e [term 0 FOLLOWER]: Replica starting. Triggering 0 pending ops. Active config: opid_index: -1 OBSOLETE_local: false peers { permanent_uuid: "d8b1de418e784082b726e9b4d0534274" member_type: VOTER last_known_addr { host: "127.23.149.66" port: 36815 } } peers { permanent_uuid: "052e1d9472234412a45d2d7201e36ec3" member_type: VOTER last_known_addr { host: "127.23.149.65" port: 35799 } } peers { permanent_uuid: "ac620f4fbf574d5b8e79c8be49906f4e" member_type: VOTER last_known_addr { host: "127.23.149.67" port: 44239 } }
I20260608 10:03:59.095245 27053 raft_consensus.cc:385] T a7a2f71e58054af2a336c23aabe0e31f P ac620f4fbf574d5b8e79c8be49906f4e [term 0 FOLLOWER]: Consensus starting up: Expiring failure detector timer to make a prompt election more likely
I20260608 10:03:59.095542 27053 raft_consensus.cc:740] T a7a2f71e58054af2a336c23aabe0e31f P ac620f4fbf574d5b8e79c8be49906f4e [term 0 FOLLOWER]: Becoming Follower/Learner. State: Replica: ac620f4fbf574d5b8e79c8be49906f4e, State: Initialized, Role: FOLLOWER
I20260608 10:03:59.096251 27055 tablet_bootstrap.cc:492] T 8af5fc95770445b6bddd6d1f1202ad0a P d8b1de418e784082b726e9b4d0534274: No bootstrap required, opened a new log
I20260608 10:03:59.096809 27055 ts_tablet_manager.cc:1403] T 8af5fc95770445b6bddd6d1f1202ad0a P d8b1de418e784082b726e9b4d0534274: Time spent bootstrapping tablet: real 0.037s	user 0.008s	sys 0.007s
I20260608 10:03:59.096454 27053 consensus_queue.cc:260] T a7a2f71e58054af2a336c23aabe0e31f P ac620f4fbf574d5b8e79c8be49906f4e [NON_LEADER]: Queue going to NON_LEADER mode. State: All replicated index: 0, Majority replicated index: 0, Committed index: 0, Last appended: 0.0, Last appended by leader: 0, Current term: 0, Majority size: -1, State: 0, Mode: NON_LEADER, active raft config: opid_index: -1 OBSOLETE_local: false peers { permanent_uuid: "d8b1de418e784082b726e9b4d0534274" member_type: VOTER last_known_addr { host: "127.23.149.66" port: 36815 } } peers { permanent_uuid: "052e1d9472234412a45d2d7201e36ec3" member_type: VOTER last_known_addr { host: "127.23.149.65" port: 35799 } } peers { permanent_uuid: "ac620f4fbf574d5b8e79c8be49906f4e" member_type: VOTER last_known_addr { host: "127.23.149.67" port: 44239 } }
I20260608 10:03:59.100137 27055 raft_consensus.cc:359] T 8af5fc95770445b6bddd6d1f1202ad0a P d8b1de418e784082b726e9b4d0534274 [term 0 FOLLOWER]: Replica starting. Triggering 0 pending ops. Active config: opid_index: -1 OBSOLETE_local: false peers { permanent_uuid: "052e1d9472234412a45d2d7201e36ec3" member_type: VOTER last_known_addr { host: "127.23.149.65" port: 35799 } } peers { permanent_uuid: "d8b1de418e784082b726e9b4d0534274" member_type: VOTER last_known_addr { host: "127.23.149.66" port: 36815 } } peers { permanent_uuid: "ac620f4fbf574d5b8e79c8be49906f4e" member_type: VOTER last_known_addr { host: "127.23.149.67" port: 44239 } }
I20260608 10:03:59.102566 27054 tablet_bootstrap.cc:492] T dcf5332b05894b01822beb67f39c2a4a P 052e1d9472234412a45d2d7201e36ec3: No bootstrap required, opened a new log
I20260608 10:03:59.103109 27054 ts_tablet_manager.cc:1403] T dcf5332b05894b01822beb67f39c2a4a P 052e1d9472234412a45d2d7201e36ec3: Time spent bootstrapping tablet: real 0.027s	user 0.009s	sys 0.005s
I20260608 10:03:59.106714 27054 raft_consensus.cc:359] T dcf5332b05894b01822beb67f39c2a4a P 052e1d9472234412a45d2d7201e36ec3 [term 0 FOLLOWER]: Replica starting. Triggering 0 pending ops. Active config: opid_index: -1 OBSOLETE_local: false peers { permanent_uuid: "052e1d9472234412a45d2d7201e36ec3" member_type: VOTER last_known_addr { host: "127.23.149.65" port: 35799 } } peers { permanent_uuid: "d8b1de418e784082b726e9b4d0534274" member_type: VOTER last_known_addr { host: "127.23.149.66" port: 36815 } } peers { permanent_uuid: "ac620f4fbf574d5b8e79c8be49906f4e" member_type: VOTER last_known_addr { host: "127.23.149.67" port: 44239 } }
I20260608 10:03:59.107443 27054 raft_consensus.cc:385] T dcf5332b05894b01822beb67f39c2a4a P 052e1d9472234412a45d2d7201e36ec3 [term 0 FOLLOWER]: Consensus starting up: Expiring failure detector timer to make a prompt election more likely
I20260608 10:03:59.107470 27055 raft_consensus.cc:385] T 8af5fc95770445b6bddd6d1f1202ad0a P d8b1de418e784082b726e9b4d0534274 [term 0 FOLLOWER]: Consensus starting up: Expiring failure detector timer to make a prompt election more likely
I20260608 10:03:59.107965 27054 raft_consensus.cc:740] T dcf5332b05894b01822beb67f39c2a4a P 052e1d9472234412a45d2d7201e36ec3 [term 0 FOLLOWER]: Becoming Follower/Learner. State: Replica: 052e1d9472234412a45d2d7201e36ec3, State: Initialized, Role: FOLLOWER
I20260608 10:03:59.108225 27055 raft_consensus.cc:740] T 8af5fc95770445b6bddd6d1f1202ad0a P d8b1de418e784082b726e9b4d0534274 [term 0 FOLLOWER]: Becoming Follower/Learner. State: Replica: d8b1de418e784082b726e9b4d0534274, State: Initialized, Role: FOLLOWER
I20260608 10:03:59.109140 27054 consensus_queue.cc:260] T dcf5332b05894b01822beb67f39c2a4a P 052e1d9472234412a45d2d7201e36ec3 [NON_LEADER]: Queue going to NON_LEADER mode. State: All replicated index: 0, Majority replicated index: 0, Committed index: 0, Last appended: 0.0, Last appended by leader: 0, Current term: 0, Majority size: -1, State: 0, Mode: NON_LEADER, active raft config: opid_index: -1 OBSOLETE_local: false peers { permanent_uuid: "052e1d9472234412a45d2d7201e36ec3" member_type: VOTER last_known_addr { host: "127.23.149.65" port: 35799 } } peers { permanent_uuid: "d8b1de418e784082b726e9b4d0534274" member_type: VOTER last_known_addr { host: "127.23.149.66" port: 36815 } } peers { permanent_uuid: "ac620f4fbf574d5b8e79c8be49906f4e" member_type: VOTER last_known_addr { host: "127.23.149.67" port: 44239 } }
I20260608 10:03:59.110641 27053 ts_tablet_manager.cc:1434] T a7a2f71e58054af2a336c23aabe0e31f P ac620f4fbf574d5b8e79c8be49906f4e: Time spent starting tablet: real 0.021s	user 0.006s	sys 0.012s
I20260608 10:03:59.110370 27055 consensus_queue.cc:260] T 8af5fc95770445b6bddd6d1f1202ad0a P d8b1de418e784082b726e9b4d0534274 [NON_LEADER]: Queue going to NON_LEADER mode. State: All replicated index: 0, Majority replicated index: 0, Committed index: 0, Last appended: 0.0, Last appended by leader: 0, Current term: 0, Majority size: -1, State: 0, Mode: NON_LEADER, active raft config: opid_index: -1 OBSOLETE_local: false peers { permanent_uuid: "052e1d9472234412a45d2d7201e36ec3" member_type: VOTER last_known_addr { host: "127.23.149.65" port: 35799 } } peers { permanent_uuid: "d8b1de418e784082b726e9b4d0534274" member_type: VOTER last_known_addr { host: "127.23.149.66" port: 36815 } } peers { permanent_uuid: "ac620f4fbf574d5b8e79c8be49906f4e" member_type: VOTER last_known_addr { host: "127.23.149.67" port: 44239 } }
I20260608 10:03:59.111910 27053 tablet_bootstrap.cc:492] T 8af5fc95770445b6bddd6d1f1202ad0a P ac620f4fbf574d5b8e79c8be49906f4e: Bootstrap starting.
I20260608 10:03:59.119191 27054 ts_tablet_manager.cc:1434] T dcf5332b05894b01822beb67f39c2a4a P 052e1d9472234412a45d2d7201e36ec3: Time spent starting tablet: real 0.016s	user 0.014s	sys 0.002s
I20260608 10:03:59.120142 27053 tablet_bootstrap.cc:654] T 8af5fc95770445b6bddd6d1f1202ad0a P ac620f4fbf574d5b8e79c8be49906f4e: Neither blocks nor log segments found. Creating new log.
W20260608 10:03:59.125214 26885 tablet.cc:2404] T dcf5332b05894b01822beb67f39c2a4a P 052e1d9472234412a45d2d7201e36ec3: Can't schedule compaction. Clean time has not been advanced past its initial value.
I20260608 10:03:59.127020 27054 tablet_bootstrap.cc:492] T 8af5fc95770445b6bddd6d1f1202ad0a P 052e1d9472234412a45d2d7201e36ec3: Bootstrap starting.
I20260608 10:03:59.134415 27055 ts_tablet_manager.cc:1434] T 8af5fc95770445b6bddd6d1f1202ad0a P d8b1de418e784082b726e9b4d0534274: Time spent starting tablet: real 0.037s	user 0.011s	sys 0.017s
I20260608 10:03:59.135849 27055 tablet_bootstrap.cc:492] T a7a2f71e58054af2a336c23aabe0e31f P d8b1de418e784082b726e9b4d0534274: Bootstrap starting.
I20260608 10:03:59.139513 27054 tablet_bootstrap.cc:654] T 8af5fc95770445b6bddd6d1f1202ad0a P 052e1d9472234412a45d2d7201e36ec3: Neither blocks nor log segments found. Creating new log.
I20260608 10:03:59.143472 27055 tablet_bootstrap.cc:654] T a7a2f71e58054af2a336c23aabe0e31f P d8b1de418e784082b726e9b4d0534274: Neither blocks nor log segments found. Creating new log.
I20260608 10:03:59.146286 27053 tablet_bootstrap.cc:492] T 8af5fc95770445b6bddd6d1f1202ad0a P ac620f4fbf574d5b8e79c8be49906f4e: No bootstrap required, opened a new log
I20260608 10:03:59.146988 27053 ts_tablet_manager.cc:1403] T 8af5fc95770445b6bddd6d1f1202ad0a P ac620f4fbf574d5b8e79c8be49906f4e: Time spent bootstrapping tablet: real 0.035s	user 0.012s	sys 0.020s
I20260608 10:03:59.148789 27059 raft_consensus.cc:493] T a7a2f71e58054af2a336c23aabe0e31f P ac620f4fbf574d5b8e79c8be49906f4e [term 0 FOLLOWER]: Starting pre-election (no leader contacted us within the election timeout)
I20260608 10:03:59.149349 27059 raft_consensus.cc:515] T a7a2f71e58054af2a336c23aabe0e31f P ac620f4fbf574d5b8e79c8be49906f4e [term 0 FOLLOWER]: Starting pre-election with config: opid_index: -1 OBSOLETE_local: false peers { permanent_uuid: "d8b1de418e784082b726e9b4d0534274" member_type: VOTER last_known_addr { host: "127.23.149.66" port: 36815 } } peers { permanent_uuid: "052e1d9472234412a45d2d7201e36ec3" member_type: VOTER last_known_addr { host: "127.23.149.65" port: 35799 } } peers { permanent_uuid: "ac620f4fbf574d5b8e79c8be49906f4e" member_type: VOTER last_known_addr { host: "127.23.149.67" port: 44239 } }
I20260608 10:03:59.149844 27055 tablet_bootstrap.cc:492] T a7a2f71e58054af2a336c23aabe0e31f P d8b1de418e784082b726e9b4d0534274: No bootstrap required, opened a new log
I20260608 10:03:59.150530 27055 ts_tablet_manager.cc:1403] T a7a2f71e58054af2a336c23aabe0e31f P d8b1de418e784082b726e9b4d0534274: Time spent bootstrapping tablet: real 0.015s	user 0.009s	sys 0.005s
I20260608 10:03:59.149986 27054 tablet_bootstrap.cc:492] T 8af5fc95770445b6bddd6d1f1202ad0a P 052e1d9472234412a45d2d7201e36ec3: No bootstrap required, opened a new log
I20260608 10:03:59.150879 27053 raft_consensus.cc:359] T 8af5fc95770445b6bddd6d1f1202ad0a P ac620f4fbf574d5b8e79c8be49906f4e [term 0 FOLLOWER]: Replica starting. Triggering 0 pending ops. Active config: opid_index: -1 OBSOLETE_local: false peers { permanent_uuid: "052e1d9472234412a45d2d7201e36ec3" member_type: VOTER last_known_addr { host: "127.23.149.65" port: 35799 } } peers { permanent_uuid: "d8b1de418e784082b726e9b4d0534274" member_type: VOTER last_known_addr { host: "127.23.149.66" port: 36815 } } peers { permanent_uuid: "ac620f4fbf574d5b8e79c8be49906f4e" member_type: VOTER last_known_addr { host: "127.23.149.67" port: 44239 } }
I20260608 10:03:59.151710 27053 raft_consensus.cc:385] T 8af5fc95770445b6bddd6d1f1202ad0a P ac620f4fbf574d5b8e79c8be49906f4e [term 0 FOLLOWER]: Consensus starting up: Expiring failure detector timer to make a prompt election more likely
I20260608 10:03:59.152082 27053 raft_consensus.cc:740] T 8af5fc95770445b6bddd6d1f1202ad0a P ac620f4fbf574d5b8e79c8be49906f4e [term 0 FOLLOWER]: Becoming Follower/Learner. State: Replica: ac620f4fbf574d5b8e79c8be49906f4e, State: Initialized, Role: FOLLOWER
I20260608 10:03:59.151393 27054 ts_tablet_manager.cc:1403] T 8af5fc95770445b6bddd6d1f1202ad0a P 052e1d9472234412a45d2d7201e36ec3: Time spent bootstrapping tablet: real 0.025s	user 0.008s	sys 0.005s
I20260608 10:03:59.152931 27053 consensus_queue.cc:260] T 8af5fc95770445b6bddd6d1f1202ad0a P ac620f4fbf574d5b8e79c8be49906f4e [NON_LEADER]: Queue going to NON_LEADER mode. State: All replicated index: 0, Majority replicated index: 0, Committed index: 0, Last appended: 0.0, Last appended by leader: 0, Current term: 0, Majority size: -1, State: 0, Mode: NON_LEADER, active raft config: opid_index: -1 OBSOLETE_local: false peers { permanent_uuid: "052e1d9472234412a45d2d7201e36ec3" member_type: VOTER last_known_addr { host: "127.23.149.65" port: 35799 } } peers { permanent_uuid: "d8b1de418e784082b726e9b4d0534274" member_type: VOTER last_known_addr { host: "127.23.149.66" port: 36815 } } peers { permanent_uuid: "ac620f4fbf574d5b8e79c8be49906f4e" member_type: VOTER last_known_addr { host: "127.23.149.67" port: 44239 } }
I20260608 10:03:59.153861 27055 raft_consensus.cc:359] T a7a2f71e58054af2a336c23aabe0e31f P d8b1de418e784082b726e9b4d0534274 [term 0 FOLLOWER]: Replica starting. Triggering 0 pending ops. Active config: opid_index: -1 OBSOLETE_local: false peers { permanent_uuid: "d8b1de418e784082b726e9b4d0534274" member_type: VOTER last_known_addr { host: "127.23.149.66" port: 36815 } } peers { permanent_uuid: "052e1d9472234412a45d2d7201e36ec3" member_type: VOTER last_known_addr { host: "127.23.149.65" port: 35799 } } peers { permanent_uuid: "ac620f4fbf574d5b8e79c8be49906f4e" member_type: VOTER last_known_addr { host: "127.23.149.67" port: 44239 } }
I20260608 10:03:59.154686 27055 raft_consensus.cc:385] T a7a2f71e58054af2a336c23aabe0e31f P d8b1de418e784082b726e9b4d0534274 [term 0 FOLLOWER]: Consensus starting up: Expiring failure detector timer to make a prompt election more likely
I20260608 10:03:59.155031 27055 raft_consensus.cc:740] T a7a2f71e58054af2a336c23aabe0e31f P d8b1de418e784082b726e9b4d0534274 [term 0 FOLLOWER]: Becoming Follower/Learner. State: Replica: d8b1de418e784082b726e9b4d0534274, State: Initialized, Role: FOLLOWER
I20260608 10:03:59.155579 27054 raft_consensus.cc:359] T 8af5fc95770445b6bddd6d1f1202ad0a P 052e1d9472234412a45d2d7201e36ec3 [term 0 FOLLOWER]: Replica starting. Triggering 0 pending ops. Active config: opid_index: -1 OBSOLETE_local: false peers { permanent_uuid: "052e1d9472234412a45d2d7201e36ec3" member_type: VOTER last_known_addr { host: "127.23.149.65" port: 35799 } } peers { permanent_uuid: "d8b1de418e784082b726e9b4d0534274" member_type: VOTER last_known_addr { host: "127.23.149.66" port: 36815 } } peers { permanent_uuid: "ac620f4fbf574d5b8e79c8be49906f4e" member_type: VOTER last_known_addr { host: "127.23.149.67" port: 44239 } }
I20260608 10:03:59.155855 27055 consensus_queue.cc:260] T a7a2f71e58054af2a336c23aabe0e31f P d8b1de418e784082b726e9b4d0534274 [NON_LEADER]: Queue going to NON_LEADER mode. State: All replicated index: 0, Majority replicated index: 0, Committed index: 0, Last appended: 0.0, Last appended by leader: 0, Current term: 0, Majority size: -1, State: 0, Mode: NON_LEADER, active raft config: opid_index: -1 OBSOLETE_local: false peers { permanent_uuid: "d8b1de418e784082b726e9b4d0534274" member_type: VOTER last_known_addr { host: "127.23.149.66" port: 36815 } } peers { permanent_uuid: "052e1d9472234412a45d2d7201e36ec3" member_type: VOTER last_known_addr { host: "127.23.149.65" port: 35799 } } peers { permanent_uuid: "ac620f4fbf574d5b8e79c8be49906f4e" member_type: VOTER last_known_addr { host: "127.23.149.67" port: 44239 } }
I20260608 10:03:59.156584 27054 raft_consensus.cc:385] T 8af5fc95770445b6bddd6d1f1202ad0a P 052e1d9472234412a45d2d7201e36ec3 [term 0 FOLLOWER]: Consensus starting up: Expiring failure detector timer to make a prompt election more likely
I20260608 10:03:59.156994 27054 raft_consensus.cc:740] T 8af5fc95770445b6bddd6d1f1202ad0a P 052e1d9472234412a45d2d7201e36ec3 [term 0 FOLLOWER]: Becoming Follower/Learner. State: Replica: 052e1d9472234412a45d2d7201e36ec3, State: Initialized, Role: FOLLOWER
I20260608 10:03:59.158234 27055 ts_tablet_manager.cc:1434] T a7a2f71e58054af2a336c23aabe0e31f P d8b1de418e784082b726e9b4d0534274: Time spent starting tablet: real 0.007s	user 0.006s	sys 0.000s
I20260608 10:03:59.157953 27054 consensus_queue.cc:260] T 8af5fc95770445b6bddd6d1f1202ad0a P 052e1d9472234412a45d2d7201e36ec3 [NON_LEADER]: Queue going to NON_LEADER mode. State: All replicated index: 0, Majority replicated index: 0, Committed index: 0, Last appended: 0.0, Last appended by leader: 0, Current term: 0, Majority size: -1, State: 0, Mode: NON_LEADER, active raft config: opid_index: -1 OBSOLETE_local: false peers { permanent_uuid: "052e1d9472234412a45d2d7201e36ec3" member_type: VOTER last_known_addr { host: "127.23.149.65" port: 35799 } } peers { permanent_uuid: "d8b1de418e784082b726e9b4d0534274" member_type: VOTER last_known_addr { host: "127.23.149.66" port: 36815 } } peers { permanent_uuid: "ac620f4fbf574d5b8e79c8be49906f4e" member_type: VOTER last_known_addr { host: "127.23.149.67" port: 44239 } }
I20260608 10:03:59.159327 27055 tablet_bootstrap.cc:492] T dcf5332b05894b01822beb67f39c2a4a P d8b1de418e784082b726e9b4d0534274: Bootstrap starting.
I20260608 10:03:59.162285 27054 ts_tablet_manager.cc:1434] T 8af5fc95770445b6bddd6d1f1202ad0a P 052e1d9472234412a45d2d7201e36ec3: Time spent starting tablet: real 0.010s	user 0.005s	sys 0.000s
I20260608 10:03:59.163532 27054 tablet_bootstrap.cc:492] T a7a2f71e58054af2a336c23aabe0e31f P 052e1d9472234412a45d2d7201e36ec3: Bootstrap starting.
I20260608 10:03:59.166056 27055 tablet_bootstrap.cc:654] T dcf5332b05894b01822beb67f39c2a4a P d8b1de418e784082b726e9b4d0534274: Neither blocks nor log segments found. Creating new log.
I20260608 10:03:59.170610 27059 leader_election.cc:290] T a7a2f71e58054af2a336c23aabe0e31f P ac620f4fbf574d5b8e79c8be49906f4e [CANDIDATE]: Term 1 pre-election: Requested pre-vote from peers d8b1de418e784082b726e9b4d0534274 (127.23.149.66:36815), 052e1d9472234412a45d2d7201e36ec3 (127.23.149.65:35799)
I20260608 10:03:59.177413 27054 tablet_bootstrap.cc:654] T a7a2f71e58054af2a336c23aabe0e31f P 052e1d9472234412a45d2d7201e36ec3: Neither blocks nor log segments found. Creating new log.
I20260608 10:03:59.226676 27053 ts_tablet_manager.cc:1434] T 8af5fc95770445b6bddd6d1f1202ad0a P ac620f4fbf574d5b8e79c8be49906f4e: Time spent starting tablet: real 0.079s	user 0.034s	sys 0.042s
I20260608 10:03:59.228849 27055 tablet_bootstrap.cc:492] T dcf5332b05894b01822beb67f39c2a4a P d8b1de418e784082b726e9b4d0534274: No bootstrap required, opened a new log
I20260608 10:03:59.229110 27053 tablet_bootstrap.cc:492] T dcf5332b05894b01822beb67f39c2a4a P ac620f4fbf574d5b8e79c8be49906f4e: Bootstrap starting.
I20260608 10:03:59.229497 27055 ts_tablet_manager.cc:1403] T dcf5332b05894b01822beb67f39c2a4a P d8b1de418e784082b726e9b4d0534274: Time spent bootstrapping tablet: real 0.070s	user 0.037s	sys 0.030s
I20260608 10:03:59.230794 27054 tablet_bootstrap.cc:492] T a7a2f71e58054af2a336c23aabe0e31f P 052e1d9472234412a45d2d7201e36ec3: No bootstrap required, opened a new log
I20260608 10:03:59.231424 27054 ts_tablet_manager.cc:1403] T a7a2f71e58054af2a336c23aabe0e31f P 052e1d9472234412a45d2d7201e36ec3: Time spent bootstrapping tablet: real 0.068s	user 0.017s	sys 0.028s
I20260608 10:03:59.233008 27055 raft_consensus.cc:359] T dcf5332b05894b01822beb67f39c2a4a P d8b1de418e784082b726e9b4d0534274 [term 0 FOLLOWER]: Replica starting. Triggering 0 pending ops. Active config: opid_index: -1 OBSOLETE_local: false peers { permanent_uuid: "052e1d9472234412a45d2d7201e36ec3" member_type: VOTER last_known_addr { host: "127.23.149.65" port: 35799 } } peers { permanent_uuid: "d8b1de418e784082b726e9b4d0534274" member_type: VOTER last_known_addr { host: "127.23.149.66" port: 36815 } } peers { permanent_uuid: "ac620f4fbf574d5b8e79c8be49906f4e" member_type: VOTER last_known_addr { host: "127.23.149.67" port: 44239 } }
I20260608 10:03:59.233814 27055 raft_consensus.cc:385] T dcf5332b05894b01822beb67f39c2a4a P d8b1de418e784082b726e9b4d0534274 [term 0 FOLLOWER]: Consensus starting up: Expiring failure detector timer to make a prompt election more likely
I20260608 10:03:59.234386 27055 raft_consensus.cc:740] T dcf5332b05894b01822beb67f39c2a4a P d8b1de418e784082b726e9b4d0534274 [term 0 FOLLOWER]: Becoming Follower/Learner. State: Replica: d8b1de418e784082b726e9b4d0534274, State: Initialized, Role: FOLLOWER
I20260608 10:03:59.235410 27055 consensus_queue.cc:260] T dcf5332b05894b01822beb67f39c2a4a P d8b1de418e784082b726e9b4d0534274 [NON_LEADER]: Queue going to NON_LEADER mode. State: All replicated index: 0, Majority replicated index: 0, Committed index: 0, Last appended: 0.0, Last appended by leader: 0, Current term: 0, Majority size: -1, State: 0, Mode: NON_LEADER, active raft config: opid_index: -1 OBSOLETE_local: false peers { permanent_uuid: "052e1d9472234412a45d2d7201e36ec3" member_type: VOTER last_known_addr { host: "127.23.149.65" port: 35799 } } peers { permanent_uuid: "d8b1de418e784082b726e9b4d0534274" member_type: VOTER last_known_addr { host: "127.23.149.66" port: 36815 } } peers { permanent_uuid: "ac620f4fbf574d5b8e79c8be49906f4e" member_type: VOTER last_known_addr { host: "127.23.149.67" port: 44239 } }
I20260608 10:03:59.237275 27055 ts_tablet_manager.cc:1434] T dcf5332b05894b01822beb67f39c2a4a P d8b1de418e784082b726e9b4d0534274: Time spent starting tablet: real 0.007s	user 0.006s	sys 0.000s
I20260608 10:03:59.238636 27055 tablet_bootstrap.cc:492] T 8b5df0e30ee742a3b55a979fa184e239 P d8b1de418e784082b726e9b4d0534274: Bootstrap starting.
I20260608 10:03:59.239423 27053 tablet_bootstrap.cc:654] T dcf5332b05894b01822beb67f39c2a4a P ac620f4fbf574d5b8e79c8be49906f4e: Neither blocks nor log segments found. Creating new log.
I20260608 10:03:59.239789 26859 tablet_service.cc:1917] Received RequestConsensusVote() RPC: tablet_id: "a7a2f71e58054af2a336c23aabe0e31f" candidate_uuid: "ac620f4fbf574d5b8e79c8be49906f4e" candidate_term: 1 candidate_status { last_received { term: 0 index: 0 } } ignore_live_leader: false dest_uuid: "052e1d9472234412a45d2d7201e36ec3" is_pre_election: true
I20260608 10:03:59.244741 27061 raft_consensus.cc:493] T a7a2f71e58054af2a336c23aabe0e31f P d8b1de418e784082b726e9b4d0534274 [term 0 FOLLOWER]: Starting pre-election (no leader contacted us within the election timeout)
I20260608 10:03:59.245631 27055 tablet_bootstrap.cc:654] T 8b5df0e30ee742a3b55a979fa184e239 P d8b1de418e784082b726e9b4d0534274: Neither blocks nor log segments found. Creating new log.
I20260608 10:03:59.245455 27061 raft_consensus.cc:515] T a7a2f71e58054af2a336c23aabe0e31f P d8b1de418e784082b726e9b4d0534274 [term 0 FOLLOWER]: Starting pre-election with config: opid_index: -1 OBSOLETE_local: false peers { permanent_uuid: "d8b1de418e784082b726e9b4d0534274" member_type: VOTER last_known_addr { host: "127.23.149.66" port: 36815 } } peers { permanent_uuid: "052e1d9472234412a45d2d7201e36ec3" member_type: VOTER last_known_addr { host: "127.23.149.65" port: 35799 } } peers { permanent_uuid: "ac620f4fbf574d5b8e79c8be49906f4e" member_type: VOTER last_known_addr { host: "127.23.149.67" port: 44239 } }
W20260608 10:03:59.246394 26973 leader_election.cc:343] T a7a2f71e58054af2a336c23aabe0e31f P ac620f4fbf574d5b8e79c8be49906f4e [CANDIDATE]: Term 1 pre-election: Tablet error from VoteRequest() call to peer 052e1d9472234412a45d2d7201e36ec3 (127.23.149.65:35799): Illegal state: must be running to vote when last-logged opid is not known
I20260608 10:03:59.255764 26934 tablet_service.cc:1917] Received RequestConsensusVote() RPC: tablet_id: "a7a2f71e58054af2a336c23aabe0e31f" candidate_uuid: "ac620f4fbf574d5b8e79c8be49906f4e" candidate_term: 1 candidate_status { last_received { term: 0 index: 0 } } ignore_live_leader: false dest_uuid: "d8b1de418e784082b726e9b4d0534274" is_pre_election: true
I20260608 10:03:59.256794 26934 raft_consensus.cc:2468] T a7a2f71e58054af2a336c23aabe0e31f P d8b1de418e784082b726e9b4d0534274 [term 0 FOLLOWER]: Leader pre-election vote request: Granting yes vote for candidate ac620f4fbf574d5b8e79c8be49906f4e in term 0.
I20260608 10:03:59.257912 27055 tablet_bootstrap.cc:492] T 8b5df0e30ee742a3b55a979fa184e239 P d8b1de418e784082b726e9b4d0534274: No bootstrap required, opened a new log
I20260608 10:03:59.257963 27061 leader_election.cc:290] T a7a2f71e58054af2a336c23aabe0e31f P d8b1de418e784082b726e9b4d0534274 [CANDIDATE]: Term 1 pre-election: Requested pre-vote from peers 052e1d9472234412a45d2d7201e36ec3 (127.23.149.65:35799), ac620f4fbf574d5b8e79c8be49906f4e (127.23.149.67:44239)
I20260608 10:03:59.261288 26974 leader_election.cc:304] T a7a2f71e58054af2a336c23aabe0e31f P ac620f4fbf574d5b8e79c8be49906f4e [CANDIDATE]: Term 1 pre-election: Election decided. Result: candidate won. Election summary: received 3 responses out of 3 voters: 2 yes votes; 1 no votes. yes voters: ac620f4fbf574d5b8e79c8be49906f4e, d8b1de418e784082b726e9b4d0534274; no voters: 052e1d9472234412a45d2d7201e36ec3
I20260608 10:03:59.258701 27055 ts_tablet_manager.cc:1403] T 8b5df0e30ee742a3b55a979fa184e239 P d8b1de418e784082b726e9b4d0534274: Time spent bootstrapping tablet: real 0.020s	user 0.014s	sys 0.004s
I20260608 10:03:59.259644 27054 raft_consensus.cc:359] T a7a2f71e58054af2a336c23aabe0e31f P 052e1d9472234412a45d2d7201e36ec3 [term 0 FOLLOWER]: Replica starting. Triggering 0 pending ops. Active config: opid_index: -1 OBSOLETE_local: false peers { permanent_uuid: "d8b1de418e784082b726e9b4d0534274" member_type: VOTER last_known_addr { host: "127.23.149.66" port: 36815 } } peers { permanent_uuid: "052e1d9472234412a45d2d7201e36ec3" member_type: VOTER last_known_addr { host: "127.23.149.65" port: 35799 } } peers { permanent_uuid: "ac620f4fbf574d5b8e79c8be49906f4e" member_type: VOTER last_known_addr { host: "127.23.149.67" port: 44239 } }
I20260608 10:03:59.264549 27054 raft_consensus.cc:385] T a7a2f71e58054af2a336c23aabe0e31f P 052e1d9472234412a45d2d7201e36ec3 [term 0 FOLLOWER]: Consensus starting up: Expiring failure detector timer to make a prompt election more likely
I20260608 10:03:59.264645 27066 raft_consensus.cc:2804] T a7a2f71e58054af2a336c23aabe0e31f P ac620f4fbf574d5b8e79c8be49906f4e [term 0 FOLLOWER]: Leader pre-election won for term 1
I20260608 10:03:59.265066 27054 raft_consensus.cc:740] T a7a2f71e58054af2a336c23aabe0e31f P 052e1d9472234412a45d2d7201e36ec3 [term 0 FOLLOWER]: Becoming Follower/Learner. State: Replica: 052e1d9472234412a45d2d7201e36ec3, State: Initialized, Role: FOLLOWER
I20260608 10:03:59.266360 27054 consensus_queue.cc:260] T a7a2f71e58054af2a336c23aabe0e31f P 052e1d9472234412a45d2d7201e36ec3 [NON_LEADER]: Queue going to NON_LEADER mode. State: All replicated index: 0, Majority replicated index: 0, Committed index: 0, Last appended: 0.0, Last appended by leader: 0, Current term: 0, Majority size: -1, State: 0, Mode: NON_LEADER, active raft config: opid_index: -1 OBSOLETE_local: false peers { permanent_uuid: "d8b1de418e784082b726e9b4d0534274" member_type: VOTER last_known_addr { host: "127.23.149.66" port: 36815 } } peers { permanent_uuid: "052e1d9472234412a45d2d7201e36ec3" member_type: VOTER last_known_addr { host: "127.23.149.65" port: 35799 } } peers { permanent_uuid: "ac620f4fbf574d5b8e79c8be49906f4e" member_type: VOTER last_known_addr { host: "127.23.149.67" port: 44239 } }
I20260608 10:03:59.267109 27055 raft_consensus.cc:359] T 8b5df0e30ee742a3b55a979fa184e239 P d8b1de418e784082b726e9b4d0534274 [term 0 FOLLOWER]: Replica starting. Triggering 0 pending ops. Active config: opid_index: -1 OBSOLETE_local: false peers { permanent_uuid: "052e1d9472234412a45d2d7201e36ec3" member_type: VOTER last_known_addr { host: "127.23.149.65" port: 35799 } } peers { permanent_uuid: "d8b1de418e784082b726e9b4d0534274" member_type: VOTER last_known_addr { host: "127.23.149.66" port: 36815 } } peers { permanent_uuid: "ac620f4fbf574d5b8e79c8be49906f4e" member_type: VOTER last_known_addr { host: "127.23.149.67" port: 44239 } }
I20260608 10:03:59.267944 27055 raft_consensus.cc:385] T 8b5df0e30ee742a3b55a979fa184e239 P d8b1de418e784082b726e9b4d0534274 [term 0 FOLLOWER]: Consensus starting up: Expiring failure detector timer to make a prompt election more likely
I20260608 10:03:59.268294 27055 raft_consensus.cc:740] T 8b5df0e30ee742a3b55a979fa184e239 P d8b1de418e784082b726e9b4d0534274 [term 0 FOLLOWER]: Becoming Follower/Learner. State: Replica: d8b1de418e784082b726e9b4d0534274, State: Initialized, Role: FOLLOWER
I20260608 10:03:59.269080 27055 consensus_queue.cc:260] T 8b5df0e30ee742a3b55a979fa184e239 P d8b1de418e784082b726e9b4d0534274 [NON_LEADER]: Queue going to NON_LEADER mode. State: All replicated index: 0, Majority replicated index: 0, Committed index: 0, Last appended: 0.0, Last appended by leader: 0, Current term: 0, Majority size: -1, State: 0, Mode: NON_LEADER, active raft config: opid_index: -1 OBSOLETE_local: false peers { permanent_uuid: "052e1d9472234412a45d2d7201e36ec3" member_type: VOTER last_known_addr { host: "127.23.149.65" port: 35799 } } peers { permanent_uuid: "d8b1de418e784082b726e9b4d0534274" member_type: VOTER last_known_addr { host: "127.23.149.66" port: 36815 } } peers { permanent_uuid: "ac620f4fbf574d5b8e79c8be49906f4e" member_type: VOTER last_known_addr { host: "127.23.149.67" port: 44239 } }
I20260608 10:03:59.270195 27066 raft_consensus.cc:493] T a7a2f71e58054af2a336c23aabe0e31f P ac620f4fbf574d5b8e79c8be49906f4e [term 0 FOLLOWER]: Starting leader election (no leader contacted us within the election timeout)
I20260608 10:03:59.270628 27066 raft_consensus.cc:3060] T a7a2f71e58054af2a336c23aabe0e31f P ac620f4fbf574d5b8e79c8be49906f4e [term 0 FOLLOWER]: Advancing to term 1
I20260608 10:03:59.271849 27055 ts_tablet_manager.cc:1434] T 8b5df0e30ee742a3b55a979fa184e239 P d8b1de418e784082b726e9b4d0534274: Time spent starting tablet: real 0.009s	user 0.001s	sys 0.005s
I20260608 10:03:59.277642 27054 ts_tablet_manager.cc:1434] T a7a2f71e58054af2a336c23aabe0e31f P 052e1d9472234412a45d2d7201e36ec3: Time spent starting tablet: real 0.046s	user 0.010s	sys 0.000s
I20260608 10:03:59.281330 27053 tablet_bootstrap.cc:492] T dcf5332b05894b01822beb67f39c2a4a P ac620f4fbf574d5b8e79c8be49906f4e: No bootstrap required, opened a new log
I20260608 10:03:59.281920 27053 ts_tablet_manager.cc:1403] T dcf5332b05894b01822beb67f39c2a4a P ac620f4fbf574d5b8e79c8be49906f4e: Time spent bootstrapping tablet: real 0.053s	user 0.012s	sys 0.018s
I20260608 10:03:59.285511 27053 raft_consensus.cc:359] T dcf5332b05894b01822beb67f39c2a4a P ac620f4fbf574d5b8e79c8be49906f4e [term 0 FOLLOWER]: Replica starting. Triggering 0 pending ops. Active config: opid_index: -1 OBSOLETE_local: false peers { permanent_uuid: "052e1d9472234412a45d2d7201e36ec3" member_type: VOTER last_known_addr { host: "127.23.149.65" port: 35799 } } peers { permanent_uuid: "d8b1de418e784082b726e9b4d0534274" member_type: VOTER last_known_addr { host: "127.23.149.66" port: 36815 } } peers { permanent_uuid: "ac620f4fbf574d5b8e79c8be49906f4e" member_type: VOTER last_known_addr { host: "127.23.149.67" port: 44239 } }
I20260608 10:03:59.286222 27053 raft_consensus.cc:385] T dcf5332b05894b01822beb67f39c2a4a P ac620f4fbf574d5b8e79c8be49906f4e [term 0 FOLLOWER]: Consensus starting up: Expiring failure detector timer to make a prompt election more likely
