I20260608 09:48:24.465953 16666 webserver.cc:533] Webserver started at http://127.16.70.131:42683/ using document root <none> and password file <none>
I20260608 09:48:24.466579 16666 fs_manager.cc:362] Metadata directory not provided
I20260608 09:48:24.466787 16666 fs_manager.cc:368] Using write-ahead log directory (fs_wal_dir) as metadata directory
I20260608 09:48:24.467077 16666 server_base.cc:909] This appears to be a new deployment of Kudu; creating new FS layout
I20260608 09:48:24.467059 18891 ts_manager.cc:194] Registered new tserver with Master: 39327cd50fe54b20b407bdb355446784 (127.16.70.130:43807)
I20260608 09:48:24.468456 16666 fs_manager.cc:1068] Generated new instance metadata in path /tmp/dist-test-taskTLOYZf/test-tmp/auto_rebalancer-test.0.AutoRebalancerTest.NoReplicaMovesIfNoTablets.1780912039339614-16666-0/minicluster-data/ts-2-root/instance:
uuid: "f511e0600f7c4ae1b19b3f93b988ad1d"
format_stamp: "Formatted at 2026-06-08 09:48:24 on dist-test-slave-8t9f"
I20260608 09:48:24.468585 18891 master_service.cc:502] Signed X509 certificate for tserver {username='slave'} at 127.0.0.1:56482
I20260608 09:48:24.473402 16666 fs_manager.cc:696] Time spent creating directory manager: real 0.004s	user 0.004s	sys 0.001s
I20260608 09:48:24.477195 19104 log_block_manager.cc:4031] Time spent loading block containers with low live blocks: real 0.000s	user 0.000s	sys 0.000s
I20260608 09:48:24.477948 16666 fs_manager.cc:730] Time spent opening block manager: real 0.002s	user 0.003s	sys 0.000s
I20260608 09:48:24.478246 16666 fs_manager.cc:647] Opened local filesystem: /tmp/dist-test-taskTLOYZf/test-tmp/auto_rebalancer-test.0.AutoRebalancerTest.NoReplicaMovesIfNoTablets.1780912039339614-16666-0/minicluster-data/ts-2-root
uuid: "f511e0600f7c4ae1b19b3f93b988ad1d"
format_stamp: "Formatted at 2026-06-08 09:48:24 on dist-test-slave-8t9f"
I20260608 09:48:24.478529 16666 fs_report.cc:389] FS layout report
--------------------
wal directory: /tmp/dist-test-taskTLOYZf/test-tmp/auto_rebalancer-test.0.AutoRebalancerTest.NoReplicaMovesIfNoTablets.1780912039339614-16666-0/minicluster-data/ts-2-root
metadata directory: /tmp/dist-test-taskTLOYZf/test-tmp/auto_rebalancer-test.0.AutoRebalancerTest.NoReplicaMovesIfNoTablets.1780912039339614-16666-0/minicluster-data/ts-2-root
1 data directories: /tmp/dist-test-taskTLOYZf/test-tmp/auto_rebalancer-test.0.AutoRebalancerTest.NoReplicaMovesIfNoTablets.1780912039339614-16666-0/minicluster-data/ts-2-root/data
Total live blocks: 0
Total live bytes: 0
Total live bytes (after alignment): 0
Total number of LBM containers: 0 (0 full)
Did not check for missing blocks
Did not check for orphaned blocks
Total full LBM containers with extra space: 0 (0 repaired)
Total full LBM container extra space in bytes: 0 (0 repaired)
Total incomplete LBM containers: 0 (0 repaired)
Total LBM partial records: 0 (0 repaired)
Total corrupted LBM metadata records in RocksDB: 0 (0 repaired)
I20260608 09:48:24.489099 16666 rpc_server.cc:225] running with OpenSSL 1.1.1  11 Sep 2018
I20260608 09:48:24.490401 16666 kserver.cc:163] Server-wide thread pool size limit: 3276
I20260608 09:48:24.491876 16666 txn_system_client.cc:432] TxnSystemClient initialization is disabled...
I20260608 09:48:24.494179 16666 ts_tablet_manager.cc:585] Loaded tablet metadata (0 total tablets, 0 live tablets)
I20260608 09:48:24.494407 16666 ts_tablet_manager.cc:531] Time spent load tablet metadata: real 0.000s	user 0.000s	sys 0.000s
I20260608 09:48:24.494664 16666 ts_tablet_manager.cc:616] Registered 0 tablets
I20260608 09:48:24.494848 16666 ts_tablet_manager.cc:595] Time spent register tablets: real 0.000s	user 0.000s	sys 0.000s
I20260608 09:48:24.537000 16666 rpc_server.cc:307] RPC server started. Bound to: 127.16.70.131:35307
I20260608 09:48:24.537143 19166 acceptor_pool.cc:272] collecting diagnostics on the listening RPC socket 127.16.70.131:35307 every 8 connection(s)
I20260608 09:48:24.552311 19167 heartbeater.cc:344] Connected to a master server at 127.16.70.190:41515
I20260608 09:48:24.552749 19167 heartbeater.cc:461] Registering TS with master...
I20260608 09:48:24.553619 19167 heartbeater.cc:507] Master 127.16.70.190:41515 requested a full tablet report, sending...
I20260608 09:48:24.555773 18891 ts_manager.cc:194] Registered new tserver with Master: f511e0600f7c4ae1b19b3f93b988ad1d (127.16.70.131:35307)
I20260608 09:48:24.556010 16666 internal_mini_cluster.cc:371] 3 TS(s) registered with all masters after 0.015129776s
I20260608 09:48:24.557374 18891 master_service.cc:502] Signed X509 certificate for tserver {username='slave'} at 127.0.0.1:56494
I20260608 09:48:25.370241 19018 heartbeater.cc:499] Master 127.16.70.190:41515 was elected leader, sending a full tablet report...
I20260608 09:48:25.471166 19093 heartbeater.cc:499] Master 127.16.70.190:41515 was elected leader, sending a full tablet report...
I20260608 09:48:25.560180 19167 heartbeater.cc:499] Master 127.16.70.190:41515 was elected leader, sending a full tablet report...
I20260608 09:48:26.176106 18944 auto_leader_rebalancer.cc:451] All tables' leader rebalancing finished this round
I20260608 09:48:28.177003 18944 auto_leader_rebalancer.cc:451] All tables' leader rebalancing finished this round
I20260608 09:48:30.178330 18944 auto_leader_rebalancer.cc:451] All tables' leader rebalancing finished this round
I20260608 09:48:32.179739 18944 auto_leader_rebalancer.cc:451] All tables' leader rebalancing finished this round
I20260608 09:48:34.180886 18944 auto_leader_rebalancer.cc:451] All tables' leader rebalancing finished this round
I20260608 09:48:36.181983 18944 auto_leader_rebalancer.cc:451] All tables' leader rebalancing finished this round
I20260608 09:48:36.651813 16666 tablet_server.cc:179] TabletServer@127.16.70.129:0 shutting down...
I20260608 09:48:36.678494 16666 ts_tablet_manager.cc:1507] Shutting down tablet manager...
I20260608 09:48:36.696307 16666 tablet_server.cc:196] TabletServer@127.16.70.129:0 shutdown complete.
I20260608 09:48:36.706020 16666 tablet_server.cc:179] TabletServer@127.16.70.130:0 shutting down...
I20260608 09:48:36.725948 16666 ts_tablet_manager.cc:1507] Shutting down tablet manager...
I20260608 09:48:36.742108 16666 tablet_server.cc:196] TabletServer@127.16.70.130:0 shutdown complete.
I20260608 09:48:36.750991 16666 tablet_server.cc:179] TabletServer@127.16.70.131:0 shutting down...
I20260608 09:48:36.771724 16666 ts_tablet_manager.cc:1507] Shutting down tablet manager...
I20260608 09:48:36.787745 16666 tablet_server.cc:196] TabletServer@127.16.70.131:0 shutdown complete.
I20260608 09:48:36.797026 16666 master.cc:562] Master@127.16.70.190:41515 shutting down...
I20260608 09:48:36.814625 16666 raft_consensus.cc:2243] T 00000000000000000000000000000000 P 26115fc696574cf688c587d21b1e73c4 [term 1 LEADER]: Raft consensus shutting down.
I20260608 09:48:36.815429 16666 raft_consensus.cc:2272] T 00000000000000000000000000000000 P 26115fc696574cf688c587d21b1e73c4 [term 1 FOLLOWER]: Raft consensus is shut down!
I20260608 09:48:36.815754 16666 tablet_replica.cc:333] T 00000000000000000000000000000000 P 26115fc696574cf688c587d21b1e73c4: stopping tablet replica
I20260608 09:48:36.834071 16666 master.cc:584] Master@127.16.70.190:41515 shutdown complete.
[       OK ] AutoRebalancerTest.NoReplicaMovesIfNoTablets (12838 ms)
[ RUN      ] AutoRebalancerTest.RangeAwareBuildClusterInfoGroupsByRange
I20260608 09:48:36.866794 16666 internal_mini_cluster.cc:156] Creating distributed mini masters. Addrs: 127.16.70.190:45497
I20260608 09:48:36.868149 16666 file_cache.cc:492] Constructed file cache file cache with capacity 419430
W20260608 09:48:36.874331 19172 instance_detector.cc:116] could not retrieve AWS instance metadata: Network error: curl error: HTTP response code said error: The requested URL returned error: 404
W20260608 09:48:36.874418 19173 instance_detector.cc:116] could not retrieve Azure instance metadata: Network error: curl error: HTTP response code said error: The requested URL returned error: 404
W20260608 09:48:36.875409 19175 instance_detector.cc:116] could not retrieve OpenStack instance metadata: Network error: curl error: HTTP response code said error: The requested URL returned error: 404
I20260608 09:48:36.875645 16666 server_base.cc:1061] running on GCE node
I20260608 09:48:36.876505 16666 hybrid_clock.cc:584] initializing the hybrid clock with 'system_unsync' time source
W20260608 09:48:36.876696 16666 system_unsync_time.cc:38] NTP support is disabled. Clock error bounds will not be accurate. This configuration is not suitable for distributed clusters.
I20260608 09:48:36.876812 16666 hybrid_clock.cc:648] HybridClock initialized: now 1780912116876801 us; error 0 us; skew 500 ppm
I20260608 09:48:36.877321 16666 server_base.cc:861] Flag tcmalloc_max_total_thread_cache_bytes is not working since tcmalloc is not enabled.
I20260608 09:48:36.879882 16666 webserver.cc:533] Webserver started at http://127.16.70.190:35101/ using document root <none> and password file <none>
I20260608 09:48:36.880342 16666 fs_manager.cc:362] Metadata directory not provided
I20260608 09:48:36.880503 16666 fs_manager.cc:368] Using write-ahead log directory (fs_wal_dir) as metadata directory
I20260608 09:48:36.880728 16666 server_base.cc:909] This appears to be a new deployment of Kudu; creating new FS layout
I20260608 09:48:36.881943 16666 fs_manager.cc:1068] Generated new instance metadata in path /tmp/dist-test-taskTLOYZf/test-tmp/auto_rebalancer-test.0.AutoRebalancerTest.RangeAwareBuildClusterInfoGroupsByRange.1780912039339614-16666-0/minicluster-data/master-0-root/instance:
uuid: "e07693419a1c4c0c92bba9ba84f8ce70"
format_stamp: "Formatted at 2026-06-08 09:48:36 on dist-test-slave-8t9f"
I20260608 09:48:36.886662 16666 fs_manager.cc:696] Time spent creating directory manager: real 0.004s	user 0.003s	sys 0.002s
I20260608 09:48:36.890165 19180 log_block_manager.cc:4031] Time spent loading block containers with low live blocks: real 0.000s	user 0.000s	sys 0.000s
I20260608 09:48:36.890913 16666 fs_manager.cc:730] Time spent opening block manager: real 0.002s	user 0.002s	sys 0.001s
I20260608 09:48:36.891232 16666 fs_manager.cc:647] Opened local filesystem: /tmp/dist-test-taskTLOYZf/test-tmp/auto_rebalancer-test.0.AutoRebalancerTest.RangeAwareBuildClusterInfoGroupsByRange.1780912039339614-16666-0/minicluster-data/master-0-root
uuid: "e07693419a1c4c0c92bba9ba84f8ce70"
format_stamp: "Formatted at 2026-06-08 09:48:36 on dist-test-slave-8t9f"
I20260608 09:48:36.891513 16666 fs_report.cc:389] FS layout report
--------------------
wal directory: /tmp/dist-test-taskTLOYZf/test-tmp/auto_rebalancer-test.0.AutoRebalancerTest.RangeAwareBuildClusterInfoGroupsByRange.1780912039339614-16666-0/minicluster-data/master-0-root
metadata directory: /tmp/dist-test-taskTLOYZf/test-tmp/auto_rebalancer-test.0.AutoRebalancerTest.RangeAwareBuildClusterInfoGroupsByRange.1780912039339614-16666-0/minicluster-data/master-0-root
1 data directories: /tmp/dist-test-taskTLOYZf/test-tmp/auto_rebalancer-test.0.AutoRebalancerTest.RangeAwareBuildClusterInfoGroupsByRange.1780912039339614-16666-0/minicluster-data/master-0-root/data
Total live blocks: 0
Total live bytes: 0
Total live bytes (after alignment): 0
Total number of LBM containers: 0 (0 full)
Did not check for missing blocks
Did not check for orphaned blocks
Total full LBM containers with extra space: 0 (0 repaired)
Total full LBM container extra space in bytes: 0 (0 repaired)
Total incomplete LBM containers: 0 (0 repaired)
Total LBM partial records: 0 (0 repaired)
Total corrupted LBM metadata records in RocksDB: 0 (0 repaired)
I20260608 09:48:36.913097 16666 rpc_server.cc:225] running with OpenSSL 1.1.1  11 Sep 2018
I20260608 09:48:36.914438 16666 kserver.cc:163] Server-wide thread pool size limit: 3276
I20260608 09:48:36.954411 16666 rpc_server.cc:307] RPC server started. Bound to: 127.16.70.190:45497
I20260608 09:48:36.954578 19231 acceptor_pool.cc:272] collecting diagnostics on the listening RPC socket 127.16.70.190:45497 every 8 connection(s)
I20260608 09:48:36.959061 19232 data_dirs.cc:400] Could only allocate 1 dirs of requested 3 for tablet 00000000000000000000000000000000. 1 dirs total, 0 dirs full, 0 dirs failed
I20260608 09:48:36.970043 19232 tablet_bootstrap.cc:492] T 00000000000000000000000000000000 P e07693419a1c4c0c92bba9ba84f8ce70: Bootstrap starting.
I20260608 09:48:36.974969 19232 tablet_bootstrap.cc:654] T 00000000000000000000000000000000 P e07693419a1c4c0c92bba9ba84f8ce70: Neither blocks nor log segments found. Creating new log.
I20260608 09:48:36.979251 19232 tablet_bootstrap.cc:492] T 00000000000000000000000000000000 P e07693419a1c4c0c92bba9ba84f8ce70: No bootstrap required, opened a new log
I20260608 09:48:36.981663 19232 raft_consensus.cc:359] T 00000000000000000000000000000000 P e07693419a1c4c0c92bba9ba84f8ce70 [term 0 FOLLOWER]: Replica starting. Triggering 0 pending ops. Active config: opid_index: -1 OBSOLETE_local: true peers { permanent_uuid: "e07693419a1c4c0c92bba9ba84f8ce70" member_type: VOTER }
I20260608 09:48:36.982136 19232 raft_consensus.cc:385] T 00000000000000000000000000000000 P e07693419a1c4c0c92bba9ba84f8ce70 [term 0 FOLLOWER]: Consensus starting up: Expiring failure detector timer to make a prompt election more likely
I20260608 09:48:36.982448 19232 raft_consensus.cc:740] T 00000000000000000000000000000000 P e07693419a1c4c0c92bba9ba84f8ce70 [term 0 FOLLOWER]: Becoming Follower/Learner. State: Replica: e07693419a1c4c0c92bba9ba84f8ce70, State: Initialized, Role: FOLLOWER
I20260608 09:48:36.983134 19232 consensus_queue.cc:260] T 00000000000000000000000000000000 P e07693419a1c4c0c92bba9ba84f8ce70 [NON_LEADER]: Queue going to NON_LEADER mode. State: All replicated index: 0, Majority replicated index: 0, Committed index: 0, Last appended: 0.0, Last appended by leader: 0, Current term: 0, Majority size: -1, State: 0, Mode: NON_LEADER, active raft config: opid_index: -1 OBSOLETE_local: true peers { permanent_uuid: "e07693419a1c4c0c92bba9ba84f8ce70" member_type: VOTER }
I20260608 09:48:36.983619 19232 raft_consensus.cc:399] T 00000000000000000000000000000000 P e07693419a1c4c0c92bba9ba84f8ce70 [term 0 FOLLOWER]: Only one voter in the Raft config. Triggering election immediately
I20260608 09:48:36.983839 19232 raft_consensus.cc:493] T 00000000000000000000000000000000 P e07693419a1c4c0c92bba9ba84f8ce70 [term 0 FOLLOWER]: Starting leader election (initial election of a single-replica configuration)
I20260608 09:48:36.984148 19232 raft_consensus.cc:3060] T 00000000000000000000000000000000 P e07693419a1c4c0c92bba9ba84f8ce70 [term 0 FOLLOWER]: Advancing to term 1
I20260608 09:48:36.988457 19232 raft_consensus.cc:515] T 00000000000000000000000000000000 P e07693419a1c4c0c92bba9ba84f8ce70 [term 1 FOLLOWER]: Starting leader election with config: opid_index: -1 OBSOLETE_local: true peers { permanent_uuid: "e07693419a1c4c0c92bba9ba84f8ce70" member_type: VOTER }
I20260608 09:48:36.988986 19232 leader_election.cc:304] T 00000000000000000000000000000000 P e07693419a1c4c0c92bba9ba84f8ce70 [CANDIDATE]: Term 1 election: Election decided. Result: candidate won. Election summary: received 1 responses out of 1 voters: 1 yes votes; 0 no votes. yes voters: e07693419a1c4c0c92bba9ba84f8ce70; no voters: 
I20260608 09:48:36.990149 19232 leader_election.cc:290] T 00000000000000000000000000000000 P e07693419a1c4c0c92bba9ba84f8ce70 [CANDIDATE]: Term 1 election: Requested vote from peers 
I20260608 09:48:36.990633 19235 raft_consensus.cc:2804] T 00000000000000000000000000000000 P e07693419a1c4c0c92bba9ba84f8ce70 [term 1 FOLLOWER]: Leader election won for term 1
I20260608 09:48:36.992024 19235 raft_consensus.cc:697] T 00000000000000000000000000000000 P e07693419a1c4c0c92bba9ba84f8ce70 [term 1 LEADER]: Becoming Leader. State: Replica: e07693419a1c4c0c92bba9ba84f8ce70, State: Running, Role: LEADER
I20260608 09:48:36.992750 19235 consensus_queue.cc:237] T 00000000000000000000000000000000 P e07693419a1c4c0c92bba9ba84f8ce70 [LEADER]: Queue going to LEADER mode. State: All replicated index: 0, Majority replicated index: 0, Committed index: 0, Last appended: 0.0, Last appended by leader: 0, Current term: 1, Majority size: 1, State: 0, Mode: LEADER, active raft config: opid_index: -1 OBSOLETE_local: true peers { permanent_uuid: "e07693419a1c4c0c92bba9ba84f8ce70" member_type: VOTER }
I20260608 09:48:36.993251 19232 sys_catalog.cc:565] T 00000000000000000000000000000000 P e07693419a1c4c0c92bba9ba84f8ce70 [sys.catalog]: configured and running, proceeding with master startup.
I20260608 09:48:36.995771 19236 sys_catalog.cc:455] T 00000000000000000000000000000000 P e07693419a1c4c0c92bba9ba84f8ce70 [sys.catalog]: SysCatalogTable state changed. Reason: RaftConsensus started. Latest consensus state: current_term: 1 leader_uuid: "e07693419a1c4c0c92bba9ba84f8ce70" committed_config { opid_index: -1 OBSOLETE_local: true peers { permanent_uuid: "e07693419a1c4c0c92bba9ba84f8ce70" member_type: VOTER } }
I20260608 09:48:36.995841 19237 sys_catalog.cc:455] T 00000000000000000000000000000000 P e07693419a1c4c0c92bba9ba84f8ce70 [sys.catalog]: SysCatalogTable state changed. Reason: New leader e07693419a1c4c0c92bba9ba84f8ce70. Latest consensus state: current_term: 1 leader_uuid: "e07693419a1c4c0c92bba9ba84f8ce70" committed_config { opid_index: -1 OBSOLETE_local: true peers { permanent_uuid: "e07693419a1c4c0c92bba9ba84f8ce70" member_type: VOTER } }
I20260608 09:48:36.996518 19236 sys_catalog.cc:458] T 00000000000000000000000000000000 P e07693419a1c4c0c92bba9ba84f8ce70 [sys.catalog]: This master's current role is: LEADER
I20260608 09:48:36.996590 19237 sys_catalog.cc:458] T 00000000000000000000000000000000 P e07693419a1c4c0c92bba9ba84f8ce70 [sys.catalog]: This master's current role is: LEADER
I20260608 09:48:37.000936 19240 catalog_manager.cc:1510] Loading table and tablet metadata into memory...
I20260608 09:48:37.009040 19240 catalog_manager.cc:1519] Initializing Kudu cluster ID...
I20260608 09:48:37.010048 16666 internal_mini_cluster.cc:184] Waiting to initialize catalog manager on master 0
I20260608 09:48:37.018759 19240 catalog_manager.cc:1382] Generated new cluster ID: 6406bafe649c4bf2b17a3f44e7124909
I20260608 09:48:37.019049 19240 catalog_manager.cc:1530] Initializing Kudu internal certificate authority...
I20260608 09:48:37.036839 19240 catalog_manager.cc:1405] Generated new certificate authority record
I20260608 09:48:37.038128 19240 catalog_manager.cc:1539] Loading token signing keys...
I20260608 09:48:37.056694 19240 catalog_manager.cc:6069] T 00000000000000000000000000000000 P e07693419a1c4c0c92bba9ba84f8ce70: Generated new TSK 0
I20260608 09:48:37.057371 19240 catalog_manager.cc:1549] Initializing in-progress tserver states...
I20260608 09:48:37.076624 16666 file_cache.cc:492] Constructed file cache file cache with capacity 419430
W20260608 09:48:37.083235 19253 instance_detector.cc:116] could not retrieve AWS instance metadata: Network error: curl error: HTTP response code said error: The requested URL returned error: 404
W20260608 09:48:37.084205 19254 instance_detector.cc:116] could not retrieve Azure instance metadata: Network error: curl error: HTTP response code said error: The requested URL returned error: 404
I20260608 09:48:37.086458 16666 server_base.cc:1061] running on GCE node
W20260608 09:48:37.086546 19257 instance_detector.cc:116] could not retrieve OpenStack instance metadata: Network error: curl error: HTTP response code said error: The requested URL returned error: 404
I20260608 09:48:37.087674 16666 hybrid_clock.cc:584] initializing the hybrid clock with 'system_unsync' time source
W20260608 09:48:37.087924 16666 system_unsync_time.cc:38] NTP support is disabled. Clock error bounds will not be accurate. This configuration is not suitable for distributed clusters.
I20260608 09:48:37.088133 16666 hybrid_clock.cc:648] HybridClock initialized: now 1780912117088113 us; error 0 us; skew 500 ppm
I20260608 09:48:37.088773 16666 server_base.cc:861] Flag tcmalloc_max_total_thread_cache_bytes is not working since tcmalloc is not enabled.
I20260608 09:48:37.091260 16666 webserver.cc:533] Webserver started at http://127.16.70.129:40955/ using document root <none> and password file <none>
I20260608 09:48:37.091812 16666 fs_manager.cc:362] Metadata directory not provided
I20260608 09:48:37.092038 16666 fs_manager.cc:368] Using write-ahead log directory (fs_wal_dir) as metadata directory
I20260608 09:48:37.092344 16666 server_base.cc:909] This appears to be a new deployment of Kudu; creating new FS layout
I20260608 09:48:37.093673 16666 fs_manager.cc:1068] Generated new instance metadata in path /tmp/dist-test-taskTLOYZf/test-tmp/auto_rebalancer-test.0.AutoRebalancerTest.RangeAwareBuildClusterInfoGroupsByRange.1780912039339614-16666-0/minicluster-data/ts-0-root/instance:
uuid: "8b70c5f86bef4e44a2a7bc856652ca49"
format_stamp: "Formatted at 2026-06-08 09:48:37 on dist-test-slave-8t9f"
I20260608 09:48:37.098786 16666 fs_manager.cc:696] Time spent creating directory manager: real 0.005s	user 0.005s	sys 0.000s
I20260608 09:48:37.102541 19261 log_block_manager.cc:4031] Time spent loading block containers with low live blocks: real 0.000s	user 0.000s	sys 0.000s
I20260608 09:48:37.103456 16666 fs_manager.cc:730] Time spent opening block manager: real 0.002s	user 0.004s	sys 0.000s
I20260608 09:48:37.103762 16666 fs_manager.cc:647] Opened local filesystem: /tmp/dist-test-taskTLOYZf/test-tmp/auto_rebalancer-test.0.AutoRebalancerTest.RangeAwareBuildClusterInfoGroupsByRange.1780912039339614-16666-0/minicluster-data/ts-0-root
uuid: "8b70c5f86bef4e44a2a7bc856652ca49"
format_stamp: "Formatted at 2026-06-08 09:48:37 on dist-test-slave-8t9f"
I20260608 09:48:37.104038 16666 fs_report.cc:389] FS layout report
--------------------
wal directory: /tmp/dist-test-taskTLOYZf/test-tmp/auto_rebalancer-test.0.AutoRebalancerTest.RangeAwareBuildClusterInfoGroupsByRange.1780912039339614-16666-0/minicluster-data/ts-0-root
metadata directory: /tmp/dist-test-taskTLOYZf/test-tmp/auto_rebalancer-test.0.AutoRebalancerTest.RangeAwareBuildClusterInfoGroupsByRange.1780912039339614-16666-0/minicluster-data/ts-0-root
1 data directories: /tmp/dist-test-taskTLOYZf/test-tmp/auto_rebalancer-test.0.AutoRebalancerTest.RangeAwareBuildClusterInfoGroupsByRange.1780912039339614-16666-0/minicluster-data/ts-0-root/data
Total live blocks: 0
Total live bytes: 0
Total live bytes (after alignment): 0
Total number of LBM containers: 0 (0 full)
Did not check for missing blocks
Did not check for orphaned blocks
Total full LBM containers with extra space: 0 (0 repaired)
Total full LBM container extra space in bytes: 0 (0 repaired)
Total incomplete LBM containers: 0 (0 repaired)
Total LBM partial records: 0 (0 repaired)
Total corrupted LBM metadata records in RocksDB: 0 (0 repaired)
I20260608 09:48:37.124650 16666 rpc_server.cc:225] running with OpenSSL 1.1.1  11 Sep 2018
I20260608 09:48:37.125952 16666 kserver.cc:163] Server-wide thread pool size limit: 3276
I20260608 09:48:37.127409 16666 txn_system_client.cc:432] TxnSystemClient initialization is disabled...
I20260608 09:48:37.129858 16666 ts_tablet_manager.cc:585] Loaded tablet metadata (0 total tablets, 0 live tablets)
I20260608 09:48:37.130095 16666 ts_tablet_manager.cc:531] Time spent load tablet metadata: real 0.000s	user 0.000s	sys 0.000s
I20260608 09:48:37.130344 16666 ts_tablet_manager.cc:616] Registered 0 tablets
I20260608 09:48:37.130501 16666 ts_tablet_manager.cc:595] Time spent register tablets: real 0.000s	user 0.000s	sys 0.000s
I20260608 09:48:37.170604 16666 rpc_server.cc:307] RPC server started. Bound to: 127.16.70.129:46407
I20260608 09:48:37.170724 19323 acceptor_pool.cc:272] collecting diagnostics on the listening RPC socket 127.16.70.129:46407 every 8 connection(s)
I20260608 09:48:37.175827 16666 file_cache.cc:492] Constructed file cache file cache with capacity 419430
W20260608 09:48:37.184708 19328 instance_detector.cc:116] could not retrieve AWS instance metadata: Network error: curl error: HTTP response code said error: The requested URL returned error: 404
W20260608 09:48:37.185082 19329 instance_detector.cc:116] could not retrieve Azure instance metadata: Network error: curl error: HTTP response code said error: The requested URL returned error: 404
W20260608 09:48:37.187209 19331 instance_detector.cc:116] could not retrieve OpenStack instance metadata: Network error: curl error: HTTP response code said error: The requested URL returned error: 404
I20260608 09:48:37.188268 16666 server_base.cc:1061] running on GCE node
I20260608 09:48:37.189117 16666 hybrid_clock.cc:584] initializing the hybrid clock with 'system_unsync' time source
W20260608 09:48:37.189311 16666 system_unsync_time.cc:38] NTP support is disabled. Clock error bounds will not be accurate. This configuration is not suitable for distributed clusters.
I20260608 09:48:37.189510 16666 hybrid_clock.cc:648] HybridClock initialized: now 1780912117189492 us; error 0 us; skew 500 ppm
I20260608 09:48:37.190050 16666 server_base.cc:861] Flag tcmalloc_max_total_thread_cache_bytes is not working since tcmalloc is not enabled.
I20260608 09:48:37.192302 16666 webserver.cc:533] Webserver started at http://127.16.70.130:43005/ using document root <none> and password file <none>
I20260608 09:48:37.192894 16666 fs_manager.cc:362] Metadata directory not provided
I20260608 09:48:37.193266 16666 fs_manager.cc:368] Using write-ahead log directory (fs_wal_dir) as metadata directory
I20260608 09:48:37.193707 16666 server_base.cc:909] This appears to be a new deployment of Kudu; creating new FS layout
I20260608 09:48:37.195596 16666 fs_manager.cc:1068] Generated new instance metadata in path /tmp/dist-test-taskTLOYZf/test-tmp/auto_rebalancer-test.0.AutoRebalancerTest.RangeAwareBuildClusterInfoGroupsByRange.1780912039339614-16666-0/minicluster-data/ts-1-root/instance:
uuid: "1aef8d63d97e4eadb074fcf6cafd6f21"
format_stamp: "Formatted at 2026-06-08 09:48:37 on dist-test-slave-8t9f"
I20260608 09:48:37.196379 19324 heartbeater.cc:344] Connected to a master server at 127.16.70.190:45497
I20260608 09:48:37.196764 19324 heartbeater.cc:461] Registering TS with master...
I20260608 09:48:37.197578 19324 heartbeater.cc:507] Master 127.16.70.190:45497 requested a full tablet report, sending...
I20260608 09:48:37.199745 19197 ts_manager.cc:194] Registered new tserver with Master: 8b70c5f86bef4e44a2a7bc856652ca49 (127.16.70.129:46407)
I20260608 09:48:37.201635 16666 fs_manager.cc:696] Time spent creating directory manager: real 0.005s	user 0.007s	sys 0.001s
I20260608 09:48:37.202219 19197 master_service.cc:502] Signed X509 certificate for tserver {username='slave'} at 127.0.0.1:59198
I20260608 09:48:37.206120 19336 log_block_manager.cc:4031] Time spent loading block containers with low live blocks: real 0.000s	user 0.000s	sys 0.000s
I20260608 09:48:37.206894 16666 fs_manager.cc:730] Time spent opening block manager: real 0.003s	user 0.003s	sys 0.001s
I20260608 09:48:37.207212 16666 fs_manager.cc:647] Opened local filesystem: /tmp/dist-test-taskTLOYZf/test-tmp/auto_rebalancer-test.0.AutoRebalancerTest.RangeAwareBuildClusterInfoGroupsByRange.1780912039339614-16666-0/minicluster-data/ts-1-root
uuid: "1aef8d63d97e4eadb074fcf6cafd6f21"
format_stamp: "Formatted at 2026-06-08 09:48:37 on dist-test-slave-8t9f"
I20260608 09:48:37.207521 16666 fs_report.cc:389] FS layout report
--------------------
wal directory: /tmp/dist-test-taskTLOYZf/test-tmp/auto_rebalancer-test.0.AutoRebalancerTest.RangeAwareBuildClusterInfoGroupsByRange.1780912039339614-16666-0/minicluster-data/ts-1-root
metadata directory: /tmp/dist-test-taskTLOYZf/test-tmp/auto_rebalancer-test.0.AutoRebalancerTest.RangeAwareBuildClusterInfoGroupsByRange.1780912039339614-16666-0/minicluster-data/ts-1-root
1 data directories: /tmp/dist-test-taskTLOYZf/test-tmp/auto_rebalancer-test.0.AutoRebalancerTest.RangeAwareBuildClusterInfoGroupsByRange.1780912039339614-16666-0/minicluster-data/ts-1-root/data
Total live blocks: 0
Total live bytes: 0
Total live bytes (after alignment): 0
Total number of LBM containers: 0 (0 full)
Did not check for missing blocks
Did not check for orphaned blocks
Total full LBM containers with extra space: 0 (0 repaired)
Total full LBM container extra space in bytes: 0 (0 repaired)
Total incomplete LBM containers: 0 (0 repaired)
Total LBM partial records: 0 (0 repaired)
Total corrupted LBM metadata records in RocksDB: 0 (0 repaired)
I20260608 09:48:37.219368 16666 rpc_server.cc:225] running with OpenSSL 1.1.1  11 Sep 2018
I20260608 09:48:37.220604 16666 kserver.cc:163] Server-wide thread pool size limit: 3276
I20260608 09:48:37.222093 16666 txn_system_client.cc:432] TxnSystemClient initialization is disabled...
I20260608 09:48:37.224330 16666 ts_tablet_manager.cc:585] Loaded tablet metadata (0 total tablets, 0 live tablets)
I20260608 09:48:37.224581 16666 ts_tablet_manager.cc:531] Time spent load tablet metadata: real 0.000s	user 0.000s	sys 0.000s
I20260608 09:48:37.224829 16666 ts_tablet_manager.cc:616] Registered 0 tablets
I20260608 09:48:37.225008 16666 ts_tablet_manager.cc:595] Time spent register tablets: real 0.000s	user 0.000s	sys 0.000s
I20260608 09:48:37.263976 16666 rpc_server.cc:307] RPC server started. Bound to: 127.16.70.130:46393
I20260608 09:48:37.264109 19398 acceptor_pool.cc:272] collecting diagnostics on the listening RPC socket 127.16.70.130:46393 every 8 connection(s)
I20260608 09:48:37.268988 16666 file_cache.cc:492] Constructed file cache file cache with capacity 419430
W20260608 09:48:37.276170 19402 instance_detector.cc:116] could not retrieve AWS instance metadata: Network error: curl error: HTTP response code said error: The requested URL returned error: 404
W20260608 09:48:37.278824 19403 instance_detector.cc:116] could not retrieve Azure instance metadata: Network error: curl error: HTTP response code said error: The requested URL returned error: 404
I20260608 09:48:37.280665 16666 server_base.cc:1061] running on GCE node
W20260608 09:48:37.280696 19405 instance_detector.cc:116] could not retrieve OpenStack instance metadata: Network error: curl error: HTTP response code said error: The requested URL returned error: 404
I20260608 09:48:37.281749 19399 heartbeater.cc:344] Connected to a master server at 127.16.70.190:45497
I20260608 09:48:37.281960 16666 hybrid_clock.cc:584] initializing the hybrid clock with 'system_unsync' time source
I20260608 09:48:37.282202 19399 heartbeater.cc:461] Registering TS with master...
W20260608 09:48:37.282220 16666 system_unsync_time.cc:38] NTP support is disabled. Clock error bounds will not be accurate. This configuration is not suitable for distributed clusters.
I20260608 09:48:37.282632 16666 hybrid_clock.cc:648] HybridClock initialized: now 1780912117282613 us; error 0 us; skew 500 ppm
I20260608 09:48:37.283327 19399 heartbeater.cc:507] Master 127.16.70.190:45497 requested a full tablet report, sending...
I20260608 09:48:37.283669 16666 server_base.cc:861] Flag tcmalloc_max_total_thread_cache_bytes is not working since tcmalloc is not enabled.
I20260608 09:48:37.285673 19197 ts_manager.cc:194] Registered new tserver with Master: 1aef8d63d97e4eadb074fcf6cafd6f21 (127.16.70.130:46393)
I20260608 09:48:37.286677 16666 webserver.cc:533] Webserver started at http://127.16.70.131:39113/ using document root <none> and password file <none>
I20260608 09:48:37.287216 16666 fs_manager.cc:362] Metadata directory not provided
I20260608 09:48:37.287271 19197 master_service.cc:502] Signed X509 certificate for tserver {username='slave'} at 127.0.0.1:59202
I20260608 09:48:37.287446 16666 fs_manager.cc:368] Using write-ahead log directory (fs_wal_dir) as metadata directory
I20260608 09:48:37.287866 16666 server_base.cc:909] This appears to be a new deployment of Kudu; creating new FS layout
I20260608 09:48:37.289211 16666 fs_manager.cc:1068] Generated new instance metadata in path /tmp/dist-test-taskTLOYZf/test-tmp/auto_rebalancer-test.0.AutoRebalancerTest.RangeAwareBuildClusterInfoGroupsByRange.1780912039339614-16666-0/minicluster-data/ts-2-root/instance:
uuid: "f2ab1d3d8cc54b3a9d46c966e6495c12"
format_stamp: "Formatted at 2026-06-08 09:48:37 on dist-test-slave-8t9f"
I20260608 09:48:37.293838 16666 fs_manager.cc:696] Time spent creating directory manager: real 0.004s	user 0.001s	sys 0.002s
I20260608 09:48:37.297171 19410 log_block_manager.cc:4031] Time spent loading block containers with low live blocks: real 0.000s	user 0.000s	sys 0.000s
I20260608 09:48:37.297959 16666 fs_manager.cc:730] Time spent opening block manager: real 0.002s	user 0.002s	sys 0.001s
I20260608 09:48:37.298259 16666 fs_manager.cc:647] Opened local filesystem: /tmp/dist-test-taskTLOYZf/test-tmp/auto_rebalancer-test.0.AutoRebalancerTest.RangeAwareBuildClusterInfoGroupsByRange.1780912039339614-16666-0/minicluster-data/ts-2-root
uuid: "f2ab1d3d8cc54b3a9d46c966e6495c12"
format_stamp: "Formatted at 2026-06-08 09:48:37 on dist-test-slave-8t9f"
I20260608 09:48:37.298554 16666 fs_report.cc:389] FS layout report
--------------------
wal directory: /tmp/dist-test-taskTLOYZf/test-tmp/auto_rebalancer-test.0.AutoRebalancerTest.RangeAwareBuildClusterInfoGroupsByRange.1780912039339614-16666-0/minicluster-data/ts-2-root
metadata directory: /tmp/dist-test-taskTLOYZf/test-tmp/auto_rebalancer-test.0.AutoRebalancerTest.RangeAwareBuildClusterInfoGroupsByRange.1780912039339614-16666-0/minicluster-data/ts-2-root
1 data directories: /tmp/dist-test-taskTLOYZf/test-tmp/auto_rebalancer-test.0.AutoRebalancerTest.RangeAwareBuildClusterInfoGroupsByRange.1780912039339614-16666-0/minicluster-data/ts-2-root/data
Total live blocks: 0
Total live bytes: 0
Total live bytes (after alignment): 0
Total number of LBM containers: 0 (0 full)
Did not check for missing blocks
Did not check for orphaned blocks
Total full LBM containers with extra space: 0 (0 repaired)
Total full LBM container extra space in bytes: 0 (0 repaired)
Total incomplete LBM containers: 0 (0 repaired)
Total LBM partial records: 0 (0 repaired)
Total corrupted LBM metadata records in RocksDB: 0 (0 repaired)
I20260608 09:48:37.319679 16666 rpc_server.cc:225] running with OpenSSL 1.1.1  11 Sep 2018
I20260608 09:48:37.320897 16666 kserver.cc:163] Server-wide thread pool size limit: 3276
I20260608 09:48:37.322454 16666 txn_system_client.cc:432] TxnSystemClient initialization is disabled...
I20260608 09:48:37.324787 16666 ts_tablet_manager.cc:585] Loaded tablet metadata (0 total tablets, 0 live tablets)
I20260608 09:48:37.325023 16666 ts_tablet_manager.cc:531] Time spent load tablet metadata: real 0.000s	user 0.000s	sys 0.000s
I20260608 09:48:37.325265 16666 ts_tablet_manager.cc:616] Registered 0 tablets
I20260608 09:48:37.325479 16666 ts_tablet_manager.cc:595] Time spent register tablets: real 0.000s	user 0.001s	sys 0.000s
I20260608 09:48:37.364756 16666 rpc_server.cc:307] RPC server started. Bound to: 127.16.70.131:46513
I20260608 09:48:37.364871 19472 acceptor_pool.cc:272] collecting diagnostics on the listening RPC socket 127.16.70.131:46513 every 8 connection(s)
I20260608 09:48:37.379398 19473 heartbeater.cc:344] Connected to a master server at 127.16.70.190:45497
I20260608 09:48:37.379820 19473 heartbeater.cc:461] Registering TS with master...
I20260608 09:48:37.380579 19473 heartbeater.cc:507] Master 127.16.70.190:45497 requested a full tablet report, sending...
I20260608 09:48:37.382730 19197 ts_manager.cc:194] Registered new tserver with Master: f2ab1d3d8cc54b3a9d46c966e6495c12 (127.16.70.131:46513)
I20260608 09:48:37.382889 16666 internal_mini_cluster.cc:371] 3 TS(s) registered with all masters after 0.014592268s
I20260608 09:48:37.384640 19197 master_service.cc:502] Signed X509 certificate for tserver {username='slave'} at 127.0.0.1:59214
I20260608 09:48:38.204991 19324 heartbeater.cc:499] Master 127.16.70.190:45497 was elected leader, sending a full tablet report...
I20260608 09:48:38.289963 19399 heartbeater.cc:499] Master 127.16.70.190:45497 was elected leader, sending a full tablet report...
I20260608 09:48:38.387697 19473 heartbeater.cc:499] Master 127.16.70.190:45497 was elected leader, sending a full tablet report...
I20260608 09:48:38.439142 19197 catalog_manager.cc:2282] Servicing CreateTable request from {username='slave'} at 127.0.0.1:59228:
name: "range_aware_auto_rebalancer_test"
schema {
  columns {
    name: "key"
    type: INT32
    is_key: true
    is_nullable: false
    encoding: AUTO_ENCODING
    compression: DEFAULT_COMPRESSION
    cfile_block_size: 0
    immutable: false
  }
}
num_replicas: 3
split_rows_range_bounds {
  rows: "\006\001\000\000\000\000\007\001\n\000\000\000\006\001\n\000\000\000\007\001\024\000\000\000""\006\001\000\000\000\000\007\001\n\000\000\000\006\001\n\000\000\000\007\001\024\000\000\000"
  indirect_data: """"
}
partition_schema {
  hash_schema {
    columns {
      name: "key"
    }
    num_buckets: 2
    seed: 0
  }
  range_schema {
    columns {
      name: "key"
    }
  }
}
W20260608 09:48:38.441879 19197 catalog_manager.cc:7076] The number of live tablet servers is not enough to re-replicate a tablet replica of the newly created table range_aware_auto_rebalancer_test in case of a server failure: 4 tablet servers would be needed, 3 are available. Consider bringing up more tablet servers.
I20260608 09:48:38.501672 19438 tablet_service.cc:1511] Processing CreateTablet for tablet 773eab616256458292f6435fc43da929 (DEFAULT_TABLE table=range_aware_auto_rebalancer_test [id=0c578aac6bf04375b86585c50ec30559]), partition=HASH (key) PARTITION 0, RANGE (key) PARTITION 0 <= VALUES < 10
I20260608 09:48:38.503407 19438 data_dirs.cc:400] Could only allocate 1 dirs of requested 3 for tablet 773eab616256458292f6435fc43da929. 1 dirs total, 0 dirs full, 0 dirs failed
I20260608 09:48:38.506772 19437 tablet_service.cc:1511] Processing CreateTablet for tablet 3eb113128c1e479dac5c9e56e36de5bf (DEFAULT_TABLE table=range_aware_auto_rebalancer_test [id=0c578aac6bf04375b86585c50ec30559]), partition=HASH (key) PARTITION 0, RANGE (key) PARTITION 10 <= VALUES < 20
I20260608 09:48:38.508540 19437 data_dirs.cc:400] Could only allocate 1 dirs of requested 3 for tablet 3eb113128c1e479dac5c9e56e36de5bf. 1 dirs total, 0 dirs full, 0 dirs failed
I20260608 09:48:38.520298 19436 tablet_service.cc:1511] Processing CreateTablet for tablet 11b4fc4d62b54c039dc5a00b73baff6a (DEFAULT_TABLE table=range_aware_auto_rebalancer_test [id=0c578aac6bf04375b86585c50ec30559]), partition=HASH (key) PARTITION 1, RANGE (key) PARTITION 0 <= VALUES < 10
I20260608 09:48:38.521963 19436 data_dirs.cc:400] Could only allocate 1 dirs of requested 3 for tablet 11b4fc4d62b54c039dc5a00b73baff6a. 1 dirs total, 0 dirs full, 0 dirs failed
I20260608 09:48:38.525775 19435 tablet_service.cc:1511] Processing CreateTablet for tablet f8480be3f78c4ef99b63c76ea734dbac (DEFAULT_TABLE table=range_aware_auto_rebalancer_test [id=0c578aac6bf04375b86585c50ec30559]), partition=HASH (key) PARTITION 1, RANGE (key) PARTITION 10 <= VALUES < 20
I20260608 09:48:38.527349 19435 data_dirs.cc:400] Could only allocate 1 dirs of requested 3 for tablet f8480be3f78c4ef99b63c76ea734dbac. 1 dirs total, 0 dirs full, 0 dirs failed
I20260608 09:48:38.529809 19364 tablet_service.cc:1511] Processing CreateTablet for tablet 773eab616256458292f6435fc43da929 (DEFAULT_TABLE table=range_aware_auto_rebalancer_test [id=0c578aac6bf04375b86585c50ec30559]), partition=HASH (key) PARTITION 0, RANGE (key) PARTITION 0 <= VALUES < 10
I20260608 09:48:38.531384 19364 data_dirs.cc:400] Could only allocate 1 dirs of requested 3 for tablet 773eab616256458292f6435fc43da929. 1 dirs total, 0 dirs full, 0 dirs failed
I20260608 09:48:38.533682 19363 tablet_service.cc:1511] Processing CreateTablet for tablet 3eb113128c1e479dac5c9e56e36de5bf (DEFAULT_TABLE table=range_aware_auto_rebalancer_test [id=0c578aac6bf04375b86585c50ec30559]), partition=HASH (key) PARTITION 0, RANGE (key) PARTITION 10 <= VALUES < 20
I20260608 09:48:38.535173 19363 data_dirs.cc:400] Could only allocate 1 dirs of requested 3 for tablet 3eb113128c1e479dac5c9e56e36de5bf. 1 dirs total, 0 dirs full, 0 dirs failed
I20260608 09:48:38.538686 19289 tablet_service.cc:1511] Processing CreateTablet for tablet 773eab616256458292f6435fc43da929 (DEFAULT_TABLE table=range_aware_auto_rebalancer_test [id=0c578aac6bf04375b86585c50ec30559]), partition=HASH (key) PARTITION 0, RANGE (key) PARTITION 0 <= VALUES < 10
I20260608 09:48:38.541366 19286 tablet_service.cc:1511] Processing CreateTablet for tablet f8480be3f78c4ef99b63c76ea734dbac (DEFAULT_TABLE table=range_aware_auto_rebalancer_test [id=0c578aac6bf04375b86585c50ec30559]), partition=HASH (key) PARTITION 1, RANGE (key) PARTITION 10 <= VALUES < 20
I20260608 09:48:38.541865 19362 tablet_service.cc:1511] Processing CreateTablet for tablet 11b4fc4d62b54c039dc5a00b73baff6a (DEFAULT_TABLE table=range_aware_auto_rebalancer_test [id=0c578aac6bf04375b86585c50ec30559]), partition=HASH (key) PARTITION 1, RANGE (key) PARTITION 0 <= VALUES < 10
I20260608 09:48:38.543412 19362 data_dirs.cc:400] Could only allocate 1 dirs of requested 3 for tablet 11b4fc4d62b54c039dc5a00b73baff6a. 1 dirs total, 0 dirs full, 0 dirs failed
I20260608 09:48:38.543814 19287 tablet_service.cc:1511] Processing CreateTablet for tablet 11b4fc4d62b54c039dc5a00b73baff6a (DEFAULT_TABLE table=range_aware_auto_rebalancer_test [id=0c578aac6bf04375b86585c50ec30559]), partition=HASH (key) PARTITION 1, RANGE (key) PARTITION 0 <= VALUES < 10
I20260608 09:48:38.545339 19289 data_dirs.cc:400] Could only allocate 1 dirs of requested 3 for tablet 773eab616256458292f6435fc43da929. 1 dirs total, 0 dirs full, 0 dirs failed
I20260608 09:48:38.546044 19286 data_dirs.cc:400] Could only allocate 1 dirs of requested 3 for tablet f8480be3f78c4ef99b63c76ea734dbac. 1 dirs total, 0 dirs full, 0 dirs failed
I20260608 09:48:38.546645 19361 tablet_service.cc:1511] Processing CreateTablet for tablet f8480be3f78c4ef99b63c76ea734dbac (DEFAULT_TABLE table=range_aware_auto_rebalancer_test [id=0c578aac6bf04375b86585c50ec30559]), partition=HASH (key) PARTITION 1, RANGE (key) PARTITION 10 <= VALUES < 20
I20260608 09:48:38.548167 19361 data_dirs.cc:400] Could only allocate 1 dirs of requested 3 for tablet f8480be3f78c4ef99b63c76ea734dbac. 1 dirs total, 0 dirs full, 0 dirs failed
I20260608 09:48:38.549916 19287 data_dirs.cc:400] Could only allocate 1 dirs of requested 3 for tablet 11b4fc4d62b54c039dc5a00b73baff6a. 1 dirs total, 0 dirs full, 0 dirs failed
I20260608 09:48:38.541942 19288 tablet_service.cc:1511] Processing CreateTablet for tablet 3eb113128c1e479dac5c9e56e36de5bf (DEFAULT_TABLE table=range_aware_auto_rebalancer_test [id=0c578aac6bf04375b86585c50ec30559]), partition=HASH (key) PARTITION 0, RANGE (key) PARTITION 10 <= VALUES < 20
I20260608 09:48:38.554898 19288 data_dirs.cc:400] Could only allocate 1 dirs of requested 3 for tablet 3eb113128c1e479dac5c9e56e36de5bf. 1 dirs total, 0 dirs full, 0 dirs failed
I20260608 09:48:38.576172 19494 tablet_bootstrap.cc:492] T 773eab616256458292f6435fc43da929 P f2ab1d3d8cc54b3a9d46c966e6495c12: Bootstrap starting.
I20260608 09:48:38.583465 19493 tablet_bootstrap.cc:492] T f8480be3f78c4ef99b63c76ea734dbac P 8b70c5f86bef4e44a2a7bc856652ca49: Bootstrap starting.
I20260608 09:48:38.588696 19494 tablet_bootstrap.cc:654] T 773eab616256458292f6435fc43da929 P f2ab1d3d8cc54b3a9d46c966e6495c12: Neither blocks nor log segments found. Creating new log.
I20260608 09:48:38.595130 19495 tablet_bootstrap.cc:492] T f8480be3f78c4ef99b63c76ea734dbac P 1aef8d63d97e4eadb074fcf6cafd6f21: Bootstrap starting.
I20260608 09:48:38.599463 19493 tablet_bootstrap.cc:654] T f8480be3f78c4ef99b63c76ea734dbac P 8b70c5f86bef4e44a2a7bc856652ca49: Neither blocks nor log segments found. Creating new log.
I20260608 09:48:38.602835 19494 tablet_bootstrap.cc:492] T 773eab616256458292f6435fc43da929 P f2ab1d3d8cc54b3a9d46c966e6495c12: No bootstrap required, opened a new log
I20260608 09:48:38.603456 19494 ts_tablet_manager.cc:1403] T 773eab616256458292f6435fc43da929 P f2ab1d3d8cc54b3a9d46c966e6495c12: Time spent bootstrapping tablet: real 0.028s	user 0.006s	sys 0.010s
I20260608 09:48:38.605324 19495 tablet_bootstrap.cc:654] T f8480be3f78c4ef99b63c76ea734dbac P 1aef8d63d97e4eadb074fcf6cafd6f21: Neither blocks nor log segments found. Creating new log.
I20260608 09:48:38.606782 19494 raft_consensus.cc:359] T 773eab616256458292f6435fc43da929 P f2ab1d3d8cc54b3a9d46c966e6495c12 [term 0 FOLLOWER]: Replica starting. Triggering 0 pending ops. Active config: opid_index: -1 OBSOLETE_local: false peers { permanent_uuid: "f2ab1d3d8cc54b3a9d46c966e6495c12" member_type: VOTER last_known_addr { host: "127.16.70.131" port: 46513 } } peers { permanent_uuid: "1aef8d63d97e4eadb074fcf6cafd6f21" member_type: VOTER last_known_addr { host: "127.16.70.130" port: 46393 } } peers { permanent_uuid: "8b70c5f86bef4e44a2a7bc856652ca49" member_type: VOTER last_known_addr { host: "127.16.70.129" port: 46407 } }
I20260608 09:48:38.607579 19494 raft_consensus.cc:385] T 773eab616256458292f6435fc43da929 P f2ab1d3d8cc54b3a9d46c966e6495c12 [term 0 FOLLOWER]: Consensus starting up: Expiring failure detector timer to make a prompt election more likely
I20260608 09:48:38.607879 19494 raft_consensus.cc:740] T 773eab616256458292f6435fc43da929 P f2ab1d3d8cc54b3a9d46c966e6495c12 [term 0 FOLLOWER]: Becoming Follower/Learner. State: Replica: f2ab1d3d8cc54b3a9d46c966e6495c12, State: Initialized, Role: FOLLOWER
I20260608 09:48:38.608906 19494 consensus_queue.cc:260] T 773eab616256458292f6435fc43da929 P f2ab1d3d8cc54b3a9d46c966e6495c12 [NON_LEADER]: Queue going to NON_LEADER mode. State: All replicated index: 0, Majority replicated index: 0, Committed index: 0, Last appended: 0.0, Last appended by leader: 0, Current term: 0, Majority size: -1, State: 0, Mode: NON_LEADER, active raft config: opid_index: -1 OBSOLETE_local: false peers { permanent_uuid: "f2ab1d3d8cc54b3a9d46c966e6495c12" member_type: VOTER last_known_addr { host: "127.16.70.131" port: 46513 } } peers { permanent_uuid: "1aef8d63d97e4eadb074fcf6cafd6f21" member_type: VOTER last_known_addr { host: "127.16.70.130" port: 46393 } } peers { permanent_uuid: "8b70c5f86bef4e44a2a7bc856652ca49" member_type: VOTER last_known_addr { host: "127.16.70.129" port: 46407 } }
I20260608 09:48:38.614372 19493 tablet_bootstrap.cc:492] T f8480be3f78c4ef99b63c76ea734dbac P 8b70c5f86bef4e44a2a7bc856652ca49: No bootstrap required, opened a new log
I20260608 09:48:38.614625 19494 ts_tablet_manager.cc:1434] T 773eab616256458292f6435fc43da929 P f2ab1d3d8cc54b3a9d46c966e6495c12: Time spent starting tablet: real 0.011s	user 0.009s	sys 0.000s
I20260608 09:48:38.614880 19493 ts_tablet_manager.cc:1403] T f8480be3f78c4ef99b63c76ea734dbac P 8b70c5f86bef4e44a2a7bc856652ca49: Time spent bootstrapping tablet: real 0.032s	user 0.000s	sys 0.020s
I20260608 09:48:38.615697 19494 tablet_bootstrap.cc:492] T 11b4fc4d62b54c039dc5a00b73baff6a P f2ab1d3d8cc54b3a9d46c966e6495c12: Bootstrap starting.
I20260608 09:48:38.618105 19493 raft_consensus.cc:359] T f8480be3f78c4ef99b63c76ea734dbac P 8b70c5f86bef4e44a2a7bc856652ca49 [term 0 FOLLOWER]: Replica starting. Triggering 0 pending ops. Active config: opid_index: -1 OBSOLETE_local: false peers { permanent_uuid: "8b70c5f86bef4e44a2a7bc856652ca49" member_type: VOTER last_known_addr { host: "127.16.70.129" port: 46407 } } peers { permanent_uuid: "1aef8d63d97e4eadb074fcf6cafd6f21" member_type: VOTER last_known_addr { host: "127.16.70.130" port: 46393 } } peers { permanent_uuid: "f2ab1d3d8cc54b3a9d46c966e6495c12" member_type: VOTER last_known_addr { host: "127.16.70.131" port: 46513 } }
I20260608 09:48:38.618950 19493 raft_consensus.cc:385] T f8480be3f78c4ef99b63c76ea734dbac P 8b70c5f86bef4e44a2a7bc856652ca49 [term 0 FOLLOWER]: Consensus starting up: Expiring failure detector timer to make a prompt election more likely
I20260608 09:48:38.619331 19493 raft_consensus.cc:740] T f8480be3f78c4ef99b63c76ea734dbac P 8b70c5f86bef4e44a2a7bc856652ca49 [term 0 FOLLOWER]: Becoming Follower/Learner. State: Replica: 8b70c5f86bef4e44a2a7bc856652ca49, State: Initialized, Role: FOLLOWER
W20260608 09:48:38.620544 19474 tablet.cc:2404] T 773eab616256458292f6435fc43da929 P f2ab1d3d8cc54b3a9d46c966e6495c12: Can't schedule compaction. Clean time has not been advanced past its initial value.
I20260608 09:48:38.620611 19495 tablet_bootstrap.cc:492] T f8480be3f78c4ef99b63c76ea734dbac P 1aef8d63d97e4eadb074fcf6cafd6f21: No bootstrap required, opened a new log
I20260608 09:48:38.620257 19493 consensus_queue.cc:260] T f8480be3f78c4ef99b63c76ea734dbac P 8b70c5f86bef4e44a2a7bc856652ca49 [NON_LEADER]: Queue going to NON_LEADER mode. State: All replicated index: 0, Majority replicated index: 0, Committed index: 0, Last appended: 0.0, Last appended by leader: 0, Current term: 0, Majority size: -1, State: 0, Mode: NON_LEADER, active raft config: opid_index: -1 OBSOLETE_local: false peers { permanent_uuid: "8b70c5f86bef4e44a2a7bc856652ca49" member_type: VOTER last_known_addr { host: "127.16.70.129" port: 46407 } } peers { permanent_uuid: "1aef8d63d97e4eadb074fcf6cafd6f21" member_type: VOTER last_known_addr { host: "127.16.70.130" port: 46393 } } peers { permanent_uuid: "f2ab1d3d8cc54b3a9d46c966e6495c12" member_type: VOTER last_known_addr { host: "127.16.70.131" port: 46513 } }
I20260608 09:48:38.621454 19495 ts_tablet_manager.cc:1403] T f8480be3f78c4ef99b63c76ea734dbac P 1aef8d63d97e4eadb074fcf6cafd6f21: Time spent bootstrapping tablet: real 0.028s	user 0.010s	sys 0.014s
