I20260608 10:04:05.583098 19264 consensus_queue.cc:1048] T 36222798c7134e438a033a78cce667b6 P b787e4b8db9a4f649c6be13e38b522a8 [LEADER]: Connected to new peer: Peer: permanent_uuid: "48d6ddeede734322bf51b991a829ee8a" member_type: VOTER last_known_addr { host: "127.14.57.1" port: 38545 }, Status: LMP_MISMATCH, Last received: 0.0, Next index: 1, Last known committed idx: 0, Time since last communication: 0.001s
I20260608 10:04:05.605099 19244 tablet_bootstrap.cc:492] T 209a4fbf390e475daba7e37fb1af471a P 4ecf83bdc5f84cb3a20f70f04af73bac: No bootstrap required, opened a new log
I20260608 10:04:05.605795 19244 ts_tablet_manager.cc:1403] T 209a4fbf390e475daba7e37fb1af471a P 4ecf83bdc5f84cb3a20f70f04af73bac: Time spent bootstrapping tablet: real 0.054s	user 0.018s	sys 0.005s
I20260608 10:04:05.609452 19244 raft_consensus.cc:359] T 209a4fbf390e475daba7e37fb1af471a P 4ecf83bdc5f84cb3a20f70f04af73bac [term 0 FOLLOWER]: Replica starting. Triggering 0 pending ops. Active config: opid_index: -1 OBSOLETE_local: false peers { permanent_uuid: "48d6ddeede734322bf51b991a829ee8a" member_type: VOTER last_known_addr { host: "127.14.57.1" port: 38545 } } peers { permanent_uuid: "4ecf83bdc5f84cb3a20f70f04af73bac" member_type: VOTER last_known_addr { host: "127.14.57.2" port: 38905 } } peers { permanent_uuid: "b787e4b8db9a4f649c6be13e38b522a8" member_type: VOTER last_known_addr { host: "127.14.57.3" port: 38443 } }
I20260608 10:04:05.610355 19244 raft_consensus.cc:385] T 209a4fbf390e475daba7e37fb1af471a P 4ecf83bdc5f84cb3a20f70f04af73bac [term 0 FOLLOWER]: Consensus starting up: Expiring failure detector timer to make a prompt election more likely
I20260608 10:04:05.610833 19244 raft_consensus.cc:740] T 209a4fbf390e475daba7e37fb1af471a P 4ecf83bdc5f84cb3a20f70f04af73bac [term 0 FOLLOWER]: Becoming Follower/Learner. State: Replica: 4ecf83bdc5f84cb3a20f70f04af73bac, State: Initialized, Role: FOLLOWER
I20260608 10:04:05.612897 18944 catalog_manager.cc:5696] T 38d6a5d4fcd344699a1d52fffa9cc46a P 48d6ddeede734322bf51b991a829ee8a reported cstate change: term changed from 0 to 1, leader changed from <none> to 48d6ddeede734322bf51b991a829ee8a (127.14.57.1). New cstate: current_term: 1 leader_uuid: "48d6ddeede734322bf51b991a829ee8a" committed_config { opid_index: -1 OBSOLETE_local: false peers { permanent_uuid: "48d6ddeede734322bf51b991a829ee8a" member_type: VOTER last_known_addr { host: "127.14.57.1" port: 38545 } health_report { overall_health: HEALTHY } } peers { permanent_uuid: "4ecf83bdc5f84cb3a20f70f04af73bac" member_type: VOTER last_known_addr { host: "127.14.57.2" port: 38905 } health_report { overall_health: UNKNOWN } } peers { permanent_uuid: "b787e4b8db9a4f649c6be13e38b522a8" member_type: VOTER last_known_addr { host: "127.14.57.3" port: 38443 } health_report { overall_health: UNKNOWN } } }
I20260608 10:04:05.619920 19245 tablet_bootstrap.cc:492] T 2143b01ee5cd4f199300e66e78296430 P 48d6ddeede734322bf51b991a829ee8a: No bootstrap required, opened a new log
I20260608 10:04:05.620545 19245 ts_tablet_manager.cc:1403] T 2143b01ee5cd4f199300e66e78296430 P 48d6ddeede734322bf51b991a829ee8a: Time spent bootstrapping tablet: real 0.071s	user 0.012s	sys 0.000s
I20260608 10:04:05.622282 19250 raft_consensus.cc:493] T d63c63ee344644f29e60234077df9425 P 48d6ddeede734322bf51b991a829ee8a [term 0 FOLLOWER]: Starting pre-election (no leader contacted us within the election timeout)
I20260608 10:04:05.623114 19250 raft_consensus.cc:515] T d63c63ee344644f29e60234077df9425 P 48d6ddeede734322bf51b991a829ee8a [term 0 FOLLOWER]: Starting pre-election with config: opid_index: -1 OBSOLETE_local: false peers { permanent_uuid: "48d6ddeede734322bf51b991a829ee8a" member_type: VOTER last_known_addr { host: "127.14.57.1" port: 38545 } } peers { permanent_uuid: "4ecf83bdc5f84cb3a20f70f04af73bac" member_type: VOTER last_known_addr { host: "127.14.57.2" port: 38905 } } peers { permanent_uuid: "b787e4b8db9a4f649c6be13e38b522a8" member_type: VOTER last_known_addr { host: "127.14.57.3" port: 38443 } }
I20260608 10:04:05.623857 19245 raft_consensus.cc:359] T 2143b01ee5cd4f199300e66e78296430 P 48d6ddeede734322bf51b991a829ee8a [term 0 FOLLOWER]: Replica starting. Triggering 0 pending ops. Active config: opid_index: -1 OBSOLETE_local: false peers { permanent_uuid: "48d6ddeede734322bf51b991a829ee8a" member_type: VOTER last_known_addr { host: "127.14.57.1" port: 38545 } } peers { permanent_uuid: "4ecf83bdc5f84cb3a20f70f04af73bac" member_type: VOTER last_known_addr { host: "127.14.57.2" port: 38905 } } peers { permanent_uuid: "b787e4b8db9a4f649c6be13e38b522a8" member_type: VOTER last_known_addr { host: "127.14.57.3" port: 38443 } }
I20260608 10:04:05.624579 19245 raft_consensus.cc:385] T 2143b01ee5cd4f199300e66e78296430 P 48d6ddeede734322bf51b991a829ee8a [term 0 FOLLOWER]: Consensus starting up: Expiring failure detector timer to make a prompt election more likely
I20260608 10:04:05.624857 19245 raft_consensus.cc:740] T 2143b01ee5cd4f199300e66e78296430 P 48d6ddeede734322bf51b991a829ee8a [term 0 FOLLOWER]: Becoming Follower/Learner. State: Replica: 48d6ddeede734322bf51b991a829ee8a, State: Initialized, Role: FOLLOWER
I20260608 10:04:05.625039 19242 tablet_bootstrap.cc:492] T d013ff4c204b49d78c036f7df692e711 P b787e4b8db9a4f649c6be13e38b522a8: No bootstrap required, opened a new log
I20260608 10:04:05.625562 19242 ts_tablet_manager.cc:1403] T d013ff4c204b49d78c036f7df692e711 P b787e4b8db9a4f649c6be13e38b522a8: Time spent bootstrapping tablet: real 0.079s	user 0.024s	sys 0.007s
I20260608 10:04:05.627370 19245 consensus_queue.cc:260] T 2143b01ee5cd4f199300e66e78296430 P 48d6ddeede734322bf51b991a829ee8a [NON_LEADER]: Queue going to NON_LEADER mode. State: All replicated index: 0, Majority replicated index: 0, Committed index: 0, Last appended: 0.0, Last appended by leader: 0, Current term: 0, Majority size: -1, State: 0, Mode: NON_LEADER, active raft config: opid_index: -1 OBSOLETE_local: false peers { permanent_uuid: "48d6ddeede734322bf51b991a829ee8a" member_type: VOTER last_known_addr { host: "127.14.57.1" port: 38545 } } peers { permanent_uuid: "4ecf83bdc5f84cb3a20f70f04af73bac" member_type: VOTER last_known_addr { host: "127.14.57.2" port: 38905 } } peers { permanent_uuid: "b787e4b8db9a4f649c6be13e38b522a8" member_type: VOTER last_known_addr { host: "127.14.57.3" port: 38443 } }
I20260608 10:04:05.627895 19123 tablet_service.cc:1917] Received RequestConsensusVote() RPC: tablet_id: "d63c63ee344644f29e60234077df9425" candidate_uuid: "48d6ddeede734322bf51b991a829ee8a" candidate_term: 1 candidate_status { last_received { term: 0 index: 0 } } ignore_live_leader: false dest_uuid: "4ecf83bdc5f84cb3a20f70f04af73bac" is_pre_election: true
I20260608 10:04:05.629052 19123 raft_consensus.cc:2393] T d63c63ee344644f29e60234077df9425 P 4ecf83bdc5f84cb3a20f70f04af73bac [term 1 FOLLOWER]: Leader pre-election vote request: Denying vote to candidate 48d6ddeede734322bf51b991a829ee8a in current term 1: Already voted for candidate b787e4b8db9a4f649c6be13e38b522a8 in this term.
I20260608 10:04:05.629689 19245 ts_tablet_manager.cc:1434] T 2143b01ee5cd4f199300e66e78296430 P 48d6ddeede734322bf51b991a829ee8a: Time spent starting tablet: real 0.009s	user 0.004s	sys 0.003s
I20260608 10:04:05.630739 19245 tablet_bootstrap.cc:492] T 209a4fbf390e475daba7e37fb1af471a P 48d6ddeede734322bf51b991a829ee8a: Bootstrap starting.
I20260608 10:04:05.630434 19242 raft_consensus.cc:359] T d013ff4c204b49d78c036f7df692e711 P b787e4b8db9a4f649c6be13e38b522a8 [term 0 FOLLOWER]: Replica starting. Triggering 0 pending ops. Active config: opid_index: -1 OBSOLETE_local: false peers { permanent_uuid: "48d6ddeede734322bf51b991a829ee8a" member_type: VOTER last_known_addr { host: "127.14.57.1" port: 38545 } } peers { permanent_uuid: "4ecf83bdc5f84cb3a20f70f04af73bac" member_type: VOTER last_known_addr { host: "127.14.57.2" port: 38905 } } peers { permanent_uuid: "b787e4b8db9a4f649c6be13e38b522a8" member_type: VOTER last_known_addr { host: "127.14.57.3" port: 38443 } }
I20260608 10:04:05.631102 19242 raft_consensus.cc:385] T d013ff4c204b49d78c036f7df692e711 P b787e4b8db9a4f649c6be13e38b522a8 [term 0 FOLLOWER]: Consensus starting up: Expiring failure detector timer to make a prompt election more likely
I20260608 10:04:05.631383 19242 raft_consensus.cc:740] T d013ff4c204b49d78c036f7df692e711 P b787e4b8db9a4f649c6be13e38b522a8 [term 0 FOLLOWER]: Becoming Follower/Learner. State: Replica: b787e4b8db9a4f649c6be13e38b522a8, State: Initialized, Role: FOLLOWER
I20260608 10:04:05.632266 19242 consensus_queue.cc:260] T d013ff4c204b49d78c036f7df692e711 P b787e4b8db9a4f649c6be13e38b522a8 [NON_LEADER]: Queue going to NON_LEADER mode. State: All replicated index: 0, Majority replicated index: 0, Committed index: 0, Last appended: 0.0, Last appended by leader: 0, Current term: 0, Majority size: -1, State: 0, Mode: NON_LEADER, active raft config: opid_index: -1 OBSOLETE_local: false peers { permanent_uuid: "48d6ddeede734322bf51b991a829ee8a" member_type: VOTER last_known_addr { host: "127.14.57.1" port: 38545 } } peers { permanent_uuid: "4ecf83bdc5f84cb3a20f70f04af73bac" member_type: VOTER last_known_addr { host: "127.14.57.2" port: 38905 } } peers { permanent_uuid: "b787e4b8db9a4f649c6be13e38b522a8" member_type: VOTER last_known_addr { host: "127.14.57.3" port: 38443 } }
I20260608 10:04:05.634016 19197 tablet_service.cc:1917] Received RequestConsensusVote() RPC: tablet_id: "d63c63ee344644f29e60234077df9425" candidate_uuid: "48d6ddeede734322bf51b991a829ee8a" candidate_term: 1 candidate_status { last_received { term: 0 index: 0 } } ignore_live_leader: false dest_uuid: "b787e4b8db9a4f649c6be13e38b522a8" is_pre_election: true
I20260608 10:04:05.634510 19242 ts_tablet_manager.cc:1434] T d013ff4c204b49d78c036f7df692e711 P b787e4b8db9a4f649c6be13e38b522a8: Time spent starting tablet: real 0.009s	user 0.005s	sys 0.004s
I20260608 10:04:05.635794 19015 leader_election.cc:304] T d63c63ee344644f29e60234077df9425 P 48d6ddeede734322bf51b991a829ee8a [CANDIDATE]: Term 1 pre-election: Election decided. Result: candidate lost. Election summary: received 3 responses out of 3 voters: 1 yes votes; 2 no votes. yes voters: 48d6ddeede734322bf51b991a829ee8a; no voters: 4ecf83bdc5f84cb3a20f70f04af73bac, b787e4b8db9a4f649c6be13e38b522a8
I20260608 10:04:05.636981 19279 raft_consensus.cc:3060] T d63c63ee344644f29e60234077df9425 P 48d6ddeede734322bf51b991a829ee8a [term 0 FOLLOWER]: Advancing to term 1
I20260608 10:04:05.637473 19245 tablet_bootstrap.cc:654] T 209a4fbf390e475daba7e37fb1af471a P 48d6ddeede734322bf51b991a829ee8a: Neither blocks nor log segments found. Creating new log.
I20260608 10:04:05.638222 19247 raft_consensus.cc:493] T 2143b01ee5cd4f199300e66e78296430 P b787e4b8db9a4f649c6be13e38b522a8 [term 0 FOLLOWER]: Starting pre-election (no leader contacted us within the election timeout)
I20260608 10:04:05.638819 19242 tablet_bootstrap.cc:492] T 38d6a5d4fcd344699a1d52fffa9cc46a P b787e4b8db9a4f649c6be13e38b522a8: Bootstrap starting.
I20260608 10:04:05.638772 19247 raft_consensus.cc:515] T 2143b01ee5cd4f199300e66e78296430 P b787e4b8db9a4f649c6be13e38b522a8 [term 0 FOLLOWER]: Starting pre-election with config: opid_index: -1 OBSOLETE_local: false peers { permanent_uuid: "48d6ddeede734322bf51b991a829ee8a" member_type: VOTER last_known_addr { host: "127.14.57.1" port: 38545 } } peers { permanent_uuid: "4ecf83bdc5f84cb3a20f70f04af73bac" member_type: VOTER last_known_addr { host: "127.14.57.2" port: 38905 } } peers { permanent_uuid: "b787e4b8db9a4f649c6be13e38b522a8" member_type: VOTER last_known_addr { host: "127.14.57.3" port: 38443 } }
I20260608 10:04:05.641605 19247 leader_election.cc:290] T 2143b01ee5cd4f199300e66e78296430 P b787e4b8db9a4f649c6be13e38b522a8 [CANDIDATE]: Term 1 pre-election: Requested pre-vote from peers 48d6ddeede734322bf51b991a829ee8a (127.14.57.1:38545), 4ecf83bdc5f84cb3a20f70f04af73bac (127.14.57.2:38905)
I20260608 10:04:05.643548 19049 tablet_service.cc:1917] Received RequestConsensusVote() RPC: tablet_id: "2143b01ee5cd4f199300e66e78296430" candidate_uuid: "b787e4b8db9a4f649c6be13e38b522a8" candidate_term: 1 candidate_status { last_received { term: 0 index: 0 } } ignore_live_leader: false dest_uuid: "48d6ddeede734322bf51b991a829ee8a" is_pre_election: true
I20260608 10:04:05.646430 19242 tablet_bootstrap.cc:654] T 38d6a5d4fcd344699a1d52fffa9cc46a P b787e4b8db9a4f649c6be13e38b522a8: Neither blocks nor log segments found. Creating new log.
I20260608 10:04:05.646668 19049 raft_consensus.cc:2468] T 2143b01ee5cd4f199300e66e78296430 P 48d6ddeede734322bf51b991a829ee8a [term 0 FOLLOWER]: Leader pre-election vote request: Granting yes vote for candidate b787e4b8db9a4f649c6be13e38b522a8 in term 0.
I20260608 10:04:05.646898 19123 tablet_service.cc:1917] Received RequestConsensusVote() RPC: tablet_id: "2143b01ee5cd4f199300e66e78296430" candidate_uuid: "b787e4b8db9a4f649c6be13e38b522a8" candidate_term: 1 candidate_status { last_received { term: 0 index: 0 } } ignore_live_leader: false dest_uuid: "4ecf83bdc5f84cb3a20f70f04af73bac" is_pre_election: true
I20260608 10:04:05.647779 19123 raft_consensus.cc:2468] T 2143b01ee5cd4f199300e66e78296430 P 4ecf83bdc5f84cb3a20f70f04af73bac [term 0 FOLLOWER]: Leader pre-election vote request: Granting yes vote for candidate b787e4b8db9a4f649c6be13e38b522a8 in term 0.
I20260608 10:04:05.649631 19244 consensus_queue.cc:260] T 209a4fbf390e475daba7e37fb1af471a P 4ecf83bdc5f84cb3a20f70f04af73bac [NON_LEADER]: Queue going to NON_LEADER mode. State: All replicated index: 0, Majority replicated index: 0, Committed index: 0, Last appended: 0.0, Last appended by leader: 0, Current term: 0, Majority size: -1, State: 0, Mode: NON_LEADER, active raft config: opid_index: -1 OBSOLETE_local: false peers { permanent_uuid: "48d6ddeede734322bf51b991a829ee8a" member_type: VOTER last_known_addr { host: "127.14.57.1" port: 38545 } } peers { permanent_uuid: "4ecf83bdc5f84cb3a20f70f04af73bac" member_type: VOTER last_known_addr { host: "127.14.57.2" port: 38905 } } peers { permanent_uuid: "b787e4b8db9a4f649c6be13e38b522a8" member_type: VOTER last_known_addr { host: "127.14.57.3" port: 38443 } }
W20260608 10:04:05.645795 19162 consensus_peers.cc:597] T 36222798c7134e438a033a78cce667b6 P b787e4b8db9a4f649c6be13e38b522a8 -> Peer 4ecf83bdc5f84cb3a20f70f04af73bac (127.14.57.2:38905): Couldn't send request to peer 4ecf83bdc5f84cb3a20f70f04af73bac. Error code: TABLET_NOT_RUNNING (12). Status: Illegal state: Tablet not RUNNING: INITIALIZED. This is attempt 1: this message will repeat every 5th retry.
I20260608 10:04:05.651644 19162 leader_election.cc:304] T 2143b01ee5cd4f199300e66e78296430 P b787e4b8db9a4f649c6be13e38b522a8 [CANDIDATE]: Term 1 pre-election: Election decided. Result: candidate won. Election summary: received 2 responses out of 3 voters: 2 yes votes; 0 no votes. yes voters: 48d6ddeede734322bf51b991a829ee8a, b787e4b8db9a4f649c6be13e38b522a8; no voters: 
I20260608 10:04:05.653570 19247 raft_consensus.cc:2804] T 2143b01ee5cd4f199300e66e78296430 P b787e4b8db9a4f649c6be13e38b522a8 [term 0 FOLLOWER]: Leader pre-election won for term 1
I20260608 10:04:05.643816 19250 leader_election.cc:290] T d63c63ee344644f29e60234077df9425 P 48d6ddeede734322bf51b991a829ee8a [CANDIDATE]: Term 1 pre-election: Requested pre-vote from peers 4ecf83bdc5f84cb3a20f70f04af73bac (127.14.57.2:38905), b787e4b8db9a4f649c6be13e38b522a8 (127.14.57.3:38443)
I20260608 10:04:05.654058 19247 raft_consensus.cc:493] T 2143b01ee5cd4f199300e66e78296430 P b787e4b8db9a4f649c6be13e38b522a8 [term 0 FOLLOWER]: Starting leader election (no leader contacted us within the election timeout)
I20260608 10:04:05.654505 19247 raft_consensus.cc:3060] T 2143b01ee5cd4f199300e66e78296430 P b787e4b8db9a4f649c6be13e38b522a8 [term 0 FOLLOWER]: Advancing to term 1
I20260608 10:04:05.655616 19250 consensus_queue.cc:1048] T 964c068887fd49bd8bab75bf4ac4084c P 48d6ddeede734322bf51b991a829ee8a [LEADER]: Connected to new peer: Peer: permanent_uuid: "b787e4b8db9a4f649c6be13e38b522a8" member_type: VOTER last_known_addr { host: "127.14.57.3" port: 38443 }, Status: LMP_MISMATCH, Last received: 0.0, Next index: 1, Last known committed idx: 0, Time since last communication: 0.000s
I20260608 10:04:05.670522 19244 ts_tablet_manager.cc:1434] T 209a4fbf390e475daba7e37fb1af471a P 4ecf83bdc5f84cb3a20f70f04af73bac: Time spent starting tablet: real 0.064s	user 0.008s	sys 0.000s
I20260608 10:04:05.671653 19244 tablet_bootstrap.cc:492] T 36222798c7134e438a033a78cce667b6 P 4ecf83bdc5f84cb3a20f70f04af73bac: Bootstrap starting.
I20260608 10:04:05.672403 19247 raft_consensus.cc:515] T 2143b01ee5cd4f199300e66e78296430 P b787e4b8db9a4f649c6be13e38b522a8 [term 1 FOLLOWER]: Starting leader election with config: opid_index: -1 OBSOLETE_local: false peers { permanent_uuid: "48d6ddeede734322bf51b991a829ee8a" member_type: VOTER last_known_addr { host: "127.14.57.1" port: 38545 } } peers { permanent_uuid: "4ecf83bdc5f84cb3a20f70f04af73bac" member_type: VOTER last_known_addr { host: "127.14.57.2" port: 38905 } } peers { permanent_uuid: "b787e4b8db9a4f649c6be13e38b522a8" member_type: VOTER last_known_addr { host: "127.14.57.3" port: 38443 } }
I20260608 10:04:05.678277 19244 tablet_bootstrap.cc:654] T 36222798c7134e438a033a78cce667b6 P 4ecf83bdc5f84cb3a20f70f04af73bac: Neither blocks nor log segments found. Creating new log.
I20260608 10:04:05.682135 19264 consensus_queue.cc:1048] T c49195100a334f67ad853f17f21e4959 P b787e4b8db9a4f649c6be13e38b522a8 [LEADER]: Connected to new peer: Peer: permanent_uuid: "4ecf83bdc5f84cb3a20f70f04af73bac" member_type: VOTER last_known_addr { host: "127.14.57.2" port: 38905 }, Status: LMP_MISMATCH, Last received: 0.0, Next index: 1, Last known committed idx: 0, Time since last communication: 0.001s
I20260608 10:04:05.683779 19245 tablet_bootstrap.cc:492] T 209a4fbf390e475daba7e37fb1af471a P 48d6ddeede734322bf51b991a829ee8a: No bootstrap required, opened a new log
I20260608 10:04:05.687048 19245 ts_tablet_manager.cc:1403] T 209a4fbf390e475daba7e37fb1af471a P 48d6ddeede734322bf51b991a829ee8a: Time spent bootstrapping tablet: real 0.057s	user 0.018s	sys 0.001s
I20260608 10:04:05.688722 19247 leader_election.cc:290] T 2143b01ee5cd4f199300e66e78296430 P b787e4b8db9a4f649c6be13e38b522a8 [CANDIDATE]: Term 1 election: Requested vote from peers 48d6ddeede734322bf51b991a829ee8a (127.14.57.1:38545), 4ecf83bdc5f84cb3a20f70f04af73bac (127.14.57.2:38905)
I20260608 10:04:05.684003 19048 tablet_service.cc:1917] Received RequestConsensusVote() RPC: tablet_id: "2143b01ee5cd4f199300e66e78296430" candidate_uuid: "b787e4b8db9a4f649c6be13e38b522a8" candidate_term: 1 candidate_status { last_received { term: 0 index: 0 } } ignore_live_leader: false dest_uuid: "48d6ddeede734322bf51b991a829ee8a"
I20260608 10:04:05.689661 19247 consensus_queue.cc:1048] T c49195100a334f67ad853f17f21e4959 P b787e4b8db9a4f649c6be13e38b522a8 [LEADER]: Connected to new peer: Peer: permanent_uuid: "48d6ddeede734322bf51b991a829ee8a" member_type: VOTER last_known_addr { host: "127.14.57.1" port: 38545 }, Status: LMP_MISMATCH, Last received: 0.0, Next index: 1, Last known committed idx: 0, Time since last communication: 0.000s
I20260608 10:04:05.691812 19048 raft_consensus.cc:3060] T 2143b01ee5cd4f199300e66e78296430 P 48d6ddeede734322bf51b991a829ee8a [term 0 FOLLOWER]: Advancing to term 1
I20260608 10:04:05.692305 19124 tablet_service.cc:1917] Received RequestConsensusVote() RPC: tablet_id: "2143b01ee5cd4f199300e66e78296430" candidate_uuid: "b787e4b8db9a4f649c6be13e38b522a8" candidate_term: 1 candidate_status { last_received { term: 0 index: 0 } } ignore_live_leader: false dest_uuid: "4ecf83bdc5f84cb3a20f70f04af73bac"
I20260608 10:04:05.703080 19124 raft_consensus.cc:3060] T 2143b01ee5cd4f199300e66e78296430 P 4ecf83bdc5f84cb3a20f70f04af73bac [term 0 FOLLOWER]: Advancing to term 1
I20260608 10:04:05.692749 19242 tablet_bootstrap.cc:492] T 38d6a5d4fcd344699a1d52fffa9cc46a P b787e4b8db9a4f649c6be13e38b522a8: No bootstrap required, opened a new log
I20260608 10:04:05.687878 19279 raft_consensus.cc:2749] T d63c63ee344644f29e60234077df9425 P 48d6ddeede734322bf51b991a829ee8a [term 1 FOLLOWER]: Leader pre-election lost for term 1. Reason: could not achieve majority
I20260608 10:04:05.707861 19242 ts_tablet_manager.cc:1403] T 38d6a5d4fcd344699a1d52fffa9cc46a P b787e4b8db9a4f649c6be13e38b522a8: Time spent bootstrapping tablet: real 0.069s	user 0.015s	sys 0.005s
I20260608 10:04:05.716063 19279 consensus_queue.cc:1048] T 964c068887fd49bd8bab75bf4ac4084c P 48d6ddeede734322bf51b991a829ee8a [LEADER]: Connected to new peer: Peer: permanent_uuid: "4ecf83bdc5f84cb3a20f70f04af73bac" member_type: VOTER last_known_addr { host: "127.14.57.2" port: 38905 }, Status: LMP_MISMATCH, Last received: 0.0, Next index: 1, Last known committed idx: 0, Time since last communication: 0.001s
I20260608 10:04:05.723588 19245 raft_consensus.cc:359] T 209a4fbf390e475daba7e37fb1af471a P 48d6ddeede734322bf51b991a829ee8a [term 0 FOLLOWER]: Replica starting. Triggering 0 pending ops. Active config: opid_index: -1 OBSOLETE_local: false peers { permanent_uuid: "48d6ddeede734322bf51b991a829ee8a" member_type: VOTER last_known_addr { host: "127.14.57.1" port: 38545 } } peers { permanent_uuid: "4ecf83bdc5f84cb3a20f70f04af73bac" member_type: VOTER last_known_addr { host: "127.14.57.2" port: 38905 } } peers { permanent_uuid: "b787e4b8db9a4f649c6be13e38b522a8" member_type: VOTER last_known_addr { host: "127.14.57.3" port: 38443 } }
I20260608 10:04:05.724586 19245 raft_consensus.cc:385] T 209a4fbf390e475daba7e37fb1af471a P 48d6ddeede734322bf51b991a829ee8a [term 0 FOLLOWER]: Consensus starting up: Expiring failure detector timer to make a prompt election more likely
I20260608 10:04:05.724962 19245 raft_consensus.cc:740] T 209a4fbf390e475daba7e37fb1af471a P 48d6ddeede734322bf51b991a829ee8a [term 0 FOLLOWER]: Becoming Follower/Learner. State: Replica: 48d6ddeede734322bf51b991a829ee8a, State: Initialized, Role: FOLLOWER
I20260608 10:04:05.729125 19124 raft_consensus.cc:2468] T 2143b01ee5cd4f199300e66e78296430 P 4ecf83bdc5f84cb3a20f70f04af73bac [term 1 FOLLOWER]: Leader election vote request: Granting yes vote for candidate b787e4b8db9a4f649c6be13e38b522a8 in term 1.
I20260608 10:04:05.730520 19245 consensus_queue.cc:260] T 209a4fbf390e475daba7e37fb1af471a P 48d6ddeede734322bf51b991a829ee8a [NON_LEADER]: Queue going to NON_LEADER mode. State: All replicated index: 0, Majority replicated index: 0, Committed index: 0, Last appended: 0.0, Last appended by leader: 0, Current term: 0, Majority size: -1, State: 0, Mode: NON_LEADER, active raft config: opid_index: -1 OBSOLETE_local: false peers { permanent_uuid: "48d6ddeede734322bf51b991a829ee8a" member_type: VOTER last_known_addr { host: "127.14.57.1" port: 38545 } } peers { permanent_uuid: "4ecf83bdc5f84cb3a20f70f04af73bac" member_type: VOTER last_known_addr { host: "127.14.57.2" port: 38905 } } peers { permanent_uuid: "b787e4b8db9a4f649c6be13e38b522a8" member_type: VOTER last_known_addr { host: "127.14.57.3" port: 38443 } }
I20260608 10:04:05.734580 19242 raft_consensus.cc:359] T 38d6a5d4fcd344699a1d52fffa9cc46a P b787e4b8db9a4f649c6be13e38b522a8 [term 0 FOLLOWER]: Replica starting. Triggering 0 pending ops. Active config: opid_index: -1 OBSOLETE_local: false peers { permanent_uuid: "48d6ddeede734322bf51b991a829ee8a" member_type: VOTER last_known_addr { host: "127.14.57.1" port: 38545 } } peers { permanent_uuid: "4ecf83bdc5f84cb3a20f70f04af73bac" member_type: VOTER last_known_addr { host: "127.14.57.2" port: 38905 } } peers { permanent_uuid: "b787e4b8db9a4f649c6be13e38b522a8" member_type: VOTER last_known_addr { host: "127.14.57.3" port: 38443 } }
I20260608 10:04:05.735455 19242 raft_consensus.cc:385] T 38d6a5d4fcd344699a1d52fffa9cc46a P b787e4b8db9a4f649c6be13e38b522a8 [term 0 FOLLOWER]: Consensus starting up: Expiring failure detector timer to make a prompt election more likely
I20260608 10:04:05.735790 19242 raft_consensus.cc:740] T 38d6a5d4fcd344699a1d52fffa9cc46a P b787e4b8db9a4f649c6be13e38b522a8 [term 0 FOLLOWER]: Becoming Follower/Learner. State: Replica: b787e4b8db9a4f649c6be13e38b522a8, State: Initialized, Role: FOLLOWER
I20260608 10:04:05.736497 19245 ts_tablet_manager.cc:1434] T 209a4fbf390e475daba7e37fb1af471a P 48d6ddeede734322bf51b991a829ee8a: Time spent starting tablet: real 0.049s	user 0.005s	sys 0.002s
I20260608 10:04:05.737500 19245 tablet_bootstrap.cc:492] T efabed3b600348b7adaa3f520fbb4481 P 48d6ddeede734322bf51b991a829ee8a: Bootstrap starting.
I20260608 10:04:05.738516 19162 leader_election.cc:304] T 2143b01ee5cd4f199300e66e78296430 P b787e4b8db9a4f649c6be13e38b522a8 [CANDIDATE]: Term 1 election: Election decided. Result: candidate won. Election summary: received 2 responses out of 3 voters: 2 yes votes; 0 no votes. yes voters: 4ecf83bdc5f84cb3a20f70f04af73bac, b787e4b8db9a4f649c6be13e38b522a8; no voters: 
I20260608 10:04:05.739496 19247 raft_consensus.cc:2804] T 2143b01ee5cd4f199300e66e78296430 P b787e4b8db9a4f649c6be13e38b522a8 [term 1 FOLLOWER]: Leader election won for term 1
I20260608 10:04:05.740108 19247 raft_consensus.cc:697] T 2143b01ee5cd4f199300e66e78296430 P b787e4b8db9a4f649c6be13e38b522a8 [term 1 LEADER]: Becoming Leader. State: Replica: b787e4b8db9a4f649c6be13e38b522a8, State: Running, Role: LEADER
I20260608 10:04:05.740985 19247 consensus_queue.cc:237] T 2143b01ee5cd4f199300e66e78296430 P b787e4b8db9a4f649c6be13e38b522a8 [LEADER]: Queue going to LEADER mode. State: All replicated index: 0, Majority replicated index: 0, Committed index: 0, Last appended: 0.0, Last appended by leader: 0, Current term: 1, Majority size: 2, State: 0, Mode: LEADER, active raft config: opid_index: -1 OBSOLETE_local: false peers { permanent_uuid: "48d6ddeede734322bf51b991a829ee8a" member_type: VOTER last_known_addr { host: "127.14.57.1" port: 38545 } } peers { permanent_uuid: "4ecf83bdc5f84cb3a20f70f04af73bac" member_type: VOTER last_known_addr { host: "127.14.57.2" port: 38905 } } peers { permanent_uuid: "b787e4b8db9a4f649c6be13e38b522a8" member_type: VOTER last_known_addr { host: "127.14.57.3" port: 38443 } }
I20260608 10:04:05.729923 19048 raft_consensus.cc:2468] T 2143b01ee5cd4f199300e66e78296430 P 48d6ddeede734322bf51b991a829ee8a [term 1 FOLLOWER]: Leader election vote request: Granting yes vote for candidate b787e4b8db9a4f649c6be13e38b522a8 in term 1.
I20260608 10:04:05.736666 19242 consensus_queue.cc:260] T 38d6a5d4fcd344699a1d52fffa9cc46a P b787e4b8db9a4f649c6be13e38b522a8 [NON_LEADER]: Queue going to NON_LEADER mode. State: All replicated index: 0, Majority replicated index: 0, Committed index: 0, Last appended: 0.0, Last appended by leader: 0, Current term: 0, Majority size: -1, State: 0, Mode: NON_LEADER, active raft config: opid_index: -1 OBSOLETE_local: false peers { permanent_uuid: "48d6ddeede734322bf51b991a829ee8a" member_type: VOTER last_known_addr { host: "127.14.57.1" port: 38545 } } peers { permanent_uuid: "4ecf83bdc5f84cb3a20f70f04af73bac" member_type: VOTER last_known_addr { host: "127.14.57.2" port: 38905 } } peers { permanent_uuid: "b787e4b8db9a4f649c6be13e38b522a8" member_type: VOTER last_known_addr { host: "127.14.57.3" port: 38443 } }
I20260608 10:04:05.749948 19242 ts_tablet_manager.cc:1434] T 38d6a5d4fcd344699a1d52fffa9cc46a P b787e4b8db9a4f649c6be13e38b522a8: Time spent starting tablet: real 0.042s	user 0.009s	sys 0.000s
I20260608 10:04:05.753983 19244 tablet_bootstrap.cc:492] T 36222798c7134e438a033a78cce667b6 P 4ecf83bdc5f84cb3a20f70f04af73bac: No bootstrap required, opened a new log
I20260608 10:04:05.754550 19244 ts_tablet_manager.cc:1403] T 36222798c7134e438a033a78cce667b6 P 4ecf83bdc5f84cb3a20f70f04af73bac: Time spent bootstrapping tablet: real 0.083s	user 0.018s	sys 0.012s
I20260608 10:04:05.757575 19245 tablet_bootstrap.cc:654] T efabed3b600348b7adaa3f520fbb4481 P 48d6ddeede734322bf51b991a829ee8a: Neither blocks nor log segments found. Creating new log.
I20260608 10:04:05.757761 19244 raft_consensus.cc:359] T 36222798c7134e438a033a78cce667b6 P 4ecf83bdc5f84cb3a20f70f04af73bac [term 0 FOLLOWER]: Replica starting. Triggering 0 pending ops. Active config: opid_index: -1 OBSOLETE_local: false peers { permanent_uuid: "48d6ddeede734322bf51b991a829ee8a" member_type: VOTER last_known_addr { host: "127.14.57.1" port: 38545 } } peers { permanent_uuid: "4ecf83bdc5f84cb3a20f70f04af73bac" member_type: VOTER last_known_addr { host: "127.14.57.2" port: 38905 } } peers { permanent_uuid: "b787e4b8db9a4f649c6be13e38b522a8" member_type: VOTER last_known_addr { host: "127.14.57.3" port: 38443 } }
I20260608 10:04:05.762425 19244 raft_consensus.cc:385] T 36222798c7134e438a033a78cce667b6 P 4ecf83bdc5f84cb3a20f70f04af73bac [term 0 FOLLOWER]: Consensus starting up: Expiring failure detector timer to make a prompt election more likely
I20260608 10:04:05.762800 19244 raft_consensus.cc:740] T 36222798c7134e438a033a78cce667b6 P 4ecf83bdc5f84cb3a20f70f04af73bac [term 0 FOLLOWER]: Becoming Follower/Learner. State: Replica: 4ecf83bdc5f84cb3a20f70f04af73bac, State: Initialized, Role: FOLLOWER
I20260608 10:04:05.763137 19293 consensus_queue.cc:1048] T 027904c481c1497bba63c8c8f09679c1 P 4ecf83bdc5f84cb3a20f70f04af73bac [LEADER]: Connected to new peer: Peer: permanent_uuid: "48d6ddeede734322bf51b991a829ee8a" member_type: VOTER last_known_addr { host: "127.14.57.1" port: 38545 }, Status: LMP_MISMATCH, Last received: 0.0, Next index: 1, Last known committed idx: 0, Time since last communication: 0.000s
I20260608 10:04:05.763617 19244 consensus_queue.cc:260] T 36222798c7134e438a033a78cce667b6 P 4ecf83bdc5f84cb3a20f70f04af73bac [NON_LEADER]: Queue going to NON_LEADER mode. State: All replicated index: 0, Majority replicated index: 0, Committed index: 0, Last appended: 0.0, Last appended by leader: 0, Current term: 0, Majority size: -1, State: 0, Mode: NON_LEADER, active raft config: opid_index: -1 OBSOLETE_local: false peers { permanent_uuid: "48d6ddeede734322bf51b991a829ee8a" member_type: VOTER last_known_addr { host: "127.14.57.1" port: 38545 } } peers { permanent_uuid: "4ecf83bdc5f84cb3a20f70f04af73bac" member_type: VOTER last_known_addr { host: "127.14.57.2" port: 38905 } } peers { permanent_uuid: "b787e4b8db9a4f649c6be13e38b522a8" member_type: VOTER last_known_addr { host: "127.14.57.3" port: 38443 } }
I20260608 10:04:05.766014 19244 ts_tablet_manager.cc:1434] T 36222798c7134e438a033a78cce667b6 P 4ecf83bdc5f84cb3a20f70f04af73bac: Time spent starting tablet: real 0.011s	user 0.008s	sys 0.000s
I20260608 10:04:05.778630 19262 consensus_queue.cc:1048] T 027904c481c1497bba63c8c8f09679c1 P 4ecf83bdc5f84cb3a20f70f04af73bac [LEADER]: Connected to new peer: Peer: permanent_uuid: "b787e4b8db9a4f649c6be13e38b522a8" member_type: VOTER last_known_addr { host: "127.14.57.3" port: 38443 }, Status: LMP_MISMATCH, Last received: 0.0, Next index: 1, Last known committed idx: 0, Time since last communication: 0.002s
I20260608 10:04:05.793877 18946 catalog_manager.cc:5696] T 2143b01ee5cd4f199300e66e78296430 P b787e4b8db9a4f649c6be13e38b522a8 reported cstate change: term changed from 0 to 1, leader changed from <none> to b787e4b8db9a4f649c6be13e38b522a8 (127.14.57.3). New cstate: current_term: 1 leader_uuid: "b787e4b8db9a4f649c6be13e38b522a8" committed_config { opid_index: -1 OBSOLETE_local: false peers { permanent_uuid: "48d6ddeede734322bf51b991a829ee8a" member_type: VOTER last_known_addr { host: "127.14.57.1" port: 38545 } health_report { overall_health: UNKNOWN } } peers { permanent_uuid: "4ecf83bdc5f84cb3a20f70f04af73bac" member_type: VOTER last_known_addr { host: "127.14.57.2" port: 38905 } health_report { overall_health: UNKNOWN } } peers { permanent_uuid: "b787e4b8db9a4f649c6be13e38b522a8" member_type: VOTER last_known_addr { host: "127.14.57.3" port: 38443 } health_report { overall_health: HEALTHY } } }
I20260608 10:04:05.808059 19247 raft_consensus.cc:493] T d013ff4c204b49d78c036f7df692e711 P b787e4b8db9a4f649c6be13e38b522a8 [term 0 FOLLOWER]: Starting pre-election (no leader contacted us within the election timeout)
I20260608 10:04:05.808720 19247 raft_consensus.cc:515] T d013ff4c204b49d78c036f7df692e711 P b787e4b8db9a4f649c6be13e38b522a8 [term 0 FOLLOWER]: Starting pre-election with config: opid_index: -1 OBSOLETE_local: false peers { permanent_uuid: "48d6ddeede734322bf51b991a829ee8a" member_type: VOTER last_known_addr { host: "127.14.57.1" port: 38545 } } peers { permanent_uuid: "4ecf83bdc5f84cb3a20f70f04af73bac" member_type: VOTER last_known_addr { host: "127.14.57.2" port: 38905 } } peers { permanent_uuid: "b787e4b8db9a4f649c6be13e38b522a8" member_type: VOTER last_known_addr { host: "127.14.57.3" port: 38443 } }
I20260608 10:04:05.811424 19247 leader_election.cc:290] T d013ff4c204b49d78c036f7df692e711 P b787e4b8db9a4f649c6be13e38b522a8 [CANDIDATE]: Term 1 pre-election: Requested pre-vote from peers 48d6ddeede734322bf51b991a829ee8a (127.14.57.1:38545), 4ecf83bdc5f84cb3a20f70f04af73bac (127.14.57.2:38905)
I20260608 10:04:05.817561 19124 tablet_service.cc:1917] Received RequestConsensusVote() RPC: tablet_id: "d013ff4c204b49d78c036f7df692e711" candidate_uuid: "b787e4b8db9a4f649c6be13e38b522a8" candidate_term: 1 candidate_status { last_received { term: 0 index: 0 } } ignore_live_leader: false dest_uuid: "4ecf83bdc5f84cb3a20f70f04af73bac" is_pre_election: true
I20260608 10:04:05.818500 19124 raft_consensus.cc:2468] T d013ff4c204b49d78c036f7df692e711 P 4ecf83bdc5f84cb3a20f70f04af73bac [term 0 FOLLOWER]: Leader pre-election vote request: Granting yes vote for candidate b787e4b8db9a4f649c6be13e38b522a8 in term 0.
I20260608 10:04:05.820232 19162 leader_election.cc:304] T d013ff4c204b49d78c036f7df692e711 P b787e4b8db9a4f649c6be13e38b522a8 [CANDIDATE]: Term 1 pre-election: Election decided. Result: candidate won. Election summary: received 2 responses out of 3 voters: 2 yes votes; 0 no votes. yes voters: 4ecf83bdc5f84cb3a20f70f04af73bac, b787e4b8db9a4f649c6be13e38b522a8; no voters: 
I20260608 10:04:05.821815 19247 raft_consensus.cc:2804] T d013ff4c204b49d78c036f7df692e711 P b787e4b8db9a4f649c6be13e38b522a8 [term 0 FOLLOWER]: Leader pre-election won for term 1
I20260608 10:04:05.822683 19247 raft_consensus.cc:493] T d013ff4c204b49d78c036f7df692e711 P b787e4b8db9a4f649c6be13e38b522a8 [term 0 FOLLOWER]: Starting leader election (no leader contacted us within the election timeout)
I20260608 10:04:05.823107 19247 raft_consensus.cc:3060] T d013ff4c204b49d78c036f7df692e711 P b787e4b8db9a4f649c6be13e38b522a8 [term 0 FOLLOWER]: Advancing to term 1
I20260608 10:04:05.817561 19048 tablet_service.cc:1917] Received RequestConsensusVote() RPC: tablet_id: "d013ff4c204b49d78c036f7df692e711" candidate_uuid: "b787e4b8db9a4f649c6be13e38b522a8" candidate_term: 1 candidate_status { last_received { term: 0 index: 0 } } ignore_live_leader: false dest_uuid: "48d6ddeede734322bf51b991a829ee8a" is_pre_election: true
I20260608 10:04:05.828308 19048 raft_consensus.cc:2468] T d013ff4c204b49d78c036f7df692e711 P 48d6ddeede734322bf51b991a829ee8a [term 0 FOLLOWER]: Leader pre-election vote request: Granting yes vote for candidate b787e4b8db9a4f649c6be13e38b522a8 in term 0.
I20260608 10:04:05.837491 19245 tablet_bootstrap.cc:492] T efabed3b600348b7adaa3f520fbb4481 P 48d6ddeede734322bf51b991a829ee8a: No bootstrap required, opened a new log
I20260608 10:04:05.838137 19245 ts_tablet_manager.cc:1403] T efabed3b600348b7adaa3f520fbb4481 P 48d6ddeede734322bf51b991a829ee8a: Time spent bootstrapping tablet: real 0.101s	user 0.018s	sys 0.012s
I20260608 10:04:05.841081 19245 raft_consensus.cc:359] T efabed3b600348b7adaa3f520fbb4481 P 48d6ddeede734322bf51b991a829ee8a [term 0 FOLLOWER]: Replica starting. Triggering 0 pending ops. Active config: opid_index: -1 OBSOLETE_local: false peers { permanent_uuid: "48d6ddeede734322bf51b991a829ee8a" member_type: VOTER last_known_addr { host: "127.14.57.1" port: 38545 } } peers { permanent_uuid: "4ecf83bdc5f84cb3a20f70f04af73bac" member_type: VOTER last_known_addr { host: "127.14.57.2" port: 38905 } } peers { permanent_uuid: "b787e4b8db9a4f649c6be13e38b522a8" member_type: VOTER last_known_addr { host: "127.14.57.3" port: 38443 } }
I20260608 10:04:05.841804 19245 raft_consensus.cc:385] T efabed3b600348b7adaa3f520fbb4481 P 48d6ddeede734322bf51b991a829ee8a [term 0 FOLLOWER]: Consensus starting up: Expiring failure detector timer to make a prompt election more likely
I20260608 10:04:05.841634 19297 consensus_queue.cc:1048] T d63c63ee344644f29e60234077df9425 P b787e4b8db9a4f649c6be13e38b522a8 [LEADER]: Connected to new peer: Peer: permanent_uuid: "48d6ddeede734322bf51b991a829ee8a" member_type: VOTER last_known_addr { host: "127.14.57.1" port: 38545 }, Status: LMP_MISMATCH, Last received: 0.0, Next index: 1, Last known committed idx: 0, Time since last communication: 0.001s
I20260608 10:04:05.842214 19245 raft_consensus.cc:740] T efabed3b600348b7adaa3f520fbb4481 P 48d6ddeede734322bf51b991a829ee8a [term 0 FOLLOWER]: Becoming Follower/Learner. State: Replica: 48d6ddeede734322bf51b991a829ee8a, State: Initialized, Role: FOLLOWER
I20260608 10:04:05.846045 19245 consensus_queue.cc:260] T efabed3b600348b7adaa3f520fbb4481 P 48d6ddeede734322bf51b991a829ee8a [NON_LEADER]: Queue going to NON_LEADER mode. State: All replicated index: 0, Majority replicated index: 0, Committed index: 0, Last appended: 0.0, Last appended by leader: 0, Current term: 0, Majority size: -1, State: 0, Mode: NON_LEADER, active raft config: opid_index: -1 OBSOLETE_local: false peers { permanent_uuid: "48d6ddeede734322bf51b991a829ee8a" member_type: VOTER last_known_addr { host: "127.14.57.1" port: 38545 } } peers { permanent_uuid: "4ecf83bdc5f84cb3a20f70f04af73bac" member_type: VOTER last_known_addr { host: "127.14.57.2" port: 38905 } } peers { permanent_uuid: "b787e4b8db9a4f649c6be13e38b522a8" member_type: VOTER last_known_addr { host: "127.14.57.3" port: 38443 } }
I20260608 10:04:05.853341 19297 raft_consensus.cc:493] T 38d6a5d4fcd344699a1d52fffa9cc46a P b787e4b8db9a4f649c6be13e38b522a8 [term 0 FOLLOWER]: Starting pre-election (no leader contacted us within the election timeout)
I20260608 10:04:05.854378 19245 ts_tablet_manager.cc:1434] T efabed3b600348b7adaa3f520fbb4481 P 48d6ddeede734322bf51b991a829ee8a: Time spent starting tablet: real 0.016s	user 0.008s	sys 0.000s
I20260608 10:04:05.853933 19297 raft_consensus.cc:515] T 38d6a5d4fcd344699a1d52fffa9cc46a P b787e4b8db9a4f649c6be13e38b522a8 [term 0 FOLLOWER]: Starting pre-election with config: opid_index: -1 OBSOLETE_local: false peers { permanent_uuid: "48d6ddeede734322bf51b991a829ee8a" member_type: VOTER last_known_addr { host: "127.14.57.1" port: 38545 } } peers { permanent_uuid: "4ecf83bdc5f84cb3a20f70f04af73bac" member_type: VOTER last_known_addr { host: "127.14.57.2" port: 38905 } } peers { permanent_uuid: "b787e4b8db9a4f649c6be13e38b522a8" member_type: VOTER last_known_addr { host: "127.14.57.3" port: 38443 } }
I20260608 10:04:05.855760 19245 tablet_bootstrap.cc:492] T 39feb720d31b470c88e14dbd945dd305 P 48d6ddeede734322bf51b991a829ee8a: Bootstrap starting.
I20260608 10:04:05.856642 19297 leader_election.cc:290] T 38d6a5d4fcd344699a1d52fffa9cc46a P b787e4b8db9a4f649c6be13e38b522a8 [CANDIDATE]: Term 1 pre-election: Requested pre-vote from peers 48d6ddeede734322bf51b991a829ee8a (127.14.57.1:38545), 4ecf83bdc5f84cb3a20f70f04af73bac (127.14.57.2:38905)
I20260608 10:04:05.848798 19247 raft_consensus.cc:515] T d013ff4c204b49d78c036f7df692e711 P b787e4b8db9a4f649c6be13e38b522a8 [term 1 FOLLOWER]: Starting leader election with config: opid_index: -1 OBSOLETE_local: false peers { permanent_uuid: "48d6ddeede734322bf51b991a829ee8a" member_type: VOTER last_known_addr { host: "127.14.57.1" port: 38545 } } peers { permanent_uuid: "4ecf83bdc5f84cb3a20f70f04af73bac" member_type: VOTER last_known_addr { host: "127.14.57.2" port: 38905 } } peers { permanent_uuid: "b787e4b8db9a4f649c6be13e38b522a8" member_type: VOTER last_known_addr { host: "127.14.57.3" port: 38443 } }
I20260608 10:04:05.857805 19049 tablet_service.cc:1917] Received RequestConsensusVote() RPC: tablet_id: "38d6a5d4fcd344699a1d52fffa9cc46a" candidate_uuid: "b787e4b8db9a4f649c6be13e38b522a8" candidate_term: 1 candidate_status { last_received { term: 0 index: 0 } } ignore_live_leader: false dest_uuid: "48d6ddeede734322bf51b991a829ee8a" is_pre_election: true
I20260608 10:04:05.859910 19247 leader_election.cc:290] T d013ff4c204b49d78c036f7df692e711 P b787e4b8db9a4f649c6be13e38b522a8 [CANDIDATE]: Term 1 election: Requested vote from peers 48d6ddeede734322bf51b991a829ee8a (127.14.57.1:38545), 4ecf83bdc5f84cb3a20f70f04af73bac (127.14.57.2:38905)
I20260608 10:04:05.861455 19124 tablet_service.cc:1917] Received RequestConsensusVote() RPC: tablet_id: "38d6a5d4fcd344699a1d52fffa9cc46a" candidate_uuid: "b787e4b8db9a4f649c6be13e38b522a8" candidate_term: 1 candidate_status { last_received { term: 0 index: 0 } } ignore_live_leader: false dest_uuid: "4ecf83bdc5f84cb3a20f70f04af73bac" is_pre_election: true
I20260608 10:04:05.863127 19124 raft_consensus.cc:2393] T 38d6a5d4fcd344699a1d52fffa9cc46a P 4ecf83bdc5f84cb3a20f70f04af73bac [term 1 FOLLOWER]: Leader pre-election vote request: Denying vote to candidate b787e4b8db9a4f649c6be13e38b522a8 in current term 1: Already voted for candidate 48d6ddeede734322bf51b991a829ee8a in this term.
I20260608 10:04:05.866644 19049 tablet_service.cc:1917] Received RequestConsensusVote() RPC: tablet_id: "d013ff4c204b49d78c036f7df692e711" candidate_uuid: "b787e4b8db9a4f649c6be13e38b522a8" candidate_term: 1 candidate_status { last_received { term: 0 index: 0 } } ignore_live_leader: false dest_uuid: "48d6ddeede734322bf51b991a829ee8a"
I20260608 10:04:05.868907 19049 raft_consensus.cc:3060] T d013ff4c204b49d78c036f7df692e711 P 48d6ddeede734322bf51b991a829ee8a [term 0 FOLLOWER]: Advancing to term 1
I20260608 10:04:05.870011 19245 tablet_bootstrap.cc:654] T 39feb720d31b470c88e14dbd945dd305 P 48d6ddeede734322bf51b991a829ee8a: Neither blocks nor log segments found. Creating new log.
I20260608 10:04:05.873087 19124 tablet_service.cc:1917] Received RequestConsensusVote() RPC: tablet_id: "d013ff4c204b49d78c036f7df692e711" candidate_uuid: "b787e4b8db9a4f649c6be13e38b522a8" candidate_term: 1 candidate_status { last_received { term: 0 index: 0 } } ignore_live_leader: false dest_uuid: "4ecf83bdc5f84cb3a20f70f04af73bac"
I20260608 10:04:05.874094 19124 raft_consensus.cc:3060] T d013ff4c204b49d78c036f7df692e711 P 4ecf83bdc5f84cb3a20f70f04af73bac [term 0 FOLLOWER]: Advancing to term 1
I20260608 10:04:05.880848 19162 leader_election.cc:304] T 38d6a5d4fcd344699a1d52fffa9cc46a P b787e4b8db9a4f649c6be13e38b522a8 [CANDIDATE]: Term 1 pre-election: Election decided. Result: candidate lost. Election summary: received 3 responses out of 3 voters: 1 yes votes; 2 no votes. yes voters: b787e4b8db9a4f649c6be13e38b522a8; no voters: 48d6ddeede734322bf51b991a829ee8a, 4ecf83bdc5f84cb3a20f70f04af73bac
I20260608 10:04:05.882899 19247 raft_consensus.cc:3060] T 38d6a5d4fcd344699a1d52fffa9cc46a P b787e4b8db9a4f649c6be13e38b522a8 [term 0 FOLLOWER]: Advancing to term 1
I20260608 10:04:05.888131 19049 raft_consensus.cc:2468] T d013ff4c204b49d78c036f7df692e711 P 48d6ddeede734322bf51b991a829ee8a [term 1 FOLLOWER]: Leader election vote request: Granting yes vote for candidate b787e4b8db9a4f649c6be13e38b522a8 in term 1.
I20260608 10:04:05.889463 19297 consensus_queue.cc:1048] T d63c63ee344644f29e60234077df9425 P b787e4b8db9a4f649c6be13e38b522a8 [LEADER]: Connected to new peer: Peer: permanent_uuid: "4ecf83bdc5f84cb3a20f70f04af73bac" member_type: VOTER last_known_addr { host: "127.14.57.2" port: 38905 }, Status: LMP_MISMATCH, Last received: 0.0, Next index: 1, Last known committed idx: 0, Time since last communication: 0.000s
I20260608 10:04:05.892045 19162 leader_election.cc:304] T d013ff4c204b49d78c036f7df692e711 P b787e4b8db9a4f649c6be13e38b522a8 [CANDIDATE]: Term 1 election: Election decided. Result: candidate won. Election summary: received 2 responses out of 3 voters: 2 yes votes; 0 no votes. yes voters: 48d6ddeede734322bf51b991a829ee8a, b787e4b8db9a4f649c6be13e38b522a8; no voters: 
I20260608 10:04:05.895605 19124 raft_consensus.cc:2468] T d013ff4c204b49d78c036f7df692e711 P 4ecf83bdc5f84cb3a20f70f04af73bac [term 1 FOLLOWER]: Leader election vote request: Granting yes vote for candidate b787e4b8db9a4f649c6be13e38b522a8 in term 1.
I20260608 10:04:05.898983 19297 raft_consensus.cc:2804] T d013ff4c204b49d78c036f7df692e711 P b787e4b8db9a4f649c6be13e38b522a8 [term 1 FOLLOWER]: Leader election won for term 1
I20260608 10:04:05.899919 19297 raft_consensus.cc:697] T d013ff4c204b49d78c036f7df692e711 P b787e4b8db9a4f649c6be13e38b522a8 [term 1 LEADER]: Becoming Leader. State: Replica: b787e4b8db9a4f649c6be13e38b522a8, State: Running, Role: LEADER
I20260608 10:04:05.901696 19297 consensus_queue.cc:237] T d013ff4c204b49d78c036f7df692e711 P b787e4b8db9a4f649c6be13e38b522a8 [LEADER]: Queue going to LEADER mode. State: All replicated index: 0, Majority replicated index: 0, Committed index: 0, Last appended: 0.0, Last appended by leader: 0, Current term: 1, Majority size: 2, State: 0, Mode: LEADER, active raft config: opid_index: -1 OBSOLETE_local: false peers { permanent_uuid: "48d6ddeede734322bf51b991a829ee8a" member_type: VOTER last_known_addr { host: "127.14.57.1" port: 38545 } } peers { permanent_uuid: "4ecf83bdc5f84cb3a20f70f04af73bac" member_type: VOTER last_known_addr { host: "127.14.57.2" port: 38905 } } peers { permanent_uuid: "b787e4b8db9a4f649c6be13e38b522a8" member_type: VOTER last_known_addr { host: "127.14.57.3" port: 38443 } }
I20260608 10:04:05.904323 19245 tablet_bootstrap.cc:492] T 39feb720d31b470c88e14dbd945dd305 P 48d6ddeede734322bf51b991a829ee8a: No bootstrap required, opened a new log
I20260608 10:04:05.904937 19245 ts_tablet_manager.cc:1403] T 39feb720d31b470c88e14dbd945dd305 P 48d6ddeede734322bf51b991a829ee8a: Time spent bootstrapping tablet: real 0.050s	user 0.018s	sys 0.008s
I20260608 10:04:05.908327 19245 raft_consensus.cc:359] T 39feb720d31b470c88e14dbd945dd305 P 48d6ddeede734322bf51b991a829ee8a [term 0 FOLLOWER]: Replica starting. Triggering 0 pending ops. Active config: opid_index: -1 OBSOLETE_local: false peers { permanent_uuid: "48d6ddeede734322bf51b991a829ee8a" member_type: VOTER last_known_addr { host: "127.14.57.1" port: 38545 } } peers { permanent_uuid: "4ecf83bdc5f84cb3a20f70f04af73bac" member_type: VOTER last_known_addr { host: "127.14.57.2" port: 38905 } } peers { permanent_uuid: "b787e4b8db9a4f649c6be13e38b522a8" member_type: VOTER last_known_addr { host: "127.14.57.3" port: 38443 } }
I20260608 10:04:05.909149 19245 raft_consensus.cc:385] T 39feb720d31b470c88e14dbd945dd305 P 48d6ddeede734322bf51b991a829ee8a [term 0 FOLLOWER]: Consensus starting up: Expiring failure detector timer to make a prompt election more likely
I20260608 10:04:05.909464 19245 raft_consensus.cc:740] T 39feb720d31b470c88e14dbd945dd305 P 48d6ddeede734322bf51b991a829ee8a [term 0 FOLLOWER]: Becoming Follower/Learner. State: Replica: 48d6ddeede734322bf51b991a829ee8a, State: Initialized, Role: FOLLOWER
I20260608 10:04:05.910609 19245 consensus_queue.cc:260] T 39feb720d31b470c88e14dbd945dd305 P 48d6ddeede734322bf51b991a829ee8a [NON_LEADER]: Queue going to NON_LEADER mode. State: All replicated index: 0, Majority replicated index: 0, Committed index: 0, Last appended: 0.0, Last appended by leader: 0, Current term: 0, Majority size: -1, State: 0, Mode: NON_LEADER, active raft config: opid_index: -1 OBSOLETE_local: false peers { permanent_uuid: "48d6ddeede734322bf51b991a829ee8a" member_type: VOTER last_known_addr { host: "127.14.57.1" port: 38545 } } peers { permanent_uuid: "4ecf83bdc5f84cb3a20f70f04af73bac" member_type: VOTER last_known_addr { host: "127.14.57.2" port: 38905 } } peers { permanent_uuid: "b787e4b8db9a4f649c6be13e38b522a8" member_type: VOTER last_known_addr { host: "127.14.57.3" port: 38443 } }
I20260608 10:04:05.913426 19245 ts_tablet_manager.cc:1434] T 39feb720d31b470c88e14dbd945dd305 P 48d6ddeede734322bf51b991a829ee8a: Time spent starting tablet: real 0.008s	user 0.004s	sys 0.004s
I20260608 10:04:05.918692 19048 raft_consensus.cc:3060] T 39feb720d31b470c88e14dbd945dd305 P 48d6ddeede734322bf51b991a829ee8a [term 0 FOLLOWER]: Advancing to term 1
I20260608 10:04:05.920775 19247 raft_consensus.cc:2749] T 38d6a5d4fcd344699a1d52fffa9cc46a P b787e4b8db9a4f649c6be13e38b522a8 [term 1 FOLLOWER]: Leader pre-election lost for term 1. Reason: could not achieve majority
I20260608 10:04:05.930655 19293 consensus_queue.cc:1048] T 39feb720d31b470c88e14dbd945dd305 P 4ecf83bdc5f84cb3a20f70f04af73bac [LEADER]: Connected to new peer: Peer: permanent_uuid: "48d6ddeede734322bf51b991a829ee8a" member_type: VOTER last_known_addr { host: "127.14.57.1" port: 38545 }, Status: LMP_MISMATCH, Last received: 0.0, Next index: 1, Last known committed idx: 0, Time since last communication: 0.001s
I20260608 10:04:05.930975 18945 catalog_manager.cc:5696] T d013ff4c204b49d78c036f7df692e711 P b787e4b8db9a4f649c6be13e38b522a8 reported cstate change: term changed from 0 to 1, leader changed from <none> to b787e4b8db9a4f649c6be13e38b522a8 (127.14.57.3). New cstate: current_term: 1 leader_uuid: "b787e4b8db9a4f649c6be13e38b522a8" committed_config { opid_index: -1 OBSOLETE_local: false peers { permanent_uuid: "48d6ddeede734322bf51b991a829ee8a" member_type: VOTER last_known_addr { host: "127.14.57.1" port: 38545 } health_report { overall_health: UNKNOWN } } peers { permanent_uuid: "4ecf83bdc5f84cb3a20f70f04af73bac" member_type: VOTER last_known_addr { host: "127.14.57.2" port: 38905 } health_report { overall_health: UNKNOWN } } peers { permanent_uuid: "b787e4b8db9a4f649c6be13e38b522a8" member_type: VOTER last_known_addr { host: "127.14.57.3" port: 38443 } health_report { overall_health: HEALTHY } } }
