I20260608 10:03:19.940235  3240 consensus_queue.cc:260] T c5a1a9cf1c11445fa1a6948d989892a4 P ffbb3a9dbf2b4cd6a829f65b70e07a42 [NON_LEADER]: Queue going to NON_LEADER mode. State: All replicated index: 0, Majority replicated index: 0, Committed index: 0, Last appended: 0.0, Last appended by leader: 0, Current term: 0, Majority size: -1, State: 0, Mode: NON_LEADER, active raft config: opid_index: -1 OBSOLETE_local: false peers { permanent_uuid: "ffbb3a9dbf2b4cd6a829f65b70e07a42" member_type: VOTER last_known_addr { host: "127.31.186.1" port: 40621 } } peers { permanent_uuid: "55991d07b54f4ceabe7563e904147913" member_type: VOTER last_known_addr { host: "127.31.186.3" port: 36491 } } peers { permanent_uuid: "0a55662c10f442f096ae6be4fe6bef12" member_type: VOTER last_known_addr { host: "127.31.186.2" port: 34379 } }
I20260608 10:03:19.940959  3237 ts_tablet_manager.cc:1434] T e70e909d2bb24b76ab4b90b6ae78680b P 0a55662c10f442f096ae6be4fe6bef12: Time spent starting tablet: real 0.011s	user 0.004s	sys 0.002s
I20260608 10:03:19.942126  3237 tablet_bootstrap.cc:492] T b1a49d6c92b44740a1812199fda27901 P 0a55662c10f442f096ae6be4fe6bef12: Bootstrap starting.
I20260608 10:03:19.942958  3240 ts_tablet_manager.cc:1434] T c5a1a9cf1c11445fa1a6948d989892a4 P ffbb3a9dbf2b4cd6a829f65b70e07a42: Time spent starting tablet: real 0.016s	user 0.007s	sys 0.001s
I20260608 10:03:19.944167  3240 tablet_bootstrap.cc:492] T e70e909d2bb24b76ab4b90b6ae78680b P ffbb3a9dbf2b4cd6a829f65b70e07a42: Bootstrap starting.
I20260608 10:03:19.948642  3237 tablet_bootstrap.cc:654] T b1a49d6c92b44740a1812199fda27901 P 0a55662c10f442f096ae6be4fe6bef12: Neither blocks nor log segments found. Creating new log.
I20260608 10:03:19.948629  3236 tablet_bootstrap.cc:492] T ea1287c6477d4c1f83963987d1286062 P 55991d07b54f4ceabe7563e904147913: Bootstrap starting.
I20260608 10:03:19.950585  3240 tablet_bootstrap.cc:654] T e70e909d2bb24b76ab4b90b6ae78680b P ffbb3a9dbf2b4cd6a829f65b70e07a42: Neither blocks nor log segments found. Creating new log.
I20260608 10:03:19.957304  3236 tablet_bootstrap.cc:654] T ea1287c6477d4c1f83963987d1286062 P 55991d07b54f4ceabe7563e904147913: Neither blocks nor log segments found. Creating new log.
I20260608 10:03:19.962424  3237 tablet_bootstrap.cc:492] T b1a49d6c92b44740a1812199fda27901 P 0a55662c10f442f096ae6be4fe6bef12: No bootstrap required, opened a new log
I20260608 10:03:19.963184  3237 ts_tablet_manager.cc:1403] T b1a49d6c92b44740a1812199fda27901 P 0a55662c10f442f096ae6be4fe6bef12: Time spent bootstrapping tablet: real 0.021s	user 0.013s	sys 0.004s
W20260608 10:03:19.964818  2988 auto_rebalancer.cc:259] Could not retrieve cluster info: Service unavailable: Tablet not running
I20260608 10:03:19.967883  2993 auto_leader_rebalancer.cc:140] leader rebalance for table range_aware_rebalance_new_range
I20260608 10:03:19.968225  3237 raft_consensus.cc:359] T b1a49d6c92b44740a1812199fda27901 P 0a55662c10f442f096ae6be4fe6bef12 [term 0 FOLLOWER]: Replica starting. Triggering 0 pending ops. Active config: opid_index: -1 OBSOLETE_local: false peers { permanent_uuid: "ffbb3a9dbf2b4cd6a829f65b70e07a42" member_type: VOTER last_known_addr { host: "127.31.186.1" port: 40621 } } peers { permanent_uuid: "0a55662c10f442f096ae6be4fe6bef12" member_type: VOTER last_known_addr { host: "127.31.186.2" port: 34379 } } peers { permanent_uuid: "55991d07b54f4ceabe7563e904147913" member_type: VOTER last_known_addr { host: "127.31.186.3" port: 36491 } }
W20260608 10:03:19.969025  2993 auto_leader_rebalancer.cc:460] the master instance isn't leader: Service unavailable: Tablet not running
I20260608 10:03:19.969045  3237 raft_consensus.cc:385] T b1a49d6c92b44740a1812199fda27901 P 0a55662c10f442f096ae6be4fe6bef12 [term 0 FOLLOWER]: Consensus starting up: Expiring failure detector timer to make a prompt election more likely
I20260608 10:03:19.969570  3237 raft_consensus.cc:740] T b1a49d6c92b44740a1812199fda27901 P 0a55662c10f442f096ae6be4fe6bef12 [term 0 FOLLOWER]: Becoming Follower/Learner. State: Replica: 0a55662c10f442f096ae6be4fe6bef12, State: Initialized, Role: FOLLOWER
I20260608 10:03:19.970588  3237 consensus_queue.cc:260] T b1a49d6c92b44740a1812199fda27901 P 0a55662c10f442f096ae6be4fe6bef12 [NON_LEADER]: Queue going to NON_LEADER mode. State: All replicated index: 0, Majority replicated index: 0, Committed index: 0, Last appended: 0.0, Last appended by leader: 0, Current term: 0, Majority size: -1, State: 0, Mode: NON_LEADER, active raft config: opid_index: -1 OBSOLETE_local: false peers { permanent_uuid: "ffbb3a9dbf2b4cd6a829f65b70e07a42" member_type: VOTER last_known_addr { host: "127.31.186.1" port: 40621 } } peers { permanent_uuid: "0a55662c10f442f096ae6be4fe6bef12" member_type: VOTER last_known_addr { host: "127.31.186.2" port: 34379 } } peers { permanent_uuid: "55991d07b54f4ceabe7563e904147913" member_type: VOTER last_known_addr { host: "127.31.186.3" port: 36491 } }
I20260608 10:03:19.971237  3240 tablet_bootstrap.cc:492] T e70e909d2bb24b76ab4b90b6ae78680b P ffbb3a9dbf2b4cd6a829f65b70e07a42: No bootstrap required, opened a new log
I20260608 10:03:19.971751  3240 ts_tablet_manager.cc:1403] T e70e909d2bb24b76ab4b90b6ae78680b P ffbb3a9dbf2b4cd6a829f65b70e07a42: Time spent bootstrapping tablet: real 0.028s	user 0.017s	sys 0.004s
I20260608 10:03:19.973768  3237 ts_tablet_manager.cc:1434] T b1a49d6c92b44740a1812199fda27901 P 0a55662c10f442f096ae6be4fe6bef12: Time spent starting tablet: real 0.010s	user 0.010s	sys 0.000s
I20260608 10:03:19.974942  3237 tablet_bootstrap.cc:492] T 36ab957093ce436186b28eed2826e700 P 0a55662c10f442f096ae6be4fe6bef12: Bootstrap starting.
I20260608 10:03:19.975061  3240 raft_consensus.cc:359] T e70e909d2bb24b76ab4b90b6ae78680b P ffbb3a9dbf2b4cd6a829f65b70e07a42 [term 0 FOLLOWER]: Replica starting. Triggering 0 pending ops. Active config: opid_index: -1 OBSOLETE_local: false peers { permanent_uuid: "0a55662c10f442f096ae6be4fe6bef12" member_type: VOTER last_known_addr { host: "127.31.186.2" port: 34379 } } peers { permanent_uuid: "ffbb3a9dbf2b4cd6a829f65b70e07a42" member_type: VOTER last_known_addr { host: "127.31.186.1" port: 40621 } } peers { permanent_uuid: "55991d07b54f4ceabe7563e904147913" member_type: VOTER last_known_addr { host: "127.31.186.3" port: 36491 } }
I20260608 10:03:19.975824  3240 raft_consensus.cc:385] T e70e909d2bb24b76ab4b90b6ae78680b P ffbb3a9dbf2b4cd6a829f65b70e07a42 [term 0 FOLLOWER]: Consensus starting up: Expiring failure detector timer to make a prompt election more likely
I20260608 10:03:19.976114  3240 raft_consensus.cc:740] T e70e909d2bb24b76ab4b90b6ae78680b P ffbb3a9dbf2b4cd6a829f65b70e07a42 [term 0 FOLLOWER]: Becoming Follower/Learner. State: Replica: ffbb3a9dbf2b4cd6a829f65b70e07a42, State: Initialized, Role: FOLLOWER
I20260608 10:03:19.977152  3240 consensus_queue.cc:260] T e70e909d2bb24b76ab4b90b6ae78680b P ffbb3a9dbf2b4cd6a829f65b70e07a42 [NON_LEADER]: Queue going to NON_LEADER mode. State: All replicated index: 0, Majority replicated index: 0, Committed index: 0, Last appended: 0.0, Last appended by leader: 0, Current term: 0, Majority size: -1, State: 0, Mode: NON_LEADER, active raft config: opid_index: -1 OBSOLETE_local: false peers { permanent_uuid: "0a55662c10f442f096ae6be4fe6bef12" member_type: VOTER last_known_addr { host: "127.31.186.2" port: 34379 } } peers { permanent_uuid: "ffbb3a9dbf2b4cd6a829f65b70e07a42" member_type: VOTER last_known_addr { host: "127.31.186.1" port: 40621 } } peers { permanent_uuid: "55991d07b54f4ceabe7563e904147913" member_type: VOTER last_known_addr { host: "127.31.186.3" port: 36491 } }
I20260608 10:03:19.980921  3239 raft_consensus.cc:493] T b1a49d6c92b44740a1812199fda27901 P 0a55662c10f442f096ae6be4fe6bef12 [term 0 FOLLOWER]: Starting pre-election (no leader contacted us within the election timeout)
I20260608 10:03:19.986239  3239 raft_consensus.cc:515] T b1a49d6c92b44740a1812199fda27901 P 0a55662c10f442f096ae6be4fe6bef12 [term 0 FOLLOWER]: Starting pre-election with config: opid_index: -1 OBSOLETE_local: false peers { permanent_uuid: "ffbb3a9dbf2b4cd6a829f65b70e07a42" member_type: VOTER last_known_addr { host: "127.31.186.1" port: 40621 } } peers { permanent_uuid: "0a55662c10f442f096ae6be4fe6bef12" member_type: VOTER last_known_addr { host: "127.31.186.2" port: 34379 } } peers { permanent_uuid: "55991d07b54f4ceabe7563e904147913" member_type: VOTER last_known_addr { host: "127.31.186.3" port: 36491 } }
I20260608 10:03:19.988577  3240 ts_tablet_manager.cc:1434] T e70e909d2bb24b76ab4b90b6ae78680b P ffbb3a9dbf2b4cd6a829f65b70e07a42: Time spent starting tablet: real 0.017s	user 0.005s	sys 0.005s
I20260608 10:03:19.993811  3237 tablet_bootstrap.cc:654] T 36ab957093ce436186b28eed2826e700 P 0a55662c10f442f096ae6be4fe6bef12: Neither blocks nor log segments found. Creating new log.
I20260608 10:03:19.993919  3244 raft_consensus.cc:493] T f8f547ba287e4bc9bf413d7ac4636bb7 P ffbb3a9dbf2b4cd6a829f65b70e07a42 [term 0 FOLLOWER]: Starting pre-election (no leader contacted us within the election timeout)
I20260608 10:03:19.997089  3244 raft_consensus.cc:515] T f8f547ba287e4bc9bf413d7ac4636bb7 P ffbb3a9dbf2b4cd6a829f65b70e07a42 [term 0 FOLLOWER]: Starting pre-election with config: opid_index: -1 OBSOLETE_local: false peers { permanent_uuid: "ffbb3a9dbf2b4cd6a829f65b70e07a42" member_type: VOTER last_known_addr { host: "127.31.186.1" port: 40621 } } peers { permanent_uuid: "0a55662c10f442f096ae6be4fe6bef12" member_type: VOTER last_known_addr { host: "127.31.186.2" port: 34379 } } peers { permanent_uuid: "55991d07b54f4ceabe7563e904147913" member_type: VOTER last_known_addr { host: "127.31.186.3" port: 36491 } }
I20260608 10:03:19.997578  3245 raft_consensus.cc:493] T e70e909d2bb24b76ab4b90b6ae78680b P 55991d07b54f4ceabe7563e904147913 [term 0 FOLLOWER]: Starting pre-election (no leader contacted us within the election timeout)
I20260608 10:03:19.998195  3245 raft_consensus.cc:515] T e70e909d2bb24b76ab4b90b6ae78680b P 55991d07b54f4ceabe7563e904147913 [term 0 FOLLOWER]: Starting pre-election with config: opid_index: -1 OBSOLETE_local: false peers { permanent_uuid: "0a55662c10f442f096ae6be4fe6bef12" member_type: VOTER last_known_addr { host: "127.31.186.2" port: 34379 } } peers { permanent_uuid: "ffbb3a9dbf2b4cd6a829f65b70e07a42" member_type: VOTER last_known_addr { host: "127.31.186.1" port: 40621 } } peers { permanent_uuid: "55991d07b54f4ceabe7563e904147913" member_type: VOTER last_known_addr { host: "127.31.186.3" port: 36491 } }
I20260608 10:03:19.996272  3240 tablet_bootstrap.cc:492] T 36ab957093ce436186b28eed2826e700 P ffbb3a9dbf2b4cd6a829f65b70e07a42: Bootstrap starting.
I20260608 10:03:20.002100  3236 tablet_bootstrap.cc:492] T ea1287c6477d4c1f83963987d1286062 P 55991d07b54f4ceabe7563e904147913: No bootstrap required, opened a new log
I20260608 10:03:20.002768  3236 ts_tablet_manager.cc:1403] T ea1287c6477d4c1f83963987d1286062 P 55991d07b54f4ceabe7563e904147913: Time spent bootstrapping tablet: real 0.054s	user 0.024s	sys 0.010s
I20260608 10:03:20.004216  3116 tablet_service.cc:1917] Received RequestConsensusVote() RPC: tablet_id: "e70e909d2bb24b76ab4b90b6ae78680b" candidate_uuid: "55991d07b54f4ceabe7563e904147913" candidate_term: 1 candidate_status { last_received { term: 0 index: 0 } } ignore_live_leader: false dest_uuid: "0a55662c10f442f096ae6be4fe6bef12" is_pre_election: true
I20260608 10:03:20.005897  3244 leader_election.cc:290] T f8f547ba287e4bc9bf413d7ac4636bb7 P ffbb3a9dbf2b4cd6a829f65b70e07a42 [CANDIDATE]: Term 1 pre-election: Requested pre-vote from peers 0a55662c10f442f096ae6be4fe6bef12 (127.31.186.2:34379), 55991d07b54f4ceabe7563e904147913 (127.31.186.3:36491)
I20260608 10:03:20.009855  3116 raft_consensus.cc:2468] T e70e909d2bb24b76ab4b90b6ae78680b P 0a55662c10f442f096ae6be4fe6bef12 [term 0 FOLLOWER]: Leader pre-election vote request: Granting yes vote for candidate 55991d07b54f4ceabe7563e904147913 in term 0.
I20260608 10:03:20.016460  3244 raft_consensus.cc:493] T c5a1a9cf1c11445fa1a6948d989892a4 P ffbb3a9dbf2b4cd6a829f65b70e07a42 [term 0 FOLLOWER]: Starting pre-election (no leader contacted us within the election timeout)
I20260608 10:03:20.006772  3236 raft_consensus.cc:359] T ea1287c6477d4c1f83963987d1286062 P 55991d07b54f4ceabe7563e904147913 [term 0 FOLLOWER]: Replica starting. Triggering 0 pending ops. Active config: opid_index: -1 OBSOLETE_local: false peers { permanent_uuid: "ffbb3a9dbf2b4cd6a829f65b70e07a42" member_type: VOTER last_known_addr { host: "127.31.186.1" port: 40621 } } peers { permanent_uuid: "0a55662c10f442f096ae6be4fe6bef12" member_type: VOTER last_known_addr { host: "127.31.186.2" port: 34379 } } peers { permanent_uuid: "55991d07b54f4ceabe7563e904147913" member_type: VOTER last_known_addr { host: "127.31.186.3" port: 36491 } }
I20260608 10:03:20.018121  3236 raft_consensus.cc:385] T ea1287c6477d4c1f83963987d1286062 P 55991d07b54f4ceabe7563e904147913 [term 0 FOLLOWER]: Consensus starting up: Expiring failure detector timer to make a prompt election more likely
I20260608 10:03:20.018483  3042 tablet_service.cc:1917] Received RequestConsensusVote() RPC: tablet_id: "e70e909d2bb24b76ab4b90b6ae78680b" candidate_uuid: "55991d07b54f4ceabe7563e904147913" candidate_term: 1 candidate_status { last_received { term: 0 index: 0 } } ignore_live_leader: false dest_uuid: "ffbb3a9dbf2b4cd6a829f65b70e07a42" is_pre_election: true
I20260608 10:03:20.018692  3236 raft_consensus.cc:740] T ea1287c6477d4c1f83963987d1286062 P 55991d07b54f4ceabe7563e904147913 [term 0 FOLLOWER]: Becoming Follower/Learner. State: Replica: 55991d07b54f4ceabe7563e904147913, State: Initialized, Role: FOLLOWER
I20260608 10:03:20.019459  3042 raft_consensus.cc:2468] T e70e909d2bb24b76ab4b90b6ae78680b P ffbb3a9dbf2b4cd6a829f65b70e07a42 [term 0 FOLLOWER]: Leader pre-election vote request: Granting yes vote for candidate 55991d07b54f4ceabe7563e904147913 in term 0.
I20260608 10:03:20.017309  3244 raft_consensus.cc:515] T c5a1a9cf1c11445fa1a6948d989892a4 P ffbb3a9dbf2b4cd6a829f65b70e07a42 [term 0 FOLLOWER]: Starting pre-election with config: opid_index: -1 OBSOLETE_local: false peers { permanent_uuid: "ffbb3a9dbf2b4cd6a829f65b70e07a42" member_type: VOTER last_known_addr { host: "127.31.186.1" port: 40621 } } peers { permanent_uuid: "55991d07b54f4ceabe7563e904147913" member_type: VOTER last_known_addr { host: "127.31.186.3" port: 36491 } } peers { permanent_uuid: "0a55662c10f442f096ae6be4fe6bef12" member_type: VOTER last_known_addr { host: "127.31.186.2" port: 34379 } }
I20260608 10:03:20.022560  3236 consensus_queue.cc:260] T ea1287c6477d4c1f83963987d1286062 P 55991d07b54f4ceabe7563e904147913 [NON_LEADER]: Queue going to NON_LEADER mode. State: All replicated index: 0, Majority replicated index: 0, Committed index: 0, Last appended: 0.0, Last appended by leader: 0, Current term: 0, Majority size: -1, State: 0, Mode: NON_LEADER, active raft config: opid_index: -1 OBSOLETE_local: false peers { permanent_uuid: "ffbb3a9dbf2b4cd6a829f65b70e07a42" member_type: VOTER last_known_addr { host: "127.31.186.1" port: 40621 } } peers { permanent_uuid: "0a55662c10f442f096ae6be4fe6bef12" member_type: VOTER last_known_addr { host: "127.31.186.2" port: 34379 } } peers { permanent_uuid: "55991d07b54f4ceabe7563e904147913" member_type: VOTER last_known_addr { host: "127.31.186.3" port: 36491 } }
I20260608 10:03:20.013917  3154 leader_election.cc:304] T e70e909d2bb24b76ab4b90b6ae78680b P 55991d07b54f4ceabe7563e904147913 [CANDIDATE]: Term 1 pre-election: Election decided. Result: candidate won. Election summary: received 2 responses out of 3 voters: 2 yes votes; 0 no votes. yes voters: 0a55662c10f442f096ae6be4fe6bef12, 55991d07b54f4ceabe7563e904147913; no voters: 
I20260608 10:03:20.011214  3245 leader_election.cc:290] T e70e909d2bb24b76ab4b90b6ae78680b P 55991d07b54f4ceabe7563e904147913 [CANDIDATE]: Term 1 pre-election: Requested pre-vote from peers 0a55662c10f442f096ae6be4fe6bef12 (127.31.186.2:34379), ffbb3a9dbf2b4cd6a829f65b70e07a42 (127.31.186.1:40621)
I20260608 10:03:20.024845  3244 leader_election.cc:290] T c5a1a9cf1c11445fa1a6948d989892a4 P ffbb3a9dbf2b4cd6a829f65b70e07a42 [CANDIDATE]: Term 1 pre-election: Requested pre-vote from peers 55991d07b54f4ceabe7563e904147913 (127.31.186.3:36491), 0a55662c10f442f096ae6be4fe6bef12 (127.31.186.2:34379)
I20260608 10:03:20.030484  3237 tablet_bootstrap.cc:492] T 36ab957093ce436186b28eed2826e700 P 0a55662c10f442f096ae6be4fe6bef12: No bootstrap required, opened a new log
I20260608 10:03:20.031280  3237 ts_tablet_manager.cc:1403] T 36ab957093ce436186b28eed2826e700 P 0a55662c10f442f096ae6be4fe6bef12: Time spent bootstrapping tablet: real 0.057s	user 0.011s	sys 0.023s
I20260608 10:03:20.034104  3117 raft_consensus.cc:2468] T c5a1a9cf1c11445fa1a6948d989892a4 P 0a55662c10f442f096ae6be4fe6bef12 [term 1 FOLLOWER]: Leader election vote request: Granting yes vote for candidate 55991d07b54f4ceabe7563e904147913 in term 1.
I20260608 10:03:20.038098  3245 raft_consensus.cc:2804] T e70e909d2bb24b76ab4b90b6ae78680b P 55991d07b54f4ceabe7563e904147913 [term 0 FOLLOWER]: Leader pre-election won for term 1
I20260608 10:03:20.038749  3245 raft_consensus.cc:493] T e70e909d2bb24b76ab4b90b6ae78680b P 55991d07b54f4ceabe7563e904147913 [term 0 FOLLOWER]: Starting leader election (no leader contacted us within the election timeout)
I20260608 10:03:20.039225  3245 raft_consensus.cc:3060] T e70e909d2bb24b76ab4b90b6ae78680b P 55991d07b54f4ceabe7563e904147913 [term 0 FOLLOWER]: Advancing to term 1
I20260608 10:03:20.044101  3237 raft_consensus.cc:359] T 36ab957093ce436186b28eed2826e700 P 0a55662c10f442f096ae6be4fe6bef12 [term 0 FOLLOWER]: Replica starting. Triggering 0 pending ops. Active config: opid_index: -1 OBSOLETE_local: false peers { permanent_uuid: "0a55662c10f442f096ae6be4fe6bef12" member_type: VOTER last_known_addr { host: "127.31.186.2" port: 34379 } } peers { permanent_uuid: "ffbb3a9dbf2b4cd6a829f65b70e07a42" member_type: VOTER last_known_addr { host: "127.31.186.1" port: 40621 } } peers { permanent_uuid: "55991d07b54f4ceabe7563e904147913" member_type: VOTER last_known_addr { host: "127.31.186.3" port: 36491 } }
I20260608 10:03:20.053797  3239 leader_election.cc:290] T b1a49d6c92b44740a1812199fda27901 P 0a55662c10f442f096ae6be4fe6bef12 [CANDIDATE]: Term 1 pre-election: Requested pre-vote from peers ffbb3a9dbf2b4cd6a829f65b70e07a42 (127.31.186.1:40621), 55991d07b54f4ceabe7563e904147913 (127.31.186.3:36491)
I20260608 10:03:20.055791  3237 raft_consensus.cc:385] T 36ab957093ce436186b28eed2826e700 P 0a55662c10f442f096ae6be4fe6bef12 [term 0 FOLLOWER]: Consensus starting up: Expiring failure detector timer to make a prompt election more likely
I20260608 10:03:20.063042  3239 raft_consensus.cc:493] T f8f547ba287e4bc9bf413d7ac4636bb7 P 0a55662c10f442f096ae6be4fe6bef12 [term 0 FOLLOWER]: Starting pre-election (no leader contacted us within the election timeout)
I20260608 10:03:20.069597  3239 raft_consensus.cc:515] T f8f547ba287e4bc9bf413d7ac4636bb7 P 0a55662c10f442f096ae6be4fe6bef12 [term 0 FOLLOWER]: Starting pre-election with config: opid_index: -1 OBSOLETE_local: false peers { permanent_uuid: "ffbb3a9dbf2b4cd6a829f65b70e07a42" member_type: VOTER last_known_addr { host: "127.31.186.1" port: 40621 } } peers { permanent_uuid: "0a55662c10f442f096ae6be4fe6bef12" member_type: VOTER last_known_addr { host: "127.31.186.2" port: 34379 } } peers { permanent_uuid: "55991d07b54f4ceabe7563e904147913" member_type: VOTER last_known_addr { host: "127.31.186.3" port: 36491 } }
I20260608 10:03:20.072023  3239 leader_election.cc:290] T f8f547ba287e4bc9bf413d7ac4636bb7 P 0a55662c10f442f096ae6be4fe6bef12 [CANDIDATE]: Term 1 pre-election: Requested pre-vote from peers ffbb3a9dbf2b4cd6a829f65b70e07a42 (127.31.186.1:40621), 55991d07b54f4ceabe7563e904147913 (127.31.186.3:36491)
I20260608 10:03:20.072618  3237 raft_consensus.cc:740] T 36ab957093ce436186b28eed2826e700 P 0a55662c10f442f096ae6be4fe6bef12 [term 0 FOLLOWER]: Becoming Follower/Learner. State: Replica: 0a55662c10f442f096ae6be4fe6bef12, State: Initialized, Role: FOLLOWER
I20260608 10:03:20.073511  3116 tablet_service.cc:1917] Received RequestConsensusVote() RPC: tablet_id: "c5a1a9cf1c11445fa1a6948d989892a4" candidate_uuid: "ffbb3a9dbf2b4cd6a829f65b70e07a42" candidate_term: 1 candidate_status { last_received { term: 0 index: 0 } } ignore_live_leader: false dest_uuid: "0a55662c10f442f096ae6be4fe6bef12" is_pre_election: true
I20260608 10:03:20.073607  3237 consensus_queue.cc:260] T 36ab957093ce436186b28eed2826e700 P 0a55662c10f442f096ae6be4fe6bef12 [NON_LEADER]: Queue going to NON_LEADER mode. State: All replicated index: 0, Majority replicated index: 0, Committed index: 0, Last appended: 0.0, Last appended by leader: 0, Current term: 0, Majority size: -1, State: 0, Mode: NON_LEADER, active raft config: opid_index: -1 OBSOLETE_local: false peers { permanent_uuid: "0a55662c10f442f096ae6be4fe6bef12" member_type: VOTER last_known_addr { host: "127.31.186.2" port: 34379 } } peers { permanent_uuid: "ffbb3a9dbf2b4cd6a829f65b70e07a42" member_type: VOTER last_known_addr { host: "127.31.186.1" port: 40621 } } peers { permanent_uuid: "55991d07b54f4ceabe7563e904147913" member_type: VOTER last_known_addr { host: "127.31.186.3" port: 36491 } }
I20260608 10:03:20.074513  3116 raft_consensus.cc:2393] T c5a1a9cf1c11445fa1a6948d989892a4 P 0a55662c10f442f096ae6be4fe6bef12 [term 1 FOLLOWER]: Leader pre-election vote request: Denying vote to candidate ffbb3a9dbf2b4cd6a829f65b70e07a42 in current term 1: Already voted for candidate 55991d07b54f4ceabe7563e904147913 in this term.
I20260608 10:03:20.072865  3117 tablet_service.cc:1917] Received RequestConsensusVote() RPC: tablet_id: "f8f547ba287e4bc9bf413d7ac4636bb7" candidate_uuid: "ffbb3a9dbf2b4cd6a829f65b70e07a42" candidate_term: 1 candidate_status { last_received { term: 0 index: 0 } } ignore_live_leader: false dest_uuid: "0a55662c10f442f096ae6be4fe6bef12" is_pre_election: true
I20260608 10:03:20.075471  3117 raft_consensus.cc:2468] T f8f547ba287e4bc9bf413d7ac4636bb7 P 0a55662c10f442f096ae6be4fe6bef12 [term 0 FOLLOWER]: Leader pre-election vote request: Granting yes vote for candidate ffbb3a9dbf2b4cd6a829f65b70e07a42 in term 0.
I20260608 10:03:20.076682  3236 ts_tablet_manager.cc:1434] T ea1287c6477d4c1f83963987d1286062 P 55991d07b54f4ceabe7563e904147913: Time spent starting tablet: real 0.074s	user 0.015s	sys 0.006s
I20260608 10:03:20.076929  3237 ts_tablet_manager.cc:1434] T 36ab957093ce436186b28eed2826e700 P 0a55662c10f442f096ae6be4fe6bef12: Time spent starting tablet: real 0.045s	user 0.008s	sys 0.000s
I20260608 10:03:20.078810  3240 tablet_bootstrap.cc:654] T 36ab957093ce436186b28eed2826e700 P ffbb3a9dbf2b4cd6a829f65b70e07a42: Neither blocks nor log segments found. Creating new log.
I20260608 10:03:20.079257  3245 raft_consensus.cc:515] T e70e909d2bb24b76ab4b90b6ae78680b P 55991d07b54f4ceabe7563e904147913 [term 1 FOLLOWER]: Starting leader election with config: opid_index: -1 OBSOLETE_local: false peers { permanent_uuid: "0a55662c10f442f096ae6be4fe6bef12" member_type: VOTER last_known_addr { host: "127.31.186.2" port: 34379 } } peers { permanent_uuid: "ffbb3a9dbf2b4cd6a829f65b70e07a42" member_type: VOTER last_known_addr { host: "127.31.186.1" port: 40621 } } peers { permanent_uuid: "55991d07b54f4ceabe7563e904147913" member_type: VOTER last_known_addr { host: "127.31.186.3" port: 36491 } }
I20260608 10:03:20.078722  3005 leader_election.cc:304] T f8f547ba287e4bc9bf413d7ac4636bb7 P ffbb3a9dbf2b4cd6a829f65b70e07a42 [CANDIDATE]: Term 1 pre-election: Election decided. Result: candidate won. Election summary: received 2 responses out of 3 voters: 2 yes votes; 0 no votes. yes voters: 0a55662c10f442f096ae6be4fe6bef12, ffbb3a9dbf2b4cd6a829f65b70e07a42; no voters: 
I20260608 10:03:20.081089  3244 raft_consensus.cc:2804] T f8f547ba287e4bc9bf413d7ac4636bb7 P ffbb3a9dbf2b4cd6a829f65b70e07a42 [term 0 FOLLOWER]: Leader pre-election won for term 1
I20260608 10:03:20.081470  3244 raft_consensus.cc:493] T f8f547ba287e4bc9bf413d7ac4636bb7 P ffbb3a9dbf2b4cd6a829f65b70e07a42 [term 0 FOLLOWER]: Starting leader election (no leader contacted us within the election timeout)
I20260608 10:03:20.081698  3245 leader_election.cc:290] T e70e909d2bb24b76ab4b90b6ae78680b P 55991d07b54f4ceabe7563e904147913 [CANDIDATE]: Term 1 election: Requested vote from peers 0a55662c10f442f096ae6be4fe6bef12 (127.31.186.2:34379), ffbb3a9dbf2b4cd6a829f65b70e07a42 (127.31.186.1:40621)
I20260608 10:03:20.081832  3244 raft_consensus.cc:3060] T f8f547ba287e4bc9bf413d7ac4636bb7 P ffbb3a9dbf2b4cd6a829f65b70e07a42 [term 0 FOLLOWER]: Advancing to term 1
W20260608 10:03:20.082562  3154 outbound_call.cc:321] RPC callback for RPC call kudu.consensus.ConsensusService.RequestConsensusVote -> {remote=127.31.186.2:34379, user_credentials={real_user=slave}} blocked reactor thread for 69450.9us
I20260608 10:03:20.084810  3236 tablet_bootstrap.cc:492] T ed1331db44d346ea93c0f29249b4e0b7 P 55991d07b54f4ceabe7563e904147913: Bootstrap starting.
I20260608 10:03:20.085889  3042 tablet_service.cc:1917] Received RequestConsensusVote() RPC: tablet_id: "e70e909d2bb24b76ab4b90b6ae78680b" candidate_uuid: "55991d07b54f4ceabe7563e904147913" candidate_term: 1 candidate_status { last_received { term: 0 index: 0 } } ignore_live_leader: false dest_uuid: "ffbb3a9dbf2b4cd6a829f65b70e07a42"
I20260608 10:03:20.086586  3042 raft_consensus.cc:3060] T e70e909d2bb24b76ab4b90b6ae78680b P ffbb3a9dbf2b4cd6a829f65b70e07a42 [term 0 FOLLOWER]: Advancing to term 1
I20260608 10:03:20.084893  3117 tablet_service.cc:1917] Received RequestConsensusVote() RPC: tablet_id: "e70e909d2bb24b76ab4b90b6ae78680b" candidate_uuid: "55991d07b54f4ceabe7563e904147913" candidate_term: 1 candidate_status { last_received { term: 0 index: 0 } } ignore_live_leader: false dest_uuid: "0a55662c10f442f096ae6be4fe6bef12"
I20260608 10:03:20.088263  3117 raft_consensus.cc:3060] T e70e909d2bb24b76ab4b90b6ae78680b P 0a55662c10f442f096ae6be4fe6bef12 [term 0 FOLLOWER]: Advancing to term 1
I20260608 10:03:20.092733  3236 tablet_bootstrap.cc:654] T ed1331db44d346ea93c0f29249b4e0b7 P 55991d07b54f4ceabe7563e904147913: Neither blocks nor log segments found. Creating new log.
I20260608 10:03:20.093477  3154 leader_election.cc:304] T c5a1a9cf1c11445fa1a6948d989892a4 P 55991d07b54f4ceabe7563e904147913 [CANDIDATE]: Term 1 election: Election decided. Result: candidate won. Election summary: received 3 responses out of 3 voters: 2 yes votes; 1 no votes. yes voters: 0a55662c10f442f096ae6be4fe6bef12, 55991d07b54f4ceabe7563e904147913; no voters: ffbb3a9dbf2b4cd6a829f65b70e07a42
I20260608 10:03:20.095376  3261 raft_consensus.cc:2804] T c5a1a9cf1c11445fa1a6948d989892a4 P 55991d07b54f4ceabe7563e904147913 [term 1 FOLLOWER]: Leader election won for term 1
I20260608 10:03:20.095966  3261 raft_consensus.cc:697] T c5a1a9cf1c11445fa1a6948d989892a4 P 55991d07b54f4ceabe7563e904147913 [term 1 LEADER]: Becoming Leader. State: Replica: 55991d07b54f4ceabe7563e904147913, State: Running, Role: LEADER
I20260608 10:03:20.096891  3261 consensus_queue.cc:237] T c5a1a9cf1c11445fa1a6948d989892a4 P 55991d07b54f4ceabe7563e904147913 [LEADER]: Queue going to LEADER mode. State: All replicated index: 0, Majority replicated index: 0, Committed index: 0, Last appended: 0.0, Last appended by leader: 0, Current term: 1, Majority size: 2, State: 0, Mode: LEADER, active raft config: opid_index: -1 OBSOLETE_local: false peers { permanent_uuid: "ffbb3a9dbf2b4cd6a829f65b70e07a42" member_type: VOTER last_known_addr { host: "127.31.186.1" port: 40621 } } peers { permanent_uuid: "55991d07b54f4ceabe7563e904147913" member_type: VOTER last_known_addr { host: "127.31.186.3" port: 36491 } } peers { permanent_uuid: "0a55662c10f442f096ae6be4fe6bef12" member_type: VOTER last_known_addr { host: "127.31.186.2" port: 34379 } }
I20260608 10:03:20.105263  3041 tablet_service.cc:1917] Received RequestConsensusVote() RPC: tablet_id: "b1a49d6c92b44740a1812199fda27901" candidate_uuid: "0a55662c10f442f096ae6be4fe6bef12" candidate_term: 1 candidate_status { last_received { term: 0 index: 0 } } ignore_live_leader: false dest_uuid: "ffbb3a9dbf2b4cd6a829f65b70e07a42" is_pre_election: true
I20260608 10:03:20.106281  3237 tablet_bootstrap.cc:492] T ed1331db44d346ea93c0f29249b4e0b7 P 0a55662c10f442f096ae6be4fe6bef12: Bootstrap starting.
I20260608 10:03:20.108837  3042 raft_consensus.cc:2468] T e70e909d2bb24b76ab4b90b6ae78680b P ffbb3a9dbf2b4cd6a829f65b70e07a42 [term 1 FOLLOWER]: Leader election vote request: Granting yes vote for candidate 55991d07b54f4ceabe7563e904147913 in term 1.
I20260608 10:03:20.110904  3157 leader_election.cc:304] T e70e909d2bb24b76ab4b90b6ae78680b P 55991d07b54f4ceabe7563e904147913 [CANDIDATE]: Term 1 election: Election decided. Result: candidate won. Election summary: received 2 responses out of 3 voters: 2 yes votes; 0 no votes. yes voters: 55991d07b54f4ceabe7563e904147913, ffbb3a9dbf2b4cd6a829f65b70e07a42; no voters: 
I20260608 10:03:20.112238  3245 raft_consensus.cc:2804] T e70e909d2bb24b76ab4b90b6ae78680b P 55991d07b54f4ceabe7563e904147913 [term 1 FOLLOWER]: Leader election won for term 1
I20260608 10:03:20.112929  3245 raft_consensus.cc:697] T e70e909d2bb24b76ab4b90b6ae78680b P 55991d07b54f4ceabe7563e904147913 [term 1 LEADER]: Becoming Leader. State: Replica: 55991d07b54f4ceabe7563e904147913, State: Running, Role: LEADER
I20260608 10:03:20.113610  3117 raft_consensus.cc:2468] T e70e909d2bb24b76ab4b90b6ae78680b P 0a55662c10f442f096ae6be4fe6bef12 [term 1 FOLLOWER]: Leader election vote request: Granting yes vote for candidate 55991d07b54f4ceabe7563e904147913 in term 1.
I20260608 10:03:20.114120  3245 consensus_queue.cc:237] T e70e909d2bb24b76ab4b90b6ae78680b P 55991d07b54f4ceabe7563e904147913 [LEADER]: Queue going to LEADER mode. State: All replicated index: 0, Majority replicated index: 0, Committed index: 0, Last appended: 0.0, Last appended by leader: 0, Current term: 1, Majority size: 2, State: 0, Mode: LEADER, active raft config: opid_index: -1 OBSOLETE_local: false peers { permanent_uuid: "0a55662c10f442f096ae6be4fe6bef12" member_type: VOTER last_known_addr { host: "127.31.186.2" port: 34379 } } peers { permanent_uuid: "ffbb3a9dbf2b4cd6a829f65b70e07a42" member_type: VOTER last_known_addr { host: "127.31.186.1" port: 40621 } } peers { permanent_uuid: "55991d07b54f4ceabe7563e904147913" member_type: VOTER last_known_addr { host: "127.31.186.3" port: 36491 } }
I20260608 10:03:20.116762  3244 raft_consensus.cc:515] T f8f547ba287e4bc9bf413d7ac4636bb7 P ffbb3a9dbf2b4cd6a829f65b70e07a42 [term 1 FOLLOWER]: Starting leader election with config: opid_index: -1 OBSOLETE_local: false peers { permanent_uuid: "ffbb3a9dbf2b4cd6a829f65b70e07a42" member_type: VOTER last_known_addr { host: "127.31.186.1" port: 40621 } } peers { permanent_uuid: "0a55662c10f442f096ae6be4fe6bef12" member_type: VOTER last_known_addr { host: "127.31.186.2" port: 34379 } } peers { permanent_uuid: "55991d07b54f4ceabe7563e904147913" member_type: VOTER last_known_addr { host: "127.31.186.3" port: 36491 } }
I20260608 10:03:20.124398  3116 tablet_service.cc:1917] Received RequestConsensusVote() RPC: tablet_id: "f8f547ba287e4bc9bf413d7ac4636bb7" candidate_uuid: "ffbb3a9dbf2b4cd6a829f65b70e07a42" candidate_term: 1 candidate_status { last_received { term: 0 index: 0 } } ignore_live_leader: false dest_uuid: "0a55662c10f442f096ae6be4fe6bef12"
I20260608 10:03:20.125435  3116 raft_consensus.cc:3060] T f8f547ba287e4bc9bf413d7ac4636bb7 P 0a55662c10f442f096ae6be4fe6bef12 [term 0 FOLLOWER]: Advancing to term 1
I20260608 10:03:20.127401  2940 catalog_manager.cc:5696] T c5a1a9cf1c11445fa1a6948d989892a4 P 55991d07b54f4ceabe7563e904147913 reported cstate change: term changed from 0 to 1, leader changed from <none> to 55991d07b54f4ceabe7563e904147913 (127.31.186.3). New cstate: current_term: 1 leader_uuid: "55991d07b54f4ceabe7563e904147913" committed_config { opid_index: -1 OBSOLETE_local: false peers { permanent_uuid: "ffbb3a9dbf2b4cd6a829f65b70e07a42" member_type: VOTER last_known_addr { host: "127.31.186.1" port: 40621 } health_report { overall_health: UNKNOWN } } peers { permanent_uuid: "55991d07b54f4ceabe7563e904147913" member_type: VOTER last_known_addr { host: "127.31.186.3" port: 36491 } health_report { overall_health: HEALTHY } } peers { permanent_uuid: "0a55662c10f442f096ae6be4fe6bef12" member_type: VOTER last_known_addr { host: "127.31.186.2" port: 34379 } health_report { overall_health: UNKNOWN } } }
W20260608 10:03:20.118808  3083 leader_election.cc:343] T b1a49d6c92b44740a1812199fda27901 P 0a55662c10f442f096ae6be4fe6bef12 [CANDIDATE]: Term 1 pre-election: Tablet error from VoteRequest() call to peer ffbb3a9dbf2b4cd6a829f65b70e07a42 (127.31.186.1:40621): Illegal state: must be running to vote when last-logged opid is not known
I20260608 10:03:20.118855  3239 raft_consensus.cc:493] T 36ab957093ce436186b28eed2826e700 P 0a55662c10f442f096ae6be4fe6bef12 [term 0 FOLLOWER]: Starting pre-election (no leader contacted us within the election timeout)
I20260608 10:03:20.133687  3239 raft_consensus.cc:515] T 36ab957093ce436186b28eed2826e700 P 0a55662c10f442f096ae6be4fe6bef12 [term 0 FOLLOWER]: Starting pre-election with config: opid_index: -1 OBSOLETE_local: false peers { permanent_uuid: "0a55662c10f442f096ae6be4fe6bef12" member_type: VOTER last_known_addr { host: "127.31.186.2" port: 34379 } } peers { permanent_uuid: "ffbb3a9dbf2b4cd6a829f65b70e07a42" member_type: VOTER last_known_addr { host: "127.31.186.1" port: 40621 } } peers { permanent_uuid: "55991d07b54f4ceabe7563e904147913" member_type: VOTER last_known_addr { host: "127.31.186.3" port: 36491 } }
I20260608 10:03:20.119953  3041 tablet_service.cc:1917] Received RequestConsensusVote() RPC: tablet_id: "f8f547ba287e4bc9bf413d7ac4636bb7" candidate_uuid: "0a55662c10f442f096ae6be4fe6bef12" candidate_term: 1 candidate_status { last_received { term: 0 index: 0 } } ignore_live_leader: false dest_uuid: "ffbb3a9dbf2b4cd6a829f65b70e07a42" is_pre_election: true
I20260608 10:03:20.136252  3041 raft_consensus.cc:2393] T f8f547ba287e4bc9bf413d7ac4636bb7 P ffbb3a9dbf2b4cd6a829f65b70e07a42 [term 1 FOLLOWER]: Leader pre-election vote request: Denying vote to candidate 0a55662c10f442f096ae6be4fe6bef12 in current term 1: Already voted for candidate ffbb3a9dbf2b4cd6a829f65b70e07a42 in this term.
I20260608 10:03:20.139230  3236 tablet_bootstrap.cc:492] T ed1331db44d346ea93c0f29249b4e0b7 P 55991d07b54f4ceabe7563e904147913: No bootstrap required, opened a new log
I20260608 10:03:20.139988  3236 ts_tablet_manager.cc:1403] T ed1331db44d346ea93c0f29249b4e0b7 P 55991d07b54f4ceabe7563e904147913: Time spent bootstrapping tablet: real 0.055s	user 0.005s	sys 0.021s
I20260608 10:03:20.141408  3116 raft_consensus.cc:2468] T f8f547ba287e4bc9bf413d7ac4636bb7 P 0a55662c10f442f096ae6be4fe6bef12 [term 1 FOLLOWER]: Leader election vote request: Granting yes vote for candidate ffbb3a9dbf2b4cd6a829f65b70e07a42 in term 1.
I20260608 10:03:20.142829  3005 leader_election.cc:304] T f8f547ba287e4bc9bf413d7ac4636bb7 P ffbb3a9dbf2b4cd6a829f65b70e07a42 [CANDIDATE]: Term 1 election: Election decided. Result: candidate won. Election summary: received 2 responses out of 3 voters: 2 yes votes; 0 no votes. yes voters: 0a55662c10f442f096ae6be4fe6bef12, ffbb3a9dbf2b4cd6a829f65b70e07a42; no voters: 
I20260608 10:03:20.143553  3236 raft_consensus.cc:359] T ed1331db44d346ea93c0f29249b4e0b7 P 55991d07b54f4ceabe7563e904147913 [term 0 FOLLOWER]: Replica starting. Triggering 0 pending ops. Active config: opid_index: -1 OBSOLETE_local: false peers { permanent_uuid: "0a55662c10f442f096ae6be4fe6bef12" member_type: VOTER last_known_addr { host: "127.31.186.2" port: 34379 } } peers { permanent_uuid: "ffbb3a9dbf2b4cd6a829f65b70e07a42" member_type: VOTER last_known_addr { host: "127.31.186.1" port: 40621 } } peers { permanent_uuid: "55991d07b54f4ceabe7563e904147913" member_type: VOTER last_known_addr { host: "127.31.186.3" port: 36491 } }
I20260608 10:03:20.144521  3236 raft_consensus.cc:385] T ed1331db44d346ea93c0f29249b4e0b7 P 55991d07b54f4ceabe7563e904147913 [term 0 FOLLOWER]: Consensus starting up: Expiring failure detector timer to make a prompt election more likely
I20260608 10:03:20.139227  3239 leader_election.cc:290] T 36ab957093ce436186b28eed2826e700 P 0a55662c10f442f096ae6be4fe6bef12 [CANDIDATE]: Term 1 pre-election: Requested pre-vote from peers ffbb3a9dbf2b4cd6a829f65b70e07a42 (127.31.186.1:40621), 55991d07b54f4ceabe7563e904147913 (127.31.186.3:36491)
I20260608 10:03:20.144937  3236 raft_consensus.cc:740] T ed1331db44d346ea93c0f29249b4e0b7 P 55991d07b54f4ceabe7563e904147913 [term 0 FOLLOWER]: Becoming Follower/Learner. State: Replica: 55991d07b54f4ceabe7563e904147913, State: Initialized, Role: FOLLOWER
I20260608 10:03:20.146961  3237 tablet_bootstrap.cc:654] T ed1331db44d346ea93c0f29249b4e0b7 P 0a55662c10f442f096ae6be4fe6bef12: Neither blocks nor log segments found. Creating new log.
I20260608 10:03:20.147468  3041 tablet_service.cc:1917] Received RequestConsensusVote() RPC: tablet_id: "36ab957093ce436186b28eed2826e700" candidate_uuid: "0a55662c10f442f096ae6be4fe6bef12" candidate_term: 1 candidate_status { last_received { term: 0 index: 0 } } ignore_live_leader: false dest_uuid: "ffbb3a9dbf2b4cd6a829f65b70e07a42" is_pre_election: true
I20260608 10:03:20.149298  3236 consensus_queue.cc:260] T ed1331db44d346ea93c0f29249b4e0b7 P 55991d07b54f4ceabe7563e904147913 [NON_LEADER]: Queue going to NON_LEADER mode. State: All replicated index: 0, Majority replicated index: 0, Committed index: 0, Last appended: 0.0, Last appended by leader: 0, Current term: 0, Majority size: -1, State: 0, Mode: NON_LEADER, active raft config: opid_index: -1 OBSOLETE_local: false peers { permanent_uuid: "0a55662c10f442f096ae6be4fe6bef12" member_type: VOTER last_known_addr { host: "127.31.186.2" port: 34379 } } peers { permanent_uuid: "ffbb3a9dbf2b4cd6a829f65b70e07a42" member_type: VOTER last_known_addr { host: "127.31.186.1" port: 40621 } } peers { permanent_uuid: "55991d07b54f4ceabe7563e904147913" member_type: VOTER last_known_addr { host: "127.31.186.3" port: 36491 } }
W20260608 10:03:20.153882  3083 leader_election.cc:343] T 36ab957093ce436186b28eed2826e700 P 0a55662c10f442f096ae6be4fe6bef12 [CANDIDATE]: Term 1 pre-election: Tablet error from VoteRequest() call to peer ffbb3a9dbf2b4cd6a829f65b70e07a42 (127.31.186.1:40621): Illegal state: must be running to vote when last-logged opid is not known
I20260608 10:03:20.154779  3244 leader_election.cc:290] T f8f547ba287e4bc9bf413d7ac4636bb7 P ffbb3a9dbf2b4cd6a829f65b70e07a42 [CANDIDATE]: Term 1 election: Requested vote from peers 0a55662c10f442f096ae6be4fe6bef12 (127.31.186.2:34379), 55991d07b54f4ceabe7563e904147913 (127.31.186.3:36491)
I20260608 10:03:20.156066  3244 raft_consensus.cc:2804] T f8f547ba287e4bc9bf413d7ac4636bb7 P ffbb3a9dbf2b4cd6a829f65b70e07a42 [term 1 FOLLOWER]: Leader election won for term 1
I20260608 10:03:20.156595  3244 raft_consensus.cc:697] T f8f547ba287e4bc9bf413d7ac4636bb7 P ffbb3a9dbf2b4cd6a829f65b70e07a42 [term 1 LEADER]: Becoming Leader. State: Replica: ffbb3a9dbf2b4cd6a829f65b70e07a42, State: Running, Role: LEADER
I20260608 10:03:20.157594  3244 consensus_queue.cc:237] T f8f547ba287e4bc9bf413d7ac4636bb7 P ffbb3a9dbf2b4cd6a829f65b70e07a42 [LEADER]: Queue going to LEADER mode. State: All replicated index: 0, Majority replicated index: 0, Committed index: 0, Last appended: 0.0, Last appended by leader: 0, Current term: 1, Majority size: 2, State: 0, Mode: LEADER, active raft config: opid_index: -1 OBSOLETE_local: false peers { permanent_uuid: "ffbb3a9dbf2b4cd6a829f65b70e07a42" member_type: VOTER last_known_addr { host: "127.31.186.1" port: 40621 } } peers { permanent_uuid: "0a55662c10f442f096ae6be4fe6bef12" member_type: VOTER last_known_addr { host: "127.31.186.2" port: 34379 } } peers { permanent_uuid: "55991d07b54f4ceabe7563e904147913" member_type: VOTER last_known_addr { host: "127.31.186.3" port: 36491 } }
I20260608 10:03:20.160316  3236 ts_tablet_manager.cc:1434] T ed1331db44d346ea93c0f29249b4e0b7 P 55991d07b54f4ceabe7563e904147913: Time spent starting tablet: real 0.020s	user 0.006s	sys 0.004s
I20260608 10:03:20.162599  3236 tablet_bootstrap.cc:492] T f8f547ba287e4bc9bf413d7ac4636bb7 P 55991d07b54f4ceabe7563e904147913: Bootstrap starting.
I20260608 10:03:20.163034  3191 tablet_service.cc:1917] Received RequestConsensusVote() RPC: tablet_id: "f8f547ba287e4bc9bf413d7ac4636bb7" candidate_uuid: "ffbb3a9dbf2b4cd6a829f65b70e07a42" candidate_term: 1 candidate_status { last_received { term: 0 index: 0 } } ignore_live_leader: false dest_uuid: "55991d07b54f4ceabe7563e904147913" is_pre_election: true
I20260608 10:03:20.163314  3190 tablet_service.cc:1917] Received RequestConsensusVote() RPC: tablet_id: "c5a1a9cf1c11445fa1a6948d989892a4" candidate_uuid: "ffbb3a9dbf2b4cd6a829f65b70e07a42" candidate_term: 1 candidate_status { last_received { term: 0 index: 0 } } ignore_live_leader: false dest_uuid: "55991d07b54f4ceabe7563e904147913" is_pre_election: true
I20260608 10:03:20.164413  3189 tablet_service.cc:1917] Received RequestConsensusVote() RPC: tablet_id: "f8f547ba287e4bc9bf413d7ac4636bb7" candidate_uuid: "ffbb3a9dbf2b4cd6a829f65b70e07a42" candidate_term: 1 candidate_status { last_received { term: 0 index: 0 } } ignore_live_leader: false dest_uuid: "55991d07b54f4ceabe7563e904147913"
W20260608 10:03:20.169685  3008 leader_election.cc:343] T f8f547ba287e4bc9bf413d7ac4636bb7 P ffbb3a9dbf2b4cd6a829f65b70e07a42 [CANDIDATE]: Term 1 pre-election: Tablet error from VoteRequest() call to peer 55991d07b54f4ceabe7563e904147913 (127.31.186.3:36491): Illegal state: must be running to vote when last-logged opid is not known
W20260608 10:03:20.171221  3008 leader_election.cc:343] T f8f547ba287e4bc9bf413d7ac4636bb7 P ffbb3a9dbf2b4cd6a829f65b70e07a42 [CANDIDATE]: Term 1 election: Tablet error from VoteRequest() call to peer 55991d07b54f4ceabe7563e904147913 (127.31.186.3:36491): Illegal state: must be running to vote when last-logged opid is not known
I20260608 10:03:20.173563  3008 leader_election.cc:304] T c5a1a9cf1c11445fa1a6948d989892a4 P ffbb3a9dbf2b4cd6a829f65b70e07a42 [CANDIDATE]: Term 1 pre-election: Election decided. Result: candidate lost. Election summary: received 3 responses out of 3 voters: 1 yes votes; 2 no votes. yes voters: ffbb3a9dbf2b4cd6a829f65b70e07a42; no voters: 0a55662c10f442f096ae6be4fe6bef12, 55991d07b54f4ceabe7563e904147913
I20260608 10:03:20.173998  3236 tablet_bootstrap.cc:654] T f8f547ba287e4bc9bf413d7ac4636bb7 P 55991d07b54f4ceabe7563e904147913: Neither blocks nor log segments found. Creating new log.
I20260608 10:03:20.176049  3269 raft_consensus.cc:3060] T c5a1a9cf1c11445fa1a6948d989892a4 P ffbb3a9dbf2b4cd6a829f65b70e07a42 [term 0 FOLLOWER]: Advancing to term 1
I20260608 10:03:20.179236  3189 tablet_service.cc:1917] Received RequestConsensusVote() RPC: tablet_id: "f8f547ba287e4bc9bf413d7ac4636bb7" candidate_uuid: "0a55662c10f442f096ae6be4fe6bef12" candidate_term: 1 candidate_status { last_received { term: 0 index: 0 } } ignore_live_leader: false dest_uuid: "55991d07b54f4ceabe7563e904147913" is_pre_election: true
I20260608 10:03:20.179533  3190 tablet_service.cc:1917] Received RequestConsensusVote() RPC: tablet_id: "b1a49d6c92b44740a1812199fda27901" candidate_uuid: "0a55662c10f442f096ae6be4fe6bef12" candidate_term: 1 candidate_status { last_received { term: 0 index: 0 } } ignore_live_leader: false dest_uuid: "55991d07b54f4ceabe7563e904147913" is_pre_election: true
I20260608 10:03:20.181219  3191 tablet_service.cc:1917] Received RequestConsensusVote() RPC: tablet_id: "36ab957093ce436186b28eed2826e700" candidate_uuid: "0a55662c10f442f096ae6be4fe6bef12" candidate_term: 1 candidate_status { last_received { term: 0 index: 0 } } ignore_live_leader: false dest_uuid: "55991d07b54f4ceabe7563e904147913" is_pre_election: true
I20260608 10:03:20.181910  3191 raft_consensus.cc:2468] T 36ab957093ce436186b28eed2826e700 P 55991d07b54f4ceabe7563e904147913 [term 0 FOLLOWER]: Leader pre-election vote request: Granting yes vote for candidate 0a55662c10f442f096ae6be4fe6bef12 in term 0.
I20260608 10:03:20.184028  3245 raft_consensus.cc:493] T ed1331db44d346ea93c0f29249b4e0b7 P 55991d07b54f4ceabe7563e904147913 [term 0 FOLLOWER]: Starting pre-election (no leader contacted us within the election timeout)
W20260608 10:03:20.184929  3083 leader_election.cc:343] T f8f547ba287e4bc9bf413d7ac4636bb7 P 0a55662c10f442f096ae6be4fe6bef12 [CANDIDATE]: Term 1 pre-election: Tablet error from VoteRequest() call to peer 55991d07b54f4ceabe7563e904147913 (127.31.186.3:36491): Illegal state: must be running to vote when last-logged opid is not known
I20260608 10:03:20.185309  3245 raft_consensus.cc:515] T ed1331db44d346ea93c0f29249b4e0b7 P 55991d07b54f4ceabe7563e904147913 [term 0 FOLLOWER]: Starting pre-election with config: opid_index: -1 OBSOLETE_local: false peers { permanent_uuid: "0a55662c10f442f096ae6be4fe6bef12" member_type: VOTER last_known_addr { host: "127.31.186.2" port: 34379 } } peers { permanent_uuid: "ffbb3a9dbf2b4cd6a829f65b70e07a42" member_type: VOTER last_known_addr { host: "127.31.186.1" port: 40621 } } peers { permanent_uuid: "55991d07b54f4ceabe7563e904147913" member_type: VOTER last_known_addr { host: "127.31.186.3" port: 36491 } }
I20260608 10:03:20.186606  3083 leader_election.cc:304] T f8f547ba287e4bc9bf413d7ac4636bb7 P 0a55662c10f442f096ae6be4fe6bef12 [CANDIDATE]: Term 1 pre-election: Election decided. Result: candidate lost. Election summary: received 3 responses out of 3 voters: 1 yes votes; 2 no votes. yes voters: 0a55662c10f442f096ae6be4fe6bef12; no voters: 55991d07b54f4ceabe7563e904147913, ffbb3a9dbf2b4cd6a829f65b70e07a42
I20260608 10:03:20.187515  3239 raft_consensus.cc:2749] T f8f547ba287e4bc9bf413d7ac4636bb7 P 0a55662c10f442f096ae6be4fe6bef12 [term 1 FOLLOWER]: Leader pre-election lost for term 1. Reason: could not achieve majority
I20260608 10:03:20.189713  3116 tablet_service.cc:1917] Received RequestConsensusVote() RPC: tablet_id: "ed1331db44d346ea93c0f29249b4e0b7" candidate_uuid: "55991d07b54f4ceabe7563e904147913" candidate_term: 1 candidate_status { last_received { term: 0 index: 0 } } ignore_live_leader: false dest_uuid: "0a55662c10f442f096ae6be4fe6bef12" is_pre_election: true
I20260608 10:03:20.190205  3041 tablet_service.cc:1917] Received RequestConsensusVote() RPC: tablet_id: "ed1331db44d346ea93c0f29249b4e0b7" candidate_uuid: "55991d07b54f4ceabe7563e904147913" candidate_term: 1 candidate_status { last_received { term: 0 index: 0 } } ignore_live_leader: false dest_uuid: "ffbb3a9dbf2b4cd6a829f65b70e07a42" is_pre_election: true
I20260608 10:03:20.191128  3245 leader_election.cc:290] T ed1331db44d346ea93c0f29249b4e0b7 P 55991d07b54f4ceabe7563e904147913 [CANDIDATE]: Term 1 pre-election: Requested pre-vote from peers 0a55662c10f442f096ae6be4fe6bef12 (127.31.186.2:34379), ffbb3a9dbf2b4cd6a829f65b70e07a42 (127.31.186.1:40621)
W20260608 10:03:20.191215  3154 leader_election.cc:343] T ed1331db44d346ea93c0f29249b4e0b7 P 55991d07b54f4ceabe7563e904147913 [CANDIDATE]: Term 1 pre-election: Tablet error from VoteRequest() call to peer 0a55662c10f442f096ae6be4fe6bef12 (127.31.186.2:34379): Illegal state: must be running to vote when last-logged opid is not known
W20260608 10:03:20.192174  3157 leader_election.cc:343] T ed1331db44d346ea93c0f29249b4e0b7 P 55991d07b54f4ceabe7563e904147913 [CANDIDATE]: Term 1 pre-election: Tablet error from VoteRequest() call to peer ffbb3a9dbf2b4cd6a829f65b70e07a42 (127.31.186.1:40621): Illegal state: must be running to vote when last-logged opid is not known
I20260608 10:03:20.192771  3157 leader_election.cc:304] T ed1331db44d346ea93c0f29249b4e0b7 P 55991d07b54f4ceabe7563e904147913 [CANDIDATE]: Term 1 pre-election: Election decided. Result: candidate lost. Election summary: received 3 responses out of 3 voters: 1 yes votes; 2 no votes. yes voters: 55991d07b54f4ceabe7563e904147913; no voters: 0a55662c10f442f096ae6be4fe6bef12, ffbb3a9dbf2b4cd6a829f65b70e07a42
I20260608 10:03:20.193938  3240 tablet_bootstrap.cc:492] T 36ab957093ce436186b28eed2826e700 P ffbb3a9dbf2b4cd6a829f65b70e07a42: No bootstrap required, opened a new log
I20260608 10:03:20.194551  3240 ts_tablet_manager.cc:1403] T 36ab957093ce436186b28eed2826e700 P ffbb3a9dbf2b4cd6a829f65b70e07a42: Time spent bootstrapping tablet: real 0.199s	user 0.019s	sys 0.016s
I20260608 10:03:20.194397  3245 raft_consensus.cc:2749] T ed1331db44d346ea93c0f29249b4e0b7 P 55991d07b54f4ceabe7563e904147913 [term 0 FOLLOWER]: Leader pre-election lost for term 1. Reason: could not achieve majority
W20260608 10:03:20.192698  3083 leader_election.cc:343] T b1a49d6c92b44740a1812199fda27901 P 0a55662c10f442f096ae6be4fe6bef12 [CANDIDATE]: Term 1 pre-election: Tablet error from VoteRequest() call to peer 55991d07b54f4ceabe7563e904147913 (127.31.186.3:36491): Illegal state: must be running to vote when last-logged opid is not known
I20260608 10:03:20.195930  3083 leader_election.cc:304] T b1a49d6c92b44740a1812199fda27901 P 0a55662c10f442f096ae6be4fe6bef12 [CANDIDATE]: Term 1 pre-election: Election decided. Result: candidate lost. Election summary: received 3 responses out of 3 voters: 1 yes votes; 2 no votes. yes voters: 0a55662c10f442f096ae6be4fe6bef12; no voters: 55991d07b54f4ceabe7563e904147913, ffbb3a9dbf2b4cd6a829f65b70e07a42
I20260608 10:03:20.198101  3083 leader_election.cc:304] T 36ab957093ce436186b28eed2826e700 P 0a55662c10f442f096ae6be4fe6bef12 [CANDIDATE]: Term 1 pre-election: Election decided. Result: candidate won. Election summary: received 3 responses out of 3 voters: 2 yes votes; 1 no votes. yes voters: 0a55662c10f442f096ae6be4fe6bef12, 55991d07b54f4ceabe7563e904147913; no voters: ffbb3a9dbf2b4cd6a829f65b70e07a42
I20260608 10:03:20.198323  3269 raft_consensus.cc:2749] T c5a1a9cf1c11445fa1a6948d989892a4 P ffbb3a9dbf2b4cd6a829f65b70e07a42 [term 1 FOLLOWER]: Leader pre-election lost for term 1. Reason: could not achieve majority
