metadata directory: /tmp/dist-test-taskgbZ89b/test-tmp/auto_rebalancer-test.0.AutoRebalancerTest.NoReplicaMovesIfLocationLoadSkewedByOne.1780912895648774-8906-0/minicluster-data/master-0-root
1 data directories: /tmp/dist-test-taskgbZ89b/test-tmp/auto_rebalancer-test.0.AutoRebalancerTest.NoReplicaMovesIfLocationLoadSkewedByOne.1780912895648774-8906-0/minicluster-data/master-0-root/data
Total live blocks: 0
Total live bytes: 0
Total live bytes (after alignment): 0
Total number of LBM containers: 0 (0 full)
Did not check for missing blocks
Did not check for orphaned blocks
Total full LBM containers with extra space: 0 (0 repaired)
Total full LBM container extra space in bytes: 0 (0 repaired)
Total incomplete LBM containers: 0 (0 repaired)
Total LBM partial records: 0 (0 repaired)
Total corrupted LBM metadata records in RocksDB: 0 (0 repaired)
I20260608 10:03:06.684281  8906 rpc_server.cc:225] running with OpenSSL 1.1.1  11 Sep 2018
I20260608 10:03:06.685564  8906 kserver.cc:163] Server-wide thread pool size limit: 3276
I20260608 10:03:06.724102  8906 rpc_server.cc:307] RPC server started. Bound to: 127.8.178.190:39117
I20260608 10:03:06.724251 12533 acceptor_pool.cc:272] collecting diagnostics on the listening RPC socket 127.8.178.190:39117 every 8 connection(s)
I20260608 10:03:06.728277 12534 data_dirs.cc:400] Could only allocate 1 dirs of requested 3 for tablet 00000000000000000000000000000000. 1 dirs total, 0 dirs full, 0 dirs failed
I20260608 10:03:06.738711 12534 tablet_bootstrap.cc:492] T 00000000000000000000000000000000 P f3c43c87e0c2488a9c1e9e6c36d9a53b: Bootstrap starting.
I20260608 10:03:06.743651 12534 tablet_bootstrap.cc:654] T 00000000000000000000000000000000 P f3c43c87e0c2488a9c1e9e6c36d9a53b: Neither blocks nor log segments found. Creating new log.
I20260608 10:03:06.748145 12534 tablet_bootstrap.cc:492] T 00000000000000000000000000000000 P f3c43c87e0c2488a9c1e9e6c36d9a53b: No bootstrap required, opened a new log
I20260608 10:03:06.750613 12534 raft_consensus.cc:359] T 00000000000000000000000000000000 P f3c43c87e0c2488a9c1e9e6c36d9a53b [term 0 FOLLOWER]: Replica starting. Triggering 0 pending ops. Active config: opid_index: -1 OBSOLETE_local: true peers { permanent_uuid: "f3c43c87e0c2488a9c1e9e6c36d9a53b" member_type: VOTER }
I20260608 10:03:06.751077 12534 raft_consensus.cc:385] T 00000000000000000000000000000000 P f3c43c87e0c2488a9c1e9e6c36d9a53b [term 0 FOLLOWER]: Consensus starting up: Expiring failure detector timer to make a prompt election more likely
I20260608 10:03:06.751341 12534 raft_consensus.cc:740] T 00000000000000000000000000000000 P f3c43c87e0c2488a9c1e9e6c36d9a53b [term 0 FOLLOWER]: Becoming Follower/Learner. State: Replica: f3c43c87e0c2488a9c1e9e6c36d9a53b, State: Initialized, Role: FOLLOWER
I20260608 10:03:06.751940 12534 consensus_queue.cc:260] T 00000000000000000000000000000000 P f3c43c87e0c2488a9c1e9e6c36d9a53b [NON_LEADER]: Queue going to NON_LEADER mode. State: All replicated index: 0, Majority replicated index: 0, Committed index: 0, Last appended: 0.0, Last appended by leader: 0, Current term: 0, Majority size: -1, State: 0, Mode: NON_LEADER, active raft config: opid_index: -1 OBSOLETE_local: true peers { permanent_uuid: "f3c43c87e0c2488a9c1e9e6c36d9a53b" member_type: VOTER }
I20260608 10:03:06.752431 12534 raft_consensus.cc:399] T 00000000000000000000000000000000 P f3c43c87e0c2488a9c1e9e6c36d9a53b [term 0 FOLLOWER]: Only one voter in the Raft config. Triggering election immediately
I20260608 10:03:06.752662 12534 raft_consensus.cc:493] T 00000000000000000000000000000000 P f3c43c87e0c2488a9c1e9e6c36d9a53b [term 0 FOLLOWER]: Starting leader election (initial election of a single-replica configuration)
I20260608 10:03:06.752945 12534 raft_consensus.cc:3060] T 00000000000000000000000000000000 P f3c43c87e0c2488a9c1e9e6c36d9a53b [term 0 FOLLOWER]: Advancing to term 1
I20260608 10:03:06.757802 12534 raft_consensus.cc:515] T 00000000000000000000000000000000 P f3c43c87e0c2488a9c1e9e6c36d9a53b [term 1 FOLLOWER]: Starting leader election with config: opid_index: -1 OBSOLETE_local: true peers { permanent_uuid: "f3c43c87e0c2488a9c1e9e6c36d9a53b" member_type: VOTER }
I20260608 10:03:06.758374 12534 leader_election.cc:304] T 00000000000000000000000000000000 P f3c43c87e0c2488a9c1e9e6c36d9a53b [CANDIDATE]: Term 1 election: Election decided. Result: candidate won. Election summary: received 1 responses out of 1 voters: 1 yes votes; 0 no votes. yes voters: f3c43c87e0c2488a9c1e9e6c36d9a53b; no voters: 
I20260608 10:03:06.759650 12534 leader_election.cc:290] T 00000000000000000000000000000000 P f3c43c87e0c2488a9c1e9e6c36d9a53b [CANDIDATE]: Term 1 election: Requested vote from peers 
I20260608 10:03:06.760102 12537 raft_consensus.cc:2804] T 00000000000000000000000000000000 P f3c43c87e0c2488a9c1e9e6c36d9a53b [term 1 FOLLOWER]: Leader election won for term 1
I20260608 10:03:06.761492 12537 raft_consensus.cc:697] T 00000000000000000000000000000000 P f3c43c87e0c2488a9c1e9e6c36d9a53b [term 1 LEADER]: Becoming Leader. State: Replica: f3c43c87e0c2488a9c1e9e6c36d9a53b, State: Running, Role: LEADER
I20260608 10:03:06.762286 12537 consensus_queue.cc:237] T 00000000000000000000000000000000 P f3c43c87e0c2488a9c1e9e6c36d9a53b [LEADER]: Queue going to LEADER mode. State: All replicated index: 0, Majority replicated index: 0, Committed index: 0, Last appended: 0.0, Last appended by leader: 0, Current term: 1, Majority size: 1, State: 0, Mode: LEADER, active raft config: opid_index: -1 OBSOLETE_local: true peers { permanent_uuid: "f3c43c87e0c2488a9c1e9e6c36d9a53b" member_type: VOTER }
I20260608 10:03:06.762780 12534 sys_catalog.cc:565] T 00000000000000000000000000000000 P f3c43c87e0c2488a9c1e9e6c36d9a53b [sys.catalog]: configured and running, proceeding with master startup.
I20260608 10:03:06.767006 12538 sys_catalog.cc:455] T 00000000000000000000000000000000 P f3c43c87e0c2488a9c1e9e6c36d9a53b [sys.catalog]: SysCatalogTable state changed. Reason: RaftConsensus started. Latest consensus state: current_term: 1 leader_uuid: "f3c43c87e0c2488a9c1e9e6c36d9a53b" committed_config { opid_index: -1 OBSOLETE_local: true peers { permanent_uuid: "f3c43c87e0c2488a9c1e9e6c36d9a53b" member_type: VOTER } }
I20260608 10:03:06.766884 12539 sys_catalog.cc:455] T 00000000000000000000000000000000 P f3c43c87e0c2488a9c1e9e6c36d9a53b [sys.catalog]: SysCatalogTable state changed. Reason: New leader f3c43c87e0c2488a9c1e9e6c36d9a53b. Latest consensus state: current_term: 1 leader_uuid: "f3c43c87e0c2488a9c1e9e6c36d9a53b" committed_config { opid_index: -1 OBSOLETE_local: true peers { permanent_uuid: "f3c43c87e0c2488a9c1e9e6c36d9a53b" member_type: VOTER } }
I20260608 10:03:06.767632 12538 sys_catalog.cc:458] T 00000000000000000000000000000000 P f3c43c87e0c2488a9c1e9e6c36d9a53b [sys.catalog]: This master's current role is: LEADER
I20260608 10:03:06.767745 12539 sys_catalog.cc:458] T 00000000000000000000000000000000 P f3c43c87e0c2488a9c1e9e6c36d9a53b [sys.catalog]: This master's current role is: LEADER
I20260608 10:03:06.770480 12543 catalog_manager.cc:1510] Loading table and tablet metadata into memory...
I20260608 10:03:06.775851 12543 catalog_manager.cc:1519] Initializing Kudu cluster ID...
I20260608 10:03:06.782404  8906 internal_mini_cluster.cc:184] Waiting to initialize catalog manager on master 0
I20260608 10:03:06.786933 12543 catalog_manager.cc:1382] Generated new cluster ID: 9103d06469bc4ba883befd92e61d15b6
I20260608 10:03:06.787276 12543 catalog_manager.cc:1530] Initializing Kudu internal certificate authority...
I20260608 10:03:06.804026 12543 catalog_manager.cc:1405] Generated new certificate authority record
I20260608 10:03:06.805401 12543 catalog_manager.cc:1539] Loading token signing keys...
I20260608 10:03:06.832617 12543 catalog_manager.cc:6069] T 00000000000000000000000000000000 P f3c43c87e0c2488a9c1e9e6c36d9a53b: Generated new TSK 0
I20260608 10:03:06.833242 12543 catalog_manager.cc:1549] Initializing in-progress tserver states...
I20260608 10:03:06.850477  8906 file_cache.cc:492] Constructed file cache file cache with capacity 419430
W20260608 10:03:06.857019 12555 instance_detector.cc:116] could not retrieve AWS instance metadata: Network error: curl error: HTTP response code said error: The requested URL returned error: 404
W20260608 10:03:06.857681 12556 instance_detector.cc:116] could not retrieve Azure instance metadata: Network error: curl error: HTTP response code said error: The requested URL returned error: 404
W20260608 10:03:06.859588 12558 instance_detector.cc:116] could not retrieve OpenStack instance metadata: Network error: curl error: HTTP response code said error: The requested URL returned error: 404
I20260608 10:03:06.860051  8906 server_base.cc:1061] running on GCE node
I20260608 10:03:06.860944  8906 hybrid_clock.cc:584] initializing the hybrid clock with 'system_unsync' time source
W20260608 10:03:06.861145  8906 system_unsync_time.cc:38] NTP support is disabled. Clock error bounds will not be accurate. This configuration is not suitable for distributed clusters.
I20260608 10:03:06.861299  8906 hybrid_clock.cc:648] HybridClock initialized: now 1780912986861282 us; error 0 us; skew 500 ppm
I20260608 10:03:06.861876  8906 server_base.cc:861] Flag tcmalloc_max_total_thread_cache_bytes is not working since tcmalloc is not enabled.
I20260608 10:03:06.864250  8906 webserver.cc:533] Webserver started at http://127.8.178.129:40929/ using document root <none> and password file <none>
I20260608 10:03:06.864832  8906 fs_manager.cc:362] Metadata directory not provided
I20260608 10:03:06.865015  8906 fs_manager.cc:368] Using write-ahead log directory (fs_wal_dir) as metadata directory
I20260608 10:03:06.865271  8906 server_base.cc:909] This appears to be a new deployment of Kudu; creating new FS layout
I20260608 10:03:06.866393  8906 fs_manager.cc:1068] Generated new instance metadata in path /tmp/dist-test-taskgbZ89b/test-tmp/auto_rebalancer-test.0.AutoRebalancerTest.NoReplicaMovesIfLocationLoadSkewedByOne.1780912895648774-8906-0/minicluster-data/ts-0-root/instance:
uuid: "04860db616e142e887fef55ca375ce67"
format_stamp: "Formatted at 2026-06-08 10:03:06 on dist-test-slave-th08"
I20260608 10:03:06.871165  8906 fs_manager.cc:696] Time spent creating directory manager: real 0.004s	user 0.006s	sys 0.000s
I20260608 10:03:06.874771 12563 log_block_manager.cc:4031] Time spent loading block containers with low live blocks: real 0.000s	user 0.000s	sys 0.000s
I20260608 10:03:06.875552  8906 fs_manager.cc:730] Time spent opening block manager: real 0.002s	user 0.003s	sys 0.000s
I20260608 10:03:06.875823  8906 fs_manager.cc:647] Opened local filesystem: /tmp/dist-test-taskgbZ89b/test-tmp/auto_rebalancer-test.0.AutoRebalancerTest.NoReplicaMovesIfLocationLoadSkewedByOne.1780912895648774-8906-0/minicluster-data/ts-0-root
uuid: "04860db616e142e887fef55ca375ce67"
format_stamp: "Formatted at 2026-06-08 10:03:06 on dist-test-slave-th08"
I20260608 10:03:06.876091  8906 fs_report.cc:389] FS layout report
--------------------
wal directory: /tmp/dist-test-taskgbZ89b/test-tmp/auto_rebalancer-test.0.AutoRebalancerTest.NoReplicaMovesIfLocationLoadSkewedByOne.1780912895648774-8906-0/minicluster-data/ts-0-root
metadata directory: /tmp/dist-test-taskgbZ89b/test-tmp/auto_rebalancer-test.0.AutoRebalancerTest.NoReplicaMovesIfLocationLoadSkewedByOne.1780912895648774-8906-0/minicluster-data/ts-0-root
1 data directories: /tmp/dist-test-taskgbZ89b/test-tmp/auto_rebalancer-test.0.AutoRebalancerTest.NoReplicaMovesIfLocationLoadSkewedByOne.1780912895648774-8906-0/minicluster-data/ts-0-root/data
Total live blocks: 0
Total live bytes: 0
Total live bytes (after alignment): 0
Total number of LBM containers: 0 (0 full)
Did not check for missing blocks
Did not check for orphaned blocks
Total full LBM containers with extra space: 0 (0 repaired)
Total full LBM container extra space in bytes: 0 (0 repaired)
Total incomplete LBM containers: 0 (0 repaired)
Total LBM partial records: 0 (0 repaired)
Total corrupted LBM metadata records in RocksDB: 0 (0 repaired)
I20260608 10:03:06.894778  8906 rpc_server.cc:225] running with OpenSSL 1.1.1  11 Sep 2018
I20260608 10:03:06.896059  8906 kserver.cc:163] Server-wide thread pool size limit: 3276
I20260608 10:03:06.897560  8906 txn_system_client.cc:432] TxnSystemClient initialization is disabled...
I20260608 10:03:06.900305  8906 ts_tablet_manager.cc:585] Loaded tablet metadata (0 total tablets, 0 live tablets)
I20260608 10:03:06.900537  8906 ts_tablet_manager.cc:531] Time spent load tablet metadata: real 0.000s	user 0.000s	sys 0.000s
I20260608 10:03:06.900774  8906 ts_tablet_manager.cc:616] Registered 0 tablets
I20260608 10:03:06.900939  8906 ts_tablet_manager.cc:595] Time spent register tablets: real 0.000s	user 0.000s	sys 0.000s
I20260608 10:03:06.943569  8906 rpc_server.cc:307] RPC server started. Bound to: 127.8.178.129:43797
I20260608 10:03:06.943668 12625 acceptor_pool.cc:272] collecting diagnostics on the listening RPC socket 127.8.178.129:43797 every 8 connection(s)
I20260608 10:03:06.949035  8906 file_cache.cc:492] Constructed file cache file cache with capacity 419430
W20260608 10:03:06.956564 12630 instance_detector.cc:116] could not retrieve AWS instance metadata: Network error: curl error: HTTP response code said error: The requested URL returned error: 404
W20260608 10:03:06.957543 12631 instance_detector.cc:116] could not retrieve Azure instance metadata: Network error: curl error: HTTP response code said error: The requested URL returned error: 404
W20260608 10:03:06.960078 12633 instance_detector.cc:116] could not retrieve OpenStack instance metadata: Network error: curl error: HTTP response code said error: The requested URL returned error: 404
I20260608 10:03:06.960147  8906 server_base.cc:1061] running on GCE node
I20260608 10:03:06.961321  8906 hybrid_clock.cc:584] initializing the hybrid clock with 'system_unsync' time source
W20260608 10:03:06.961588  8906 system_unsync_time.cc:38] NTP support is disabled. Clock error bounds will not be accurate. This configuration is not suitable for distributed clusters.
I20260608 10:03:06.961792  8906 hybrid_clock.cc:648] HybridClock initialized: now 1780912986961775 us; error 0 us; skew 500 ppm
I20260608 10:03:06.962509  8906 server_base.cc:861] Flag tcmalloc_max_total_thread_cache_bytes is not working since tcmalloc is not enabled.
I20260608 10:03:06.963783 12626 heartbeater.cc:344] Connected to a master server at 127.8.178.190:39117
I20260608 10:03:06.964166 12626 heartbeater.cc:461] Registering TS with master...
I20260608 10:03:06.965016 12626 heartbeater.cc:507] Master 127.8.178.190:39117 requested a full tablet report, sending...
I20260608 10:03:06.965250  8906 webserver.cc:533] Webserver started at http://127.8.178.130:44739/ using document root <none> and password file <none>
I20260608 10:03:06.965876  8906 fs_manager.cc:362] Metadata directory not provided
I20260608 10:03:06.966115  8906 fs_manager.cc:368] Using write-ahead log directory (fs_wal_dir) as metadata directory
I20260608 10:03:06.966426  8906 server_base.cc:909] This appears to be a new deployment of Kudu; creating new FS layout
I20260608 10:03:06.967471 12499 ts_manager.cc:194] Registered new tserver with Master: 04860db616e142e887fef55ca375ce67 (127.8.178.129:43797)
I20260608 10:03:06.967643  8906 fs_manager.cc:1068] Generated new instance metadata in path /tmp/dist-test-taskgbZ89b/test-tmp/auto_rebalancer-test.0.AutoRebalancerTest.NoReplicaMovesIfLocationLoadSkewedByOne.1780912895648774-8906-0/minicluster-data/ts-1-root/instance:
uuid: "375e01228b4247b3ba836cfb6c8408ed"
format_stamp: "Formatted at 2026-06-08 10:03:06 on dist-test-slave-th08"
I20260608 10:03:06.969395 12499 master_service.cc:502] Signed X509 certificate for tserver {username='slave'} at 127.0.0.1:48766
I20260608 10:03:06.972725  8906 fs_manager.cc:696] Time spent creating directory manager: real 0.004s	user 0.004s	sys 0.000s
I20260608 10:03:06.976584 12638 log_block_manager.cc:4031] Time spent loading block containers with low live blocks: real 0.000s	user 0.000s	sys 0.000s
I20260608 10:03:06.977500  8906 fs_manager.cc:730] Time spent opening block manager: real 0.003s	user 0.003s	sys 0.000s
I20260608 10:03:06.977836  8906 fs_manager.cc:647] Opened local filesystem: /tmp/dist-test-taskgbZ89b/test-tmp/auto_rebalancer-test.0.AutoRebalancerTest.NoReplicaMovesIfLocationLoadSkewedByOne.1780912895648774-8906-0/minicluster-data/ts-1-root
uuid: "375e01228b4247b3ba836cfb6c8408ed"
format_stamp: "Formatted at 2026-06-08 10:03:06 on dist-test-slave-th08"
I20260608 10:03:06.978120  8906 fs_report.cc:389] FS layout report
--------------------
wal directory: /tmp/dist-test-taskgbZ89b/test-tmp/auto_rebalancer-test.0.AutoRebalancerTest.NoReplicaMovesIfLocationLoadSkewedByOne.1780912895648774-8906-0/minicluster-data/ts-1-root
metadata directory: /tmp/dist-test-taskgbZ89b/test-tmp/auto_rebalancer-test.0.AutoRebalancerTest.NoReplicaMovesIfLocationLoadSkewedByOne.1780912895648774-8906-0/minicluster-data/ts-1-root
1 data directories: /tmp/dist-test-taskgbZ89b/test-tmp/auto_rebalancer-test.0.AutoRebalancerTest.NoReplicaMovesIfLocationLoadSkewedByOne.1780912895648774-8906-0/minicluster-data/ts-1-root/data
Total live blocks: 0
Total live bytes: 0
Total live bytes (after alignment): 0
Total number of LBM containers: 0 (0 full)
Did not check for missing blocks
Did not check for orphaned blocks
Total full LBM containers with extra space: 0 (0 repaired)
Total full LBM container extra space in bytes: 0 (0 repaired)
Total incomplete LBM containers: 0 (0 repaired)
Total LBM partial records: 0 (0 repaired)
Total corrupted LBM metadata records in RocksDB: 0 (0 repaired)
I20260608 10:03:07.002194  8906 rpc_server.cc:225] running with OpenSSL 1.1.1  11 Sep 2018
I20260608 10:03:07.003502  8906 kserver.cc:163] Server-wide thread pool size limit: 3276
I20260608 10:03:07.005036  8906 txn_system_client.cc:432] TxnSystemClient initialization is disabled...
I20260608 10:03:07.007378  8906 ts_tablet_manager.cc:585] Loaded tablet metadata (0 total tablets, 0 live tablets)
I20260608 10:03:07.007618  8906 ts_tablet_manager.cc:531] Time spent load tablet metadata: real 0.000s	user 0.000s	sys 0.000s
I20260608 10:03:07.007845  8906 ts_tablet_manager.cc:616] Registered 0 tablets
I20260608 10:03:07.007998  8906 ts_tablet_manager.cc:595] Time spent register tablets: real 0.000s	user 0.000s	sys 0.000s
I20260608 10:03:07.046586  8906 rpc_server.cc:307] RPC server started. Bound to: 127.8.178.130:45469
I20260608 10:03:07.046715 12700 acceptor_pool.cc:272] collecting diagnostics on the listening RPC socket 127.8.178.130:45469 every 8 connection(s)
I20260608 10:03:07.051370  8906 file_cache.cc:492] Constructed file cache file cache with capacity 419430
W20260608 10:03:07.058593 12704 instance_detector.cc:116] could not retrieve AWS instance metadata: Network error: curl error: HTTP response code said error: The requested URL returned error: 404
W20260608 10:03:07.058991 12705 instance_detector.cc:116] could not retrieve Azure instance metadata: Network error: curl error: HTTP response code said error: The requested URL returned error: 404
I20260608 10:03:07.062230  8906 server_base.cc:1061] running on GCE node
W20260608 10:03:07.062407 12707 instance_detector.cc:116] could not retrieve OpenStack instance metadata: Network error: curl error: HTTP response code said error: The requested URL returned error: 404
I20260608 10:03:07.063545  8906 hybrid_clock.cc:584] initializing the hybrid clock with 'system_unsync' time source
W20260608 10:03:07.063848  8906 system_unsync_time.cc:38] NTP support is disabled. Clock error bounds will not be accurate. This configuration is not suitable for distributed clusters.
I20260608 10:03:07.064069  8906 hybrid_clock.cc:648] HybridClock initialized: now 1780912987064041 us; error 0 us; skew 500 ppm
I20260608 10:03:07.064703  8906 server_base.cc:861] Flag tcmalloc_max_total_thread_cache_bytes is not working since tcmalloc is not enabled.
I20260608 10:03:07.065091 12701 heartbeater.cc:344] Connected to a master server at 127.8.178.190:39117
I20260608 10:03:07.065541 12701 heartbeater.cc:461] Registering TS with master...
I20260608 10:03:07.066335 12701 heartbeater.cc:507] Master 127.8.178.190:39117 requested a full tablet report, sending...
I20260608 10:03:07.067725  8906 webserver.cc:533] Webserver started at http://127.8.178.131:33669/ using document root <none> and password file <none>
I20260608 10:03:07.068444  8906 fs_manager.cc:362] Metadata directory not provided
I20260608 10:03:07.068621  8906 fs_manager.cc:368] Using write-ahead log directory (fs_wal_dir) as metadata directory
I20260608 10:03:07.068651 12499 ts_manager.cc:194] Registered new tserver with Master: 375e01228b4247b3ba836cfb6c8408ed (127.8.178.130:45469)
I20260608 10:03:07.068921  8906 server_base.cc:909] This appears to be a new deployment of Kudu; creating new FS layout
I20260608 10:03:07.070145  8906 fs_manager.cc:1068] Generated new instance metadata in path /tmp/dist-test-taskgbZ89b/test-tmp/auto_rebalancer-test.0.AutoRebalancerTest.NoReplicaMovesIfLocationLoadSkewedByOne.1780912895648774-8906-0/minicluster-data/ts-2-root/instance:
uuid: "75c8b20f86404e8e8d486f2fc451d772"
format_stamp: "Formatted at 2026-06-08 10:03:07 on dist-test-slave-th08"
I20260608 10:03:07.070268 12499 master_service.cc:502] Signed X509 certificate for tserver {username='slave'} at 127.0.0.1:48770
I20260608 10:03:07.075133  8906 fs_manager.cc:696] Time spent creating directory manager: real 0.004s	user 0.004s	sys 0.001s
I20260608 10:03:07.078949 12712 log_block_manager.cc:4031] Time spent loading block containers with low live blocks: real 0.000s	user 0.000s	sys 0.000s
I20260608 10:03:07.079843  8906 fs_manager.cc:730] Time spent opening block manager: real 0.002s	user 0.003s	sys 0.000s
I20260608 10:03:07.080174  8906 fs_manager.cc:647] Opened local filesystem: /tmp/dist-test-taskgbZ89b/test-tmp/auto_rebalancer-test.0.AutoRebalancerTest.NoReplicaMovesIfLocationLoadSkewedByOne.1780912895648774-8906-0/minicluster-data/ts-2-root
uuid: "75c8b20f86404e8e8d486f2fc451d772"
format_stamp: "Formatted at 2026-06-08 10:03:07 on dist-test-slave-th08"
I20260608 10:03:07.080441  8906 fs_report.cc:389] FS layout report
--------------------
wal directory: /tmp/dist-test-taskgbZ89b/test-tmp/auto_rebalancer-test.0.AutoRebalancerTest.NoReplicaMovesIfLocationLoadSkewedByOne.1780912895648774-8906-0/minicluster-data/ts-2-root
metadata directory: /tmp/dist-test-taskgbZ89b/test-tmp/auto_rebalancer-test.0.AutoRebalancerTest.NoReplicaMovesIfLocationLoadSkewedByOne.1780912895648774-8906-0/minicluster-data/ts-2-root
1 data directories: /tmp/dist-test-taskgbZ89b/test-tmp/auto_rebalancer-test.0.AutoRebalancerTest.NoReplicaMovesIfLocationLoadSkewedByOne.1780912895648774-8906-0/minicluster-data/ts-2-root/data
Total live blocks: 0
Total live bytes: 0
Total live bytes (after alignment): 0
Total number of LBM containers: 0 (0 full)
Did not check for missing blocks
Did not check for orphaned blocks
Total full LBM containers with extra space: 0 (0 repaired)
Total full LBM container extra space in bytes: 0 (0 repaired)
Total incomplete LBM containers: 0 (0 repaired)
Total LBM partial records: 0 (0 repaired)
Total corrupted LBM metadata records in RocksDB: 0 (0 repaired)
I20260608 10:03:07.094280  8906 rpc_server.cc:225] running with OpenSSL 1.1.1  11 Sep 2018
I20260608 10:03:07.095541  8906 kserver.cc:163] Server-wide thread pool size limit: 3276
I20260608 10:03:07.096971  8906 txn_system_client.cc:432] TxnSystemClient initialization is disabled...
I20260608 10:03:07.099248  8906 ts_tablet_manager.cc:585] Loaded tablet metadata (0 total tablets, 0 live tablets)
I20260608 10:03:07.099437  8906 ts_tablet_manager.cc:531] Time spent load tablet metadata: real 0.000s	user 0.000s	sys 0.000s
I20260608 10:03:07.099666  8906 ts_tablet_manager.cc:616] Registered 0 tablets
I20260608 10:03:07.099814  8906 ts_tablet_manager.cc:595] Time spent register tablets: real 0.000s	user 0.000s	sys 0.000s
I20260608 10:03:07.137557  8906 rpc_server.cc:307] RPC server started. Bound to: 127.8.178.131:35375
I20260608 10:03:07.137686 12774 acceptor_pool.cc:272] collecting diagnostics on the listening RPC socket 127.8.178.131:35375 every 8 connection(s)
I20260608 10:03:07.142570  8906 file_cache.cc:492] Constructed file cache file cache with capacity 419430
W20260608 10:03:07.149179 12778 instance_detector.cc:116] could not retrieve AWS instance metadata: Network error: curl error: HTTP response code said error: The requested URL returned error: 404
W20260608 10:03:07.150254 12779 instance_detector.cc:116] could not retrieve Azure instance metadata: Network error: curl error: HTTP response code said error: The requested URL returned error: 404
W20260608 10:03:07.151504 12781 instance_detector.cc:116] could not retrieve OpenStack instance metadata: Network error: curl error: HTTP response code said error: The requested URL returned error: 404
I20260608 10:03:07.152424  8906 server_base.cc:1061] running on GCE node
I20260608 10:03:07.153462  8906 hybrid_clock.cc:584] initializing the hybrid clock with 'system_unsync' time source
W20260608 10:03:07.153716  8906 system_unsync_time.cc:38] NTP support is disabled. Clock error bounds will not be accurate. This configuration is not suitable for distributed clusters.
I20260608 10:03:07.153891  8906 hybrid_clock.cc:648] HybridClock initialized: now 1780912987153872 us; error 0 us; skew 500 ppm
I20260608 10:03:07.154465  8906 server_base.cc:861] Flag tcmalloc_max_total_thread_cache_bytes is not working since tcmalloc is not enabled.
I20260608 10:03:07.154810 12775 heartbeater.cc:344] Connected to a master server at 127.8.178.190:39117
I20260608 10:03:07.155206 12775 heartbeater.cc:461] Registering TS with master...
I20260608 10:03:07.156085 12775 heartbeater.cc:507] Master 127.8.178.190:39117 requested a full tablet report, sending...
I20260608 10:03:07.157091  8906 webserver.cc:533] Webserver started at http://127.8.178.132:45005/ using document root <none> and password file <none>
I20260608 10:03:07.157723  8906 fs_manager.cc:362] Metadata directory not provided
I20260608 10:03:07.157893  8906 fs_manager.cc:368] Using write-ahead log directory (fs_wal_dir) as metadata directory
I20260608 10:03:07.158156  8906 server_base.cc:909] This appears to be a new deployment of Kudu; creating new FS layout
I20260608 10:03:07.158232 12499 ts_manager.cc:194] Registered new tserver with Master: 75c8b20f86404e8e8d486f2fc451d772 (127.8.178.131:35375)
I20260608 10:03:07.159341  8906 fs_manager.cc:1068] Generated new instance metadata in path /tmp/dist-test-taskgbZ89b/test-tmp/auto_rebalancer-test.0.AutoRebalancerTest.NoReplicaMovesIfLocationLoadSkewedByOne.1780912895648774-8906-0/minicluster-data/ts-3-root/instance:
uuid: "9db07a70a14b44b2be70a8f5a4bd307d"
format_stamp: "Formatted at 2026-06-08 10:03:07 on dist-test-slave-th08"
I20260608 10:03:07.159708 12499 master_service.cc:502] Signed X509 certificate for tserver {username='slave'} at 127.0.0.1:48782
I20260608 10:03:07.164115  8906 fs_manager.cc:696] Time spent creating directory manager: real 0.004s	user 0.000s	sys 0.004s
I20260608 10:03:07.167757 12786 log_block_manager.cc:4031] Time spent loading block containers with low live blocks: real 0.000s	user 0.000s	sys 0.000s
I20260608 10:03:07.168485  8906 fs_manager.cc:730] Time spent opening block manager: real 0.002s	user 0.002s	sys 0.002s
I20260608 10:03:07.168771  8906 fs_manager.cc:647] Opened local filesystem: /tmp/dist-test-taskgbZ89b/test-tmp/auto_rebalancer-test.0.AutoRebalancerTest.NoReplicaMovesIfLocationLoadSkewedByOne.1780912895648774-8906-0/minicluster-data/ts-3-root
uuid: "9db07a70a14b44b2be70a8f5a4bd307d"
format_stamp: "Formatted at 2026-06-08 10:03:07 on dist-test-slave-th08"
I20260608 10:03:07.169044  8906 fs_report.cc:389] FS layout report
--------------------
wal directory: /tmp/dist-test-taskgbZ89b/test-tmp/auto_rebalancer-test.0.AutoRebalancerTest.NoReplicaMovesIfLocationLoadSkewedByOne.1780912895648774-8906-0/minicluster-data/ts-3-root
metadata directory: /tmp/dist-test-taskgbZ89b/test-tmp/auto_rebalancer-test.0.AutoRebalancerTest.NoReplicaMovesIfLocationLoadSkewedByOne.1780912895648774-8906-0/minicluster-data/ts-3-root
1 data directories: /tmp/dist-test-taskgbZ89b/test-tmp/auto_rebalancer-test.0.AutoRebalancerTest.NoReplicaMovesIfLocationLoadSkewedByOne.1780912895648774-8906-0/minicluster-data/ts-3-root/data
Total live blocks: 0
Total live bytes: 0
Total live bytes (after alignment): 0
Total number of LBM containers: 0 (0 full)
Did not check for missing blocks
Did not check for orphaned blocks
Total full LBM containers with extra space: 0 (0 repaired)
Total full LBM container extra space in bytes: 0 (0 repaired)
Total incomplete LBM containers: 0 (0 repaired)
Total LBM partial records: 0 (0 repaired)
Total corrupted LBM metadata records in RocksDB: 0 (0 repaired)
I20260608 10:03:07.195725  8906 rpc_server.cc:225] running with OpenSSL 1.1.1  11 Sep 2018
I20260608 10:03:07.197003  8906 kserver.cc:163] Server-wide thread pool size limit: 3276
I20260608 10:03:07.198518  8906 txn_system_client.cc:432] TxnSystemClient initialization is disabled...
I20260608 10:03:07.200944  8906 ts_tablet_manager.cc:585] Loaded tablet metadata (0 total tablets, 0 live tablets)
I20260608 10:03:07.201149  8906 ts_tablet_manager.cc:531] Time spent load tablet metadata: real 0.000s	user 0.000s	sys 0.000s
I20260608 10:03:07.201372  8906 ts_tablet_manager.cc:616] Registered 0 tablets
I20260608 10:03:07.201531  8906 ts_tablet_manager.cc:595] Time spent register tablets: real 0.000s	user 0.000s	sys 0.000s
I20260608 10:03:07.239974  8906 rpc_server.cc:307] RPC server started. Bound to: 127.8.178.132:43635
I20260608 10:03:07.240089 12848 acceptor_pool.cc:272] collecting diagnostics on the listening RPC socket 127.8.178.132:43635 every 8 connection(s)
I20260608 10:03:07.253836 12849 heartbeater.cc:344] Connected to a master server at 127.8.178.190:39117
I20260608 10:03:07.254257 12849 heartbeater.cc:461] Registering TS with master...
I20260608 10:03:07.254989 12849 heartbeater.cc:507] Master 127.8.178.190:39117 requested a full tablet report, sending...
I20260608 10:03:07.256978 12499 ts_manager.cc:194] Registered new tserver with Master: 9db07a70a14b44b2be70a8f5a4bd307d (127.8.178.132:43635)
I20260608 10:03:07.257211  8906 internal_mini_cluster.cc:371] 4 TS(s) registered with all masters after 0.013855852s
I20260608 10:03:07.258845 12499 master_service.cc:502] Signed X509 certificate for tserver {username='slave'} at 127.0.0.1:48798
I20260608 10:03:07.815050 12499 catalog_manager.cc:2282] Servicing CreateTable request from {username='slave'} at 127.0.0.1:48814:
name: "test-workload"
schema {
  columns {
    name: "key"
    type: INT32
    is_key: true
    is_nullable: false
    encoding: AUTO_ENCODING
    compression: DEFAULT_COMPRESSION
    cfile_block_size: 0
    immutable: false
  }
  columns {
    name: "int_val"
    type: INT32
    is_key: false
    is_nullable: false
    encoding: AUTO_ENCODING
    compression: DEFAULT_COMPRESSION
    cfile_block_size: 0
    immutable: false
  }
  columns {
    name: "string_val"
    type: STRING
    is_key: false
    is_nullable: true
    encoding: AUTO_ENCODING
    compression: DEFAULT_COMPRESSION
    cfile_block_size: 0
    immutable: false
  }
}
num_replicas: 3
split_rows_range_bounds {
}
partition_schema {
  range_schema {
    columns {
      name: "key"
    }
  }
}
I20260608 10:03:07.860903 12591 tablet_service.cc:1511] Processing CreateTablet for tablet f35d1cd3a88845b6b0de764b1db80aaf (DEFAULT_TABLE table=test-workload [id=d7218f98ae9b428c8c9501fc40271897]), partition=RANGE (key) PARTITION UNBOUNDED
I20260608 10:03:07.861307 12740 tablet_service.cc:1511] Processing CreateTablet for tablet f35d1cd3a88845b6b0de764b1db80aaf (DEFAULT_TABLE table=test-workload [id=d7218f98ae9b428c8c9501fc40271897]), partition=RANGE (key) PARTITION UNBOUNDED
I20260608 10:03:07.862401 12591 data_dirs.cc:400] Could only allocate 1 dirs of requested 3 for tablet f35d1cd3a88845b6b0de764b1db80aaf. 1 dirs total, 0 dirs full, 0 dirs failed
I20260608 10:03:07.862445 12740 data_dirs.cc:400] Could only allocate 1 dirs of requested 3 for tablet f35d1cd3a88845b6b0de764b1db80aaf. 1 dirs total, 0 dirs full, 0 dirs failed
I20260608 10:03:07.863576 12814 tablet_service.cc:1511] Processing CreateTablet for tablet f35d1cd3a88845b6b0de764b1db80aaf (DEFAULT_TABLE table=test-workload [id=d7218f98ae9b428c8c9501fc40271897]), partition=RANGE (key) PARTITION UNBOUNDED
I20260608 10:03:07.864881 12814 data_dirs.cc:400] Could only allocate 1 dirs of requested 3 for tablet f35d1cd3a88845b6b0de764b1db80aaf. 1 dirs total, 0 dirs full, 0 dirs failed
I20260608 10:03:07.878783 12869 tablet_bootstrap.cc:492] T f35d1cd3a88845b6b0de764b1db80aaf P 9db07a70a14b44b2be70a8f5a4bd307d: Bootstrap starting.
I20260608 10:03:07.880793 12870 tablet_bootstrap.cc:492] T f35d1cd3a88845b6b0de764b1db80aaf P 04860db616e142e887fef55ca375ce67: Bootstrap starting.
I20260608 10:03:07.882565 12871 tablet_bootstrap.cc:492] T f35d1cd3a88845b6b0de764b1db80aaf P 75c8b20f86404e8e8d486f2fc451d772: Bootstrap starting.
I20260608 10:03:07.886737 12870 tablet_bootstrap.cc:654] T f35d1cd3a88845b6b0de764b1db80aaf P 04860db616e142e887fef55ca375ce67: Neither blocks nor log segments found. Creating new log.
I20260608 10:03:07.888494 12869 tablet_bootstrap.cc:654] T f35d1cd3a88845b6b0de764b1db80aaf P 9db07a70a14b44b2be70a8f5a4bd307d: Neither blocks nor log segments found. Creating new log.
I20260608 10:03:07.889532 12871 tablet_bootstrap.cc:654] T f35d1cd3a88845b6b0de764b1db80aaf P 75c8b20f86404e8e8d486f2fc451d772: Neither blocks nor log segments found. Creating new log.
I20260608 10:03:07.891506 12870 tablet_bootstrap.cc:492] T f35d1cd3a88845b6b0de764b1db80aaf P 04860db616e142e887fef55ca375ce67: No bootstrap required, opened a new log
I20260608 10:03:07.892089 12870 ts_tablet_manager.cc:1403] T f35d1cd3a88845b6b0de764b1db80aaf P 04860db616e142e887fef55ca375ce67: Time spent bootstrapping tablet: real 0.012s	user 0.006s	sys 0.005s
I20260608 10:03:07.895267 12870 raft_consensus.cc:359] T f35d1cd3a88845b6b0de764b1db80aaf P 04860db616e142e887fef55ca375ce67 [term 0 FOLLOWER]: Replica starting. Triggering 0 pending ops. Active config: opid_index: -1 OBSOLETE_local: false peers { permanent_uuid: "75c8b20f86404e8e8d486f2fc451d772" member_type: VOTER last_known_addr { host: "127.8.178.131" port: 35375 } } peers { permanent_uuid: "04860db616e142e887fef55ca375ce67" member_type: VOTER last_known_addr { host: "127.8.178.129" port: 43797 } } peers { permanent_uuid: "9db07a70a14b44b2be70a8f5a4bd307d" member_type: VOTER last_known_addr { host: "127.8.178.132" port: 43635 } }
I20260608 10:03:07.896081 12870 raft_consensus.cc:385] T f35d1cd3a88845b6b0de764b1db80aaf P 04860db616e142e887fef55ca375ce67 [term 0 FOLLOWER]: Consensus starting up: Expiring failure detector timer to make a prompt election more likely
I20260608 10:03:07.896318 12870 raft_consensus.cc:740] T f35d1cd3a88845b6b0de764b1db80aaf P 04860db616e142e887fef55ca375ce67 [term 0 FOLLOWER]: Becoming Follower/Learner. State: Replica: 04860db616e142e887fef55ca375ce67, State: Initialized, Role: FOLLOWER
I20260608 10:03:07.897360 12869 tablet_bootstrap.cc:492] T f35d1cd3a88845b6b0de764b1db80aaf P 9db07a70a14b44b2be70a8f5a4bd307d: No bootstrap required, opened a new log
I20260608 10:03:07.897104 12870 consensus_queue.cc:260] T f35d1cd3a88845b6b0de764b1db80aaf P 04860db616e142e887fef55ca375ce67 [NON_LEADER]: Queue going to NON_LEADER mode. State: All replicated index: 0, Majority replicated index: 0, Committed index: 0, Last appended: 0.0, Last appended by leader: 0, Current term: 0, Majority size: -1, State: 0, Mode: NON_LEADER, active raft config: opid_index: -1 OBSOLETE_local: false peers { permanent_uuid: "75c8b20f86404e8e8d486f2fc451d772" member_type: VOTER last_known_addr { host: "127.8.178.131" port: 35375 } } peers { permanent_uuid: "04860db616e142e887fef55ca375ce67" member_type: VOTER last_known_addr { host: "127.8.178.129" port: 43797 } } peers { permanent_uuid: "9db07a70a14b44b2be70a8f5a4bd307d" member_type: VOTER last_known_addr { host: "127.8.178.132" port: 43635 } }
I20260608 10:03:07.897773 12869 ts_tablet_manager.cc:1403] T f35d1cd3a88845b6b0de764b1db80aaf P 9db07a70a14b44b2be70a8f5a4bd307d: Time spent bootstrapping tablet: real 0.019s	user 0.013s	sys 0.000s
I20260608 10:03:07.897871 12871 tablet_bootstrap.cc:492] T f35d1cd3a88845b6b0de764b1db80aaf P 75c8b20f86404e8e8d486f2fc451d772: No bootstrap required, opened a new log
I20260608 10:03:07.898432 12871 ts_tablet_manager.cc:1403] T f35d1cd3a88845b6b0de764b1db80aaf P 75c8b20f86404e8e8d486f2fc451d772: Time spent bootstrapping tablet: real 0.016s	user 0.011s	sys 0.004s
I20260608 10:03:07.900255 12869 raft_consensus.cc:359] T f35d1cd3a88845b6b0de764b1db80aaf P 9db07a70a14b44b2be70a8f5a4bd307d [term 0 FOLLOWER]: Replica starting. Triggering 0 pending ops. Active config: opid_index: -1 OBSOLETE_local: false peers { permanent_uuid: "75c8b20f86404e8e8d486f2fc451d772" member_type: VOTER last_known_addr { host: "127.8.178.131" port: 35375 } } peers { permanent_uuid: "04860db616e142e887fef55ca375ce67" member_type: VOTER last_known_addr { host: "127.8.178.129" port: 43797 } } peers { permanent_uuid: "9db07a70a14b44b2be70a8f5a4bd307d" member_type: VOTER last_known_addr { host: "127.8.178.132" port: 43635 } }
I20260608 10:03:07.900853 12869 raft_consensus.cc:385] T f35d1cd3a88845b6b0de764b1db80aaf P 9db07a70a14b44b2be70a8f5a4bd307d [term 0 FOLLOWER]: Consensus starting up: Expiring failure detector timer to make a prompt election more likely
I20260608 10:03:07.901180 12869 raft_consensus.cc:740] T f35d1cd3a88845b6b0de764b1db80aaf P 9db07a70a14b44b2be70a8f5a4bd307d [term 0 FOLLOWER]: Becoming Follower/Learner. State: Replica: 9db07a70a14b44b2be70a8f5a4bd307d, State: Initialized, Role: FOLLOWER
I20260608 10:03:07.902042 12626 heartbeater.cc:499] Master 127.8.178.190:39117 was elected leader, sending a full tablet report...
I20260608 10:03:07.901834 12871 raft_consensus.cc:359] T f35d1cd3a88845b6b0de764b1db80aaf P 75c8b20f86404e8e8d486f2fc451d772 [term 0 FOLLOWER]: Replica starting. Triggering 0 pending ops. Active config: opid_index: -1 OBSOLETE_local: false peers { permanent_uuid: "75c8b20f86404e8e8d486f2fc451d772" member_type: VOTER last_known_addr { host: "127.8.178.131" port: 35375 } } peers { permanent_uuid: "04860db616e142e887fef55ca375ce67" member_type: VOTER last_known_addr { host: "127.8.178.129" port: 43797 } } peers { permanent_uuid: "9db07a70a14b44b2be70a8f5a4bd307d" member_type: VOTER last_known_addr { host: "127.8.178.132" port: 43635 } }
I20260608 10:03:07.902460 12870 ts_tablet_manager.cc:1434] T f35d1cd3a88845b6b0de764b1db80aaf P 04860db616e142e887fef55ca375ce67: Time spent starting tablet: real 0.010s	user 0.009s	sys 0.000s
I20260608 10:03:07.902189 12869 consensus_queue.cc:260] T f35d1cd3a88845b6b0de764b1db80aaf P 9db07a70a14b44b2be70a8f5a4bd307d [NON_LEADER]: Queue going to NON_LEADER mode. State: All replicated index: 0, Majority replicated index: 0, Committed index: 0, Last appended: 0.0, Last appended by leader: 0, Current term: 0, Majority size: -1, State: 0, Mode: NON_LEADER, active raft config: opid_index: -1 OBSOLETE_local: false peers { permanent_uuid: "75c8b20f86404e8e8d486f2fc451d772" member_type: VOTER last_known_addr { host: "127.8.178.131" port: 35375 } } peers { permanent_uuid: "04860db616e142e887fef55ca375ce67" member_type: VOTER last_known_addr { host: "127.8.178.129" port: 43797 } } peers { permanent_uuid: "9db07a70a14b44b2be70a8f5a4bd307d" member_type: VOTER last_known_addr { host: "127.8.178.132" port: 43635 } }
I20260608 10:03:07.902614 12871 raft_consensus.cc:385] T f35d1cd3a88845b6b0de764b1db80aaf P 75c8b20f86404e8e8d486f2fc451d772 [term 0 FOLLOWER]: Consensus starting up: Expiring failure detector timer to make a prompt election more likely
I20260608 10:03:07.903990 12871 raft_consensus.cc:740] T f35d1cd3a88845b6b0de764b1db80aaf P 75c8b20f86404e8e8d486f2fc451d772 [term 0 FOLLOWER]: Becoming Follower/Learner. State: Replica: 75c8b20f86404e8e8d486f2fc451d772, State: Initialized, Role: FOLLOWER
I20260608 10:03:07.904613 12849 heartbeater.cc:499] Master 127.8.178.190:39117 was elected leader, sending a full tablet report...
I20260608 10:03:07.905089 12869 ts_tablet_manager.cc:1434] T f35d1cd3a88845b6b0de764b1db80aaf P 9db07a70a14b44b2be70a8f5a4bd307d: Time spent starting tablet: real 0.007s	user 0.002s	sys 0.004s
I20260608 10:03:07.904907 12871 consensus_queue.cc:260] T f35d1cd3a88845b6b0de764b1db80aaf P 75c8b20f86404e8e8d486f2fc451d772 [NON_LEADER]: Queue going to NON_LEADER mode. State: All replicated index: 0, Majority replicated index: 0, Committed index: 0, Last appended: 0.0, Last appended by leader: 0, Current term: 0, Majority size: -1, State: 0, Mode: NON_LEADER, active raft config: opid_index: -1 OBSOLETE_local: false peers { permanent_uuid: "75c8b20f86404e8e8d486f2fc451d772" member_type: VOTER last_known_addr { host: "127.8.178.131" port: 35375 } } peers { permanent_uuid: "04860db616e142e887fef55ca375ce67" member_type: VOTER last_known_addr { host: "127.8.178.129" port: 43797 } } peers { permanent_uuid: "9db07a70a14b44b2be70a8f5a4bd307d" member_type: VOTER last_known_addr { host: "127.8.178.132" port: 43635 } }
I20260608 10:03:07.908190 12775 heartbeater.cc:499] Master 127.8.178.190:39117 was elected leader, sending a full tablet report...
I20260608 10:03:07.908759 12871 ts_tablet_manager.cc:1434] T f35d1cd3a88845b6b0de764b1db80aaf P 75c8b20f86404e8e8d486f2fc451d772: Time spent starting tablet: real 0.010s	user 0.009s	sys 0.000s
I20260608 10:03:08.072933 12701 heartbeater.cc:499] Master 127.8.178.190:39117 was elected leader, sending a full tablet report...
I20260608 10:03:08.185982 12876 raft_consensus.cc:493] T f35d1cd3a88845b6b0de764b1db80aaf P 9db07a70a14b44b2be70a8f5a4bd307d [term 0 FOLLOWER]: Starting pre-election (no leader contacted us within the election timeout)
I20260608 10:03:08.186080 12877 raft_consensus.cc:493] T f35d1cd3a88845b6b0de764b1db80aaf P 75c8b20f86404e8e8d486f2fc451d772 [term 0 FOLLOWER]: Starting pre-election (no leader contacted us within the election timeout)
I20260608 10:03:08.186617 12877 raft_consensus.cc:515] T f35d1cd3a88845b6b0de764b1db80aaf P 75c8b20f86404e8e8d486f2fc451d772 [term 0 FOLLOWER]: Starting pre-election with config: opid_index: -1 OBSOLETE_local: false peers { permanent_uuid: "75c8b20f86404e8e8d486f2fc451d772" member_type: VOTER last_known_addr { host: "127.8.178.131" port: 35375 } } peers { permanent_uuid: "04860db616e142e887fef55ca375ce67" member_type: VOTER last_known_addr { host: "127.8.178.129" port: 43797 } } peers { permanent_uuid: "9db07a70a14b44b2be70a8f5a4bd307d" member_type: VOTER last_known_addr { host: "127.8.178.132" port: 43635 } }
I20260608 10:03:08.186550 12876 raft_consensus.cc:515] T f35d1cd3a88845b6b0de764b1db80aaf P 9db07a70a14b44b2be70a8f5a4bd307d [term 0 FOLLOWER]: Starting pre-election with config: opid_index: -1 OBSOLETE_local: false peers { permanent_uuid: "75c8b20f86404e8e8d486f2fc451d772" member_type: VOTER last_known_addr { host: "127.8.178.131" port: 35375 } } peers { permanent_uuid: "04860db616e142e887fef55ca375ce67" member_type: VOTER last_known_addr { host: "127.8.178.129" port: 43797 } } peers { permanent_uuid: "9db07a70a14b44b2be70a8f5a4bd307d" member_type: VOTER last_known_addr { host: "127.8.178.132" port: 43635 } }
I20260608 10:03:08.189149 12877 leader_election.cc:290] T f35d1cd3a88845b6b0de764b1db80aaf P 75c8b20f86404e8e8d486f2fc451d772 [CANDIDATE]: Term 1 pre-election: Requested pre-vote from peers 04860db616e142e887fef55ca375ce67 (127.8.178.129:43797), 9db07a70a14b44b2be70a8f5a4bd307d (127.8.178.132:43635)
I20260608 10:03:08.189498 12876 leader_election.cc:290] T f35d1cd3a88845b6b0de764b1db80aaf P 9db07a70a14b44b2be70a8f5a4bd307d [CANDIDATE]: Term 1 pre-election: Requested pre-vote from peers 75c8b20f86404e8e8d486f2fc451d772 (127.8.178.131:35375), 04860db616e142e887fef55ca375ce67 (127.8.178.129:43797)
I20260608 10:03:08.207053 12750 tablet_service.cc:1917] Received RequestConsensusVote() RPC: tablet_id: "f35d1cd3a88845b6b0de764b1db80aaf" candidate_uuid: "9db07a70a14b44b2be70a8f5a4bd307d" candidate_term: 1 candidate_status { last_received { term: 0 index: 0 } } ignore_live_leader: false dest_uuid: "75c8b20f86404e8e8d486f2fc451d772" is_pre_election: true
I20260608 10:03:08.208688 12601 tablet_service.cc:1917] Received RequestConsensusVote() RPC: tablet_id: "f35d1cd3a88845b6b0de764b1db80aaf" candidate_uuid: "9db07a70a14b44b2be70a8f5a4bd307d" candidate_term: 1 candidate_status { last_received { term: 0 index: 0 } } ignore_live_leader: false dest_uuid: "04860db616e142e887fef55ca375ce67" is_pre_election: true
I20260608 10:03:08.209442 12601 raft_consensus.cc:2468] T f35d1cd3a88845b6b0de764b1db80aaf P 04860db616e142e887fef55ca375ce67 [term 0 FOLLOWER]: Leader pre-election vote request: Granting yes vote for candidate 9db07a70a14b44b2be70a8f5a4bd307d in term 0.
I20260608 10:03:08.208729 12750 raft_consensus.cc:2468] T f35d1cd3a88845b6b0de764b1db80aaf P 75c8b20f86404e8e8d486f2fc451d772 [term 0 FOLLOWER]: Leader pre-election vote request: Granting yes vote for candidate 9db07a70a14b44b2be70a8f5a4bd307d in term 0.
I20260608 10:03:08.210371 12600 tablet_service.cc:1917] Received RequestConsensusVote() RPC: tablet_id: "f35d1cd3a88845b6b0de764b1db80aaf" candidate_uuid: "75c8b20f86404e8e8d486f2fc451d772" candidate_term: 1 candidate_status { last_received { term: 0 index: 0 } } ignore_live_leader: false dest_uuid: "04860db616e142e887fef55ca375ce67" is_pre_election: true
I20260608 10:03:08.211051 12600 raft_consensus.cc:2468] T f35d1cd3a88845b6b0de764b1db80aaf P 04860db616e142e887fef55ca375ce67 [term 0 FOLLOWER]: Leader pre-election vote request: Granting yes vote for candidate 75c8b20f86404e8e8d486f2fc451d772 in term 0.
I20260608 10:03:08.211083 12787 leader_election.cc:304] T f35d1cd3a88845b6b0de764b1db80aaf P 9db07a70a14b44b2be70a8f5a4bd307d [CANDIDATE]: Term 1 pre-election: Election decided. Result: candidate won. Election summary: received 2 responses out of 3 voters: 2 yes votes; 0 no votes. yes voters: 04860db616e142e887fef55ca375ce67, 9db07a70a14b44b2be70a8f5a4bd307d; no voters: 
I20260608 10:03:08.212147 12876 raft_consensus.cc:2804] T f35d1cd3a88845b6b0de764b1db80aaf P 9db07a70a14b44b2be70a8f5a4bd307d [term 0 FOLLOWER]: Leader pre-election won for term 1
I20260608 10:03:08.212527 12876 raft_consensus.cc:493] T f35d1cd3a88845b6b0de764b1db80aaf P 9db07a70a14b44b2be70a8f5a4bd307d [term 0 FOLLOWER]: Starting leader election (no leader contacted us within the election timeout)
I20260608 10:03:08.212836 12876 raft_consensus.cc:3060] T f35d1cd3a88845b6b0de764b1db80aaf P 9db07a70a14b44b2be70a8f5a4bd307d [term 0 FOLLOWER]: Advancing to term 1
I20260608 10:03:08.212767 12713 leader_election.cc:304] T f35d1cd3a88845b6b0de764b1db80aaf P 75c8b20f86404e8e8d486f2fc451d772 [CANDIDATE]: Term 1 pre-election: Election decided. Result: candidate won. Election summary: received 2 responses out of 3 voters: 2 yes votes; 0 no votes. yes voters: 04860db616e142e887fef55ca375ce67, 75c8b20f86404e8e8d486f2fc451d772; no voters: 
I20260608 10:03:08.213765 12877 raft_consensus.cc:2804] T f35d1cd3a88845b6b0de764b1db80aaf P 75c8b20f86404e8e8d486f2fc451d772 [term 0 FOLLOWER]: Leader pre-election won for term 1
I20260608 10:03:08.214054 12877 raft_consensus.cc:493] T f35d1cd3a88845b6b0de764b1db80aaf P 75c8b20f86404e8e8d486f2fc451d772 [term 0 FOLLOWER]: Starting leader election (no leader contacted us within the election timeout)
I20260608 10:03:08.214350 12877 raft_consensus.cc:3060] T f35d1cd3a88845b6b0de764b1db80aaf P 75c8b20f86404e8e8d486f2fc451d772 [term 0 FOLLOWER]: Advancing to term 1
I20260608 10:03:08.218284 12824 tablet_service.cc:1917] Received RequestConsensusVote() RPC: tablet_id: "f35d1cd3a88845b6b0de764b1db80aaf" candidate_uuid: "75c8b20f86404e8e8d486f2fc451d772" candidate_term: 1 candidate_status { last_received { term: 0 index: 0 } } ignore_live_leader: false dest_uuid: "9db07a70a14b44b2be70a8f5a4bd307d" is_pre_election: true
I20260608 10:03:08.219666 12876 raft_consensus.cc:515] T f35d1cd3a88845b6b0de764b1db80aaf P 9db07a70a14b44b2be70a8f5a4bd307d [term 1 FOLLOWER]: Starting leader election with config: opid_index: -1 OBSOLETE_local: false peers { permanent_uuid: "75c8b20f86404e8e8d486f2fc451d772" member_type: VOTER last_known_addr { host: "127.8.178.131" port: 35375 } } peers { permanent_uuid: "04860db616e142e887fef55ca375ce67" member_type: VOTER last_known_addr { host: "127.8.178.129" port: 43797 } } peers { permanent_uuid: "9db07a70a14b44b2be70a8f5a4bd307d" member_type: VOTER last_known_addr { host: "127.8.178.132" port: 43635 } }
I20260608 10:03:08.220786 12824 raft_consensus.cc:2393] T f35d1cd3a88845b6b0de764b1db80aaf P 9db07a70a14b44b2be70a8f5a4bd307d [term 1 FOLLOWER]: Leader pre-election vote request: Denying vote to candidate 75c8b20f86404e8e8d486f2fc451d772 in current term 1: Already voted for candidate 9db07a70a14b44b2be70a8f5a4bd307d in this term.
I20260608 10:03:08.220398 12877 raft_consensus.cc:515] T f35d1cd3a88845b6b0de764b1db80aaf P 75c8b20f86404e8e8d486f2fc451d772 [term 1 FOLLOWER]: Starting leader election with config: opid_index: -1 OBSOLETE_local: false peers { permanent_uuid: "75c8b20f86404e8e8d486f2fc451d772" member_type: VOTER last_known_addr { host: "127.8.178.131" port: 35375 } } peers { permanent_uuid: "04860db616e142e887fef55ca375ce67" member_type: VOTER last_known_addr { host: "127.8.178.129" port: 43797 } } peers { permanent_uuid: "9db07a70a14b44b2be70a8f5a4bd307d" member_type: VOTER last_known_addr { host: "127.8.178.132" port: 43635 } }
