I20260608 10:02:58.836189 26716 consensus_queue.cc:260] T 9cf265bfbe0242c786142b16b77e9420 P 767c5cd8444b40e883510cd03c8eb31a [NON_LEADER]: Queue going to NON_LEADER mode. State: All replicated index: 0, Majority replicated index: 0, Committed index: 2, Last appended: 1.2, Last appended by leader: 2, Current term: 0, Majority size: -1, State: 0, Mode: NON_LEADER, active raft config: opid_index: 2 OBSOLETE_local: false peers { permanent_uuid: "f372f9fee39e4c17bb266ef9a982ae65" member_type: VOTER last_known_addr { host: "127.22.168.196" port: 42443 } attrs { replace: true } } peers { permanent_uuid: "0c940ff3d24b44289a41e343719706c8" member_type: VOTER last_known_addr { host: "127.22.168.195" port: 35927 } } peers { permanent_uuid: "18c8c4c5d8554d228085b6d3715560cf" member_type: VOTER last_known_addr { host: "127.22.168.193" port: 38955 } } peers { permanent_uuid: "767c5cd8444b40e883510cd03c8eb31a" member_type: NON_VOTER last_known_addr { host: "127.22.168.194" port: 43845 } attrs { promote: true } }
I20260608 10:02:58.839334 26716 ts_tablet_manager.cc:1434] T 9cf265bfbe0242c786142b16b77e9420 P 767c5cd8444b40e883510cd03c8eb31a: Time spent starting tablet: real 0.008s	user 0.006s	sys 0.000s
I20260608 10:02:58.842410 26356 tablet_copy_service.cc:342] P 0c940ff3d24b44289a41e343719706c8: Request end of tablet copy session 767c5cd8444b40e883510cd03c8eb31a-9cf265bfbe0242c786142b16b77e9420 received from {username='slave'} at 127.0.0.1:38450
I20260608 10:02:58.843114 26356 tablet_copy_service.cc:434] P 0c940ff3d24b44289a41e343719706c8: ending tablet copy session 767c5cd8444b40e883510cd03c8eb31a-9cf265bfbe0242c786142b16b77e9420 on tablet 9cf265bfbe0242c786142b16b77e9420 with peer 767c5cd8444b40e883510cd03c8eb31a
I20260608 10:02:58.832593 26681 consensus_queue.cc:237] T f7417f4b6e4c4ccba9f80913cfd1719d P f372f9fee39e4c17bb266ef9a982ae65 [LEADER]: Queue going to LEADER mode. State: All replicated index: 0, Majority replicated index: 1, Committed index: 1, Last appended: 1.1, Last appended by leader: 1, Current term: 2, Majority size: 2, State: 0, Mode: LEADER, active raft config: opid_index: -1 OBSOLETE_local: false peers { permanent_uuid: "767c5cd8444b40e883510cd03c8eb31a" member_type: VOTER last_known_addr { host: "127.22.168.194" port: 43845 } } peers { permanent_uuid: "f372f9fee39e4c17bb266ef9a982ae65" member_type: VOTER last_known_addr { host: "127.22.168.196" port: 42443 } } peers { permanent_uuid: "18c8c4c5d8554d228085b6d3715560cf" member_type: VOTER last_known_addr { host: "127.22.168.193" port: 38955 } }
I20260608 10:02:58.852240 26270 raft_consensus.cc:2468] T f7417f4b6e4c4ccba9f80913cfd1719d P 767c5cd8444b40e883510cd03c8eb31a [term 2 FOLLOWER]: Leader election vote request: Granting yes vote for candidate f372f9fee39e4c17bb266ef9a982ae65 in term 2.
I20260608 10:02:58.872195 26093 catalog_manager.cc:5696] T f7417f4b6e4c4ccba9f80913cfd1719d P f372f9fee39e4c17bb266ef9a982ae65 reported cstate change: term changed from 1 to 2, leader changed from 767c5cd8444b40e883510cd03c8eb31a (127.22.168.194) to f372f9fee39e4c17bb266ef9a982ae65 (127.22.168.196). New cstate: current_term: 2 leader_uuid: "f372f9fee39e4c17bb266ef9a982ae65" committed_config { opid_index: -1 OBSOLETE_local: false peers { permanent_uuid: "767c5cd8444b40e883510cd03c8eb31a" member_type: VOTER last_known_addr { host: "127.22.168.194" port: 43845 } health_report { overall_health: UNKNOWN } } peers { permanent_uuid: "f372f9fee39e4c17bb266ef9a982ae65" member_type: VOTER last_known_addr { host: "127.22.168.196" port: 42443 } health_report { overall_health: HEALTHY } } peers { permanent_uuid: "18c8c4c5d8554d228085b6d3715560cf" member_type: VOTER last_known_addr { host: "127.22.168.193" port: 38955 } health_report { overall_health: UNKNOWN } } }
I20260608 10:02:58.874475 26714 tablet_bootstrap.cc:492] T e5ea26cf3d22467abe2154597baa105e P f372f9fee39e4c17bb266ef9a982ae65: Bootstrap replayed 1/1 log segments. Stats: ops{read=2 overwritten=0 applied=2 ignored=0} inserts{seen=0 ignored=0} mutations{seen=0 ignored=0} orphaned_commits=0. Pending: 0 replicates
I20260608 10:02:58.875453 26714 tablet_bootstrap.cc:492] T e5ea26cf3d22467abe2154597baa105e P f372f9fee39e4c17bb266ef9a982ae65: Bootstrap complete.
I20260608 10:02:58.876237 26714 ts_tablet_manager.cc:1403] T e5ea26cf3d22467abe2154597baa105e P f372f9fee39e4c17bb266ef9a982ae65: Time spent bootstrapping tablet: real 0.120s	user 0.038s	sys 0.053s
I20260608 10:02:58.879518 26714 raft_consensus.cc:359] T e5ea26cf3d22467abe2154597baa105e P f372f9fee39e4c17bb266ef9a982ae65 [term 1 LEARNER]: Replica starting. Triggering 0 pending ops. Active config: opid_index: 2 OBSOLETE_local: false peers { permanent_uuid: "18c8c4c5d8554d228085b6d3715560cf" member_type: VOTER last_known_addr { host: "127.22.168.193" port: 38955 } } peers { permanent_uuid: "767c5cd8444b40e883510cd03c8eb31a" member_type: VOTER last_known_addr { host: "127.22.168.194" port: 43845 } attrs { replace: true } } peers { permanent_uuid: "0c940ff3d24b44289a41e343719706c8" member_type: VOTER last_known_addr { host: "127.22.168.195" port: 35927 } } peers { permanent_uuid: "f372f9fee39e4c17bb266ef9a982ae65" member_type: NON_VOTER last_known_addr { host: "127.22.168.196" port: 42443 } attrs { promote: true } }
I20260608 10:02:58.880301 26714 raft_consensus.cc:740] T e5ea26cf3d22467abe2154597baa105e P f372f9fee39e4c17bb266ef9a982ae65 [term 1 LEARNER]: Becoming Follower/Learner. State: Replica: f372f9fee39e4c17bb266ef9a982ae65, State: Initialized, Role: LEARNER
I20260608 10:02:58.880987 26714 consensus_queue.cc:260] T e5ea26cf3d22467abe2154597baa105e P f372f9fee39e4c17bb266ef9a982ae65 [NON_LEADER]: Queue going to NON_LEADER mode. State: All replicated index: 0, Majority replicated index: 0, Committed index: 2, Last appended: 1.2, Last appended by leader: 2, Current term: 0, Majority size: -1, State: 0, Mode: NON_LEADER, active raft config: opid_index: 2 OBSOLETE_local: false peers { permanent_uuid: "18c8c4c5d8554d228085b6d3715560cf" member_type: VOTER last_known_addr { host: "127.22.168.193" port: 38955 } } peers { permanent_uuid: "767c5cd8444b40e883510cd03c8eb31a" member_type: VOTER last_known_addr { host: "127.22.168.194" port: 43845 } attrs { replace: true } } peers { permanent_uuid: "0c940ff3d24b44289a41e343719706c8" member_type: VOTER last_known_addr { host: "127.22.168.195" port: 35927 } } peers { permanent_uuid: "f372f9fee39e4c17bb266ef9a982ae65" member_type: NON_VOTER last_known_addr { host: "127.22.168.196" port: 42443 } attrs { promote: true } }
I20260608 10:02:58.883565 26714 ts_tablet_manager.cc:1434] T e5ea26cf3d22467abe2154597baa105e P f372f9fee39e4c17bb266ef9a982ae65: Time spent starting tablet: real 0.007s	user 0.003s	sys 0.003s
I20260608 10:02:58.885752 26356 tablet_copy_service.cc:342] P 0c940ff3d24b44289a41e343719706c8: Request end of tablet copy session f372f9fee39e4c17bb266ef9a982ae65-e5ea26cf3d22467abe2154597baa105e received from {username='slave'} at 127.0.0.1:38470
I20260608 10:02:58.886235 26356 tablet_copy_service.cc:434] P 0c940ff3d24b44289a41e343719706c8: ending tablet copy session f372f9fee39e4c17bb266ef9a982ae65-e5ea26cf3d22467abe2154597baa105e on tablet e5ea26cf3d22467abe2154597baa105e with peer f372f9fee39e4c17bb266ef9a982ae65
I20260608 10:02:58.889895 26723 ts_tablet_manager.cc:933] T 3131a0a55f744ab6b0a143a7eb913e4d P f372f9fee39e4c17bb266ef9a982ae65: Initiating tablet copy from peer 767c5cd8444b40e883510cd03c8eb31a (127.22.168.194:43845)
I20260608 10:02:58.891774 26723 tablet_copy_client.cc:323] T 3131a0a55f744ab6b0a143a7eb913e4d P f372f9fee39e4c17bb266ef9a982ae65: tablet copy: Beginning tablet copy session from remote peer at address 127.22.168.194:43845
I20260608 10:02:58.893379 26282 tablet_copy_service.cc:140] P 767c5cd8444b40e883510cd03c8eb31a: Received BeginTabletCopySession request for tablet 3131a0a55f744ab6b0a143a7eb913e4d from peer f372f9fee39e4c17bb266ef9a982ae65 ({username='slave'} at 127.0.0.1:53172)
I20260608 10:02:58.893823 26282 tablet_copy_service.cc:161] P 767c5cd8444b40e883510cd03c8eb31a: Beginning new tablet copy session on tablet 3131a0a55f744ab6b0a143a7eb913e4d from peer f372f9fee39e4c17bb266ef9a982ae65 at {username='slave'} at 127.0.0.1:53172: session id = f372f9fee39e4c17bb266ef9a982ae65-3131a0a55f744ab6b0a143a7eb913e4d
I20260608 10:02:58.900162 26282 tablet_copy_source_session.cc:215] T 3131a0a55f744ab6b0a143a7eb913e4d P 767c5cd8444b40e883510cd03c8eb31a: Tablet Copy: opened 0 blocks and 1 log segments
I20260608 10:02:58.902792 26723 data_dirs.cc:400] Could only allocate 1 dirs of requested 3 for tablet 3131a0a55f744ab6b0a143a7eb913e4d. 1 dirs total, 0 dirs full, 0 dirs failed
I20260608 10:02:58.916560 26723 tablet_copy_client.cc:806] T 3131a0a55f744ab6b0a143a7eb913e4d P f372f9fee39e4c17bb266ef9a982ae65: tablet copy: Starting download of 0 data blocks...
I20260608 10:02:58.917330 26723 tablet_copy_client.cc:670] T 3131a0a55f744ab6b0a143a7eb913e4d P f372f9fee39e4c17bb266ef9a982ae65: tablet copy: Starting download of 1 WAL segments...
I20260608 10:02:58.921880 26723 tablet_copy_client.cc:538] T 3131a0a55f744ab6b0a143a7eb913e4d P f372f9fee39e4c17bb266ef9a982ae65: tablet copy: Tablet Copy complete. Replacing tablet superblock.
I20260608 10:02:58.928469 26723 tablet_bootstrap.cc:492] T 3131a0a55f744ab6b0a143a7eb913e4d P f372f9fee39e4c17bb266ef9a982ae65: Bootstrap starting.
I20260608 10:02:58.948652 26723 tablet_bootstrap.cc:492] T 3131a0a55f744ab6b0a143a7eb913e4d P f372f9fee39e4c17bb266ef9a982ae65: Bootstrap replayed 1/1 log segments. Stats: ops{read=2 overwritten=0 applied=2 ignored=0} inserts{seen=0 ignored=0} mutations{seen=0 ignored=0} orphaned_commits=0. Pending: 0 replicates
I20260608 10:02:58.949468 26723 tablet_bootstrap.cc:492] T 3131a0a55f744ab6b0a143a7eb913e4d P f372f9fee39e4c17bb266ef9a982ae65: Bootstrap complete.
I20260608 10:02:58.950011 26723 ts_tablet_manager.cc:1403] T 3131a0a55f744ab6b0a143a7eb913e4d P f372f9fee39e4c17bb266ef9a982ae65: Time spent bootstrapping tablet: real 0.022s	user 0.006s	sys 0.017s
I20260608 10:02:58.953219 26723 raft_consensus.cc:359] T 3131a0a55f744ab6b0a143a7eb913e4d P f372f9fee39e4c17bb266ef9a982ae65 [term 1 LEARNER]: Replica starting. Triggering 0 pending ops. Active config: opid_index: 2 OBSOLETE_local: false peers { permanent_uuid: "18c8c4c5d8554d228085b6d3715560cf" member_type: VOTER last_known_addr { host: "127.22.168.193" port: 38955 } } peers { permanent_uuid: "767c5cd8444b40e883510cd03c8eb31a" member_type: VOTER last_known_addr { host: "127.22.168.194" port: 43845 } } peers { permanent_uuid: "0c940ff3d24b44289a41e343719706c8" member_type: VOTER last_known_addr { host: "127.22.168.195" port: 35927 } attrs { replace: true } } peers { permanent_uuid: "f372f9fee39e4c17bb266ef9a982ae65" member_type: NON_VOTER last_known_addr { host: "127.22.168.196" port: 42443 } attrs { promote: true } }
I20260608 10:02:58.954048 26723 raft_consensus.cc:740] T 3131a0a55f744ab6b0a143a7eb913e4d P f372f9fee39e4c17bb266ef9a982ae65 [term 1 LEARNER]: Becoming Follower/Learner. State: Replica: f372f9fee39e4c17bb266ef9a982ae65, State: Initialized, Role: LEARNER
I20260608 10:02:58.954710 26723 consensus_queue.cc:260] T 3131a0a55f744ab6b0a143a7eb913e4d P f372f9fee39e4c17bb266ef9a982ae65 [NON_LEADER]: Queue going to NON_LEADER mode. State: All replicated index: 0, Majority replicated index: 0, Committed index: 2, Last appended: 1.2, Last appended by leader: 2, Current term: 0, Majority size: -1, State: 0, Mode: NON_LEADER, active raft config: opid_index: 2 OBSOLETE_local: false peers { permanent_uuid: "18c8c4c5d8554d228085b6d3715560cf" member_type: VOTER last_known_addr { host: "127.22.168.193" port: 38955 } } peers { permanent_uuid: "767c5cd8444b40e883510cd03c8eb31a" member_type: VOTER last_known_addr { host: "127.22.168.194" port: 43845 } } peers { permanent_uuid: "0c940ff3d24b44289a41e343719706c8" member_type: VOTER last_known_addr { host: "127.22.168.195" port: 35927 } attrs { replace: true } } peers { permanent_uuid: "f372f9fee39e4c17bb266ef9a982ae65" member_type: NON_VOTER last_known_addr { host: "127.22.168.196" port: 42443 } attrs { promote: true } }
I20260608 10:02:58.957022 26723 ts_tablet_manager.cc:1434] T 3131a0a55f744ab6b0a143a7eb913e4d P f372f9fee39e4c17bb266ef9a982ae65: Time spent starting tablet: real 0.007s	user 0.008s	sys 0.000s
I20260608 10:02:58.958671 26282 tablet_copy_service.cc:342] P 767c5cd8444b40e883510cd03c8eb31a: Request end of tablet copy session f372f9fee39e4c17bb266ef9a982ae65-3131a0a55f744ab6b0a143a7eb913e4d received from {username='slave'} at 127.0.0.1:53172
I20260608 10:02:58.959131 26282 tablet_copy_service.cc:434] P 767c5cd8444b40e883510cd03c8eb31a: ending tablet copy session f372f9fee39e4c17bb266ef9a982ae65-3131a0a55f744ab6b0a143a7eb913e4d on tablet 3131a0a55f744ab6b0a143a7eb913e4d with peer f372f9fee39e4c17bb266ef9a982ae65
I20260608 10:02:59.123111 26270 raft_consensus.cc:1275] T b974a123035a428fabaa2bad244faa05 P 767c5cd8444b40e883510cd03c8eb31a [term 2 FOLLOWER]: Refusing update from remote peer 18c8c4c5d8554d228085b6d3715560cf: Log matching property violated. Preceding OpId in replica: term: 1 index: 4. Preceding OpId from leader: term: 2 index: 5. (index mismatch)
I20260608 10:02:59.124480 26712 consensus_queue.cc:1048] T b974a123035a428fabaa2bad244faa05 P 18c8c4c5d8554d228085b6d3715560cf [LEADER]: Connected to new peer: Peer: permanent_uuid: "767c5cd8444b40e883510cd03c8eb31a" member_type: VOTER last_known_addr { host: "127.22.168.194" port: 43845 }, Status: LMP_MISMATCH, Last received: 0.0, Next index: 5, Last known committed idx: 4, Time since last communication: 0.000s
I20260608 10:02:59.144100 26495 raft_consensus.cc:1275] T b974a123035a428fabaa2bad244faa05 P f372f9fee39e4c17bb266ef9a982ae65 [term 2 FOLLOWER]: Refusing update from remote peer 18c8c4c5d8554d228085b6d3715560cf: Log matching property violated. Preceding OpId in replica: term: 1 index: 4. Preceding OpId from leader: term: 2 index: 5. (index mismatch)
I20260608 10:02:59.146198 26712 consensus_queue.cc:1048] T b974a123035a428fabaa2bad244faa05 P 18c8c4c5d8554d228085b6d3715560cf [LEADER]: Connected to new peer: Peer: permanent_uuid: "f372f9fee39e4c17bb266ef9a982ae65" member_type: VOTER last_known_addr { host: "127.22.168.196" port: 42443 } attrs { promote: false }, Status: LMP_MISMATCH, Last received: 0.0, Next index: 5, Last known committed idx: 4, Time since last communication: 0.000s
I20260608 10:02:59.232635 26270 raft_consensus.cc:1217] T 9cf265bfbe0242c786142b16b77e9420 P 767c5cd8444b40e883510cd03c8eb31a [term 1 LEARNER]: Deduplicated request from leader. Original: 1.1->[1.2-1.2]   Dedup: 1.2->[]
I20260608 10:02:59.244596 26495 raft_consensus.cc:1217] T e5ea26cf3d22467abe2154597baa105e P f372f9fee39e4c17bb266ef9a982ae65 [term 1 LEARNER]: Deduplicated request from leader. Original: 1.1->[1.2-1.2]   Dedup: 1.2->[]
I20260608 10:02:59.332028 26195 raft_consensus.cc:1275] T f7417f4b6e4c4ccba9f80913cfd1719d P 18c8c4c5d8554d228085b6d3715560cf [term 2 FOLLOWER]: Refusing update from remote peer f372f9fee39e4c17bb266ef9a982ae65: Log matching property violated. Preceding OpId in replica: term: 1 index: 1. Preceding OpId from leader: term: 2 index: 2. (index mismatch)
I20260608 10:02:59.333331 26681 consensus_queue.cc:1048] T f7417f4b6e4c4ccba9f80913cfd1719d P f372f9fee39e4c17bb266ef9a982ae65 [LEADER]: Connected to new peer: Peer: permanent_uuid: "18c8c4c5d8554d228085b6d3715560cf" member_type: VOTER last_known_addr { host: "127.22.168.193" port: 38955 }, Status: LMP_MISMATCH, Last received: 0.0, Next index: 2, Last known committed idx: 1, Time since last communication: 0.000s
I20260608 10:02:59.342725 26270 raft_consensus.cc:1275] T f7417f4b6e4c4ccba9f80913cfd1719d P 767c5cd8444b40e883510cd03c8eb31a [term 2 FOLLOWER]: Refusing update from remote peer f372f9fee39e4c17bb266ef9a982ae65: Log matching property violated. Preceding OpId in replica: term: 1 index: 1. Preceding OpId from leader: term: 2 index: 2. (index mismatch)
I20260608 10:02:59.344142 26681 consensus_queue.cc:1048] T f7417f4b6e4c4ccba9f80913cfd1719d P f372f9fee39e4c17bb266ef9a982ae65 [LEADER]: Connected to new peer: Peer: permanent_uuid: "767c5cd8444b40e883510cd03c8eb31a" member_type: VOTER last_known_addr { host: "127.22.168.194" port: 43845 }, Status: LMP_MISMATCH, Last received: 0.0, Next index: 2, Last known committed idx: 1, Time since last communication: 0.000s
I20260608 10:02:59.492549 26495 raft_consensus.cc:1217] T 3131a0a55f744ab6b0a143a7eb913e4d P f372f9fee39e4c17bb266ef9a982ae65 [term 1 LEARNER]: Deduplicated request from leader. Original: 1.1->[1.2-1.2]   Dedup: 1.2->[]
I20260608 10:02:59.643898 26734 raft_consensus.cc:1064] T 9cf265bfbe0242c786142b16b77e9420 P 0c940ff3d24b44289a41e343719706c8: attempting to promote NON_VOTER 767c5cd8444b40e883510cd03c8eb31a to VOTER
I20260608 10:02:59.646600 26734 consensus_queue.cc:237] T 9cf265bfbe0242c786142b16b77e9420 P 0c940ff3d24b44289a41e343719706c8 [LEADER]: Queue going to LEADER mode. State: All replicated index: 0, Majority replicated index: 2, Committed index: 2, Last appended: 1.2, Last appended by leader: 0, Current term: 1, Majority size: 3, State: 0, Mode: LEADER, active raft config: opid_index: 3 OBSOLETE_local: false peers { permanent_uuid: "f372f9fee39e4c17bb266ef9a982ae65" member_type: VOTER last_known_addr { host: "127.22.168.196" port: 42443 } attrs { replace: true } } peers { permanent_uuid: "0c940ff3d24b44289a41e343719706c8" member_type: VOTER last_known_addr { host: "127.22.168.195" port: 35927 } } peers { permanent_uuid: "18c8c4c5d8554d228085b6d3715560cf" member_type: VOTER last_known_addr { host: "127.22.168.193" port: 38955 } } peers { permanent_uuid: "767c5cd8444b40e883510cd03c8eb31a" member_type: VOTER last_known_addr { host: "127.22.168.194" port: 43845 } attrs { promote: false } }
I20260608 10:02:59.654371 26270 raft_consensus.cc:1275] T 9cf265bfbe0242c786142b16b77e9420 P 767c5cd8444b40e883510cd03c8eb31a [term 1 LEARNER]: Refusing update from remote peer 0c940ff3d24b44289a41e343719706c8: Log matching property violated. Preceding OpId in replica: term: 1 index: 2. Preceding OpId from leader: term: 1 index: 3. (index mismatch)
I20260608 10:02:59.654639 26195 raft_consensus.cc:1275] T 9cf265bfbe0242c786142b16b77e9420 P 18c8c4c5d8554d228085b6d3715560cf [term 1 FOLLOWER]: Refusing update from remote peer 0c940ff3d24b44289a41e343719706c8: Log matching property violated. Preceding OpId in replica: term: 1 index: 2. Preceding OpId from leader: term: 1 index: 3. (index mismatch)
I20260608 10:02:59.655565 26495 raft_consensus.cc:1275] T 9cf265bfbe0242c786142b16b77e9420 P f372f9fee39e4c17bb266ef9a982ae65 [term 1 FOLLOWER]: Refusing update from remote peer 0c940ff3d24b44289a41e343719706c8: Log matching property violated. Preceding OpId in replica: term: 1 index: 2. Preceding OpId from leader: term: 1 index: 3. (index mismatch)
I20260608 10:02:59.656051 26677 consensus_queue.cc:1048] T 9cf265bfbe0242c786142b16b77e9420 P 0c940ff3d24b44289a41e343719706c8 [LEADER]: Connected to new peer: Peer: permanent_uuid: "767c5cd8444b40e883510cd03c8eb31a" member_type: VOTER last_known_addr { host: "127.22.168.194" port: 43845 } attrs { promote: false }, Status: LMP_MISMATCH, Last received: 0.0, Next index: 3, Last known committed idx: 2, Time since last communication: 0.000s
I20260608 10:02:59.657455 26735 consensus_queue.cc:1048] T 9cf265bfbe0242c786142b16b77e9420 P 0c940ff3d24b44289a41e343719706c8 [LEADER]: Connected to new peer: Peer: permanent_uuid: "18c8c4c5d8554d228085b6d3715560cf" member_type: VOTER last_known_addr { host: "127.22.168.193" port: 38955 }, Status: LMP_MISMATCH, Last received: 0.0, Next index: 3, Last known committed idx: 2, Time since last communication: 0.000s
I20260608 10:02:59.664798 26735 consensus_queue.cc:1048] T 9cf265bfbe0242c786142b16b77e9420 P 0c940ff3d24b44289a41e343719706c8 [LEADER]: Connected to new peer: Peer: permanent_uuid: "f372f9fee39e4c17bb266ef9a982ae65" member_type: VOTER last_known_addr { host: "127.22.168.196" port: 42443 } attrs { replace: true }, Status: LMP_MISMATCH, Last received: 0.0, Next index: 3, Last known committed idx: 2, Time since last communication: 0.000s
I20260608 10:02:59.671260 26677 raft_consensus.cc:2955] T 9cf265bfbe0242c786142b16b77e9420 P 0c940ff3d24b44289a41e343719706c8 [term 1 LEADER]: Committing config change with OpId 1.3: config changed from index 2 to 3, 767c5cd8444b40e883510cd03c8eb31a (127.22.168.194) changed from NON_VOTER to VOTER. New config: { opid_index: 3 OBSOLETE_local: false peers { permanent_uuid: "f372f9fee39e4c17bb266ef9a982ae65" member_type: VOTER last_known_addr { host: "127.22.168.196" port: 42443 } attrs { replace: true } } peers { permanent_uuid: "0c940ff3d24b44289a41e343719706c8" member_type: VOTER last_known_addr { host: "127.22.168.195" port: 35927 } } peers { permanent_uuid: "18c8c4c5d8554d228085b6d3715560cf" member_type: VOTER last_known_addr { host: "127.22.168.193" port: 38955 } } peers { permanent_uuid: "767c5cd8444b40e883510cd03c8eb31a" member_type: VOTER last_known_addr { host: "127.22.168.194" port: 43845 } attrs { promote: false } } }
I20260608 10:02:59.672745 26195 raft_consensus.cc:2955] T 9cf265bfbe0242c786142b16b77e9420 P 18c8c4c5d8554d228085b6d3715560cf [term 1 FOLLOWER]: Committing config change with OpId 1.3: config changed from index 2 to 3, 767c5cd8444b40e883510cd03c8eb31a (127.22.168.194) changed from NON_VOTER to VOTER. New config: { opid_index: 3 OBSOLETE_local: false peers { permanent_uuid: "f372f9fee39e4c17bb266ef9a982ae65" member_type: VOTER last_known_addr { host: "127.22.168.196" port: 42443 } attrs { replace: true } } peers { permanent_uuid: "0c940ff3d24b44289a41e343719706c8" member_type: VOTER last_known_addr { host: "127.22.168.195" port: 35927 } } peers { permanent_uuid: "18c8c4c5d8554d228085b6d3715560cf" member_type: VOTER last_known_addr { host: "127.22.168.193" port: 38955 } } peers { permanent_uuid: "767c5cd8444b40e883510cd03c8eb31a" member_type: VOTER last_known_addr { host: "127.22.168.194" port: 43845 } attrs { promote: false } } }
I20260608 10:02:59.682313 26495 raft_consensus.cc:2955] T 9cf265bfbe0242c786142b16b77e9420 P f372f9fee39e4c17bb266ef9a982ae65 [term 1 FOLLOWER]: Committing config change with OpId 1.3: config changed from index 2 to 3, 767c5cd8444b40e883510cd03c8eb31a (127.22.168.194) changed from NON_VOTER to VOTER. New config: { opid_index: 3 OBSOLETE_local: false peers { permanent_uuid: "f372f9fee39e4c17bb266ef9a982ae65" member_type: VOTER last_known_addr { host: "127.22.168.196" port: 42443 } attrs { replace: true } } peers { permanent_uuid: "0c940ff3d24b44289a41e343719706c8" member_type: VOTER last_known_addr { host: "127.22.168.195" port: 35927 } } peers { permanent_uuid: "18c8c4c5d8554d228085b6d3715560cf" member_type: VOTER last_known_addr { host: "127.22.168.193" port: 38955 } } peers { permanent_uuid: "767c5cd8444b40e883510cd03c8eb31a" member_type: VOTER last_known_addr { host: "127.22.168.194" port: 43845 } attrs { promote: false } } }
I20260608 10:02:59.684332 26269 raft_consensus.cc:2955] T 9cf265bfbe0242c786142b16b77e9420 P 767c5cd8444b40e883510cd03c8eb31a [term 1 FOLLOWER]: Committing config change with OpId 1.3: config changed from index 2 to 3, 767c5cd8444b40e883510cd03c8eb31a (127.22.168.194) changed from NON_VOTER to VOTER. New config: { opid_index: 3 OBSOLETE_local: false peers { permanent_uuid: "f372f9fee39e4c17bb266ef9a982ae65" member_type: VOTER last_known_addr { host: "127.22.168.196" port: 42443 } attrs { replace: true } } peers { permanent_uuid: "0c940ff3d24b44289a41e343719706c8" member_type: VOTER last_known_addr { host: "127.22.168.195" port: 35927 } } peers { permanent_uuid: "18c8c4c5d8554d228085b6d3715560cf" member_type: VOTER last_known_addr { host: "127.22.168.193" port: 38955 } } peers { permanent_uuid: "767c5cd8444b40e883510cd03c8eb31a" member_type: VOTER last_known_addr { host: "127.22.168.194" port: 43845 } attrs { promote: false } } }
I20260608 10:02:59.687849 26093 catalog_manager.cc:5696] T 9cf265bfbe0242c786142b16b77e9420 P 0c940ff3d24b44289a41e343719706c8 reported cstate change: config changed from index 2 to 3, 767c5cd8444b40e883510cd03c8eb31a (127.22.168.194) changed from NON_VOTER to VOTER. New cstate: current_term: 1 leader_uuid: "0c940ff3d24b44289a41e343719706c8" committed_config { opid_index: 3 OBSOLETE_local: false peers { permanent_uuid: "f372f9fee39e4c17bb266ef9a982ae65" member_type: VOTER last_known_addr { host: "127.22.168.196" port: 42443 } attrs { replace: true } health_report { overall_health: HEALTHY } } peers { permanent_uuid: "0c940ff3d24b44289a41e343719706c8" member_type: VOTER last_known_addr { host: "127.22.168.195" port: 35927 } health_report { overall_health: HEALTHY } } peers { permanent_uuid: "18c8c4c5d8554d228085b6d3715560cf" member_type: VOTER last_known_addr { host: "127.22.168.193" port: 38955 } health_report { overall_health: HEALTHY } } peers { permanent_uuid: "767c5cd8444b40e883510cd03c8eb31a" member_type: VOTER last_known_addr { host: "127.22.168.194" port: 43845 } attrs { promote: false } health_report { overall_health: UNKNOWN } } }
I20260608 10:02:59.708953 26677 raft_consensus.cc:1064] T e5ea26cf3d22467abe2154597baa105e P 0c940ff3d24b44289a41e343719706c8: attempting to promote NON_VOTER f372f9fee39e4c17bb266ef9a982ae65 to VOTER
I20260608 10:02:59.711396 26677 consensus_queue.cc:237] T e5ea26cf3d22467abe2154597baa105e P 0c940ff3d24b44289a41e343719706c8 [LEADER]: Queue going to LEADER mode. State: All replicated index: 0, Majority replicated index: 2, Committed index: 2, Last appended: 1.2, Last appended by leader: 0, Current term: 1, Majority size: 3, State: 0, Mode: LEADER, active raft config: opid_index: 3 OBSOLETE_local: false peers { permanent_uuid: "18c8c4c5d8554d228085b6d3715560cf" member_type: VOTER last_known_addr { host: "127.22.168.193" port: 38955 } } peers { permanent_uuid: "767c5cd8444b40e883510cd03c8eb31a" member_type: VOTER last_known_addr { host: "127.22.168.194" port: 43845 } attrs { replace: true } } peers { permanent_uuid: "0c940ff3d24b44289a41e343719706c8" member_type: VOTER last_known_addr { host: "127.22.168.195" port: 35927 } } peers { permanent_uuid: "f372f9fee39e4c17bb266ef9a982ae65" member_type: VOTER last_known_addr { host: "127.22.168.196" port: 42443 } attrs { promote: false } }
I20260608 10:02:59.719450 26495 raft_consensus.cc:1275] T e5ea26cf3d22467abe2154597baa105e P f372f9fee39e4c17bb266ef9a982ae65 [term 1 LEARNER]: Refusing update from remote peer 0c940ff3d24b44289a41e343719706c8: Log matching property violated. Preceding OpId in replica: term: 1 index: 2. Preceding OpId from leader: term: 1 index: 3. (index mismatch)
I20260608 10:02:59.723498 26734 consensus_queue.cc:1048] T e5ea26cf3d22467abe2154597baa105e P 0c940ff3d24b44289a41e343719706c8 [LEADER]: Connected to new peer: Peer: permanent_uuid: "f372f9fee39e4c17bb266ef9a982ae65" member_type: VOTER last_known_addr { host: "127.22.168.196" port: 42443 } attrs { promote: false }, Status: LMP_MISMATCH, Last received: 0.0, Next index: 3, Last known committed idx: 2, Time since last communication: 0.000s
I20260608 10:02:59.723758 26270 raft_consensus.cc:1275] T e5ea26cf3d22467abe2154597baa105e P 767c5cd8444b40e883510cd03c8eb31a [term 1 FOLLOWER]: Refusing update from remote peer 0c940ff3d24b44289a41e343719706c8: Log matching property violated. Preceding OpId in replica: term: 1 index: 2. Preceding OpId from leader: term: 1 index: 3. (index mismatch)
I20260608 10:02:59.723758 26195 raft_consensus.cc:1275] T e5ea26cf3d22467abe2154597baa105e P 18c8c4c5d8554d228085b6d3715560cf [term 1 FOLLOWER]: Refusing update from remote peer 0c940ff3d24b44289a41e343719706c8: Log matching property violated. Preceding OpId in replica: term: 1 index: 2. Preceding OpId from leader: term: 1 index: 3. (index mismatch)
I20260608 10:02:59.725776 26735 consensus_queue.cc:1048] T e5ea26cf3d22467abe2154597baa105e P 0c940ff3d24b44289a41e343719706c8 [LEADER]: Connected to new peer: Peer: permanent_uuid: "767c5cd8444b40e883510cd03c8eb31a" member_type: VOTER last_known_addr { host: "127.22.168.194" port: 43845 } attrs { replace: true }, Status: LMP_MISMATCH, Last received: 0.0, Next index: 3, Last known committed idx: 2, Time since last communication: 0.000s
I20260608 10:02:59.726629 26677 consensus_queue.cc:1048] T e5ea26cf3d22467abe2154597baa105e P 0c940ff3d24b44289a41e343719706c8 [LEADER]: Connected to new peer: Peer: permanent_uuid: "18c8c4c5d8554d228085b6d3715560cf" member_type: VOTER last_known_addr { host: "127.22.168.193" port: 38955 }, Status: LMP_MISMATCH, Last received: 0.0, Next index: 3, Last known committed idx: 2, Time since last communication: 0.000s
I20260608 10:02:59.741309 26346 consensus_queue.cc:237] T 9cf265bfbe0242c786142b16b77e9420 P 0c940ff3d24b44289a41e343719706c8 [LEADER]: Queue going to LEADER mode. State: All replicated index: 0, Majority replicated index: 3, Committed index: 3, Last appended: 1.3, Last appended by leader: 0, Current term: 1, Majority size: 2, State: 0, Mode: LEADER, active raft config: opid_index: 4 OBSOLETE_local: false peers { permanent_uuid: "0c940ff3d24b44289a41e343719706c8" member_type: VOTER last_known_addr { host: "127.22.168.195" port: 35927 } } peers { permanent_uuid: "18c8c4c5d8554d228085b6d3715560cf" member_type: VOTER last_known_addr { host: "127.22.168.193" port: 38955 } } peers { permanent_uuid: "767c5cd8444b40e883510cd03c8eb31a" member_type: VOTER last_known_addr { host: "127.22.168.194" port: 43845 } attrs { promote: false } }
I20260608 10:02:59.741412 26677 raft_consensus.cc:2955] T e5ea26cf3d22467abe2154597baa105e P 0c940ff3d24b44289a41e343719706c8 [term 1 LEADER]: Committing config change with OpId 1.3: config changed from index 2 to 3, f372f9fee39e4c17bb266ef9a982ae65 (127.22.168.196) changed from NON_VOTER to VOTER. New config: { opid_index: 3 OBSOLETE_local: false peers { permanent_uuid: "18c8c4c5d8554d228085b6d3715560cf" member_type: VOTER last_known_addr { host: "127.22.168.193" port: 38955 } } peers { permanent_uuid: "767c5cd8444b40e883510cd03c8eb31a" member_type: VOTER last_known_addr { host: "127.22.168.194" port: 43845 } attrs { replace: true } } peers { permanent_uuid: "0c940ff3d24b44289a41e343719706c8" member_type: VOTER last_known_addr { host: "127.22.168.195" port: 35927 } } peers { permanent_uuid: "f372f9fee39e4c17bb266ef9a982ae65" member_type: VOTER last_known_addr { host: "127.22.168.196" port: 42443 } attrs { promote: false } } }
I20260608 10:02:59.750236 26270 raft_consensus.cc:1275] T 9cf265bfbe0242c786142b16b77e9420 P 767c5cd8444b40e883510cd03c8eb31a [term 1 FOLLOWER]: Refusing update from remote peer 0c940ff3d24b44289a41e343719706c8: Log matching property violated. Preceding OpId in replica: term: 1 index: 3. Preceding OpId from leader: term: 1 index: 4. (index mismatch)
I20260608 10:02:59.751858 26734 consensus_queue.cc:1048] T 9cf265bfbe0242c786142b16b77e9420 P 0c940ff3d24b44289a41e343719706c8 [LEADER]: Connected to new peer: Peer: permanent_uuid: "767c5cd8444b40e883510cd03c8eb31a" member_type: VOTER last_known_addr { host: "127.22.168.194" port: 43845 } attrs { promote: false }, Status: LMP_MISMATCH, Last received: 0.0, Next index: 4, Last known committed idx: 3, Time since last communication: 0.000s
I20260608 10:02:59.751327 26195 raft_consensus.cc:2955] T e5ea26cf3d22467abe2154597baa105e P 18c8c4c5d8554d228085b6d3715560cf [term 1 FOLLOWER]: Committing config change with OpId 1.3: config changed from index 2 to 3, f372f9fee39e4c17bb266ef9a982ae65 (127.22.168.196) changed from NON_VOTER to VOTER. New config: { opid_index: 3 OBSOLETE_local: false peers { permanent_uuid: "18c8c4c5d8554d228085b6d3715560cf" member_type: VOTER last_known_addr { host: "127.22.168.193" port: 38955 } } peers { permanent_uuid: "767c5cd8444b40e883510cd03c8eb31a" member_type: VOTER last_known_addr { host: "127.22.168.194" port: 43845 } attrs { replace: true } } peers { permanent_uuid: "0c940ff3d24b44289a41e343719706c8" member_type: VOTER last_known_addr { host: "127.22.168.195" port: 35927 } } peers { permanent_uuid: "f372f9fee39e4c17bb266ef9a982ae65" member_type: VOTER last_known_addr { host: "127.22.168.196" port: 42443 } attrs { promote: false } } }
I20260608 10:02:59.758490 26197 raft_consensus.cc:1275] T 9cf265bfbe0242c786142b16b77e9420 P 18c8c4c5d8554d228085b6d3715560cf [term 1 FOLLOWER]: Refusing update from remote peer 0c940ff3d24b44289a41e343719706c8: Log matching property violated. Preceding OpId in replica: term: 1 index: 3. Preceding OpId from leader: term: 1 index: 4. (index mismatch)
I20260608 10:02:59.757510 26269 raft_consensus.cc:2955] T e5ea26cf3d22467abe2154597baa105e P 767c5cd8444b40e883510cd03c8eb31a [term 1 FOLLOWER]: Committing config change with OpId 1.3: config changed from index 2 to 3, f372f9fee39e4c17bb266ef9a982ae65 (127.22.168.196) changed from NON_VOTER to VOTER. New config: { opid_index: 3 OBSOLETE_local: false peers { permanent_uuid: "18c8c4c5d8554d228085b6d3715560cf" member_type: VOTER last_known_addr { host: "127.22.168.193" port: 38955 } } peers { permanent_uuid: "767c5cd8444b40e883510cd03c8eb31a" member_type: VOTER last_known_addr { host: "127.22.168.194" port: 43845 } attrs { replace: true } } peers { permanent_uuid: "0c940ff3d24b44289a41e343719706c8" member_type: VOTER last_known_addr { host: "127.22.168.195" port: 35927 } } peers { permanent_uuid: "f372f9fee39e4c17bb266ef9a982ae65" member_type: VOTER last_known_addr { host: "127.22.168.196" port: 42443 } attrs { promote: false } } }
I20260608 10:02:59.761185 26725 consensus_queue.cc:1048] T 9cf265bfbe0242c786142b16b77e9420 P 0c940ff3d24b44289a41e343719706c8 [LEADER]: Connected to new peer: Peer: permanent_uuid: "18c8c4c5d8554d228085b6d3715560cf" member_type: VOTER last_known_addr { host: "127.22.168.193" port: 38955 }, Status: LMP_MISMATCH, Last received: 0.0, Next index: 4, Last known committed idx: 3, Time since last communication: 0.000s
I20260608 10:02:59.761618 26495 raft_consensus.cc:2955] T e5ea26cf3d22467abe2154597baa105e P f372f9fee39e4c17bb266ef9a982ae65 [term 1 FOLLOWER]: Committing config change with OpId 1.3: config changed from index 2 to 3, f372f9fee39e4c17bb266ef9a982ae65 (127.22.168.196) changed from NON_VOTER to VOTER. New config: { opid_index: 3 OBSOLETE_local: false peers { permanent_uuid: "18c8c4c5d8554d228085b6d3715560cf" member_type: VOTER last_known_addr { host: "127.22.168.193" port: 38955 } } peers { permanent_uuid: "767c5cd8444b40e883510cd03c8eb31a" member_type: VOTER last_known_addr { host: "127.22.168.194" port: 43845 } attrs { replace: true } } peers { permanent_uuid: "0c940ff3d24b44289a41e343719706c8" member_type: VOTER last_known_addr { host: "127.22.168.195" port: 35927 } } peers { permanent_uuid: "f372f9fee39e4c17bb266ef9a982ae65" member_type: VOTER last_known_addr { host: "127.22.168.196" port: 42443 } attrs { promote: false } } }
I20260608 10:02:59.770026 26734 raft_consensus.cc:2955] T 9cf265bfbe0242c786142b16b77e9420 P 0c940ff3d24b44289a41e343719706c8 [term 1 LEADER]: Committing config change with OpId 1.4: config changed from index 3 to 4, VOTER f372f9fee39e4c17bb266ef9a982ae65 (127.22.168.196) evicted. New config: { opid_index: 4 OBSOLETE_local: false peers { permanent_uuid: "0c940ff3d24b44289a41e343719706c8" member_type: VOTER last_known_addr { host: "127.22.168.195" port: 35927 } } peers { permanent_uuid: "18c8c4c5d8554d228085b6d3715560cf" member_type: VOTER last_known_addr { host: "127.22.168.193" port: 38955 } } peers { permanent_uuid: "767c5cd8444b40e883510cd03c8eb31a" member_type: VOTER last_known_addr { host: "127.22.168.194" port: 43845 } attrs { promote: false } } }
I20260608 10:02:59.771183 26197 raft_consensus.cc:2955] T 9cf265bfbe0242c786142b16b77e9420 P 18c8c4c5d8554d228085b6d3715560cf [term 1 FOLLOWER]: Committing config change with OpId 1.4: config changed from index 3 to 4, VOTER f372f9fee39e4c17bb266ef9a982ae65 (127.22.168.196) evicted. New config: { opid_index: 4 OBSOLETE_local: false peers { permanent_uuid: "0c940ff3d24b44289a41e343719706c8" member_type: VOTER last_known_addr { host: "127.22.168.195" port: 35927 } } peers { permanent_uuid: "18c8c4c5d8554d228085b6d3715560cf" member_type: VOTER last_known_addr { host: "127.22.168.193" port: 38955 } } peers { permanent_uuid: "767c5cd8444b40e883510cd03c8eb31a" member_type: VOTER last_known_addr { host: "127.22.168.194" port: 43845 } attrs { promote: false } } }
I20260608 10:02:59.771906 26091 catalog_manager.cc:5696] T e5ea26cf3d22467abe2154597baa105e P 767c5cd8444b40e883510cd03c8eb31a reported cstate change: config changed from index 2 to 3, f372f9fee39e4c17bb266ef9a982ae65 (127.22.168.196) changed from NON_VOTER to VOTER. New cstate: current_term: 1 leader_uuid: "0c940ff3d24b44289a41e343719706c8" committed_config { opid_index: 3 OBSOLETE_local: false peers { permanent_uuid: "18c8c4c5d8554d228085b6d3715560cf" member_type: VOTER last_known_addr { host: "127.22.168.193" port: 38955 } } peers { permanent_uuid: "767c5cd8444b40e883510cd03c8eb31a" member_type: VOTER last_known_addr { host: "127.22.168.194" port: 43845 } attrs { replace: true } } peers { permanent_uuid: "0c940ff3d24b44289a41e343719706c8" member_type: VOTER last_known_addr { host: "127.22.168.195" port: 35927 } } peers { permanent_uuid: "f372f9fee39e4c17bb266ef9a982ae65" member_type: VOTER last_known_addr { host: "127.22.168.196" port: 42443 } attrs { promote: false } } }
I20260608 10:02:59.776849 26270 raft_consensus.cc:2955] T 9cf265bfbe0242c786142b16b77e9420 P 767c5cd8444b40e883510cd03c8eb31a [term 1 FOLLOWER]: Committing config change with OpId 1.4: config changed from index 3 to 4, VOTER f372f9fee39e4c17bb266ef9a982ae65 (127.22.168.196) evicted. New config: { opid_index: 4 OBSOLETE_local: false peers { permanent_uuid: "0c940ff3d24b44289a41e343719706c8" member_type: VOTER last_known_addr { host: "127.22.168.195" port: 35927 } } peers { permanent_uuid: "18c8c4c5d8554d228085b6d3715560cf" member_type: VOTER last_known_addr { host: "127.22.168.193" port: 38955 } } peers { permanent_uuid: "767c5cd8444b40e883510cd03c8eb31a" member_type: VOTER last_known_addr { host: "127.22.168.194" port: 43845 } attrs { promote: false } } }
I20260608 10:02:59.788192 26092 catalog_manager.cc:5696] T 9cf265bfbe0242c786142b16b77e9420 P 18c8c4c5d8554d228085b6d3715560cf reported cstate change: config changed from index 3 to 4, VOTER f372f9fee39e4c17bb266ef9a982ae65 (127.22.168.196) evicted. New cstate: current_term: 1 leader_uuid: "0c940ff3d24b44289a41e343719706c8" committed_config { opid_index: 4 OBSOLETE_local: false peers { permanent_uuid: "0c940ff3d24b44289a41e343719706c8" member_type: VOTER last_known_addr { host: "127.22.168.195" port: 35927 } } peers { permanent_uuid: "18c8c4c5d8554d228085b6d3715560cf" member_type: VOTER last_known_addr { host: "127.22.168.193" port: 38955 } } peers { permanent_uuid: "767c5cd8444b40e883510cd03c8eb31a" member_type: VOTER last_known_addr { host: "127.22.168.194" port: 43845 } attrs { promote: false } } }
I20260608 10:02:59.800697 26080 catalog_manager.cc:5209] ChangeConfig:REMOVE_PEER RPC for tablet 9cf265bfbe0242c786142b16b77e9420 with cas_config_opid_index 3: ChangeConfig:REMOVE_PEER succeeded (attempt 1)
I20260608 10:02:59.810580 26346 consensus_queue.cc:237] T e5ea26cf3d22467abe2154597baa105e P 0c940ff3d24b44289a41e343719706c8 [LEADER]: Queue going to LEADER mode. State: All replicated index: 0, Majority replicated index: 3, Committed index: 3, Last appended: 1.3, Last appended by leader: 0, Current term: 1, Majority size: 2, State: 0, Mode: LEADER, active raft config: opid_index: 4 OBSOLETE_local: false peers { permanent_uuid: "18c8c4c5d8554d228085b6d3715560cf" member_type: VOTER last_known_addr { host: "127.22.168.193" port: 38955 } } peers { permanent_uuid: "0c940ff3d24b44289a41e343719706c8" member_type: VOTER last_known_addr { host: "127.22.168.195" port: 35927 } } peers { permanent_uuid: "f372f9fee39e4c17bb266ef9a982ae65" member_type: VOTER last_known_addr { host: "127.22.168.196" port: 42443 } attrs { promote: false } }
I20260608 10:02:59.813647 26485 tablet_service.cc:1558] Processing DeleteTablet for tablet 9cf265bfbe0242c786142b16b77e9420 with delete_type TABLET_DATA_TOMBSTONED (TS f372f9fee39e4c17bb266ef9a982ae65 not found in new config with opid_index 4) from {username='slave'} at 127.0.0.1:52312
I20260608 10:02:59.818861 26495 raft_consensus.cc:1275] T e5ea26cf3d22467abe2154597baa105e P f372f9fee39e4c17bb266ef9a982ae65 [term 1 FOLLOWER]: Refusing update from remote peer 0c940ff3d24b44289a41e343719706c8: Log matching property violated. Preceding OpId in replica: term: 1 index: 3. Preceding OpId from leader: term: 1 index: 4. (index mismatch)
I20260608 10:02:59.820541 26725 consensus_queue.cc:1048] T e5ea26cf3d22467abe2154597baa105e P 0c940ff3d24b44289a41e343719706c8 [LEADER]: Connected to new peer: Peer: permanent_uuid: "f372f9fee39e4c17bb266ef9a982ae65" member_type: VOTER last_known_addr { host: "127.22.168.196" port: 42443 } attrs { promote: false }, Status: LMP_MISMATCH, Last received: 0.0, Next index: 4, Last known committed idx: 3, Time since last communication: 0.000s
I20260608 10:02:59.821815 26195 raft_consensus.cc:1275] T e5ea26cf3d22467abe2154597baa105e P 18c8c4c5d8554d228085b6d3715560cf [term 1 FOLLOWER]: Refusing update from remote peer 0c940ff3d24b44289a41e343719706c8: Log matching property violated. Preceding OpId in replica: term: 1 index: 3. Preceding OpId from leader: term: 1 index: 4. (index mismatch)
I20260608 10:02:59.823625 26725 consensus_queue.cc:1048] T e5ea26cf3d22467abe2154597baa105e P 0c940ff3d24b44289a41e343719706c8 [LEADER]: Connected to new peer: Peer: permanent_uuid: "18c8c4c5d8554d228085b6d3715560cf" member_type: VOTER last_known_addr { host: "127.22.168.193" port: 38955 }, Status: LMP_MISMATCH, Last received: 0.0, Next index: 4, Last known committed idx: 3, Time since last communication: 0.000s
I20260608 10:02:59.827025 26751 tablet_replica.cc:333] T 9cf265bfbe0242c786142b16b77e9420 P f372f9fee39e4c17bb266ef9a982ae65: stopping tablet replica
I20260608 10:02:59.828052 26751 raft_consensus.cc:2243] T 9cf265bfbe0242c786142b16b77e9420 P f372f9fee39e4c17bb266ef9a982ae65 [term 1 FOLLOWER]: Raft consensus shutting down.
I20260608 10:02:59.828858 26751 raft_consensus.cc:2272] T 9cf265bfbe0242c786142b16b77e9420 P f372f9fee39e4c17bb266ef9a982ae65 [term 1 FOLLOWER]: Raft consensus is shut down!
I20260608 10:02:59.828670 26735 raft_consensus.cc:2955] T e5ea26cf3d22467abe2154597baa105e P 0c940ff3d24b44289a41e343719706c8 [term 1 LEADER]: Committing config change with OpId 1.4: config changed from index 3 to 4, VOTER 767c5cd8444b40e883510cd03c8eb31a (127.22.168.194) evicted. New config: { opid_index: 4 OBSOLETE_local: false peers { permanent_uuid: "18c8c4c5d8554d228085b6d3715560cf" member_type: VOTER last_known_addr { host: "127.22.168.193" port: 38955 } } peers { permanent_uuid: "0c940ff3d24b44289a41e343719706c8" member_type: VOTER last_known_addr { host: "127.22.168.195" port: 35927 } } peers { permanent_uuid: "f372f9fee39e4c17bb266ef9a982ae65" member_type: VOTER last_known_addr { host: "127.22.168.196" port: 42443 } attrs { promote: false } } }
I20260608 10:02:59.832587 26197 raft_consensus.cc:2955] T e5ea26cf3d22467abe2154597baa105e P 18c8c4c5d8554d228085b6d3715560cf [term 1 FOLLOWER]: Committing config change with OpId 1.4: config changed from index 3 to 4, VOTER 767c5cd8444b40e883510cd03c8eb31a (127.22.168.194) evicted. New config: { opid_index: 4 OBSOLETE_local: false peers { permanent_uuid: "18c8c4c5d8554d228085b6d3715560cf" member_type: VOTER last_known_addr { host: "127.22.168.193" port: 38955 } } peers { permanent_uuid: "0c940ff3d24b44289a41e343719706c8" member_type: VOTER last_known_addr { host: "127.22.168.195" port: 35927 } } peers { permanent_uuid: "f372f9fee39e4c17bb266ef9a982ae65" member_type: VOTER last_known_addr { host: "127.22.168.196" port: 42443 } attrs { promote: false } } }
I20260608 10:02:59.835249 26495 raft_consensus.cc:2955] T e5ea26cf3d22467abe2154597baa105e P f372f9fee39e4c17bb266ef9a982ae65 [term 1 FOLLOWER]: Committing config change with OpId 1.4: config changed from index 3 to 4, VOTER 767c5cd8444b40e883510cd03c8eb31a (127.22.168.194) evicted. New config: { opid_index: 4 OBSOLETE_local: false peers { permanent_uuid: "18c8c4c5d8554d228085b6d3715560cf" member_type: VOTER last_known_addr { host: "127.22.168.193" port: 38955 } } peers { permanent_uuid: "0c940ff3d24b44289a41e343719706c8" member_type: VOTER last_known_addr { host: "127.22.168.195" port: 35927 } } peers { permanent_uuid: "f372f9fee39e4c17bb266ef9a982ae65" member_type: VOTER last_known_addr { host: "127.22.168.196" port: 42443 } attrs { promote: false } } }
I20260608 10:02:59.837780 26751 ts_tablet_manager.cc:1916] T 9cf265bfbe0242c786142b16b77e9420 P f372f9fee39e4c17bb266ef9a982ae65: Deleting tablet data with delete state TABLET_DATA_TOMBSTONED
I20260608 10:02:59.847195 26093 catalog_manager.cc:5696] T e5ea26cf3d22467abe2154597baa105e P 18c8c4c5d8554d228085b6d3715560cf reported cstate change: config changed from index 3 to 4, VOTER 767c5cd8444b40e883510cd03c8eb31a (127.22.168.194) evicted. New cstate: current_term: 1 leader_uuid: "0c940ff3d24b44289a41e343719706c8" committed_config { opid_index: 4 OBSOLETE_local: false peers { permanent_uuid: "18c8c4c5d8554d228085b6d3715560cf" member_type: VOTER last_known_addr { host: "127.22.168.193" port: 38955 } } peers { permanent_uuid: "0c940ff3d24b44289a41e343719706c8" member_type: VOTER last_known_addr { host: "127.22.168.195" port: 35927 } } peers { permanent_uuid: "f372f9fee39e4c17bb266ef9a982ae65" member_type: VOTER last_known_addr { host: "127.22.168.196" port: 42443 } attrs { promote: false } } }
I20260608 10:02:59.854738 26080 catalog_manager.cc:5209] ChangeConfig:REMOVE_PEER RPC for tablet e5ea26cf3d22467abe2154597baa105e with cas_config_opid_index 3: ChangeConfig:REMOVE_PEER succeeded (attempt 1)
I20260608 10:02:59.867902 26751 ts_tablet_manager.cc:1929] T 9cf265bfbe0242c786142b16b77e9420 P f372f9fee39e4c17bb266ef9a982ae65: tablet deleted with delete type TABLET_DATA_TOMBSTONED: last-logged OpId 1.3
I20260608 10:02:59.869644 26256 tablet_service.cc:1558] Processing DeleteTablet for tablet e5ea26cf3d22467abe2154597baa105e with delete_type TABLET_DATA_TOMBSTONED (TS 767c5cd8444b40e883510cd03c8eb31a not found in new config with opid_index 4) from {username='slave'} at 127.0.0.1:53150
I20260608 10:02:59.868584 26751 log.cc:1199] T 9cf265bfbe0242c786142b16b77e9420 P f372f9fee39e4c17bb266ef9a982ae65: Deleting WAL directory at /tmp/dist-test-taskOQDdJ7/test-tmp/auto_rebalancer-test.0.AutoRebalancerTest.RangeAwareRebalancesNewRangeReplicas.1780912884154757-23203-0/minicluster-data/ts-3-root/wals/9cf265bfbe0242c786142b16b77e9420
I20260608 10:02:59.875561 26082 catalog_manager.cc:5027] TS f372f9fee39e4c17bb266ef9a982ae65 (127.22.168.196:42443): tablet 9cf265bfbe0242c786142b16b77e9420 (table range_aware_rebalance_new_range [id=a8ad7f81831a49178023a1fbab592238]) successfully deleted
I20260608 10:02:59.876529 26753 tablet_replica.cc:333] T e5ea26cf3d22467abe2154597baa105e P 767c5cd8444b40e883510cd03c8eb31a: stopping tablet replica
I20260608 10:02:59.877542 26753 raft_consensus.cc:2243] T e5ea26cf3d22467abe2154597baa105e P 767c5cd8444b40e883510cd03c8eb31a [term 1 FOLLOWER]: Raft consensus shutting down.
I20260608 10:02:59.878247 26753 raft_consensus.cc:2272] T e5ea26cf3d22467abe2154597baa105e P 767c5cd8444b40e883510cd03c8eb31a [term 1 FOLLOWER]: Raft consensus is shut down!
I20260608 10:02:59.881554 26753 ts_tablet_manager.cc:1916] T e5ea26cf3d22467abe2154597baa105e P 767c5cd8444b40e883510cd03c8eb31a: Deleting tablet data with delete state TABLET_DATA_TOMBSTONED
I20260608 10:02:59.892217 26753 ts_tablet_manager.cc:1929] T e5ea26cf3d22467abe2154597baa105e P 767c5cd8444b40e883510cd03c8eb31a: tablet deleted with delete type TABLET_DATA_TOMBSTONED: last-logged OpId 1.3
I20260608 10:02:59.892547 26753 log.cc:1199] T e5ea26cf3d22467abe2154597baa105e P 767c5cd8444b40e883510cd03c8eb31a: Deleting WAL directory at /tmp/dist-test-taskOQDdJ7/test-tmp/auto_rebalancer-test.0.AutoRebalancerTest.RangeAwareRebalancesNewRangeReplicas.1780912884154757-23203-0/minicluster-data/ts-1-root/wals/e5ea26cf3d22467abe2154597baa105e
I20260608 10:02:59.894009 26079 catalog_manager.cc:5027] TS 767c5cd8444b40e883510cd03c8eb31a (127.22.168.194:43845): tablet e5ea26cf3d22467abe2154597baa105e (table range_aware_rebalance_new_range [id=a8ad7f81831a49178023a1fbab592238]) successfully deleted
I20260608 10:03:00.006289 26711 raft_consensus.cc:1064] T 3131a0a55f744ab6b0a143a7eb913e4d P 767c5cd8444b40e883510cd03c8eb31a: attempting to promote NON_VOTER f372f9fee39e4c17bb266ef9a982ae65 to VOTER
I20260608 10:03:00.009119 26711 consensus_queue.cc:237] T 3131a0a55f744ab6b0a143a7eb913e4d P 767c5cd8444b40e883510cd03c8eb31a [LEADER]: Queue going to LEADER mode. State: All replicated index: 0, Majority replicated index: 2, Committed index: 2, Last appended: 1.2, Last appended by leader: 0, Current term: 1, Majority size: 3, State: 0, Mode: LEADER, active raft config: opid_index: 3 OBSOLETE_local: false peers { permanent_uuid: "18c8c4c5d8554d228085b6d3715560cf" member_type: VOTER last_known_addr { host: "127.22.168.193" port: 38955 } } peers { permanent_uuid: "767c5cd8444b40e883510cd03c8eb31a" member_type: VOTER last_known_addr { host: "127.22.168.194" port: 43845 } } peers { permanent_uuid: "0c940ff3d24b44289a41e343719706c8" member_type: VOTER last_known_addr { host: "127.22.168.195" port: 35927 } attrs { replace: true } } peers { permanent_uuid: "f372f9fee39e4c17bb266ef9a982ae65" member_type: VOTER last_known_addr { host: "127.22.168.196" port: 42443 } attrs { promote: false } }
I20260608 10:03:00.017539 26346 raft_consensus.cc:1275] T 3131a0a55f744ab6b0a143a7eb913e4d P 0c940ff3d24b44289a41e343719706c8 [term 1 FOLLOWER]: Refusing update from remote peer 767c5cd8444b40e883510cd03c8eb31a: Log matching property violated. Preceding OpId in replica: term: 1 index: 2. Preceding OpId from leader: term: 1 index: 3. (index mismatch)
