I20260608 10:01:25.110759 12772 hybrid_clock.cc:648] HybridClock initialized: now 1780912885110741 us; error 0 us; skew 500 ppm
I20260608 10:01:25.111590 12772 server_base.cc:861] Flag tcmalloc_max_total_thread_cache_bytes is not working since tcmalloc is not enabled.
I20260608 10:01:25.113235 12976 sys_catalog.cc:455] T 00000000000000000000000000000000 P f5fa6b62c39846f1a6d97db061d01e39 [sys.catalog]: SysCatalogTable state changed. Reason: Replicated consensus-only round. Latest consensus state: current_term: 1 leader_uuid: "6e55ef45c74e4baf9e5dad484e964c98" committed_config { opid_index: -1 OBSOLETE_local: false peers { permanent_uuid: "783abe40a1ca419f8cb9651ad97e0543" member_type: VOTER last_known_addr { host: "127.12.121.62" port: 41281 } } peers { permanent_uuid: "f5fa6b62c39846f1a6d97db061d01e39" member_type: VOTER last_known_addr { host: "127.12.121.61" port: 42525 } } peers { permanent_uuid: "6e55ef45c74e4baf9e5dad484e964c98" member_type: VOTER last_known_addr { host: "127.12.121.60" port: 46723 } } }
I20260608 10:01:25.113979 12976 sys_catalog.cc:458] T 00000000000000000000000000000000 P f5fa6b62c39846f1a6d97db061d01e39 [sys.catalog]: This master's current role is: FOLLOWER
I20260608 10:01:25.119215 13098 mvcc.cc:204] Tried to move back new op lower bound from 7294619177209114624 to 7294619176952541184. Current Snapshot: MvccSnapshot[applied={T|T < 7294619177209114624 or (T in {7294619177209114624})}]
I20260608 10:01:25.128779 12998 sys_catalog.cc:455] T 00000000000000000000000000000000 P 783abe40a1ca419f8cb9651ad97e0543 [sys.catalog]: SysCatalogTable state changed. Reason: New leader 6e55ef45c74e4baf9e5dad484e964c98. Latest consensus state: current_term: 1 leader_uuid: "6e55ef45c74e4baf9e5dad484e964c98" committed_config { opid_index: -1 OBSOLETE_local: false peers { permanent_uuid: "783abe40a1ca419f8cb9651ad97e0543" member_type: VOTER last_known_addr { host: "127.12.121.62" port: 41281 } } peers { permanent_uuid: "f5fa6b62c39846f1a6d97db061d01e39" member_type: VOTER last_known_addr { host: "127.12.121.61" port: 42525 } } peers { permanent_uuid: "6e55ef45c74e4baf9e5dad484e964c98" member_type: VOTER last_known_addr { host: "127.12.121.60" port: 46723 } } }
I20260608 10:01:25.129503 12998 sys_catalog.cc:458] T 00000000000000000000000000000000 P 783abe40a1ca419f8cb9651ad97e0543 [sys.catalog]: This master's current role is: FOLLOWER
I20260608 10:01:25.131098 13086 sys_catalog.cc:455] T 00000000000000000000000000000000 P 6e55ef45c74e4baf9e5dad484e964c98 [sys.catalog]: SysCatalogTable state changed. Reason: Peer health change. Latest consensus state: current_term: 1 leader_uuid: "6e55ef45c74e4baf9e5dad484e964c98" committed_config { opid_index: -1 OBSOLETE_local: false peers { permanent_uuid: "783abe40a1ca419f8cb9651ad97e0543" member_type: VOTER last_known_addr { host: "127.12.121.62" port: 41281 } } peers { permanent_uuid: "f5fa6b62c39846f1a6d97db061d01e39" member_type: VOTER last_known_addr { host: "127.12.121.61" port: 42525 } } peers { permanent_uuid: "6e55ef45c74e4baf9e5dad484e964c98" member_type: VOTER last_known_addr { host: "127.12.121.60" port: 46723 } } }
I20260608 10:01:25.131835 13086 sys_catalog.cc:458] T 00000000000000000000000000000000 P 6e55ef45c74e4baf9e5dad484e964c98 [sys.catalog]: This master's current role is: LEADER
I20260608 10:01:25.132467 13086 sys_catalog.cc:455] T 00000000000000000000000000000000 P 6e55ef45c74e4baf9e5dad484e964c98 [sys.catalog]: SysCatalogTable state changed. Reason: Peer health change. Latest consensus state: current_term: 1 leader_uuid: "6e55ef45c74e4baf9e5dad484e964c98" committed_config { opid_index: -1 OBSOLETE_local: false peers { permanent_uuid: "783abe40a1ca419f8cb9651ad97e0543" member_type: VOTER last_known_addr { host: "127.12.121.62" port: 41281 } } peers { permanent_uuid: "f5fa6b62c39846f1a6d97db061d01e39" member_type: VOTER last_known_addr { host: "127.12.121.61" port: 42525 } } peers { permanent_uuid: "6e55ef45c74e4baf9e5dad484e964c98" member_type: VOTER last_known_addr { host: "127.12.121.60" port: 46723 } } }
I20260608 10:01:25.133204 13086 sys_catalog.cc:458] T 00000000000000000000000000000000 P 6e55ef45c74e4baf9e5dad484e964c98 [sys.catalog]: This master's current role is: LEADER
I20260608 10:01:25.137204 13091 catalog_manager.cc:1382] Generated new cluster ID: 8b18e233c2f54ee08abe5cada3776c17
I20260608 10:01:25.137614 13091 catalog_manager.cc:1530] Initializing Kudu internal certificate authority...
I20260608 10:01:25.151748 12772 webserver.cc:533] Webserver started at http://127.12.121.2:35821/ using document root <none> and password file <none>
I20260608 10:01:25.152547 12772 fs_manager.cc:362] Metadata directory not provided
I20260608 10:01:25.152812 12772 fs_manager.cc:368] Using write-ahead log directory (fs_wal_dir) as metadata directory
I20260608 10:01:25.153141 12772 server_base.cc:909] This appears to be a new deployment of Kudu; creating new FS layout
I20260608 10:01:25.153102 12998 sys_catalog.cc:455] T 00000000000000000000000000000000 P 783abe40a1ca419f8cb9651ad97e0543 [sys.catalog]: SysCatalogTable state changed. Reason: Replicated consensus-only round. Latest consensus state: current_term: 1 leader_uuid: "6e55ef45c74e4baf9e5dad484e964c98" committed_config { opid_index: -1 OBSOLETE_local: false peers { permanent_uuid: "783abe40a1ca419f8cb9651ad97e0543" member_type: VOTER last_known_addr { host: "127.12.121.62" port: 41281 } } peers { permanent_uuid: "f5fa6b62c39846f1a6d97db061d01e39" member_type: VOTER last_known_addr { host: "127.12.121.61" port: 42525 } } peers { permanent_uuid: "6e55ef45c74e4baf9e5dad484e964c98" member_type: VOTER last_known_addr { host: "127.12.121.60" port: 46723 } } }
I20260608 10:01:25.153635 12998 sys_catalog.cc:458] T 00000000000000000000000000000000 P 783abe40a1ca419f8cb9651ad97e0543 [sys.catalog]: This master's current role is: FOLLOWER
I20260608 10:01:25.154660 12772 fs_manager.cc:1068] Generated new instance metadata in path /tmp/dist-test-tasktzQ9Xd/test-tmp/auto_rebalancer-test.0.AutoRebalancerTest.OnlyLeaderDoesAutoRebalancing.1780912882821116-12772-0/minicluster-data/ts-1-root/instance:
uuid: "0312e0f33f2245e0a0069f67a9d8bf97"
format_stamp: "Formatted at 2026-06-08 10:01:25 on dist-test-slave-b710"
I20260608 10:01:25.162753 12772 fs_manager.cc:696] Time spent creating directory manager: real 0.007s	user 0.004s	sys 0.004s
I20260608 10:01:25.168213 13111 log_block_manager.cc:4031] Time spent loading block containers with low live blocks: real 0.000s	user 0.000s	sys 0.000s
I20260608 10:01:25.169134 12772 fs_manager.cc:730] Time spent opening block manager: real 0.004s	user 0.003s	sys 0.002s
I20260608 10:01:25.169533 12772 fs_manager.cc:647] Opened local filesystem: /tmp/dist-test-tasktzQ9Xd/test-tmp/auto_rebalancer-test.0.AutoRebalancerTest.OnlyLeaderDoesAutoRebalancing.1780912882821116-12772-0/minicluster-data/ts-1-root
uuid: "0312e0f33f2245e0a0069f67a9d8bf97"
format_stamp: "Formatted at 2026-06-08 10:01:25 on dist-test-slave-b710"
I20260608 10:01:25.169975 12772 fs_report.cc:389] FS layout report
--------------------
wal directory: /tmp/dist-test-tasktzQ9Xd/test-tmp/auto_rebalancer-test.0.AutoRebalancerTest.OnlyLeaderDoesAutoRebalancing.1780912882821116-12772-0/minicluster-data/ts-1-root
metadata directory: /tmp/dist-test-tasktzQ9Xd/test-tmp/auto_rebalancer-test.0.AutoRebalancerTest.OnlyLeaderDoesAutoRebalancing.1780912882821116-12772-0/minicluster-data/ts-1-root
1 data directories: /tmp/dist-test-tasktzQ9Xd/test-tmp/auto_rebalancer-test.0.AutoRebalancerTest.OnlyLeaderDoesAutoRebalancing.1780912882821116-12772-0/minicluster-data/ts-1-root/data
Total live blocks: 0
Total live bytes: 0
Total live bytes (after alignment): 0
Total number of LBM containers: 0 (0 full)
Did not check for missing blocks
Did not check for orphaned blocks
Total full LBM containers with extra space: 0 (0 repaired)
Total full LBM container extra space in bytes: 0 (0 repaired)
Total incomplete LBM containers: 0 (0 repaired)
Total LBM partial records: 0 (0 repaired)
Total corrupted LBM metadata records in RocksDB: 0 (0 repaired)
I20260608 10:01:25.195763 12772 rpc_server.cc:225] running with OpenSSL 1.1.1  11 Sep 2018
I20260608 10:01:25.197561 12772 kserver.cc:163] Server-wide thread pool size limit: 3276
I20260608 10:01:25.203646 13091 catalog_manager.cc:1405] Generated new certificate authority record
I20260608 10:01:25.205022 12772 txn_system_client.cc:432] TxnSystemClient initialization is disabled...
I20260608 10:01:25.205617 13091 catalog_manager.cc:1539] Loading token signing keys...
I20260608 10:01:25.208233 12772 ts_tablet_manager.cc:585] Loaded tablet metadata (0 total tablets, 0 live tablets)
I20260608 10:01:25.208555 12772 ts_tablet_manager.cc:531] Time spent load tablet metadata: real 0.000s	user 0.000s	sys 0.000s
I20260608 10:01:25.208858 12772 ts_tablet_manager.cc:616] Registered 0 tablets
I20260608 10:01:25.209088 12772 ts_tablet_manager.cc:595] Time spent register tablets: real 0.000s	user 0.000s	sys 0.000s
I20260608 10:01:25.235298 13091 catalog_manager.cc:6069] T 00000000000000000000000000000000 P 6e55ef45c74e4baf9e5dad484e964c98: Generated new TSK 0
I20260608 10:01:25.236212 13091 catalog_manager.cc:1549] Initializing in-progress tserver states...
I20260608 10:01:25.325476 12772 rpc_server.cc:307] RPC server started. Bound to: 127.12.121.2:45733
I20260608 10:01:25.325592 13174 acceptor_pool.cc:272] collecting diagnostics on the listening RPC socket 127.12.121.2:45733 every 8 connection(s)
I20260608 10:01:25.343056 12772 file_cache.cc:492] Constructed file cache file cache with capacity 419430
I20260608 10:01:25.364164 13177 heartbeater.cc:344] Connected to a master server at 127.12.121.62:41281
I20260608 10:01:25.364619 13177 heartbeater.cc:461] Registering TS with master...
I20260608 10:01:25.365958 13177 heartbeater.cc:507] Master 127.12.121.62:41281 requested a full tablet report, sending...
W20260608 10:01:25.366215 13181 instance_detector.cc:116] could not retrieve AWS instance metadata: Network error: curl error: HTTP response code said error: The requested URL returned error: 404
I20260608 10:01:25.369038 12804 ts_manager.cc:194] Registered new tserver with Master: 0312e0f33f2245e0a0069f67a9d8bf97 (127.12.121.2:45733)
I20260608 10:01:25.370997 13175 heartbeater.cc:344] Connected to a master server at 127.12.121.60:46723
I20260608 10:01:25.371388 13175 heartbeater.cc:461] Registering TS with master...
I20260608 10:01:25.372357 13175 heartbeater.cc:507] Master 127.12.121.60:46723 requested a full tablet report, sending...
I20260608 10:01:25.373807 13176 heartbeater.cc:344] Connected to a master server at 127.12.121.61:42525
I20260608 10:01:25.374194 13176 heartbeater.cc:461] Registering TS with master...
I20260608 10:01:25.375052 13176 heartbeater.cc:507] Master 127.12.121.61:42525 requested a full tablet report, sending...
W20260608 10:01:25.375111 13182 instance_detector.cc:116] could not retrieve Azure instance metadata: Network error: curl error: HTTP response code said error: The requested URL returned error: 404
I20260608 10:01:25.378579 12934 ts_manager.cc:194] Registered new tserver with Master: 0312e0f33f2245e0a0069f67a9d8bf97 (127.12.121.2:45733)
I20260608 10:01:25.378895 12869 ts_manager.cc:194] Registered new tserver with Master: 0312e0f33f2245e0a0069f67a9d8bf97 (127.12.121.2:45733)
I20260608 10:01:25.382270 12934 master_service.cc:502] Signed X509 certificate for tserver {username='slave'} at 127.0.0.1:42724
W20260608 10:01:25.383762 13185 instance_detector.cc:116] could not retrieve OpenStack instance metadata: Network error: curl error: HTTP response code said error: The requested URL returned error: 404
I20260608 10:01:25.384380 12772 server_base.cc:1061] running on GCE node
I20260608 10:01:25.385633 12772 hybrid_clock.cc:584] initializing the hybrid clock with 'system_unsync' time source
W20260608 10:01:25.385928 12772 system_unsync_time.cc:38] NTP support is disabled. Clock error bounds will not be accurate. This configuration is not suitable for distributed clusters.
I20260608 10:01:25.386152 12772 hybrid_clock.cc:648] HybridClock initialized: now 1780912885386135 us; error 0 us; skew 500 ppm
I20260608 10:01:25.387002 12772 server_base.cc:861] Flag tcmalloc_max_total_thread_cache_bytes is not working since tcmalloc is not enabled.
I20260608 10:01:25.389881 12772 webserver.cc:533] Webserver started at http://127.12.121.3:34411/ using document root <none> and password file <none>
I20260608 10:01:25.390576 12772 fs_manager.cc:362] Metadata directory not provided
I20260608 10:01:25.390825 12772 fs_manager.cc:368] Using write-ahead log directory (fs_wal_dir) as metadata directory
I20260608 10:01:25.391162 12772 server_base.cc:909] This appears to be a new deployment of Kudu; creating new FS layout
I20260608 10:01:25.392635 12772 fs_manager.cc:1068] Generated new instance metadata in path /tmp/dist-test-tasktzQ9Xd/test-tmp/auto_rebalancer-test.0.AutoRebalancerTest.OnlyLeaderDoesAutoRebalancing.1780912882821116-12772-0/minicluster-data/ts-2-root/instance:
uuid: "1c555c0315c2471a9399d296babcbad5"
format_stamp: "Formatted at 2026-06-08 10:01:25 on dist-test-slave-b710"
I20260608 10:01:25.398742 12772 fs_manager.cc:696] Time spent creating directory manager: real 0.005s	user 0.005s	sys 0.003s
I20260608 10:01:25.403234 13190 log_block_manager.cc:4031] Time spent loading block containers with low live blocks: real 0.000s	user 0.000s	sys 0.000s
I20260608 10:01:25.404074 12772 fs_manager.cc:730] Time spent opening block manager: real 0.003s	user 0.003s	sys 0.002s
I20260608 10:01:25.404420 12772 fs_manager.cc:647] Opened local filesystem: /tmp/dist-test-tasktzQ9Xd/test-tmp/auto_rebalancer-test.0.AutoRebalancerTest.OnlyLeaderDoesAutoRebalancing.1780912882821116-12772-0/minicluster-data/ts-2-root
uuid: "1c555c0315c2471a9399d296babcbad5"
format_stamp: "Formatted at 2026-06-08 10:01:25 on dist-test-slave-b710"
I20260608 10:01:25.404783 12772 fs_report.cc:389] FS layout report
--------------------
wal directory: /tmp/dist-test-tasktzQ9Xd/test-tmp/auto_rebalancer-test.0.AutoRebalancerTest.OnlyLeaderDoesAutoRebalancing.1780912882821116-12772-0/minicluster-data/ts-2-root
metadata directory: /tmp/dist-test-tasktzQ9Xd/test-tmp/auto_rebalancer-test.0.AutoRebalancerTest.OnlyLeaderDoesAutoRebalancing.1780912882821116-12772-0/minicluster-data/ts-2-root
1 data directories: /tmp/dist-test-tasktzQ9Xd/test-tmp/auto_rebalancer-test.0.AutoRebalancerTest.OnlyLeaderDoesAutoRebalancing.1780912882821116-12772-0/minicluster-data/ts-2-root/data
Total live blocks: 0
Total live bytes: 0
Total live bytes (after alignment): 0
Total number of LBM containers: 0 (0 full)
Did not check for missing blocks
Did not check for orphaned blocks
Total full LBM containers with extra space: 0 (0 repaired)
Total full LBM container extra space in bytes: 0 (0 repaired)
Total incomplete LBM containers: 0 (0 repaired)
Total LBM partial records: 0 (0 repaired)
Total corrupted LBM metadata records in RocksDB: 0 (0 repaired)
I20260608 10:01:25.436969 12772 rpc_server.cc:225] running with OpenSSL 1.1.1  11 Sep 2018
I20260608 10:01:25.438827 12772 kserver.cc:163] Server-wide thread pool size limit: 3276
I20260608 10:01:25.441421 12772 txn_system_client.cc:432] TxnSystemClient initialization is disabled...
I20260608 10:01:25.445536 12772 ts_tablet_manager.cc:585] Loaded tablet metadata (0 total tablets, 0 live tablets)
I20260608 10:01:25.445844 12772 ts_tablet_manager.cc:531] Time spent load tablet metadata: real 0.000s	user 0.001s	sys 0.000s
I20260608 10:01:25.446141 12772 ts_tablet_manager.cc:616] Registered 0 tablets
I20260608 10:01:25.446376 12772 ts_tablet_manager.cc:595] Time spent register tablets: real 0.000s	user 0.000s	sys 0.000s
I20260608 10:01:25.551934 12772 rpc_server.cc:307] RPC server started. Bound to: 127.12.121.3:38025
I20260608 10:01:25.552337 13252 acceptor_pool.cc:272] collecting diagnostics on the listening RPC socket 127.12.121.3:38025 every 8 connection(s)
I20260608 10:01:25.585147 13253 heartbeater.cc:344] Connected to a master server at 127.12.121.60:46723
I20260608 10:01:25.585597 13253 heartbeater.cc:461] Registering TS with master...
I20260608 10:01:25.586647 13253 heartbeater.cc:507] Master 127.12.121.60:46723 requested a full tablet report, sending...
I20260608 10:01:25.588802 13254 heartbeater.cc:344] Connected to a master server at 127.12.121.61:42525
I20260608 10:01:25.589267 13254 heartbeater.cc:461] Registering TS with master...
I20260608 10:01:25.589639 12934 ts_manager.cc:194] Registered new tserver with Master: 1c555c0315c2471a9399d296babcbad5 (127.12.121.3:38025)
I20260608 10:01:25.590307 13254 heartbeater.cc:507] Master 127.12.121.61:42525 requested a full tablet report, sending...
I20260608 10:01:25.591550 12934 master_service.cc:502] Signed X509 certificate for tserver {username='slave'} at 127.0.0.1:42728
I20260608 10:01:25.593842 12869 ts_manager.cc:194] Registered new tserver with Master: 1c555c0315c2471a9399d296babcbad5 (127.12.121.3:38025)
I20260608 10:01:25.596959 13256 heartbeater.cc:344] Connected to a master server at 127.12.121.62:41281
I20260608 10:01:25.597381 13256 heartbeater.cc:461] Registering TS with master...
I20260608 10:01:25.598117 13256 heartbeater.cc:507] Master 127.12.121.62:41281 requested a full tablet report, sending...
I20260608 10:01:25.600867 12804 ts_manager.cc:194] Registered new tserver with Master: 1c555c0315c2471a9399d296babcbad5 (127.12.121.3:38025)
I20260608 10:01:25.601387 12772 internal_mini_cluster.cc:371] 3 TS(s) registered with all masters after 0.021816985s
I20260608 10:01:25.780234 12994 catalog_manager.cc:1294] Loaded cluster ID: 8b18e233c2f54ee08abe5cada3776c17
I20260608 10:01:25.780503 12994 catalog_manager.cc:1587] T 00000000000000000000000000000000 P f5fa6b62c39846f1a6d97db061d01e39: loading cluster ID for follower catalog manager: success
I20260608 10:01:25.785383 12994 catalog_manager.cc:1609] T 00000000000000000000000000000000 P f5fa6b62c39846f1a6d97db061d01e39: acquiring CA information for follower catalog manager: success
I20260608 10:01:25.789062 12994 catalog_manager.cc:1637] T 00000000000000000000000000000000 P f5fa6b62c39846f1a6d97db061d01e39: importing token verification keys for follower catalog manager: success; most recent TSK sequence number 0
I20260608 10:01:25.814399 13013 catalog_manager.cc:1294] Loaded cluster ID: 8b18e233c2f54ee08abe5cada3776c17
I20260608 10:01:25.814659 13013 catalog_manager.cc:1587] T 00000000000000000000000000000000 P 783abe40a1ca419f8cb9651ad97e0543: loading cluster ID for follower catalog manager: success
I20260608 10:01:25.819470 13013 catalog_manager.cc:1609] T 00000000000000000000000000000000 P 783abe40a1ca419f8cb9651ad97e0543: acquiring CA information for follower catalog manager: success
I20260608 10:01:25.823459 13013 catalog_manager.cc:1637] T 00000000000000000000000000000000 P 783abe40a1ca419f8cb9651ad97e0543: importing token verification keys for follower catalog manager: success; most recent TSK sequence number 0
I20260608 10:01:26.036695 12934 master_service.cc:502] Signed X509 certificate for tserver {username='slave'} at 127.0.0.1:42710
I20260608 10:01:26.386806 13175 heartbeater.cc:499] Master 127.12.121.60:46723 was elected leader, sending a full tablet report...
I20260608 10:01:26.595068 13253 heartbeater.cc:499] Master 127.12.121.60:46723 was elected leader, sending a full tablet report...
I20260608 10:01:26.788002 13002 auto_leader_rebalancer.cc:451] All tables' leader rebalancing finished this round
I20260608 10:01:26.972679 12934 catalog_manager.cc:2282] Servicing CreateTable request from {username='slave'} at 127.0.0.1:58042:
name: "test-workload"
schema {
  columns {
    name: "key"
    type: INT32
    is_key: true
    is_nullable: false
    encoding: AUTO_ENCODING
    compression: DEFAULT_COMPRESSION
    cfile_block_size: 0
    immutable: false
  }
  columns {
    name: "int_val"
    type: INT32
    is_key: false
    is_nullable: false
    encoding: AUTO_ENCODING
    compression: DEFAULT_COMPRESSION
    cfile_block_size: 0
    immutable: false
  }
  columns {
    name: "string_val"
    type: STRING
    is_key: false
    is_nullable: true
    encoding: AUTO_ENCODING
    compression: DEFAULT_COMPRESSION
    cfile_block_size: 0
    immutable: false
  }
}
num_replicas: 1
split_rows_range_bounds {
  rows: "\004\001\000\377\377\377\037\004\001\000\376\377\377?\004\001\000\375\377\377_""\004\001\000\377\377\377\037\004\001\000\376\377\377?\004\001\000\375\377\377_"
  indirect_data: """"
}
partition_schema {
  range_schema {
    columns {
      name: "key"
    }
  }
}
I20260608 10:01:27.039364 13087 heartbeater.cc:499] Master 127.12.121.60:46723 was elected leader, sending a full tablet report...
I20260608 10:01:27.050371 13050 tablet_service.cc:1511] Processing CreateTablet for tablet 7e340880bb8e489d9ce6385f2ca93a23 (DEFAULT_TABLE table=test-workload [id=9534621d79d245b792b3cb34fd93dcb9]), partition=RANGE (key) PARTITION VALUES < 536870911
I20260608 10:01:27.052048 13050 data_dirs.cc:400] Could only allocate 1 dirs of requested 3 for tablet 7e340880bb8e489d9ce6385f2ca93a23. 1 dirs total, 0 dirs full, 0 dirs failed
I20260608 10:01:27.054608 13049 tablet_service.cc:1511] Processing CreateTablet for tablet 0cdbcae8db0143a39517ef5169f1b112 (DEFAULT_TABLE table=test-workload [id=9534621d79d245b792b3cb34fd93dcb9]), partition=RANGE (key) PARTITION 1610612733 <= VALUES
I20260608 10:01:27.056010 13049 data_dirs.cc:400] Could only allocate 1 dirs of requested 3 for tablet 0cdbcae8db0143a39517ef5169f1b112. 1 dirs total, 0 dirs full, 0 dirs failed
I20260608 10:01:27.067983 13218 tablet_service.cc:1511] Processing CreateTablet for tablet 201fff5824b3499faa33b7c5c38cd239 (DEFAULT_TABLE table=test-workload [id=9534621d79d245b792b3cb34fd93dcb9]), partition=RANGE (key) PARTITION 536870911 <= VALUES < 1073741822
I20260608 10:01:27.069942 13218 data_dirs.cc:400] Could only allocate 1 dirs of requested 3 for tablet 201fff5824b3499faa33b7c5c38cd239. 1 dirs total, 0 dirs full, 0 dirs failed
I20260608 10:01:27.074121 13140 tablet_service.cc:1511] Processing CreateTablet for tablet 418fa7e6091d4ec6abf4e3fa81b79b0a (DEFAULT_TABLE table=test-workload [id=9534621d79d245b792b3cb34fd93dcb9]), partition=RANGE (key) PARTITION 1073741822 <= VALUES < 1610612733
I20260608 10:01:27.075459 13140 data_dirs.cc:400] Could only allocate 1 dirs of requested 3 for tablet 418fa7e6091d4ec6abf4e3fa81b79b0a. 1 dirs total, 0 dirs full, 0 dirs failed
I20260608 10:01:27.076655 13288 tablet_bootstrap.cc:492] T 7e340880bb8e489d9ce6385f2ca93a23 P bf73a9260732475096b067eea78b1ef3: Bootstrap starting.
I20260608 10:01:27.084919 13288 tablet_bootstrap.cc:654] T 7e340880bb8e489d9ce6385f2ca93a23 P bf73a9260732475096b067eea78b1ef3: Neither blocks nor log segments found. Creating new log.
I20260608 10:01:27.088802 13289 tablet_bootstrap.cc:492] T 418fa7e6091d4ec6abf4e3fa81b79b0a P 0312e0f33f2245e0a0069f67a9d8bf97: Bootstrap starting.
I20260608 10:01:27.090627 13291 tablet_bootstrap.cc:492] T 201fff5824b3499faa33b7c5c38cd239 P 1c555c0315c2471a9399d296babcbad5: Bootstrap starting.
I20260608 10:01:27.098595 13288 tablet_bootstrap.cc:492] T 7e340880bb8e489d9ce6385f2ca93a23 P bf73a9260732475096b067eea78b1ef3: No bootstrap required, opened a new log
I20260608 10:01:27.099253 13288 ts_tablet_manager.cc:1403] T 7e340880bb8e489d9ce6385f2ca93a23 P bf73a9260732475096b067eea78b1ef3: Time spent bootstrapping tablet: real 0.023s	user 0.012s	sys 0.008s
I20260608 10:01:27.100400 13291 tablet_bootstrap.cc:654] T 201fff5824b3499faa33b7c5c38cd239 P 1c555c0315c2471a9399d296babcbad5: Neither blocks nor log segments found. Creating new log.
I20260608 10:01:27.100840 13289 tablet_bootstrap.cc:654] T 418fa7e6091d4ec6abf4e3fa81b79b0a P 0312e0f33f2245e0a0069f67a9d8bf97: Neither blocks nor log segments found. Creating new log.
I20260608 10:01:27.102609 13288 raft_consensus.cc:359] T 7e340880bb8e489d9ce6385f2ca93a23 P bf73a9260732475096b067eea78b1ef3 [term 0 FOLLOWER]: Replica starting. Triggering 0 pending ops. Active config: opid_index: -1 OBSOLETE_local: true peers { permanent_uuid: "bf73a9260732475096b067eea78b1ef3" member_type: VOTER last_known_addr { host: "127.12.121.1" port: 36385 } }
I20260608 10:01:27.103245 13288 raft_consensus.cc:385] T 7e340880bb8e489d9ce6385f2ca93a23 P bf73a9260732475096b067eea78b1ef3 [term 0 FOLLOWER]: Consensus starting up: Expiring failure detector timer to make a prompt election more likely
I20260608 10:01:27.103569 13288 raft_consensus.cc:740] T 7e340880bb8e489d9ce6385f2ca93a23 P bf73a9260732475096b067eea78b1ef3 [term 0 FOLLOWER]: Becoming Follower/Learner. State: Replica: bf73a9260732475096b067eea78b1ef3, State: Initialized, Role: FOLLOWER
I20260608 10:01:27.104491 13288 consensus_queue.cc:260] T 7e340880bb8e489d9ce6385f2ca93a23 P bf73a9260732475096b067eea78b1ef3 [NON_LEADER]: Queue going to NON_LEADER mode. State: All replicated index: 0, Majority replicated index: 0, Committed index: 0, Last appended: 0.0, Last appended by leader: 0, Current term: 0, Majority size: -1, State: 0, Mode: NON_LEADER, active raft config: opid_index: -1 OBSOLETE_local: true peers { permanent_uuid: "bf73a9260732475096b067eea78b1ef3" member_type: VOTER last_known_addr { host: "127.12.121.1" port: 36385 } }
I20260608 10:01:27.105412 13288 raft_consensus.cc:399] T 7e340880bb8e489d9ce6385f2ca93a23 P bf73a9260732475096b067eea78b1ef3 [term 0 FOLLOWER]: Only one voter in the Raft config. Triggering election immediately
I20260608 10:01:27.105894 13288 raft_consensus.cc:493] T 7e340880bb8e489d9ce6385f2ca93a23 P bf73a9260732475096b067eea78b1ef3 [term 0 FOLLOWER]: Starting leader election (initial election of a single-replica configuration)
I20260608 10:01:27.106315 13288 raft_consensus.cc:3060] T 7e340880bb8e489d9ce6385f2ca93a23 P bf73a9260732475096b067eea78b1ef3 [term 0 FOLLOWER]: Advancing to term 1
I20260608 10:01:27.106953 13291 tablet_bootstrap.cc:492] T 201fff5824b3499faa33b7c5c38cd239 P 1c555c0315c2471a9399d296babcbad5: No bootstrap required, opened a new log
I20260608 10:01:27.107380 13291 ts_tablet_manager.cc:1403] T 201fff5824b3499faa33b7c5c38cd239 P 1c555c0315c2471a9399d296babcbad5: Time spent bootstrapping tablet: real 0.017s	user 0.010s	sys 0.002s
I20260608 10:01:27.108743 13289 tablet_bootstrap.cc:492] T 418fa7e6091d4ec6abf4e3fa81b79b0a P 0312e0f33f2245e0a0069f67a9d8bf97: No bootstrap required, opened a new log
I20260608 10:01:27.109239 13289 ts_tablet_manager.cc:1403] T 418fa7e6091d4ec6abf4e3fa81b79b0a P 0312e0f33f2245e0a0069f67a9d8bf97: Time spent bootstrapping tablet: real 0.021s	user 0.004s	sys 0.012s
I20260608 10:01:27.109786 13291 raft_consensus.cc:359] T 201fff5824b3499faa33b7c5c38cd239 P 1c555c0315c2471a9399d296babcbad5 [term 0 FOLLOWER]: Replica starting. Triggering 0 pending ops. Active config: opid_index: -1 OBSOLETE_local: true peers { permanent_uuid: "1c555c0315c2471a9399d296babcbad5" member_type: VOTER last_known_addr { host: "127.12.121.3" port: 38025 } }
I20260608 10:01:27.110244 13291 raft_consensus.cc:385] T 201fff5824b3499faa33b7c5c38cd239 P 1c555c0315c2471a9399d296babcbad5 [term 0 FOLLOWER]: Consensus starting up: Expiring failure detector timer to make a prompt election more likely
I20260608 10:01:27.110503 13291 raft_consensus.cc:740] T 201fff5824b3499faa33b7c5c38cd239 P 1c555c0315c2471a9399d296babcbad5 [term 0 FOLLOWER]: Becoming Follower/Learner. State: Replica: 1c555c0315c2471a9399d296babcbad5, State: Initialized, Role: FOLLOWER
I20260608 10:01:27.111268 13291 consensus_queue.cc:260] T 201fff5824b3499faa33b7c5c38cd239 P 1c555c0315c2471a9399d296babcbad5 [NON_LEADER]: Queue going to NON_LEADER mode. State: All replicated index: 0, Majority replicated index: 0, Committed index: 0, Last appended: 0.0, Last appended by leader: 0, Current term: 0, Majority size: -1, State: 0, Mode: NON_LEADER, active raft config: opid_index: -1 OBSOLETE_local: true peers { permanent_uuid: "1c555c0315c2471a9399d296babcbad5" member_type: VOTER last_known_addr { host: "127.12.121.3" port: 38025 } }
I20260608 10:01:27.111956 13291 raft_consensus.cc:399] T 201fff5824b3499faa33b7c5c38cd239 P 1c555c0315c2471a9399d296babcbad5 [term 0 FOLLOWER]: Only one voter in the Raft config. Triggering election immediately
I20260608 10:01:27.112248 13291 raft_consensus.cc:493] T 201fff5824b3499faa33b7c5c38cd239 P 1c555c0315c2471a9399d296babcbad5 [term 0 FOLLOWER]: Starting leader election (initial election of a single-replica configuration)
I20260608 10:01:27.112613 13291 raft_consensus.cc:3060] T 201fff5824b3499faa33b7c5c38cd239 P 1c555c0315c2471a9399d296babcbad5 [term 0 FOLLOWER]: Advancing to term 1
I20260608 10:01:27.113178 13288 raft_consensus.cc:515] T 7e340880bb8e489d9ce6385f2ca93a23 P bf73a9260732475096b067eea78b1ef3 [term 1 FOLLOWER]: Starting leader election with config: opid_index: -1 OBSOLETE_local: true peers { permanent_uuid: "bf73a9260732475096b067eea78b1ef3" member_type: VOTER last_known_addr { host: "127.12.121.1" port: 36385 } }
I20260608 10:01:27.113327 13289 raft_consensus.cc:359] T 418fa7e6091d4ec6abf4e3fa81b79b0a P 0312e0f33f2245e0a0069f67a9d8bf97 [term 0 FOLLOWER]: Replica starting. Triggering 0 pending ops. Active config: opid_index: -1 OBSOLETE_local: true peers { permanent_uuid: "0312e0f33f2245e0a0069f67a9d8bf97" member_type: VOTER last_known_addr { host: "127.12.121.2" port: 45733 } }
I20260608 10:01:27.113885 13289 raft_consensus.cc:385] T 418fa7e6091d4ec6abf4e3fa81b79b0a P 0312e0f33f2245e0a0069f67a9d8bf97 [term 0 FOLLOWER]: Consensus starting up: Expiring failure detector timer to make a prompt election more likely
I20260608 10:01:27.114001 13288 leader_election.cc:304] T 7e340880bb8e489d9ce6385f2ca93a23 P bf73a9260732475096b067eea78b1ef3 [CANDIDATE]: Term 1 election: Election decided. Result: candidate won. Election summary: received 1 responses out of 1 voters: 1 yes votes; 0 no votes. yes voters: bf73a9260732475096b067eea78b1ef3; no voters: 
I20260608 10:01:27.114234 13289 raft_consensus.cc:740] T 418fa7e6091d4ec6abf4e3fa81b79b0a P 0312e0f33f2245e0a0069f67a9d8bf97 [term 0 FOLLOWER]: Becoming Follower/Learner. State: Replica: 0312e0f33f2245e0a0069f67a9d8bf97, State: Initialized, Role: FOLLOWER
I20260608 10:01:27.115047 13289 consensus_queue.cc:260] T 418fa7e6091d4ec6abf4e3fa81b79b0a P 0312e0f33f2245e0a0069f67a9d8bf97 [NON_LEADER]: Queue going to NON_LEADER mode. State: All replicated index: 0, Majority replicated index: 0, Committed index: 0, Last appended: 0.0, Last appended by leader: 0, Current term: 0, Majority size: -1, State: 0, Mode: NON_LEADER, active raft config: opid_index: -1 OBSOLETE_local: true peers { permanent_uuid: "0312e0f33f2245e0a0069f67a9d8bf97" member_type: VOTER last_known_addr { host: "127.12.121.2" port: 45733 } }
I20260608 10:01:27.115880 13289 raft_consensus.cc:399] T 418fa7e6091d4ec6abf4e3fa81b79b0a P 0312e0f33f2245e0a0069f67a9d8bf97 [term 0 FOLLOWER]: Only one voter in the Raft config. Triggering election immediately
I20260608 10:01:27.116317 13289 raft_consensus.cc:493] T 418fa7e6091d4ec6abf4e3fa81b79b0a P 0312e0f33f2245e0a0069f67a9d8bf97 [term 0 FOLLOWER]: Starting leader election (initial election of a single-replica configuration)
I20260608 10:01:27.116402 13288 leader_election.cc:290] T 7e340880bb8e489d9ce6385f2ca93a23 P bf73a9260732475096b067eea78b1ef3 [CANDIDATE]: Term 1 election: Requested vote from peers 
I20260608 10:01:27.116746 13289 raft_consensus.cc:3060] T 418fa7e6091d4ec6abf4e3fa81b79b0a P 0312e0f33f2245e0a0069f67a9d8bf97 [term 0 FOLLOWER]: Advancing to term 1
I20260608 10:01:27.117122 13294 raft_consensus.cc:2804] T 7e340880bb8e489d9ce6385f2ca93a23 P bf73a9260732475096b067eea78b1ef3 [term 1 FOLLOWER]: Leader election won for term 1
I20260608 10:01:27.119398 13291 raft_consensus.cc:515] T 201fff5824b3499faa33b7c5c38cd239 P 1c555c0315c2471a9399d296babcbad5 [term 1 FOLLOWER]: Starting leader election with config: opid_index: -1 OBSOLETE_local: true peers { permanent_uuid: "1c555c0315c2471a9399d296babcbad5" member_type: VOTER last_known_addr { host: "127.12.121.3" port: 38025 } }
I20260608 10:01:27.120404 13291 leader_election.cc:304] T 201fff5824b3499faa33b7c5c38cd239 P 1c555c0315c2471a9399d296babcbad5 [CANDIDATE]: Term 1 election: Election decided. Result: candidate won. Election summary: received 1 responses out of 1 voters: 1 yes votes; 0 no votes. yes voters: 1c555c0315c2471a9399d296babcbad5; no voters: 
I20260608 10:01:27.125819 13289 raft_consensus.cc:515] T 418fa7e6091d4ec6abf4e3fa81b79b0a P 0312e0f33f2245e0a0069f67a9d8bf97 [term 1 FOLLOWER]: Starting leader election with config: opid_index: -1 OBSOLETE_local: true peers { permanent_uuid: "0312e0f33f2245e0a0069f67a9d8bf97" member_type: VOTER last_known_addr { host: "127.12.121.2" port: 45733 } }
I20260608 10:01:27.126727 13294 raft_consensus.cc:697] T 7e340880bb8e489d9ce6385f2ca93a23 P bf73a9260732475096b067eea78b1ef3 [term 1 LEADER]: Becoming Leader. State: Replica: bf73a9260732475096b067eea78b1ef3, State: Running, Role: LEADER
I20260608 10:01:27.126849 13289 leader_election.cc:304] T 418fa7e6091d4ec6abf4e3fa81b79b0a P 0312e0f33f2245e0a0069f67a9d8bf97 [CANDIDATE]: Term 1 election: Election decided. Result: candidate won. Election summary: received 1 responses out of 1 voters: 1 yes votes; 0 no votes. yes voters: 0312e0f33f2245e0a0069f67a9d8bf97; no voters: 
I20260608 10:01:27.127992 13294 consensus_queue.cc:237] T 7e340880bb8e489d9ce6385f2ca93a23 P bf73a9260732475096b067eea78b1ef3 [LEADER]: Queue going to LEADER mode. State: All replicated index: 0, Majority replicated index: 0, Committed index: 0, Last appended: 0.0, Last appended by leader: 0, Current term: 1, Majority size: 1, State: 0, Mode: LEADER, active raft config: opid_index: -1 OBSOLETE_local: true peers { permanent_uuid: "bf73a9260732475096b067eea78b1ef3" member_type: VOTER last_known_addr { host: "127.12.121.1" port: 36385 } }
I20260608 10:01:27.129106 13291 leader_election.cc:290] T 201fff5824b3499faa33b7c5c38cd239 P 1c555c0315c2471a9399d296babcbad5 [CANDIDATE]: Term 1 election: Requested vote from peers 
I20260608 10:01:27.130267 13297 raft_consensus.cc:2804] T 201fff5824b3499faa33b7c5c38cd239 P 1c555c0315c2471a9399d296babcbad5 [term 1 FOLLOWER]: Leader election won for term 1
I20260608 10:01:27.132247 13288 ts_tablet_manager.cc:1434] T 7e340880bb8e489d9ce6385f2ca93a23 P bf73a9260732475096b067eea78b1ef3: Time spent starting tablet: real 0.033s	user 0.024s	sys 0.008s
I20260608 10:01:27.133948 13288 tablet_bootstrap.cc:492] T 0cdbcae8db0143a39517ef5169f1b112 P bf73a9260732475096b067eea78b1ef3: Bootstrap starting.
I20260608 10:01:27.137084 13289 leader_election.cc:290] T 418fa7e6091d4ec6abf4e3fa81b79b0a P 0312e0f33f2245e0a0069f67a9d8bf97 [CANDIDATE]: Term 1 election: Requested vote from peers 
I20260608 10:01:27.138657 13298 raft_consensus.cc:2804] T 418fa7e6091d4ec6abf4e3fa81b79b0a P 0312e0f33f2245e0a0069f67a9d8bf97 [term 1 FOLLOWER]: Leader election won for term 1
I20260608 10:01:27.141852 13288 tablet_bootstrap.cc:654] T 0cdbcae8db0143a39517ef5169f1b112 P bf73a9260732475096b067eea78b1ef3: Neither blocks nor log segments found. Creating new log.
I20260608 10:01:27.143925 13298 raft_consensus.cc:697] T 418fa7e6091d4ec6abf4e3fa81b79b0a P 0312e0f33f2245e0a0069f67a9d8bf97 [term 1 LEADER]: Becoming Leader. State: Replica: 0312e0f33f2245e0a0069f67a9d8bf97, State: Running, Role: LEADER
I20260608 10:01:27.144819 13298 consensus_queue.cc:237] T 418fa7e6091d4ec6abf4e3fa81b79b0a P 0312e0f33f2245e0a0069f67a9d8bf97 [LEADER]: Queue going to LEADER mode. State: All replicated index: 0, Majority replicated index: 0, Committed index: 0, Last appended: 0.0, Last appended by leader: 0, Current term: 1, Majority size: 1, State: 0, Mode: LEADER, active raft config: opid_index: -1 OBSOLETE_local: true peers { permanent_uuid: "0312e0f33f2245e0a0069f67a9d8bf97" member_type: VOTER last_known_addr { host: "127.12.121.2" port: 45733 } }
I20260608 10:01:27.151593 13291 ts_tablet_manager.cc:1434] T 201fff5824b3499faa33b7c5c38cd239 P 1c555c0315c2471a9399d296babcbad5: Time spent starting tablet: real 0.044s	user 0.024s	sys 0.007s
I20260608 10:01:27.155134 13297 raft_consensus.cc:697] T 201fff5824b3499faa33b7c5c38cd239 P 1c555c0315c2471a9399d296babcbad5 [term 1 LEADER]: Becoming Leader. State: Replica: 1c555c0315c2471a9399d296babcbad5, State: Running, Role: LEADER
I20260608 10:01:27.156186 13297 consensus_queue.cc:237] T 201fff5824b3499faa33b7c5c38cd239 P 1c555c0315c2471a9399d296babcbad5 [LEADER]: Queue going to LEADER mode. State: All replicated index: 0, Majority replicated index: 0, Committed index: 0, Last appended: 0.0, Last appended by leader: 0, Current term: 1, Majority size: 1, State: 0, Mode: LEADER, active raft config: opid_index: -1 OBSOLETE_local: true peers { permanent_uuid: "1c555c0315c2471a9399d296babcbad5" member_type: VOTER last_known_addr { host: "127.12.121.3" port: 38025 } }
I20260608 10:01:27.160115 13289 ts_tablet_manager.cc:1434] T 418fa7e6091d4ec6abf4e3fa81b79b0a P 0312e0f33f2245e0a0069f67a9d8bf97: Time spent starting tablet: real 0.051s	user 0.027s	sys 0.020s
I20260608 10:01:27.173381 13288 tablet_bootstrap.cc:492] T 0cdbcae8db0143a39517ef5169f1b112 P bf73a9260732475096b067eea78b1ef3: No bootstrap required, opened a new log
I20260608 10:01:27.197923 13288 ts_tablet_manager.cc:1403] T 0cdbcae8db0143a39517ef5169f1b112 P bf73a9260732475096b067eea78b1ef3: Time spent bootstrapping tablet: real 0.064s	user 0.013s	sys 0.003s
I20260608 10:01:27.220880 13288 raft_consensus.cc:359] T 0cdbcae8db0143a39517ef5169f1b112 P bf73a9260732475096b067eea78b1ef3 [term 0 FOLLOWER]: Replica starting. Triggering 0 pending ops. Active config: opid_index: -1 OBSOLETE_local: true peers { permanent_uuid: "bf73a9260732475096b067eea78b1ef3" member_type: VOTER last_known_addr { host: "127.12.121.1" port: 36385 } }
I20260608 10:01:27.221741 13288 raft_consensus.cc:385] T 0cdbcae8db0143a39517ef5169f1b112 P bf73a9260732475096b067eea78b1ef3 [term 0 FOLLOWER]: Consensus starting up: Expiring failure detector timer to make a prompt election more likely
I20260608 10:01:27.222208 13288 raft_consensus.cc:740] T 0cdbcae8db0143a39517ef5169f1b112 P bf73a9260732475096b067eea78b1ef3 [term 0 FOLLOWER]: Becoming Follower/Learner. State: Replica: bf73a9260732475096b067eea78b1ef3, State: Initialized, Role: FOLLOWER
I20260608 10:01:27.226272 13288 consensus_queue.cc:260] T 0cdbcae8db0143a39517ef5169f1b112 P bf73a9260732475096b067eea78b1ef3 [NON_LEADER]: Queue going to NON_LEADER mode. State: All replicated index: 0, Majority replicated index: 0, Committed index: 0, Last appended: 0.0, Last appended by leader: 0, Current term: 0, Majority size: -1, State: 0, Mode: NON_LEADER, active raft config: opid_index: -1 OBSOLETE_local: true peers { permanent_uuid: "bf73a9260732475096b067eea78b1ef3" member_type: VOTER last_known_addr { host: "127.12.121.1" port: 36385 } }
I20260608 10:01:27.227125 13288 raft_consensus.cc:399] T 0cdbcae8db0143a39517ef5169f1b112 P bf73a9260732475096b067eea78b1ef3 [term 0 FOLLOWER]: Only one voter in the Raft config. Triggering election immediately
I20260608 10:01:27.227536 13288 raft_consensus.cc:493] T 0cdbcae8db0143a39517ef5169f1b112 P bf73a9260732475096b067eea78b1ef3 [term 0 FOLLOWER]: Starting leader election (initial election of a single-replica configuration)
I20260608 10:01:27.227918 13288 raft_consensus.cc:3060] T 0cdbcae8db0143a39517ef5169f1b112 P bf73a9260732475096b067eea78b1ef3 [term 0 FOLLOWER]: Advancing to term 1
I20260608 10:01:27.232874 12934 catalog_manager.cc:5696] T 7e340880bb8e489d9ce6385f2ca93a23 P bf73a9260732475096b067eea78b1ef3 reported cstate change: term changed from 0 to 1, leader changed from <none> to bf73a9260732475096b067eea78b1ef3 (127.12.121.1). New cstate: current_term: 1 leader_uuid: "bf73a9260732475096b067eea78b1ef3" committed_config { opid_index: -1 OBSOLETE_local: true peers { permanent_uuid: "bf73a9260732475096b067eea78b1ef3" member_type: VOTER last_known_addr { host: "127.12.121.1" port: 36385 } health_report { overall_health: HEALTHY } } }
I20260608 10:01:27.236753 13288 raft_consensus.cc:515] T 0cdbcae8db0143a39517ef5169f1b112 P bf73a9260732475096b067eea78b1ef3 [term 1 FOLLOWER]: Starting leader election with config: opid_index: -1 OBSOLETE_local: true peers { permanent_uuid: "bf73a9260732475096b067eea78b1ef3" member_type: VOTER last_known_addr { host: "127.12.121.1" port: 36385 } }
I20260608 10:01:27.237563 13288 leader_election.cc:304] T 0cdbcae8db0143a39517ef5169f1b112 P bf73a9260732475096b067eea78b1ef3 [CANDIDATE]: Term 1 election: Election decided. Result: candidate won. Election summary: received 1 responses out of 1 voters: 1 yes votes; 0 no votes. yes voters: bf73a9260732475096b067eea78b1ef3; no voters: 
I20260608 10:01:27.238265 13288 leader_election.cc:290] T 0cdbcae8db0143a39517ef5169f1b112 P bf73a9260732475096b067eea78b1ef3 [CANDIDATE]: Term 1 election: Requested vote from peers 
I20260608 10:01:27.239015 12933 catalog_manager.cc:5696] T 201fff5824b3499faa33b7c5c38cd239 P 1c555c0315c2471a9399d296babcbad5 reported cstate change: term changed from 0 to 1, leader changed from <none> to 1c555c0315c2471a9399d296babcbad5 (127.12.121.3). New cstate: current_term: 1 leader_uuid: "1c555c0315c2471a9399d296babcbad5" committed_config { opid_index: -1 OBSOLETE_local: true peers { permanent_uuid: "1c555c0315c2471a9399d296babcbad5" member_type: VOTER last_known_addr { host: "127.12.121.3" port: 38025 } health_report { overall_health: HEALTHY } } }
I20260608 10:01:27.246641 13294 raft_consensus.cc:2804] T 0cdbcae8db0143a39517ef5169f1b112 P bf73a9260732475096b067eea78b1ef3 [term 1 FOLLOWER]: Leader election won for term 1
I20260608 10:01:27.247185 13294 raft_consensus.cc:697] T 0cdbcae8db0143a39517ef5169f1b112 P bf73a9260732475096b067eea78b1ef3 [term 1 LEADER]: Becoming Leader. State: Replica: bf73a9260732475096b067eea78b1ef3, State: Running, Role: LEADER
I20260608 10:01:27.247956 13294 consensus_queue.cc:237] T 0cdbcae8db0143a39517ef5169f1b112 P bf73a9260732475096b067eea78b1ef3 [LEADER]: Queue going to LEADER mode. State: All replicated index: 0, Majority replicated index: 0, Committed index: 0, Last appended: 0.0, Last appended by leader: 0, Current term: 1, Majority size: 1, State: 0, Mode: LEADER, active raft config: opid_index: -1 OBSOLETE_local: true peers { permanent_uuid: "bf73a9260732475096b067eea78b1ef3" member_type: VOTER last_known_addr { host: "127.12.121.1" port: 36385 } }
I20260608 10:01:27.254499 12932 catalog_manager.cc:5696] T 418fa7e6091d4ec6abf4e3fa81b79b0a P 0312e0f33f2245e0a0069f67a9d8bf97 reported cstate change: term changed from 0 to 1, leader changed from <none> to 0312e0f33f2245e0a0069f67a9d8bf97 (127.12.121.2). New cstate: current_term: 1 leader_uuid: "0312e0f33f2245e0a0069f67a9d8bf97" committed_config { opid_index: -1 OBSOLETE_local: true peers { permanent_uuid: "0312e0f33f2245e0a0069f67a9d8bf97" member_type: VOTER last_known_addr { host: "127.12.121.2" port: 45733 } health_report { overall_health: HEALTHY } } }
I20260608 10:01:27.259402 13288 ts_tablet_manager.cc:1434] T 0cdbcae8db0143a39517ef5169f1b112 P bf73a9260732475096b067eea78b1ef3: Time spent starting tablet: real 0.061s	user 0.017s	sys 0.000s
I20260608 10:01:27.291029 12934 catalog_manager.cc:5696] T 0cdbcae8db0143a39517ef5169f1b112 P bf73a9260732475096b067eea78b1ef3 reported cstate change: term changed from 0 to 1, leader changed from <none> to bf73a9260732475096b067eea78b1ef3 (127.12.121.1). New cstate: current_term: 1 leader_uuid: "bf73a9260732475096b067eea78b1ef3" committed_config { opid_index: -1 OBSOLETE_local: true peers { permanent_uuid: "bf73a9260732475096b067eea78b1ef3" member_type: VOTER last_known_addr { host: "127.12.121.1" port: 36385 } health_report { overall_health: HEALTHY } } }
I20260608 10:01:27.382951 12772 tablet_server.cc:179] TabletServer@127.12.121.1:0 shutting down...
I20260608 10:01:27.401443 12772 ts_tablet_manager.cc:1507] Shutting down tablet manager...
I20260608 10:01:27.402447 12772 tablet_replica.cc:333] T 0cdbcae8db0143a39517ef5169f1b112 P bf73a9260732475096b067eea78b1ef3: stopping tablet replica
I20260608 10:01:27.403052 12772 raft_consensus.cc:2243] T 0cdbcae8db0143a39517ef5169f1b112 P bf73a9260732475096b067eea78b1ef3 [term 1 LEADER]: Raft consensus shutting down.
I20260608 10:01:27.403486 12772 raft_consensus.cc:2272] T 0cdbcae8db0143a39517ef5169f1b112 P bf73a9260732475096b067eea78b1ef3 [term 1 FOLLOWER]: Raft consensus is shut down!
I20260608 10:01:27.406152 12772 tablet_replica.cc:333] T 7e340880bb8e489d9ce6385f2ca93a23 P bf73a9260732475096b067eea78b1ef3: stopping tablet replica
I20260608 10:01:27.406641 12772 raft_consensus.cc:2243] T 7e340880bb8e489d9ce6385f2ca93a23 P bf73a9260732475096b067eea78b1ef3 [term 1 LEADER]: Raft consensus shutting down.
I20260608 10:01:27.406996 12772 raft_consensus.cc:2272] T 7e340880bb8e489d9ce6385f2ca93a23 P bf73a9260732475096b067eea78b1ef3 [term 1 FOLLOWER]: Raft consensus is shut down!
I20260608 10:01:27.558137 12772 tablet_server.cc:196] TabletServer@127.12.121.1:0 shutdown complete.
I20260608 10:01:27.568109 12772 tablet_server.cc:179] TabletServer@127.12.121.2:0 shutting down...
I20260608 10:01:27.584231 12772 ts_tablet_manager.cc:1507] Shutting down tablet manager...
I20260608 10:01:27.584985 12772 tablet_replica.cc:333] T 418fa7e6091d4ec6abf4e3fa81b79b0a P 0312e0f33f2245e0a0069f67a9d8bf97: stopping tablet replica
I20260608 10:01:27.585498 12772 raft_consensus.cc:2243] T 418fa7e6091d4ec6abf4e3fa81b79b0a P 0312e0f33f2245e0a0069f67a9d8bf97 [term 1 LEADER]: Raft consensus shutting down.
I20260608 10:01:27.585979 12772 raft_consensus.cc:2272] T 418fa7e6091d4ec6abf4e3fa81b79b0a P 0312e0f33f2245e0a0069f67a9d8bf97 [term 1 FOLLOWER]: Raft consensus is shut down!
I20260608 10:01:27.604924 12772 tablet_server.cc:196] TabletServer@127.12.121.2:0 shutdown complete.
I20260608 10:01:27.613130 12772 tablet_server.cc:179] TabletServer@127.12.121.3:0 shutting down...
I20260608 10:01:27.629038 12772 ts_tablet_manager.cc:1507] Shutting down tablet manager...
I20260608 10:01:27.629963 12772 tablet_replica.cc:333] T 201fff5824b3499faa33b7c5c38cd239 P 1c555c0315c2471a9399d296babcbad5: stopping tablet replica
I20260608 10:01:27.630461 12772 raft_consensus.cc:2243] T 201fff5824b3499faa33b7c5c38cd239 P 1c555c0315c2471a9399d296babcbad5 [term 1 LEADER]: Raft consensus shutting down.
I20260608 10:01:27.630959 12772 raft_consensus.cc:2272] T 201fff5824b3499faa33b7c5c38cd239 P 1c555c0315c2471a9399d296babcbad5 [term 1 FOLLOWER]: Raft consensus is shut down!
I20260608 10:01:27.650270 12772 tablet_server.cc:196] TabletServer@127.12.121.3:0 shutdown complete.
I20260608 10:01:27.658002 12772 master.cc:562] Master@127.12.121.62:41281 shutting down...
I20260608 10:01:27.748697 12772 raft_consensus.cc:2243] T 00000000000000000000000000000000 P 783abe40a1ca419f8cb9651ad97e0543 [term 1 FOLLOWER]: Raft consensus shutting down.
I20260608 10:01:27.749296 12772 raft_consensus.cc:2272] T 00000000000000000000000000000000 P 783abe40a1ca419f8cb9651ad97e0543 [term 1 FOLLOWER]: Raft consensus is shut down!
I20260608 10:01:27.749670 12772 tablet_replica.cc:333] T 00000000000000000000000000000000 P 783abe40a1ca419f8cb9651ad97e0543: stopping tablet replica
W20260608 10:01:27.750041 12921 consensus_peers.cc:597] T 00000000000000000000000000000000 P 6e55ef45c74e4baf9e5dad484e964c98 -> Peer 783abe40a1ca419f8cb9651ad97e0543 (127.12.121.62:41281): Couldn't send request to peer 783abe40a1ca419f8cb9651ad97e0543. Status: Remote error: Service unavailable: service kudu.consensus.ConsensusService not registered on Master. This is attempt 1: this message will repeat every 5th retry.
I20260608 10:01:27.768944 12772 master.cc:584] Master@127.12.121.62:41281 shutdown complete.
I20260608 10:01:27.778954 12772 master.cc:562] Master@127.12.121.61:42525 shutting down...
I20260608 10:01:27.793341 12772 raft_consensus.cc:2243] T 00000000000000000000000000000000 P f5fa6b62c39846f1a6d97db061d01e39 [term 1 FOLLOWER]: Raft consensus shutting down.
I20260608 10:01:27.793860 12772 raft_consensus.cc:2272] T 00000000000000000000000000000000 P f5fa6b62c39846f1a6d97db061d01e39 [term 1 FOLLOWER]: Raft consensus is shut down!
I20260608 10:01:27.794184 12772 tablet_replica.cc:333] T 00000000000000000000000000000000 P f5fa6b62c39846f1a6d97db061d01e39: stopping tablet replica
I20260608 10:01:27.841675 12772 master.cc:584] Master@127.12.121.61:42525 shutdown complete.
I20260608 10:01:27.851294 12772 master.cc:562] Master@127.12.121.60:46723 shutting down...
I20260608 10:01:27.864957 12772 raft_consensus.cc:2243] T 00000000000000000000000000000000 P 6e55ef45c74e4baf9e5dad484e964c98 [term 1 LEADER]: Raft consensus shutting down.
I20260608 10:01:27.865842 12772 raft_consensus.cc:2272] T 00000000000000000000000000000000 P 6e55ef45c74e4baf9e5dad484e964c98 [term 1 FOLLOWER]: Raft consensus is shut down!
I20260608 10:01:27.866176 12772 tablet_replica.cc:333] T 00000000000000000000000000000000 P 6e55ef45c74e4baf9e5dad484e964c98: stopping tablet replica
I20260608 10:01:27.884552 12772 master.cc:584] Master@127.12.121.60:46723 shutdown complete.
[       OK ] AutoRebalancerTest.OnlyLeaderDoesAutoRebalancing (4928 ms)
[ RUN      ] AutoRebalancerTest.AutoRebalancingTurnOffAndOn
I20260608 10:01:27.912834 12772 internal_mini_cluster.cc:156] Creating distributed mini masters. Addrs: 127.12.121.62:37647
I20260608 10:01:27.914027 12772 file_cache.cc:492] Constructed file cache file cache with capacity 419430
W20260608 10:01:27.918957 13314 instance_detector.cc:116] could not retrieve AWS instance metadata: Network error: curl error: HTTP response code said error: The requested URL returned error: 404
W20260608 10:01:27.920470 13317 instance_detector.cc:116] could not retrieve OpenStack instance metadata: Network error: curl error: HTTP response code said error: The requested URL returned error: 404
W20260608 10:01:27.920504 13315 instance_detector.cc:116] could not retrieve Azure instance metadata: Network error: curl error: HTTP response code said error: The requested URL returned error: 404
