I20260608 10:01:37.549573 14046 sys_catalog.cc:455] T 00000000000000000000000000000000 P a8203e8295c34b689f00aa1a979fbf9e [sys.catalog]: SysCatalogTable state changed. Reason: RaftConsensus started. Latest consensus state: current_term: 0 committed_config { opid_index: -1 OBSOLETE_local: false peers { permanent_uuid: "f61b7d5460e9402f9323cae903b38347" member_type: VOTER last_known_addr { host: "127.12.121.62" port: 41589 } } peers { permanent_uuid: "a8203e8295c34b689f00aa1a979fbf9e" member_type: VOTER last_known_addr { host: "127.12.121.61" port: 44069 } } peers { permanent_uuid: "46168852344a4f6d9c24122a39351633" member_type: VOTER last_known_addr { host: "127.12.121.60" port: 39767 } } }
I20260608 10:01:37.550376 14046 sys_catalog.cc:458] T 00000000000000000000000000000000 P a8203e8295c34b689f00aa1a979fbf9e [sys.catalog]: This master's current role is: FOLLOWER
I20260608 10:01:37.551573 13976 sys_catalog.cc:565] T 00000000000000000000000000000000 P a8203e8295c34b689f00aa1a979fbf9e [sys.catalog]: configured and running, proceeding with master startup.
W20260608 10:01:37.569512 14058 catalog_manager.cc:1593] T 00000000000000000000000000000000 P a8203e8295c34b689f00aa1a979fbf9e: loading cluster ID for follower catalog manager: Not found: cluster ID entry not found
W20260608 10:01:37.569859 14058 catalog_manager.cc:883] Not found: cluster ID entry not found: failed to prepare follower catalog manager, will retry
I20260608 10:01:37.570881 14042 tablet_bootstrap.cc:492] T 00000000000000000000000000000000 P 46168852344a4f6d9c24122a39351633: Bootstrap starting.
I20260608 10:01:37.570990 13911 tablet_bootstrap.cc:492] T 00000000000000000000000000000000 P f61b7d5460e9402f9323cae903b38347: Bootstrap starting.
I20260608 10:01:37.575783 14042 tablet_bootstrap.cc:654] T 00000000000000000000000000000000 P 46168852344a4f6d9c24122a39351633: Neither blocks nor log segments found. Creating new log.
I20260608 10:01:37.575819 13911 tablet_bootstrap.cc:654] T 00000000000000000000000000000000 P f61b7d5460e9402f9323cae903b38347: Neither blocks nor log segments found. Creating new log.
I20260608 10:01:37.580541 14042 tablet_bootstrap.cc:492] T 00000000000000000000000000000000 P 46168852344a4f6d9c24122a39351633: No bootstrap required, opened a new log
I20260608 10:01:37.580586 13911 tablet_bootstrap.cc:492] T 00000000000000000000000000000000 P f61b7d5460e9402f9323cae903b38347: No bootstrap required, opened a new log
I20260608 10:01:37.582865 14042 raft_consensus.cc:359] T 00000000000000000000000000000000 P 46168852344a4f6d9c24122a39351633 [term 0 FOLLOWER]: Replica starting. Triggering 0 pending ops. Active config: opid_index: -1 OBSOLETE_local: false peers { permanent_uuid: "f61b7d5460e9402f9323cae903b38347" member_type: VOTER last_known_addr { host: "127.12.121.62" port: 41589 } } peers { permanent_uuid: "a8203e8295c34b689f00aa1a979fbf9e" member_type: VOTER last_known_addr { host: "127.12.121.61" port: 44069 } } peers { permanent_uuid: "46168852344a4f6d9c24122a39351633" member_type: VOTER last_known_addr { host: "127.12.121.60" port: 39767 } }
I20260608 10:01:37.583093 13911 raft_consensus.cc:359] T 00000000000000000000000000000000 P f61b7d5460e9402f9323cae903b38347 [term 0 FOLLOWER]: Replica starting. Triggering 0 pending ops. Active config: opid_index: -1 OBSOLETE_local: false peers { permanent_uuid: "f61b7d5460e9402f9323cae903b38347" member_type: VOTER last_known_addr { host: "127.12.121.62" port: 41589 } } peers { permanent_uuid: "a8203e8295c34b689f00aa1a979fbf9e" member_type: VOTER last_known_addr { host: "127.12.121.61" port: 44069 } } peers { permanent_uuid: "46168852344a4f6d9c24122a39351633" member_type: VOTER last_known_addr { host: "127.12.121.60" port: 39767 } }
I20260608 10:01:37.583405 14042 raft_consensus.cc:385] T 00000000000000000000000000000000 P 46168852344a4f6d9c24122a39351633 [term 0 FOLLOWER]: Consensus starting up: Expiring failure detector timer to make a prompt election more likely
I20260608 10:01:37.583710 13911 raft_consensus.cc:385] T 00000000000000000000000000000000 P f61b7d5460e9402f9323cae903b38347 [term 0 FOLLOWER]: Consensus starting up: Expiring failure detector timer to make a prompt election more likely
I20260608 10:01:37.583719 14042 raft_consensus.cc:740] T 00000000000000000000000000000000 P 46168852344a4f6d9c24122a39351633 [term 0 FOLLOWER]: Becoming Follower/Learner. State: Replica: 46168852344a4f6d9c24122a39351633, State: Initialized, Role: FOLLOWER
I20260608 10:01:37.584095 13911 raft_consensus.cc:740] T 00000000000000000000000000000000 P f61b7d5460e9402f9323cae903b38347 [term 0 FOLLOWER]: Becoming Follower/Learner. State: Replica: f61b7d5460e9402f9323cae903b38347, State: Initialized, Role: FOLLOWER
I20260608 10:01:37.584591 14042 consensus_queue.cc:260] T 00000000000000000000000000000000 P 46168852344a4f6d9c24122a39351633 [NON_LEADER]: Queue going to NON_LEADER mode. State: All replicated index: 0, Majority replicated index: 0, Committed index: 0, Last appended: 0.0, Last appended by leader: 0, Current term: 0, Majority size: -1, State: 0, Mode: NON_LEADER, active raft config: opid_index: -1 OBSOLETE_local: false peers { permanent_uuid: "f61b7d5460e9402f9323cae903b38347" member_type: VOTER last_known_addr { host: "127.12.121.62" port: 41589 } } peers { permanent_uuid: "a8203e8295c34b689f00aa1a979fbf9e" member_type: VOTER last_known_addr { host: "127.12.121.61" port: 44069 } } peers { permanent_uuid: "46168852344a4f6d9c24122a39351633" member_type: VOTER last_known_addr { host: "127.12.121.60" port: 39767 } }
I20260608 10:01:37.584786 13911 consensus_queue.cc:260] T 00000000000000000000000000000000 P f61b7d5460e9402f9323cae903b38347 [NON_LEADER]: Queue going to NON_LEADER mode. State: All replicated index: 0, Majority replicated index: 0, Committed index: 0, Last appended: 0.0, Last appended by leader: 0, Current term: 0, Majority size: -1, State: 0, Mode: NON_LEADER, active raft config: opid_index: -1 OBSOLETE_local: false peers { permanent_uuid: "f61b7d5460e9402f9323cae903b38347" member_type: VOTER last_known_addr { host: "127.12.121.62" port: 41589 } } peers { permanent_uuid: "a8203e8295c34b689f00aa1a979fbf9e" member_type: VOTER last_known_addr { host: "127.12.121.61" port: 44069 } } peers { permanent_uuid: "46168852344a4f6d9c24122a39351633" member_type: VOTER last_known_addr { host: "127.12.121.60" port: 39767 } }
I20260608 10:01:37.586776 14061 sys_catalog.cc:455] T 00000000000000000000000000000000 P 46168852344a4f6d9c24122a39351633 [sys.catalog]: SysCatalogTable state changed. Reason: RaftConsensus started. Latest consensus state: current_term: 0 committed_config { opid_index: -1 OBSOLETE_local: false peers { permanent_uuid: "f61b7d5460e9402f9323cae903b38347" member_type: VOTER last_known_addr { host: "127.12.121.62" port: 41589 } } peers { permanent_uuid: "a8203e8295c34b689f00aa1a979fbf9e" member_type: VOTER last_known_addr { host: "127.12.121.61" port: 44069 } } peers { permanent_uuid: "46168852344a4f6d9c24122a39351633" member_type: VOTER last_known_addr { host: "127.12.121.60" port: 39767 } } }
I20260608 10:01:37.586959 14062 sys_catalog.cc:455] T 00000000000000000000000000000000 P f61b7d5460e9402f9323cae903b38347 [sys.catalog]: SysCatalogTable state changed. Reason: RaftConsensus started. Latest consensus state: current_term: 0 committed_config { opid_index: -1 OBSOLETE_local: false peers { permanent_uuid: "f61b7d5460e9402f9323cae903b38347" member_type: VOTER last_known_addr { host: "127.12.121.62" port: 41589 } } peers { permanent_uuid: "a8203e8295c34b689f00aa1a979fbf9e" member_type: VOTER last_known_addr { host: "127.12.121.61" port: 44069 } } peers { permanent_uuid: "46168852344a4f6d9c24122a39351633" member_type: VOTER last_known_addr { host: "127.12.121.60" port: 39767 } } }
I20260608 10:01:37.587579 14061 sys_catalog.cc:458] T 00000000000000000000000000000000 P 46168852344a4f6d9c24122a39351633 [sys.catalog]: This master's current role is: FOLLOWER
I20260608 10:01:37.587750 14062 sys_catalog.cc:458] T 00000000000000000000000000000000 P f61b7d5460e9402f9323cae903b38347 [sys.catalog]: This master's current role is: FOLLOWER
I20260608 10:01:37.588268 14042 sys_catalog.cc:565] T 00000000000000000000000000000000 P 46168852344a4f6d9c24122a39351633 [sys.catalog]: configured and running, proceeding with master startup.
I20260608 10:01:37.588495 13911 sys_catalog.cc:565] T 00000000000000000000000000000000 P f61b7d5460e9402f9323cae903b38347 [sys.catalog]: configured and running, proceeding with master startup.
I20260608 10:01:37.602432 12772 internal_mini_cluster.cc:184] Waiting to initialize catalog manager on master 1
I20260608 10:01:37.602730 12772 internal_mini_cluster.cc:184] Waiting to initialize catalog manager on master 2
I20260608 10:01:37.604674 12772 file_cache.cc:492] Constructed file cache file cache with capacity 419430
W20260608 10:01:37.605679 14084 catalog_manager.cc:1593] T 00000000000000000000000000000000 P f61b7d5460e9402f9323cae903b38347: loading cluster ID for follower catalog manager: Not found: cluster ID entry not found
W20260608 10:01:37.606048 14084 catalog_manager.cc:883] Not found: cluster ID entry not found: failed to prepare follower catalog manager, will retry
W20260608 10:01:37.606503 14083 catalog_manager.cc:1593] T 00000000000000000000000000000000 P 46168852344a4f6d9c24122a39351633: loading cluster ID for follower catalog manager: Not found: cluster ID entry not found
W20260608 10:01:37.606827 14083 catalog_manager.cc:883] Not found: cluster ID entry not found: failed to prepare follower catalog manager, will retry
W20260608 10:01:37.611850 14085 instance_detector.cc:116] could not retrieve AWS instance metadata: Network error: curl error: HTTP response code said error: The requested URL returned error: 404
W20260608 10:01:37.612308 14086 instance_detector.cc:116] could not retrieve Azure instance metadata: Network error: curl error: HTTP response code said error: The requested URL returned error: 404
I20260608 10:01:37.614538 12772 server_base.cc:1061] running on GCE node
W20260608 10:01:37.614674 14088 instance_detector.cc:116] could not retrieve OpenStack instance metadata: Network error: curl error: HTTP response code said error: The requested URL returned error: 404
I20260608 10:01:37.615549 12772 hybrid_clock.cc:584] initializing the hybrid clock with 'system_unsync' time source
W20260608 10:01:37.615790 12772 system_unsync_time.cc:38] NTP support is disabled. Clock error bounds will not be accurate. This configuration is not suitable for distributed clusters.
I20260608 10:01:37.615968 12772 hybrid_clock.cc:648] HybridClock initialized: now 1780912897615954 us; error 0 us; skew 500 ppm
I20260608 10:01:37.616518 12772 server_base.cc:861] Flag tcmalloc_max_total_thread_cache_bytes is not working since tcmalloc is not enabled.
I20260608 10:01:37.619057 12772 webserver.cc:533] Webserver started at http://127.12.121.1:42869/ using document root <none> and password file <none>
I20260608 10:01:37.619581 12772 fs_manager.cc:362] Metadata directory not provided
I20260608 10:01:37.619802 12772 fs_manager.cc:368] Using write-ahead log directory (fs_wal_dir) as metadata directory
I20260608 10:01:37.620100 12772 server_base.cc:909] This appears to be a new deployment of Kudu; creating new FS layout
I20260608 10:01:37.621235 12772 fs_manager.cc:1068] Generated new instance metadata in path /tmp/dist-test-tasktzQ9Xd/test-tmp/auto_rebalancer-test.0.AutoRebalancerTest.NextLeaderResumesAutoRebalancing.1780912882821116-12772-0/minicluster-data/ts-0-root/instance:
uuid: "78cae3660b974ab987b6c7a9e300b4ad"
format_stamp: "Formatted at 2026-06-08 10:01:37 on dist-test-slave-b710"
I20260608 10:01:37.625895 12772 fs_manager.cc:696] Time spent creating directory manager: real 0.004s	user 0.003s	sys 0.000s
I20260608 10:01:37.629106 14093 log_block_manager.cc:4031] Time spent loading block containers with low live blocks: real 0.000s	user 0.000s	sys 0.000s
I20260608 10:01:37.629882 12772 fs_manager.cc:730] Time spent opening block manager: real 0.002s	user 0.003s	sys 0.000s
I20260608 10:01:37.630168 12772 fs_manager.cc:647] Opened local filesystem: /tmp/dist-test-tasktzQ9Xd/test-tmp/auto_rebalancer-test.0.AutoRebalancerTest.NextLeaderResumesAutoRebalancing.1780912882821116-12772-0/minicluster-data/ts-0-root
uuid: "78cae3660b974ab987b6c7a9e300b4ad"
format_stamp: "Formatted at 2026-06-08 10:01:37 on dist-test-slave-b710"
I20260608 10:01:37.630501 12772 fs_report.cc:389] FS layout report
--------------------
wal directory: /tmp/dist-test-tasktzQ9Xd/test-tmp/auto_rebalancer-test.0.AutoRebalancerTest.NextLeaderResumesAutoRebalancing.1780912882821116-12772-0/minicluster-data/ts-0-root
metadata directory: /tmp/dist-test-tasktzQ9Xd/test-tmp/auto_rebalancer-test.0.AutoRebalancerTest.NextLeaderResumesAutoRebalancing.1780912882821116-12772-0/minicluster-data/ts-0-root
1 data directories: /tmp/dist-test-tasktzQ9Xd/test-tmp/auto_rebalancer-test.0.AutoRebalancerTest.NextLeaderResumesAutoRebalancing.1780912882821116-12772-0/minicluster-data/ts-0-root/data
Total live blocks: 0
Total live bytes: 0
Total live bytes (after alignment): 0
Total number of LBM containers: 0 (0 full)
Did not check for missing blocks
Did not check for orphaned blocks
Total full LBM containers with extra space: 0 (0 repaired)
Total full LBM container extra space in bytes: 0 (0 repaired)
Total incomplete LBM containers: 0 (0 repaired)
Total LBM partial records: 0 (0 repaired)
Total corrupted LBM metadata records in RocksDB: 0 (0 repaired)
I20260608 10:01:37.664562 12772 rpc_server.cc:225] running with OpenSSL 1.1.1  11 Sep 2018
I20260608 10:01:37.665830 12772 kserver.cc:163] Server-wide thread pool size limit: 3276
I20260608 10:01:37.667327 12772 txn_system_client.cc:432] TxnSystemClient initialization is disabled...
I20260608 10:01:37.669693 12772 ts_tablet_manager.cc:585] Loaded tablet metadata (0 total tablets, 0 live tablets)
I20260608 10:01:37.669938 12772 ts_tablet_manager.cc:531] Time spent load tablet metadata: real 0.000s	user 0.000s	sys 0.000s
I20260608 10:01:37.670184 12772 ts_tablet_manager.cc:616] Registered 0 tablets
I20260608 10:01:37.670390 12772 ts_tablet_manager.cc:595] Time spent register tablets: real 0.000s	user 0.000s	sys 0.000s
I20260608 10:01:37.711139 12772 rpc_server.cc:307] RPC server started. Bound to: 127.12.121.1:46655
I20260608 10:01:37.711261 14155 acceptor_pool.cc:272] collecting diagnostics on the listening RPC socket 127.12.121.1:46655 every 8 connection(s)
I20260608 10:01:37.718881 12772 file_cache.cc:492] Constructed file cache file cache with capacity 419430
I20260608 10:01:37.733496 14156 heartbeater.cc:344] Connected to a master server at 127.12.121.61:44069
I20260608 10:01:37.733973 14156 heartbeater.cc:461] Registering TS with master...
I20260608 10:01:37.735028 14156 heartbeater.cc:507] Master 127.12.121.61:44069 requested a full tablet report, sending...
W20260608 10:01:37.737953 14163 instance_detector.cc:116] could not retrieve AWS instance metadata: Network error: curl error: HTTP response code said error: The requested URL returned error: 404
I20260608 10:01:37.738843 13941 ts_manager.cc:194] Registered new tserver with Master: 78cae3660b974ab987b6c7a9e300b4ad (127.12.121.1:46655)
W20260608 10:01:37.742205 14164 instance_detector.cc:116] could not retrieve Azure instance metadata: Network error: curl error: HTTP response code said error: The requested URL returned error: 404
I20260608 10:01:37.745649 14158 heartbeater.cc:344] Connected to a master server at 127.12.121.62:41589
I20260608 10:01:37.746115 14158 heartbeater.cc:461] Registering TS with master...
I20260608 10:01:37.746381 12772 server_base.cc:1061] running on GCE node
I20260608 10:01:37.747040 14158 heartbeater.cc:507] Master 127.12.121.62:41589 requested a full tablet report, sending...
I20260608 10:01:37.747828 14157 heartbeater.cc:344] Connected to a master server at 127.12.121.60:39767
I20260608 10:01:37.748351 14157 heartbeater.cc:461] Registering TS with master...
W20260608 10:01:37.748277 14167 instance_detector.cc:116] could not retrieve OpenStack instance metadata: Network error: curl error: HTTP response code said error: The requested URL returned error: 404
I20260608 10:01:37.749286 14157 heartbeater.cc:507] Master 127.12.121.60:39767 requested a full tablet report, sending...
I20260608 10:01:37.749541 12772 hybrid_clock.cc:584] initializing the hybrid clock with 'system_unsync' time source
W20260608 10:01:37.749883 12772 system_unsync_time.cc:38] NTP support is disabled. Clock error bounds will not be accurate. This configuration is not suitable for distributed clusters.
I20260608 10:01:37.750151 12772 hybrid_clock.cc:648] HybridClock initialized: now 1780912897750130 us; error 0 us; skew 500 ppm
I20260608 10:01:37.750213 13876 ts_manager.cc:194] Registered new tserver with Master: 78cae3660b974ab987b6c7a9e300b4ad (127.12.121.1:46655)
I20260608 10:01:37.751106 12772 server_base.cc:861] Flag tcmalloc_max_total_thread_cache_bytes is not working since tcmalloc is not enabled.
I20260608 10:01:37.752301 14006 ts_manager.cc:194] Registered new tserver with Master: 78cae3660b974ab987b6c7a9e300b4ad (127.12.121.1:46655)
I20260608 10:01:37.753953 12772 webserver.cc:533] Webserver started at http://127.12.121.2:46875/ using document root <none> and password file <none>
I20260608 10:01:37.754554 12772 fs_manager.cc:362] Metadata directory not provided
I20260608 10:01:37.754767 12772 fs_manager.cc:368] Using write-ahead log directory (fs_wal_dir) as metadata directory
I20260608 10:01:37.755033 12772 server_base.cc:909] This appears to be a new deployment of Kudu; creating new FS layout
I20260608 10:01:37.756140 12772 fs_manager.cc:1068] Generated new instance metadata in path /tmp/dist-test-tasktzQ9Xd/test-tmp/auto_rebalancer-test.0.AutoRebalancerTest.NextLeaderResumesAutoRebalancing.1780912882821116-12772-0/minicluster-data/ts-1-root/instance:
uuid: "e193c9981c6a487e8b3366b6c488880a"
format_stamp: "Formatted at 2026-06-08 10:01:37 on dist-test-slave-b710"
I20260608 10:01:37.760694 12772 fs_manager.cc:696] Time spent creating directory manager: real 0.004s	user 0.004s	sys 0.002s
I20260608 10:01:37.763923 14171 log_block_manager.cc:4031] Time spent loading block containers with low live blocks: real 0.000s	user 0.000s	sys 0.000s
I20260608 10:01:37.764627 12772 fs_manager.cc:730] Time spent opening block manager: real 0.002s	user 0.000s	sys 0.002s
I20260608 10:01:37.764907 12772 fs_manager.cc:647] Opened local filesystem: /tmp/dist-test-tasktzQ9Xd/test-tmp/auto_rebalancer-test.0.AutoRebalancerTest.NextLeaderResumesAutoRebalancing.1780912882821116-12772-0/minicluster-data/ts-1-root
uuid: "e193c9981c6a487e8b3366b6c488880a"
format_stamp: "Formatted at 2026-06-08 10:01:37 on dist-test-slave-b710"
I20260608 10:01:37.765179 12772 fs_report.cc:389] FS layout report
--------------------
wal directory: /tmp/dist-test-tasktzQ9Xd/test-tmp/auto_rebalancer-test.0.AutoRebalancerTest.NextLeaderResumesAutoRebalancing.1780912882821116-12772-0/minicluster-data/ts-1-root
metadata directory: /tmp/dist-test-tasktzQ9Xd/test-tmp/auto_rebalancer-test.0.AutoRebalancerTest.NextLeaderResumesAutoRebalancing.1780912882821116-12772-0/minicluster-data/ts-1-root
1 data directories: /tmp/dist-test-tasktzQ9Xd/test-tmp/auto_rebalancer-test.0.AutoRebalancerTest.NextLeaderResumesAutoRebalancing.1780912882821116-12772-0/minicluster-data/ts-1-root/data
Total live blocks: 0
Total live bytes: 0
Total live bytes (after alignment): 0
Total number of LBM containers: 0 (0 full)
Did not check for missing blocks
Did not check for orphaned blocks
Total full LBM containers with extra space: 0 (0 repaired)
Total full LBM container extra space in bytes: 0 (0 repaired)
Total incomplete LBM containers: 0 (0 repaired)
Total LBM partial records: 0 (0 repaired)
Total corrupted LBM metadata records in RocksDB: 0 (0 repaired)
I20260608 10:01:37.777637 12772 rpc_server.cc:225] running with OpenSSL 1.1.1  11 Sep 2018
I20260608 10:01:37.778904 12772 kserver.cc:163] Server-wide thread pool size limit: 3276
I20260608 10:01:37.780326 12772 txn_system_client.cc:432] TxnSystemClient initialization is disabled...
I20260608 10:01:37.782737 12772 ts_tablet_manager.cc:585] Loaded tablet metadata (0 total tablets, 0 live tablets)
I20260608 10:01:37.782974 12772 ts_tablet_manager.cc:531] Time spent load tablet metadata: real 0.000s	user 0.000s	sys 0.000s
I20260608 10:01:37.783236 12772 ts_tablet_manager.cc:616] Registered 0 tablets
I20260608 10:01:37.783445 12772 ts_tablet_manager.cc:595] Time spent register tablets: real 0.000s	user 0.000s	sys 0.000s
I20260608 10:01:37.825172 12772 rpc_server.cc:307] RPC server started. Bound to: 127.12.121.2:40711
I20260608 10:01:37.825264 14233 acceptor_pool.cc:272] collecting diagnostics on the listening RPC socket 127.12.121.2:40711 every 8 connection(s)
I20260608 10:01:37.832861 12772 file_cache.cc:492] Constructed file cache file cache with capacity 419430
W20260608 10:01:37.846616 14241 instance_detector.cc:116] could not retrieve AWS instance metadata: Network error: curl error: HTTP response code said error: The requested URL returned error: 404
W20260608 10:01:37.849349 14242 instance_detector.cc:116] could not retrieve Azure instance metadata: Network error: curl error: HTTP response code said error: The requested URL returned error: 404
I20260608 10:01:37.850261 14236 heartbeater.cc:344] Connected to a master server at 127.12.121.62:41589
I20260608 10:01:37.851215 14236 heartbeater.cc:461] Registering TS with master...
I20260608 10:01:37.852665 14236 heartbeater.cc:507] Master 127.12.121.62:41589 requested a full tablet report, sending...
I20260608 10:01:37.854337 14234 heartbeater.cc:344] Connected to a master server at 127.12.121.61:44069
I20260608 10:01:37.854739 14234 heartbeater.cc:461] Registering TS with master...
I20260608 10:01:37.855659 14234 heartbeater.cc:507] Master 127.12.121.61:44069 requested a full tablet report, sending...
I20260608 10:01:37.855654 13876 ts_manager.cc:194] Registered new tserver with Master: e193c9981c6a487e8b3366b6c488880a (127.12.121.2:40711)
W20260608 10:01:37.856653 14244 instance_detector.cc:116] could not retrieve OpenStack instance metadata: Network error: curl error: HTTP response code said error: The requested URL returned error: 404
I20260608 10:01:37.858857 13941 ts_manager.cc:194] Registered new tserver with Master: e193c9981c6a487e8b3366b6c488880a (127.12.121.2:40711)
I20260608 10:01:37.859215 12772 server_base.cc:1061] running on GCE node
I20260608 10:01:37.860652 12772 hybrid_clock.cc:584] initializing the hybrid clock with 'system_unsync' time source
W20260608 10:01:37.860932 12772 system_unsync_time.cc:38] NTP support is disabled. Clock error bounds will not be accurate. This configuration is not suitable for distributed clusters.
I20260608 10:01:37.861168 12772 hybrid_clock.cc:648] HybridClock initialized: now 1780912897861149 us; error 0 us; skew 500 ppm
I20260608 10:01:37.861968 12772 server_base.cc:861] Flag tcmalloc_max_total_thread_cache_bytes is not working since tcmalloc is not enabled.
I20260608 10:01:37.863837 14235 heartbeater.cc:344] Connected to a master server at 127.12.121.60:39767
I20260608 10:01:37.864259 14235 heartbeater.cc:461] Registering TS with master...
I20260608 10:01:37.864370 12772 webserver.cc:533] Webserver started at http://127.12.121.3:36625/ using document root <none> and password file <none>
I20260608 10:01:37.865015 12772 fs_manager.cc:362] Metadata directory not provided
I20260608 10:01:37.865038 14235 heartbeater.cc:507] Master 127.12.121.60:39767 requested a full tablet report, sending...
I20260608 10:01:37.865409 12772 fs_manager.cc:368] Using write-ahead log directory (fs_wal_dir) as metadata directory
I20260608 10:01:37.865837 12772 server_base.cc:909] This appears to be a new deployment of Kudu; creating new FS layout
I20260608 10:01:37.867241 12772 fs_manager.cc:1068] Generated new instance metadata in path /tmp/dist-test-tasktzQ9Xd/test-tmp/auto_rebalancer-test.0.AutoRebalancerTest.NextLeaderResumesAutoRebalancing.1780912882821116-12772-0/minicluster-data/ts-2-root/instance:
uuid: "6bd67ca7ea564a8f89b09148d9902ffd"
format_stamp: "Formatted at 2026-06-08 10:01:37 on dist-test-slave-b710"
I20260608 10:01:37.867859 14006 ts_manager.cc:194] Registered new tserver with Master: e193c9981c6a487e8b3366b6c488880a (127.12.121.2:40711)
I20260608 10:01:37.871959 12772 fs_manager.cc:696] Time spent creating directory manager: real 0.004s	user 0.006s	sys 0.000s
I20260608 10:01:37.875304 14249 log_block_manager.cc:4031] Time spent loading block containers with low live blocks: real 0.000s	user 0.000s	sys 0.000s
I20260608 10:01:37.876292 12772 fs_manager.cc:730] Time spent opening block manager: real 0.002s	user 0.001s	sys 0.000s
I20260608 10:01:37.876545 12772 fs_manager.cc:647] Opened local filesystem: /tmp/dist-test-tasktzQ9Xd/test-tmp/auto_rebalancer-test.0.AutoRebalancerTest.NextLeaderResumesAutoRebalancing.1780912882821116-12772-0/minicluster-data/ts-2-root
uuid: "6bd67ca7ea564a8f89b09148d9902ffd"
format_stamp: "Formatted at 2026-06-08 10:01:37 on dist-test-slave-b710"
I20260608 10:01:37.876765 12772 fs_report.cc:389] FS layout report
--------------------
wal directory: /tmp/dist-test-tasktzQ9Xd/test-tmp/auto_rebalancer-test.0.AutoRebalancerTest.NextLeaderResumesAutoRebalancing.1780912882821116-12772-0/minicluster-data/ts-2-root
metadata directory: /tmp/dist-test-tasktzQ9Xd/test-tmp/auto_rebalancer-test.0.AutoRebalancerTest.NextLeaderResumesAutoRebalancing.1780912882821116-12772-0/minicluster-data/ts-2-root
1 data directories: /tmp/dist-test-tasktzQ9Xd/test-tmp/auto_rebalancer-test.0.AutoRebalancerTest.NextLeaderResumesAutoRebalancing.1780912882821116-12772-0/minicluster-data/ts-2-root/data
Total live blocks: 0
Total live bytes: 0
Total live bytes (after alignment): 0
Total number of LBM containers: 0 (0 full)
Did not check for missing blocks
Did not check for orphaned blocks
Total full LBM containers with extra space: 0 (0 repaired)
Total full LBM container extra space in bytes: 0 (0 repaired)
Total incomplete LBM containers: 0 (0 repaired)
Total LBM partial records: 0 (0 repaired)
Total corrupted LBM metadata records in RocksDB: 0 (0 repaired)
I20260608 10:01:37.890112 12772 rpc_server.cc:225] running with OpenSSL 1.1.1  11 Sep 2018
I20260608 10:01:37.891115 12772 kserver.cc:163] Server-wide thread pool size limit: 3276
I20260608 10:01:37.892401 12772 txn_system_client.cc:432] TxnSystemClient initialization is disabled...
I20260608 10:01:37.894657 12772 ts_tablet_manager.cc:585] Loaded tablet metadata (0 total tablets, 0 live tablets)
I20260608 10:01:37.894876 12772 ts_tablet_manager.cc:531] Time spent load tablet metadata: real 0.000s	user 0.000s	sys 0.000s
I20260608 10:01:37.895107 12772 ts_tablet_manager.cc:616] Registered 0 tablets
I20260608 10:01:37.895299 12772 ts_tablet_manager.cc:595] Time spent register tablets: real 0.000s	user 0.000s	sys 0.000s
I20260608 10:01:37.920544 14046 raft_consensus.cc:493] T 00000000000000000000000000000000 P a8203e8295c34b689f00aa1a979fbf9e [term 0 FOLLOWER]: Starting pre-election (no leader contacted us within the election timeout)
I20260608 10:01:37.921036 14062 raft_consensus.cc:493] T 00000000000000000000000000000000 P f61b7d5460e9402f9323cae903b38347 [term 0 FOLLOWER]: Starting pre-election (no leader contacted us within the election timeout)
I20260608 10:01:37.921350 14046 raft_consensus.cc:515] T 00000000000000000000000000000000 P a8203e8295c34b689f00aa1a979fbf9e [term 0 FOLLOWER]: Starting pre-election with config: opid_index: -1 OBSOLETE_local: false peers { permanent_uuid: "f61b7d5460e9402f9323cae903b38347" member_type: VOTER last_known_addr { host: "127.12.121.62" port: 41589 } } peers { permanent_uuid: "a8203e8295c34b689f00aa1a979fbf9e" member_type: VOTER last_known_addr { host: "127.12.121.61" port: 44069 } } peers { permanent_uuid: "46168852344a4f6d9c24122a39351633" member_type: VOTER last_known_addr { host: "127.12.121.60" port: 39767 } }
I20260608 10:01:37.921692 14062 raft_consensus.cc:515] T 00000000000000000000000000000000 P f61b7d5460e9402f9323cae903b38347 [term 0 FOLLOWER]: Starting pre-election with config: opid_index: -1 OBSOLETE_local: false peers { permanent_uuid: "f61b7d5460e9402f9323cae903b38347" member_type: VOTER last_known_addr { host: "127.12.121.62" port: 41589 } } peers { permanent_uuid: "a8203e8295c34b689f00aa1a979fbf9e" member_type: VOTER last_known_addr { host: "127.12.121.61" port: 44069 } } peers { permanent_uuid: "46168852344a4f6d9c24122a39351633" member_type: VOTER last_known_addr { host: "127.12.121.60" port: 39767 } }
I20260608 10:01:37.925254 14062 leader_election.cc:290] T 00000000000000000000000000000000 P f61b7d5460e9402f9323cae903b38347 [CANDIDATE]: Term 1 pre-election: Requested pre-vote from peers a8203e8295c34b689f00aa1a979fbf9e (127.12.121.61:44069), 46168852344a4f6d9c24122a39351633 (127.12.121.60:39767)
I20260608 10:01:37.925747 13951 tablet_service.cc:1917] Received RequestConsensusVote() RPC: tablet_id: "00000000000000000000000000000000" candidate_uuid: "f61b7d5460e9402f9323cae903b38347" candidate_term: 1 candidate_status { last_received { term: 0 index: 0 } } ignore_live_leader: false dest_uuid: "a8203e8295c34b689f00aa1a979fbf9e" is_pre_election: true
I20260608 10:01:37.926417 14046 leader_election.cc:290] T 00000000000000000000000000000000 P a8203e8295c34b689f00aa1a979fbf9e [CANDIDATE]: Term 1 pre-election: Requested pre-vote from peers f61b7d5460e9402f9323cae903b38347 (127.12.121.62:41589), 46168852344a4f6d9c24122a39351633 (127.12.121.60:39767)
I20260608 10:01:37.926512 13951 raft_consensus.cc:2468] T 00000000000000000000000000000000 P a8203e8295c34b689f00aa1a979fbf9e [term 0 FOLLOWER]: Leader pre-election vote request: Granting yes vote for candidate f61b7d5460e9402f9323cae903b38347 in term 0.
I20260608 10:01:37.927950 13863 leader_election.cc:304] T 00000000000000000000000000000000 P f61b7d5460e9402f9323cae903b38347 [CANDIDATE]: Term 1 pre-election: Election decided. Result: candidate won. Election summary: received 2 responses out of 3 voters: 2 yes votes; 0 no votes. yes voters: a8203e8295c34b689f00aa1a979fbf9e, f61b7d5460e9402f9323cae903b38347; no voters: 
I20260608 10:01:37.928246 13886 tablet_service.cc:1917] Received RequestConsensusVote() RPC: tablet_id: "00000000000000000000000000000000" candidate_uuid: "a8203e8295c34b689f00aa1a979fbf9e" candidate_term: 1 candidate_status { last_received { term: 0 index: 0 } } ignore_live_leader: false dest_uuid: "f61b7d5460e9402f9323cae903b38347" is_pre_election: true
I20260608 10:01:37.928709 14062 raft_consensus.cc:2804] T 00000000000000000000000000000000 P f61b7d5460e9402f9323cae903b38347 [term 0 FOLLOWER]: Leader pre-election won for term 1
I20260608 10:01:37.928966 14016 tablet_service.cc:1917] Received RequestConsensusVote() RPC: tablet_id: "00000000000000000000000000000000" candidate_uuid: "f61b7d5460e9402f9323cae903b38347" candidate_term: 1 candidate_status { last_received { term: 0 index: 0 } } ignore_live_leader: false dest_uuid: "46168852344a4f6d9c24122a39351633" is_pre_election: true
I20260608 10:01:37.929270 13886 raft_consensus.cc:2468] T 00000000000000000000000000000000 P f61b7d5460e9402f9323cae903b38347 [term 0 FOLLOWER]: Leader pre-election vote request: Granting yes vote for candidate a8203e8295c34b689f00aa1a979fbf9e in term 0.
I20260608 10:01:37.929653 14016 raft_consensus.cc:2468] T 00000000000000000000000000000000 P 46168852344a4f6d9c24122a39351633 [term 0 FOLLOWER]: Leader pre-election vote request: Granting yes vote for candidate f61b7d5460e9402f9323cae903b38347 in term 0.
I20260608 10:01:37.930739 14062 raft_consensus.cc:493] T 00000000000000000000000000000000 P f61b7d5460e9402f9323cae903b38347 [term 0 FOLLOWER]: Starting leader election (no leader contacted us within the election timeout)
I20260608 10:01:37.931058 14015 tablet_service.cc:1917] Received RequestConsensusVote() RPC: tablet_id: "00000000000000000000000000000000" candidate_uuid: "a8203e8295c34b689f00aa1a979fbf9e" candidate_term: 1 candidate_status { last_received { term: 0 index: 0 } } ignore_live_leader: false dest_uuid: "46168852344a4f6d9c24122a39351633" is_pre_election: true
I20260608 10:01:37.931314 14062 raft_consensus.cc:3060] T 00000000000000000000000000000000 P f61b7d5460e9402f9323cae903b38347 [term 0 FOLLOWER]: Advancing to term 1
I20260608 10:01:37.931843 14015 raft_consensus.cc:2468] T 00000000000000000000000000000000 P 46168852344a4f6d9c24122a39351633 [term 0 FOLLOWER]: Leader pre-election vote request: Granting yes vote for candidate a8203e8295c34b689f00aa1a979fbf9e in term 0.
I20260608 10:01:37.933085 13928 leader_election.cc:304] T 00000000000000000000000000000000 P a8203e8295c34b689f00aa1a979fbf9e [CANDIDATE]: Term 1 pre-election: Election decided. Result: candidate won. Election summary: received 2 responses out of 3 voters: 2 yes votes; 0 no votes. yes voters: 46168852344a4f6d9c24122a39351633, a8203e8295c34b689f00aa1a979fbf9e; no voters: 
I20260608 10:01:37.933822 14046 raft_consensus.cc:2804] T 00000000000000000000000000000000 P a8203e8295c34b689f00aa1a979fbf9e [term 0 FOLLOWER]: Leader pre-election won for term 1
I20260608 10:01:37.934265 14046 raft_consensus.cc:493] T 00000000000000000000000000000000 P a8203e8295c34b689f00aa1a979fbf9e [term 0 FOLLOWER]: Starting leader election (no leader contacted us within the election timeout)
I20260608 10:01:37.934648 14046 raft_consensus.cc:3060] T 00000000000000000000000000000000 P a8203e8295c34b689f00aa1a979fbf9e [term 0 FOLLOWER]: Advancing to term 1
I20260608 10:01:37.940908 14046 raft_consensus.cc:515] T 00000000000000000000000000000000 P a8203e8295c34b689f00aa1a979fbf9e [term 1 FOLLOWER]: Starting leader election with config: opid_index: -1 OBSOLETE_local: false peers { permanent_uuid: "f61b7d5460e9402f9323cae903b38347" member_type: VOTER last_known_addr { host: "127.12.121.62" port: 41589 } } peers { permanent_uuid: "a8203e8295c34b689f00aa1a979fbf9e" member_type: VOTER last_known_addr { host: "127.12.121.61" port: 44069 } } peers { permanent_uuid: "46168852344a4f6d9c24122a39351633" member_type: VOTER last_known_addr { host: "127.12.121.60" port: 39767 } }
I20260608 10:01:37.942193 14062 raft_consensus.cc:515] T 00000000000000000000000000000000 P f61b7d5460e9402f9323cae903b38347 [term 1 FOLLOWER]: Starting leader election with config: opid_index: -1 OBSOLETE_local: false peers { permanent_uuid: "f61b7d5460e9402f9323cae903b38347" member_type: VOTER last_known_addr { host: "127.12.121.62" port: 41589 } } peers { permanent_uuid: "a8203e8295c34b689f00aa1a979fbf9e" member_type: VOTER last_known_addr { host: "127.12.121.61" port: 44069 } } peers { permanent_uuid: "46168852344a4f6d9c24122a39351633" member_type: VOTER last_known_addr { host: "127.12.121.60" port: 39767 } }
I20260608 10:01:37.944834 14015 tablet_service.cc:1917] Received RequestConsensusVote() RPC: tablet_id: "00000000000000000000000000000000" candidate_uuid: "a8203e8295c34b689f00aa1a979fbf9e" candidate_term: 1 candidate_status { last_received { term: 0 index: 0 } } ignore_live_leader: false dest_uuid: "46168852344a4f6d9c24122a39351633"
I20260608 10:01:37.944738 13886 tablet_service.cc:1917] Received RequestConsensusVote() RPC: tablet_id: "00000000000000000000000000000000" candidate_uuid: "a8203e8295c34b689f00aa1a979fbf9e" candidate_term: 1 candidate_status { last_received { term: 0 index: 0 } } ignore_live_leader: false dest_uuid: "f61b7d5460e9402f9323cae903b38347"
I20260608 10:01:37.945655 14015 raft_consensus.cc:3060] T 00000000000000000000000000000000 P 46168852344a4f6d9c24122a39351633 [term 0 FOLLOWER]: Advancing to term 1
I20260608 10:01:37.946117 13886 raft_consensus.cc:2393] T 00000000000000000000000000000000 P f61b7d5460e9402f9323cae903b38347 [term 1 FOLLOWER]: Leader election vote request: Denying vote to candidate a8203e8295c34b689f00aa1a979fbf9e in current term 1: Already voted for candidate f61b7d5460e9402f9323cae903b38347 in this term.
I20260608 10:01:37.946662 14062 leader_election.cc:290] T 00000000000000000000000000000000 P f61b7d5460e9402f9323cae903b38347 [CANDIDATE]: Term 1 election: Requested vote from peers a8203e8295c34b689f00aa1a979fbf9e (127.12.121.61:44069), 46168852344a4f6d9c24122a39351633 (127.12.121.60:39767)
I20260608 10:01:37.947425 14046 leader_election.cc:290] T 00000000000000000000000000000000 P a8203e8295c34b689f00aa1a979fbf9e [CANDIDATE]: Term 1 election: Requested vote from peers f61b7d5460e9402f9323cae903b38347 (127.12.121.62:41589), 46168852344a4f6d9c24122a39351633 (127.12.121.60:39767)
I20260608 10:01:37.948757 14016 tablet_service.cc:1917] Received RequestConsensusVote() RPC: tablet_id: "00000000000000000000000000000000" candidate_uuid: "f61b7d5460e9402f9323cae903b38347" candidate_term: 1 candidate_status { last_received { term: 0 index: 0 } } ignore_live_leader: false dest_uuid: "46168852344a4f6d9c24122a39351633"
I20260608 10:01:37.949296 13951 tablet_service.cc:1917] Received RequestConsensusVote() RPC: tablet_id: "00000000000000000000000000000000" candidate_uuid: "f61b7d5460e9402f9323cae903b38347" candidate_term: 1 candidate_status { last_received { term: 0 index: 0 } } ignore_live_leader: false dest_uuid: "a8203e8295c34b689f00aa1a979fbf9e"
I20260608 10:01:37.950347 13951 raft_consensus.cc:2393] T 00000000000000000000000000000000 P a8203e8295c34b689f00aa1a979fbf9e [term 1 FOLLOWER]: Leader election vote request: Denying vote to candidate f61b7d5460e9402f9323cae903b38347 in current term 1: Already voted for candidate a8203e8295c34b689f00aa1a979fbf9e in this term.
I20260608 10:01:37.951581 13863 leader_election.cc:304] T 00000000000000000000000000000000 P f61b7d5460e9402f9323cae903b38347 [CANDIDATE]: Term 1 election: Election decided. Result: candidate lost. Election summary: received 3 responses out of 3 voters: 1 yes votes; 2 no votes. yes voters: f61b7d5460e9402f9323cae903b38347; no voters: 46168852344a4f6d9c24122a39351633, a8203e8295c34b689f00aa1a979fbf9e
I20260608 10:01:37.952623 14062 raft_consensus.cc:2749] T 00000000000000000000000000000000 P f61b7d5460e9402f9323cae903b38347 [term 1 FOLLOWER]: Leader election lost for term 1. Reason: could not achieve majority
I20260608 10:01:37.952802 14015 raft_consensus.cc:2468] T 00000000000000000000000000000000 P 46168852344a4f6d9c24122a39351633 [term 1 FOLLOWER]: Leader election vote request: Granting yes vote for candidate a8203e8295c34b689f00aa1a979fbf9e in term 1.
I20260608 10:01:37.954103 13928 leader_election.cc:304] T 00000000000000000000000000000000 P a8203e8295c34b689f00aa1a979fbf9e [CANDIDATE]: Term 1 election: Election decided. Result: candidate won. Election summary: received 3 responses out of 3 voters: 2 yes votes; 1 no votes. yes voters: 46168852344a4f6d9c24122a39351633, a8203e8295c34b689f00aa1a979fbf9e; no voters: f61b7d5460e9402f9323cae903b38347
I20260608 10:01:37.954937 14046 raft_consensus.cc:2804] T 00000000000000000000000000000000 P a8203e8295c34b689f00aa1a979fbf9e [term 1 FOLLOWER]: Leader election won for term 1
I20260608 10:01:37.956284 14046 raft_consensus.cc:697] T 00000000000000000000000000000000 P a8203e8295c34b689f00aa1a979fbf9e [term 1 LEADER]: Becoming Leader. State: Replica: a8203e8295c34b689f00aa1a979fbf9e, State: Running, Role: LEADER
I20260608 10:01:37.957432 12772 rpc_server.cc:307] RPC server started. Bound to: 127.12.121.3:39395
I20260608 10:01:37.957635 14312 acceptor_pool.cc:272] collecting diagnostics on the listening RPC socket 127.12.121.3:39395 every 8 connection(s)
I20260608 10:01:37.957700 14046 consensus_queue.cc:237] T 00000000000000000000000000000000 P a8203e8295c34b689f00aa1a979fbf9e [LEADER]: Queue going to LEADER mode. State: All replicated index: 0, Majority replicated index: 0, Committed index: 0, Last appended: 0.0, Last appended by leader: 0, Current term: 1, Majority size: 2, State: 0, Mode: LEADER, active raft config: opid_index: -1 OBSOLETE_local: false peers { permanent_uuid: "f61b7d5460e9402f9323cae903b38347" member_type: VOTER last_known_addr { host: "127.12.121.62" port: 41589 } } peers { permanent_uuid: "a8203e8295c34b689f00aa1a979fbf9e" member_type: VOTER last_known_addr { host: "127.12.121.61" port: 44069 } } peers { permanent_uuid: "46168852344a4f6d9c24122a39351633" member_type: VOTER last_known_addr { host: "127.12.121.60" port: 39767 } }
I20260608 10:01:37.963939 14310 sys_catalog.cc:455] T 00000000000000000000000000000000 P a8203e8295c34b689f00aa1a979fbf9e [sys.catalog]: SysCatalogTable state changed. Reason: New leader a8203e8295c34b689f00aa1a979fbf9e. Latest consensus state: current_term: 1 leader_uuid: "a8203e8295c34b689f00aa1a979fbf9e" committed_config { opid_index: -1 OBSOLETE_local: false peers { permanent_uuid: "f61b7d5460e9402f9323cae903b38347" member_type: VOTER last_known_addr { host: "127.12.121.62" port: 41589 } } peers { permanent_uuid: "a8203e8295c34b689f00aa1a979fbf9e" member_type: VOTER last_known_addr { host: "127.12.121.61" port: 44069 } } peers { permanent_uuid: "46168852344a4f6d9c24122a39351633" member_type: VOTER last_known_addr { host: "127.12.121.60" port: 39767 } } }
I20260608 10:01:37.964782 14310 sys_catalog.cc:458] T 00000000000000000000000000000000 P a8203e8295c34b689f00aa1a979fbf9e [sys.catalog]: This master's current role is: LEADER
I20260608 10:01:37.981091 14317 catalog_manager.cc:1510] Loading table and tablet metadata into memory...
I20260608 10:01:37.988682 14317 catalog_manager.cc:1519] Initializing Kudu cluster ID...
I20260608 10:01:38.000948 14316 heartbeater.cc:344] Connected to a master server at 127.12.121.62:41589
I20260608 10:01:38.001627 14316 heartbeater.cc:461] Registering TS with master...
I20260608 10:01:38.002878 14316 heartbeater.cc:507] Master 127.12.121.62:41589 requested a full tablet report, sending...
I20260608 10:01:38.006656 13876 ts_manager.cc:194] Registered new tserver with Master: 6bd67ca7ea564a8f89b09148d9902ffd (127.12.121.3:39395)
I20260608 10:01:38.013962 13886 raft_consensus.cc:1275] T 00000000000000000000000000000000 P f61b7d5460e9402f9323cae903b38347 [term 1 FOLLOWER]: Refusing update from remote peer a8203e8295c34b689f00aa1a979fbf9e: Log matching property violated. Preceding OpId in replica: term: 0 index: 0. Preceding OpId from leader: term: 1 index: 2. (index mismatch)
I20260608 10:01:38.014061 14015 raft_consensus.cc:1275] T 00000000000000000000000000000000 P 46168852344a4f6d9c24122a39351633 [term 1 FOLLOWER]: Refusing update from remote peer a8203e8295c34b689f00aa1a979fbf9e: Log matching property violated. Preceding OpId in replica: term: 0 index: 0. Preceding OpId from leader: term: 1 index: 2. (index mismatch)
I20260608 10:01:38.015797 14046 consensus_queue.cc:1048] T 00000000000000000000000000000000 P a8203e8295c34b689f00aa1a979fbf9e [LEADER]: Connected to new peer: Peer: permanent_uuid: "f61b7d5460e9402f9323cae903b38347" member_type: VOTER last_known_addr { host: "127.12.121.62" port: 41589 }, Status: LMP_MISMATCH, Last received: 0.0, Next index: 1, Last known committed idx: 0, Time since last communication: 0.000s
I20260608 10:01:38.016566 14310 consensus_queue.cc:1048] T 00000000000000000000000000000000 P a8203e8295c34b689f00aa1a979fbf9e [LEADER]: Connected to new peer: Peer: permanent_uuid: "46168852344a4f6d9c24122a39351633" member_type: VOTER last_known_addr { host: "127.12.121.60" port: 39767 }, Status: LMP_MISMATCH, Last received: 0.0, Next index: 1, Last known committed idx: 0, Time since last communication: 0.000s
I20260608 10:01:38.017520 14313 heartbeater.cc:344] Connected to a master server at 127.12.121.61:44069
I20260608 10:01:38.017999 14313 heartbeater.cc:461] Registering TS with master...
I20260608 10:01:38.019006 14313 heartbeater.cc:507] Master 127.12.121.61:44069 requested a full tablet report, sending...
I20260608 10:01:38.021358 13941 ts_manager.cc:194] Registered new tserver with Master: 6bd67ca7ea564a8f89b09148d9902ffd (127.12.121.3:39395)
I20260608 10:01:38.023264 14315 heartbeater.cc:344] Connected to a master server at 127.12.121.60:39767
I20260608 10:01:38.023597 14315 heartbeater.cc:461] Registering TS with master...
I20260608 10:01:38.024518 14315 heartbeater.cc:507] Master 127.12.121.60:39767 requested a full tablet report, sending...
I20260608 10:01:38.030817 14062 sys_catalog.cc:455] T 00000000000000000000000000000000 P f61b7d5460e9402f9323cae903b38347 [sys.catalog]: SysCatalogTable state changed. Reason: New leader a8203e8295c34b689f00aa1a979fbf9e. Latest consensus state: current_term: 1 leader_uuid: "a8203e8295c34b689f00aa1a979fbf9e" committed_config { opid_index: -1 OBSOLETE_local: false peers { permanent_uuid: "f61b7d5460e9402f9323cae903b38347" member_type: VOTER last_known_addr { host: "127.12.121.62" port: 41589 } } peers { permanent_uuid: "a8203e8295c34b689f00aa1a979fbf9e" member_type: VOTER last_known_addr { host: "127.12.121.61" port: 44069 } } peers { permanent_uuid: "46168852344a4f6d9c24122a39351633" member_type: VOTER last_known_addr { host: "127.12.121.60" port: 39767 } } }
I20260608 10:01:38.031406 14062 sys_catalog.cc:458] T 00000000000000000000000000000000 P f61b7d5460e9402f9323cae903b38347 [sys.catalog]: This master's current role is: FOLLOWER
I20260608 10:01:38.034926 14061 sys_catalog.cc:455] T 00000000000000000000000000000000 P 46168852344a4f6d9c24122a39351633 [sys.catalog]: SysCatalogTable state changed. Reason: New leader a8203e8295c34b689f00aa1a979fbf9e. Latest consensus state: current_term: 1 leader_uuid: "a8203e8295c34b689f00aa1a979fbf9e" committed_config { opid_index: -1 OBSOLETE_local: false peers { permanent_uuid: "f61b7d5460e9402f9323cae903b38347" member_type: VOTER last_known_addr { host: "127.12.121.62" port: 41589 } } peers { permanent_uuid: "a8203e8295c34b689f00aa1a979fbf9e" member_type: VOTER last_known_addr { host: "127.12.121.61" port: 44069 } } peers { permanent_uuid: "46168852344a4f6d9c24122a39351633" member_type: VOTER last_known_addr { host: "127.12.121.60" port: 39767 } } }
I20260608 10:01:38.035648 14061 sys_catalog.cc:458] T 00000000000000000000000000000000 P 46168852344a4f6d9c24122a39351633 [sys.catalog]: This master's current role is: FOLLOWER
I20260608 10:01:38.038388 14006 ts_manager.cc:194] Registered new tserver with Master: 6bd67ca7ea564a8f89b09148d9902ffd (127.12.121.3:39395)
I20260608 10:01:38.041338 12772 internal_mini_cluster.cc:371] 3 TS(s) registered with all masters after 0.051520214s
I20260608 10:01:38.047375 14062 sys_catalog.cc:455] T 00000000000000000000000000000000 P f61b7d5460e9402f9323cae903b38347 [sys.catalog]: SysCatalogTable state changed. Reason: Replicated consensus-only round. Latest consensus state: current_term: 1 leader_uuid: "a8203e8295c34b689f00aa1a979fbf9e" committed_config { opid_index: -1 OBSOLETE_local: false peers { permanent_uuid: "f61b7d5460e9402f9323cae903b38347" member_type: VOTER last_known_addr { host: "127.12.121.62" port: 41589 } } peers { permanent_uuid: "a8203e8295c34b689f00aa1a979fbf9e" member_type: VOTER last_known_addr { host: "127.12.121.61" port: 44069 } } peers { permanent_uuid: "46168852344a4f6d9c24122a39351633" member_type: VOTER last_known_addr { host: "127.12.121.60" port: 39767 } } }
I20260608 10:01:38.048117 14062 sys_catalog.cc:458] T 00000000000000000000000000000000 P f61b7d5460e9402f9323cae903b38347 [sys.catalog]: This master's current role is: FOLLOWER
I20260608 10:01:38.051100 14046 sys_catalog.cc:455] T 00000000000000000000000000000000 P a8203e8295c34b689f00aa1a979fbf9e [sys.catalog]: SysCatalogTable state changed. Reason: Peer health change. Latest consensus state: current_term: 1 leader_uuid: "a8203e8295c34b689f00aa1a979fbf9e" committed_config { opid_index: -1 OBSOLETE_local: false peers { permanent_uuid: "f61b7d5460e9402f9323cae903b38347" member_type: VOTER last_known_addr { host: "127.12.121.62" port: 41589 } } peers { permanent_uuid: "a8203e8295c34b689f00aa1a979fbf9e" member_type: VOTER last_known_addr { host: "127.12.121.61" port: 44069 } } peers { permanent_uuid: "46168852344a4f6d9c24122a39351633" member_type: VOTER last_known_addr { host: "127.12.121.60" port: 39767 } } }
I20260608 10:01:38.051862 14046 sys_catalog.cc:458] T 00000000000000000000000000000000 P a8203e8295c34b689f00aa1a979fbf9e [sys.catalog]: This master's current role is: LEADER
I20260608 10:01:38.052690 14317 catalog_manager.cc:1382] Generated new cluster ID: 24f7b42be8e14381a869b61733178f56
I20260608 10:01:38.053128 14317 catalog_manager.cc:1530] Initializing Kudu internal certificate authority...
I20260608 10:01:38.053128 14310 sys_catalog.cc:455] T 00000000000000000000000000000000 P a8203e8295c34b689f00aa1a979fbf9e [sys.catalog]: SysCatalogTable state changed. Reason: Peer health change. Latest consensus state: current_term: 1 leader_uuid: "a8203e8295c34b689f00aa1a979fbf9e" committed_config { opid_index: -1 OBSOLETE_local: false peers { permanent_uuid: "f61b7d5460e9402f9323cae903b38347" member_type: VOTER last_known_addr { host: "127.12.121.62" port: 41589 } } peers { permanent_uuid: "a8203e8295c34b689f00aa1a979fbf9e" member_type: VOTER last_known_addr { host: "127.12.121.61" port: 44069 } } peers { permanent_uuid: "46168852344a4f6d9c24122a39351633" member_type: VOTER last_known_addr { host: "127.12.121.60" port: 39767 } } }
I20260608 10:01:38.054265 14310 sys_catalog.cc:458] T 00000000000000000000000000000000 P a8203e8295c34b689f00aa1a979fbf9e [sys.catalog]: This master's current role is: LEADER
