I20260608 09:48:44.349427 19523 consensus_queue.cc:237] T 44665a46a7f644038ad1bb4b932bfbba P 3059ea01ca704e58a85e9c9087223ada [LEADER]: Queue going to LEADER mode. State: All replicated index: 0, Majority replicated index: 3, Committed index: 3, Last appended: 1.3, Last appended by leader: 0, Current term: 1, Majority size: 2, State: 0, Mode: LEADER, active raft config: opid_index: 4 OBSOLETE_local: false peers { permanent_uuid: "3059ea01ca704e58a85e9c9087223ada" member_type: VOTER last_known_addr { host: "127.16.43.129" port: 34951 } } peers { permanent_uuid: "25a6211635434a009a26dd975f19875d" member_type: VOTER last_known_addr { host: "127.16.43.130" port: 43883 } } peers { permanent_uuid: "2e765414fbeb412c9a53f1e3c07f2100" member_type: VOTER last_known_addr { host: "127.16.43.132" port: 44459 } attrs { promote: false } }
I20260608 09:48:44.356662 19600 raft_consensus.cc:1275] T 44665a46a7f644038ad1bb4b932bfbba P 25a6211635434a009a26dd975f19875d [term 1 FOLLOWER]: Refusing update from remote peer 3059ea01ca704e58a85e9c9087223ada: Log matching property violated. Preceding OpId in replica: term: 1 index: 3. Preceding OpId from leader: term: 1 index: 4. (index mismatch)
I20260608 09:48:44.356652 19832 raft_consensus.cc:1275] T 44665a46a7f644038ad1bb4b932bfbba P 2e765414fbeb412c9a53f1e3c07f2100 [term 1 FOLLOWER]: Refusing update from remote peer 3059ea01ca704e58a85e9c9087223ada: Log matching property violated. Preceding OpId in replica: term: 1 index: 3. Preceding OpId from leader: term: 1 index: 4. (index mismatch)
I20260608 09:48:44.358075 19758 consensus_queue.cc:1048] T 44665a46a7f644038ad1bb4b932bfbba P 3059ea01ca704e58a85e9c9087223ada [LEADER]: Connected to new peer: Peer: permanent_uuid: "25a6211635434a009a26dd975f19875d" member_type: VOTER last_known_addr { host: "127.16.43.130" port: 43883 }, Status: LMP_MISMATCH, Last received: 0.0, Next index: 4, Last known committed idx: 3, Time since last communication: 0.000s
I20260608 09:48:44.359000 19915 consensus_queue.cc:1048] T 44665a46a7f644038ad1bb4b932bfbba P 3059ea01ca704e58a85e9c9087223ada [LEADER]: Connected to new peer: Peer: permanent_uuid: "2e765414fbeb412c9a53f1e3c07f2100" member_type: VOTER last_known_addr { host: "127.16.43.132" port: 44459 } attrs { promote: false }, Status: LMP_MISMATCH, Last received: 0.0, Next index: 4, Last known committed idx: 3, Time since last communication: 0.000s
I20260608 09:48:44.367528 19915 raft_consensus.cc:2955] T 44665a46a7f644038ad1bb4b932bfbba P 3059ea01ca704e58a85e9c9087223ada [term 1 LEADER]: Committing config change with OpId 1.4: config changed from index 3 to 4, VOTER c9d27ce87283450788637e6f2a180b2d (127.16.43.131) evicted. New config: { opid_index: 4 OBSOLETE_local: false peers { permanent_uuid: "3059ea01ca704e58a85e9c9087223ada" member_type: VOTER last_known_addr { host: "127.16.43.129" port: 34951 } } peers { permanent_uuid: "25a6211635434a009a26dd975f19875d" member_type: VOTER last_known_addr { host: "127.16.43.130" port: 43883 } } peers { permanent_uuid: "2e765414fbeb412c9a53f1e3c07f2100" member_type: VOTER last_known_addr { host: "127.16.43.132" port: 44459 } attrs { promote: false } } }
I20260608 09:48:44.369732 19832 raft_consensus.cc:2955] T 44665a46a7f644038ad1bb4b932bfbba P 2e765414fbeb412c9a53f1e3c07f2100 [term 1 FOLLOWER]: Committing config change with OpId 1.4: config changed from index 3 to 4, VOTER c9d27ce87283450788637e6f2a180b2d (127.16.43.131) evicted. New config: { opid_index: 4 OBSOLETE_local: false peers { permanent_uuid: "3059ea01ca704e58a85e9c9087223ada" member_type: VOTER last_known_addr { host: "127.16.43.129" port: 34951 } } peers { permanent_uuid: "25a6211635434a009a26dd975f19875d" member_type: VOTER last_known_addr { host: "127.16.43.130" port: 43883 } } peers { permanent_uuid: "2e765414fbeb412c9a53f1e3c07f2100" member_type: VOTER last_known_addr { host: "127.16.43.132" port: 44459 } attrs { promote: false } } }
I20260608 09:48:44.379701 19726 raft_consensus.cc:1064] T d480418d17ec4a0b9d13b7522a2a97de P c9d27ce87283450788637e6f2a180b2d: attempting to promote NON_VOTER 2e765414fbeb412c9a53f1e3c07f2100 to VOTER
I20260608 09:48:44.381893 19726 consensus_queue.cc:237] T d480418d17ec4a0b9d13b7522a2a97de P c9d27ce87283450788637e6f2a180b2d [LEADER]: Queue going to LEADER mode. State: All replicated index: 0, Majority replicated index: 2, Committed index: 2, Last appended: 1.2, Last appended by leader: 0, Current term: 1, Majority size: 3, State: 0, Mode: LEADER, active raft config: opid_index: 3 OBSOLETE_local: false peers { permanent_uuid: "3059ea01ca704e58a85e9c9087223ada" member_type: VOTER last_known_addr { host: "127.16.43.129" port: 34951 } attrs { replace: true } } peers { permanent_uuid: "25a6211635434a009a26dd975f19875d" member_type: VOTER last_known_addr { host: "127.16.43.130" port: 43883 } } peers { permanent_uuid: "c9d27ce87283450788637e6f2a180b2d" member_type: VOTER last_known_addr { host: "127.16.43.131" port: 41103 } } peers { permanent_uuid: "2e765414fbeb412c9a53f1e3c07f2100" member_type: VOTER last_known_addr { host: "127.16.43.132" port: 44459 } attrs { promote: false } }
I20260608 09:48:44.388195 19407 catalog_manager.cc:5209] ChangeConfig:REMOVE_PEER RPC for tablet 44665a46a7f644038ad1bb4b932bfbba with cas_config_opid_index 3: ChangeConfig:REMOVE_PEER succeeded (attempt 1)
I20260608 09:48:44.387501 19419 catalog_manager.cc:5696] T 44665a46a7f644038ad1bb4b932bfbba P 2e765414fbeb412c9a53f1e3c07f2100 reported cstate change: config changed from index 3 to 4, VOTER c9d27ce87283450788637e6f2a180b2d (127.16.43.131) evicted. New cstate: current_term: 1 leader_uuid: "3059ea01ca704e58a85e9c9087223ada" committed_config { opid_index: 4 OBSOLETE_local: false peers { permanent_uuid: "3059ea01ca704e58a85e9c9087223ada" member_type: VOTER last_known_addr { host: "127.16.43.129" port: 34951 } } peers { permanent_uuid: "25a6211635434a009a26dd975f19875d" member_type: VOTER last_known_addr { host: "127.16.43.130" port: 43883 } } peers { permanent_uuid: "2e765414fbeb412c9a53f1e3c07f2100" member_type: VOTER last_known_addr { host: "127.16.43.132" port: 44459 } attrs { promote: false } } }
I20260608 09:48:44.392875 19600 raft_consensus.cc:2955] T 44665a46a7f644038ad1bb4b932bfbba P 25a6211635434a009a26dd975f19875d [term 1 FOLLOWER]: Committing config change with OpId 1.4: config changed from index 3 to 4, VOTER c9d27ce87283450788637e6f2a180b2d (127.16.43.131) evicted. New config: { opid_index: 4 OBSOLETE_local: false peers { permanent_uuid: "3059ea01ca704e58a85e9c9087223ada" member_type: VOTER last_known_addr { host: "127.16.43.129" port: 34951 } } peers { permanent_uuid: "25a6211635434a009a26dd975f19875d" member_type: VOTER last_known_addr { host: "127.16.43.130" port: 43883 } } peers { permanent_uuid: "2e765414fbeb412c9a53f1e3c07f2100" member_type: VOTER last_known_addr { host: "127.16.43.132" port: 44459 } attrs { promote: false } } }
I20260608 09:48:44.395990 19832 raft_consensus.cc:1275] T d480418d17ec4a0b9d13b7522a2a97de P 2e765414fbeb412c9a53f1e3c07f2100 [term 1 LEARNER]: Refusing update from remote peer c9d27ce87283450788637e6f2a180b2d: Log matching property violated. Preceding OpId in replica: term: 1 index: 2. Preceding OpId from leader: term: 1 index: 3. (index mismatch)
I20260608 09:48:44.397918 19982 consensus_queue.cc:1048] T d480418d17ec4a0b9d13b7522a2a97de P c9d27ce87283450788637e6f2a180b2d [LEADER]: Connected to new peer: Peer: permanent_uuid: "2e765414fbeb412c9a53f1e3c07f2100" member_type: VOTER last_known_addr { host: "127.16.43.132" port: 44459 } attrs { promote: false }, Status: LMP_MISMATCH, Last received: 0.0, Next index: 3, Last known committed idx: 2, Time since last communication: 0.000s
I20260608 09:48:44.414911 19661 tablet_service.cc:1558] Processing DeleteTablet for tablet 44665a46a7f644038ad1bb4b932bfbba with delete_type TABLET_DATA_TOMBSTONED (TS c9d27ce87283450788637e6f2a180b2d not found in new config with opid_index 4) from {username='slave'} at 127.0.0.1:32956
I20260608 09:48:44.419200 20007 tablet_replica.cc:333] T 44665a46a7f644038ad1bb4b932bfbba P c9d27ce87283450788637e6f2a180b2d: stopping tablet replica
I20260608 09:48:44.419312 19600 raft_consensus.cc:1275] T d480418d17ec4a0b9d13b7522a2a97de P 25a6211635434a009a26dd975f19875d [term 1 FOLLOWER]: Refusing update from remote peer c9d27ce87283450788637e6f2a180b2d: Log matching property violated. Preceding OpId in replica: term: 1 index: 2. Preceding OpId from leader: term: 1 index: 3. (index mismatch)
I20260608 09:48:44.420194 19523 raft_consensus.cc:1275] T d480418d17ec4a0b9d13b7522a2a97de P 3059ea01ca704e58a85e9c9087223ada [term 1 FOLLOWER]: Refusing update from remote peer c9d27ce87283450788637e6f2a180b2d: Log matching property violated. Preceding OpId in replica: term: 1 index: 2. Preceding OpId from leader: term: 1 index: 3. (index mismatch)
I20260608 09:48:44.420651 20007 raft_consensus.cc:2243] T 44665a46a7f644038ad1bb4b932bfbba P c9d27ce87283450788637e6f2a180b2d [term 1 FOLLOWER]: Raft consensus shutting down.
I20260608 09:48:44.421579 20007 raft_consensus.cc:2272] T 44665a46a7f644038ad1bb4b932bfbba P c9d27ce87283450788637e6f2a180b2d [term 1 FOLLOWER]: Raft consensus is shut down!
I20260608 09:48:44.421976 19982 consensus_queue.cc:1048] T d480418d17ec4a0b9d13b7522a2a97de P c9d27ce87283450788637e6f2a180b2d [LEADER]: Connected to new peer: Peer: permanent_uuid: "25a6211635434a009a26dd975f19875d" member_type: VOTER last_known_addr { host: "127.16.43.130" port: 43883 }, Status: LMP_MISMATCH, Last received: 0.0, Next index: 3, Last known committed idx: 2, Time since last communication: 0.000s
I20260608 09:48:44.424315 19982 consensus_queue.cc:1048] T d480418d17ec4a0b9d13b7522a2a97de P c9d27ce87283450788637e6f2a180b2d [LEADER]: Connected to new peer: Peer: permanent_uuid: "3059ea01ca704e58a85e9c9087223ada" member_type: VOTER last_known_addr { host: "127.16.43.129" port: 34951 } attrs { replace: true }, Status: LMP_MISMATCH, Last received: 0.0, Next index: 3, Last known committed idx: 2, Time since last communication: 0.000s
I20260608 09:48:44.425685 20007 ts_tablet_manager.cc:1916] T 44665a46a7f644038ad1bb4b932bfbba P c9d27ce87283450788637e6f2a180b2d: Deleting tablet data with delete state TABLET_DATA_TOMBSTONED
I20260608 09:48:44.441658 19982 raft_consensus.cc:2955] T d480418d17ec4a0b9d13b7522a2a97de P c9d27ce87283450788637e6f2a180b2d [term 1 LEADER]: Committing config change with OpId 1.3: config changed from index 2 to 3, 2e765414fbeb412c9a53f1e3c07f2100 (127.16.43.132) changed from NON_VOTER to VOTER. New config: { opid_index: 3 OBSOLETE_local: false peers { permanent_uuid: "3059ea01ca704e58a85e9c9087223ada" member_type: VOTER last_known_addr { host: "127.16.43.129" port: 34951 } attrs { replace: true } } peers { permanent_uuid: "25a6211635434a009a26dd975f19875d" member_type: VOTER last_known_addr { host: "127.16.43.130" port: 43883 } } peers { permanent_uuid: "c9d27ce87283450788637e6f2a180b2d" member_type: VOTER last_known_addr { host: "127.16.43.131" port: 41103 } } peers { permanent_uuid: "2e765414fbeb412c9a53f1e3c07f2100" member_type: VOTER last_known_addr { host: "127.16.43.132" port: 44459 } attrs { promote: false } } }
I20260608 09:48:44.447479 19599 raft_consensus.cc:2955] T d480418d17ec4a0b9d13b7522a2a97de P 25a6211635434a009a26dd975f19875d [term 1 FOLLOWER]: Committing config change with OpId 1.3: config changed from index 2 to 3, 2e765414fbeb412c9a53f1e3c07f2100 (127.16.43.132) changed from NON_VOTER to VOTER. New config: { opid_index: 3 OBSOLETE_local: false peers { permanent_uuid: "3059ea01ca704e58a85e9c9087223ada" member_type: VOTER last_known_addr { host: "127.16.43.129" port: 34951 } attrs { replace: true } } peers { permanent_uuid: "25a6211635434a009a26dd975f19875d" member_type: VOTER last_known_addr { host: "127.16.43.130" port: 43883 } } peers { permanent_uuid: "c9d27ce87283450788637e6f2a180b2d" member_type: VOTER last_known_addr { host: "127.16.43.131" port: 41103 } } peers { permanent_uuid: "2e765414fbeb412c9a53f1e3c07f2100" member_type: VOTER last_known_addr { host: "127.16.43.132" port: 44459 } attrs { promote: false } } }
I20260608 09:48:44.451560 20007 ts_tablet_manager.cc:1929] T 44665a46a7f644038ad1bb4b932bfbba P c9d27ce87283450788637e6f2a180b2d: tablet deleted with delete type TABLET_DATA_TOMBSTONED: last-logged OpId 1.3
I20260608 09:48:44.452050 20007 log.cc:1199] T 44665a46a7f644038ad1bb4b932bfbba P c9d27ce87283450788637e6f2a180b2d: Deleting WAL directory at /tmp/dist-test-taskbzPVp0/test-tmp/auto_rebalancer-test.0.AutoRebalancerTest.RangeAwareRebalancesNewRangeReplicas.1780912042822921-16558-0/minicluster-data/ts-2-root/wals/44665a46a7f644038ad1bb4b932bfbba
I20260608 09:48:44.452406 19476 auto_leader_rebalancer.cc:140] leader rebalance for table range_aware_rebalance_new_range
I20260608 09:48:44.453379 19523 raft_consensus.cc:2955] T d480418d17ec4a0b9d13b7522a2a97de P 3059ea01ca704e58a85e9c9087223ada [term 1 FOLLOWER]: Committing config change with OpId 1.3: config changed from index 2 to 3, 2e765414fbeb412c9a53f1e3c07f2100 (127.16.43.132) changed from NON_VOTER to VOTER. New config: { opid_index: 3 OBSOLETE_local: false peers { permanent_uuid: "3059ea01ca704e58a85e9c9087223ada" member_type: VOTER last_known_addr { host: "127.16.43.129" port: 34951 } attrs { replace: true } } peers { permanent_uuid: "25a6211635434a009a26dd975f19875d" member_type: VOTER last_known_addr { host: "127.16.43.130" port: 43883 } } peers { permanent_uuid: "c9d27ce87283450788637e6f2a180b2d" member_type: VOTER last_known_addr { host: "127.16.43.131" port: 41103 } } peers { permanent_uuid: "2e765414fbeb412c9a53f1e3c07f2100" member_type: VOTER last_known_addr { host: "127.16.43.132" port: 44459 } attrs { promote: false } } }
I20260608 09:48:44.456110 19410 catalog_manager.cc:5027] TS c9d27ce87283450788637e6f2a180b2d (127.16.43.131:41103): tablet 44665a46a7f644038ad1bb4b932bfbba (table range_aware_rebalance_new_range [id=7399c0f5168c4f6abc14adb858aa968a]) successfully deleted
I20260608 09:48:44.457545 19832 raft_consensus.cc:2955] T d480418d17ec4a0b9d13b7522a2a97de P 2e765414fbeb412c9a53f1e3c07f2100 [term 1 FOLLOWER]: Committing config change with OpId 1.3: config changed from index 2 to 3, 2e765414fbeb412c9a53f1e3c07f2100 (127.16.43.132) changed from NON_VOTER to VOTER. New config: { opid_index: 3 OBSOLETE_local: false peers { permanent_uuid: "3059ea01ca704e58a85e9c9087223ada" member_type: VOTER last_known_addr { host: "127.16.43.129" port: 34951 } attrs { replace: true } } peers { permanent_uuid: "25a6211635434a009a26dd975f19875d" member_type: VOTER last_known_addr { host: "127.16.43.130" port: 43883 } } peers { permanent_uuid: "c9d27ce87283450788637e6f2a180b2d" member_type: VOTER last_known_addr { host: "127.16.43.131" port: 41103 } } peers { permanent_uuid: "2e765414fbeb412c9a53f1e3c07f2100" member_type: VOTER last_known_addr { host: "127.16.43.132" port: 44459 } attrs { promote: false } } }
I20260608 09:48:44.462616 19419 catalog_manager.cc:5696] T d480418d17ec4a0b9d13b7522a2a97de P c9d27ce87283450788637e6f2a180b2d reported cstate change: config changed from index 2 to 3, 2e765414fbeb412c9a53f1e3c07f2100 (127.16.43.132) changed from NON_VOTER to VOTER. New cstate: current_term: 1 leader_uuid: "c9d27ce87283450788637e6f2a180b2d" committed_config { opid_index: 3 OBSOLETE_local: false peers { permanent_uuid: "3059ea01ca704e58a85e9c9087223ada" member_type: VOTER last_known_addr { host: "127.16.43.129" port: 34951 } attrs { replace: true } health_report { overall_health: HEALTHY } } peers { permanent_uuid: "25a6211635434a009a26dd975f19875d" member_type: VOTER last_known_addr { host: "127.16.43.130" port: 43883 } health_report { overall_health: HEALTHY } } peers { permanent_uuid: "c9d27ce87283450788637e6f2a180b2d" member_type: VOTER last_known_addr { host: "127.16.43.131" port: 41103 } health_report { overall_health: HEALTHY } } peers { permanent_uuid: "2e765414fbeb412c9a53f1e3c07f2100" member_type: VOTER last_known_addr { host: "127.16.43.132" port: 44459 } attrs { promote: false } health_report { overall_health: HEALTHY } } }
I20260608 09:48:44.484122 19672 consensus_queue.cc:237] T d480418d17ec4a0b9d13b7522a2a97de P c9d27ce87283450788637e6f2a180b2d [LEADER]: Queue going to LEADER mode. State: All replicated index: 0, Majority replicated index: 3, Committed index: 3, Last appended: 1.3, Last appended by leader: 0, Current term: 1, Majority size: 2, State: 0, Mode: LEADER, active raft config: opid_index: 4 OBSOLETE_local: false peers { permanent_uuid: "25a6211635434a009a26dd975f19875d" member_type: VOTER last_known_addr { host: "127.16.43.130" port: 43883 } } peers { permanent_uuid: "c9d27ce87283450788637e6f2a180b2d" member_type: VOTER last_known_addr { host: "127.16.43.131" port: 41103 } } peers { permanent_uuid: "2e765414fbeb412c9a53f1e3c07f2100" member_type: VOTER last_known_addr { host: "127.16.43.132" port: 44459 } attrs { promote: false } }
I20260608 09:48:44.496335 19599 raft_consensus.cc:1275] T d480418d17ec4a0b9d13b7522a2a97de P 25a6211635434a009a26dd975f19875d [term 1 FOLLOWER]: Refusing update from remote peer c9d27ce87283450788637e6f2a180b2d: Log matching property violated. Preceding OpId in replica: term: 1 index: 3. Preceding OpId from leader: term: 1 index: 4. (index mismatch)
I20260608 09:48:44.497215 19832 raft_consensus.cc:1275] T d480418d17ec4a0b9d13b7522a2a97de P 2e765414fbeb412c9a53f1e3c07f2100 [term 1 FOLLOWER]: Refusing update from remote peer c9d27ce87283450788637e6f2a180b2d: Log matching property violated. Preceding OpId in replica: term: 1 index: 3. Preceding OpId from leader: term: 1 index: 4. (index mismatch)
I20260608 09:48:44.499387 19983 consensus_queue.cc:1048] T d480418d17ec4a0b9d13b7522a2a97de P c9d27ce87283450788637e6f2a180b2d [LEADER]: Connected to new peer: Peer: permanent_uuid: "2e765414fbeb412c9a53f1e3c07f2100" member_type: VOTER last_known_addr { host: "127.16.43.132" port: 44459 } attrs { promote: false }, Status: LMP_MISMATCH, Last received: 0.0, Next index: 4, Last known committed idx: 3, Time since last communication: 0.000s
I20260608 09:48:44.508807 19983 consensus_queue.cc:1048] T d480418d17ec4a0b9d13b7522a2a97de P c9d27ce87283450788637e6f2a180b2d [LEADER]: Connected to new peer: Peer: permanent_uuid: "25a6211635434a009a26dd975f19875d" member_type: VOTER last_known_addr { host: "127.16.43.130" port: 43883 }, Status: LMP_MISMATCH, Last received: 0.0, Next index: 4, Last known committed idx: 3, Time since last communication: 0.000s
I20260608 09:48:44.513170 19726 raft_consensus.cc:2955] T d480418d17ec4a0b9d13b7522a2a97de P c9d27ce87283450788637e6f2a180b2d [term 1 LEADER]: Committing config change with OpId 1.4: config changed from index 3 to 4, VOTER 3059ea01ca704e58a85e9c9087223ada (127.16.43.129) evicted. New config: { opid_index: 4 OBSOLETE_local: false peers { permanent_uuid: "25a6211635434a009a26dd975f19875d" member_type: VOTER last_known_addr { host: "127.16.43.130" port: 43883 } } peers { permanent_uuid: "c9d27ce87283450788637e6f2a180b2d" member_type: VOTER last_known_addr { host: "127.16.43.131" port: 41103 } } peers { permanent_uuid: "2e765414fbeb412c9a53f1e3c07f2100" member_type: VOTER last_known_addr { host: "127.16.43.132" port: 44459 } attrs { promote: false } } }
I20260608 09:48:44.516507 19832 raft_consensus.cc:2955] T d480418d17ec4a0b9d13b7522a2a97de P 2e765414fbeb412c9a53f1e3c07f2100 [term 1 FOLLOWER]: Committing config change with OpId 1.4: config changed from index 3 to 4, VOTER 3059ea01ca704e58a85e9c9087223ada (127.16.43.129) evicted. New config: { opid_index: 4 OBSOLETE_local: false peers { permanent_uuid: "25a6211635434a009a26dd975f19875d" member_type: VOTER last_known_addr { host: "127.16.43.130" port: 43883 } } peers { permanent_uuid: "c9d27ce87283450788637e6f2a180b2d" member_type: VOTER last_known_addr { host: "127.16.43.131" port: 41103 } } peers { permanent_uuid: "2e765414fbeb412c9a53f1e3c07f2100" member_type: VOTER last_known_addr { host: "127.16.43.132" port: 44459 } attrs { promote: false } } }
I20260608 09:48:44.518771 19599 raft_consensus.cc:2955] T d480418d17ec4a0b9d13b7522a2a97de P 25a6211635434a009a26dd975f19875d [term 1 FOLLOWER]: Committing config change with OpId 1.4: config changed from index 3 to 4, VOTER 3059ea01ca704e58a85e9c9087223ada (127.16.43.129) evicted. New config: { opid_index: 4 OBSOLETE_local: false peers { permanent_uuid: "25a6211635434a009a26dd975f19875d" member_type: VOTER last_known_addr { host: "127.16.43.130" port: 43883 } } peers { permanent_uuid: "c9d27ce87283450788637e6f2a180b2d" member_type: VOTER last_known_addr { host: "127.16.43.131" port: 41103 } } peers { permanent_uuid: "2e765414fbeb412c9a53f1e3c07f2100" member_type: VOTER last_known_addr { host: "127.16.43.132" port: 44459 } attrs { promote: false } } }
I20260608 09:48:44.523155 19410 catalog_manager.cc:5209] ChangeConfig:REMOVE_PEER RPC for tablet d480418d17ec4a0b9d13b7522a2a97de with cas_config_opid_index 3: ChangeConfig:REMOVE_PEER succeeded (attempt 1)
I20260608 09:48:44.528244 19422 catalog_manager.cc:5696] T d480418d17ec4a0b9d13b7522a2a97de P c9d27ce87283450788637e6f2a180b2d reported cstate change: config changed from index 3 to 4, VOTER 3059ea01ca704e58a85e9c9087223ada (127.16.43.129) evicted. New cstate: current_term: 1 leader_uuid: "c9d27ce87283450788637e6f2a180b2d" committed_config { opid_index: 4 OBSOLETE_local: false peers { permanent_uuid: "25a6211635434a009a26dd975f19875d" member_type: VOTER last_known_addr { host: "127.16.43.130" port: 43883 } health_report { overall_health: HEALTHY } } peers { permanent_uuid: "c9d27ce87283450788637e6f2a180b2d" member_type: VOTER last_known_addr { host: "127.16.43.131" port: 41103 } health_report { overall_health: HEALTHY } } peers { permanent_uuid: "2e765414fbeb412c9a53f1e3c07f2100" member_type: VOTER last_known_addr { host: "127.16.43.132" port: 44459 } attrs { promote: false } health_report { overall_health: HEALTHY } } }
I20260608 09:48:44.532204 19599 tablet_service.cc:2072] Received LeaderStepDown RPC: tablet_id: "f9325750ce7946dfb8b60fbab03601c4"
dest_uuid: "25a6211635434a009a26dd975f19875d"
mode: GRACEFUL
new_leader_uuid: "3059ea01ca704e58a85e9c9087223ada"
 from {username='slave'} at 127.0.0.1:56250
I20260608 09:48:44.532960 19599 raft_consensus.cc:606] T f9325750ce7946dfb8b60fbab03601c4 P 25a6211635434a009a26dd975f19875d [term 1 LEADER]: Received request to transfer leadership to TS 3059ea01ca704e58a85e9c9087223ada
I20260608 09:48:44.535369 19476 auto_leader_rebalancer.cc:388] table: range_aware_rebalance_new_range, leader rebalance finish, leader transfer count: 1
I20260608 09:48:44.536211 19476 auto_leader_rebalancer.cc:451] All tables' leader rebalancing finished this round
I20260608 09:48:44.542150 19509 tablet_service.cc:1558] Processing DeleteTablet for tablet d480418d17ec4a0b9d13b7522a2a97de with delete_type TABLET_DATA_TOMBSTONED (TS 3059ea01ca704e58a85e9c9087223ada not found in new config with opid_index 4) from {username='slave'} at 127.0.0.1:35878
I20260608 09:48:44.543222 19999 tablet_replica.cc:333] T d480418d17ec4a0b9d13b7522a2a97de P 3059ea01ca704e58a85e9c9087223ada: stopping tablet replica
I20260608 09:48:44.544327 19999 raft_consensus.cc:2243] T d480418d17ec4a0b9d13b7522a2a97de P 3059ea01ca704e58a85e9c9087223ada [term 1 FOLLOWER]: Raft consensus shutting down.
I20260608 09:48:44.544986 19999 raft_consensus.cc:2272] T d480418d17ec4a0b9d13b7522a2a97de P 3059ea01ca704e58a85e9c9087223ada [term 1 FOLLOWER]: Raft consensus is shut down!
I20260608 09:48:44.547863 19999 ts_tablet_manager.cc:1916] T d480418d17ec4a0b9d13b7522a2a97de P 3059ea01ca704e58a85e9c9087223ada: Deleting tablet data with delete state TABLET_DATA_TOMBSTONED
I20260608 09:48:44.558487 19999 ts_tablet_manager.cc:1929] T d480418d17ec4a0b9d13b7522a2a97de P 3059ea01ca704e58a85e9c9087223ada: tablet deleted with delete type TABLET_DATA_TOMBSTONED: last-logged OpId 1.3
I20260608 09:48:44.558835 19999 log.cc:1199] T d480418d17ec4a0b9d13b7522a2a97de P 3059ea01ca704e58a85e9c9087223ada: Deleting WAL directory at /tmp/dist-test-taskbzPVp0/test-tmp/auto_rebalancer-test.0.AutoRebalancerTest.RangeAwareRebalancesNewRangeReplicas.1780912042822921-16558-0/minicluster-data/ts-0-root/wals/d480418d17ec4a0b9d13b7522a2a97de
I20260608 09:48:44.560247 19407 catalog_manager.cc:5027] TS 3059ea01ca704e58a85e9c9087223ada (127.16.43.129:34951): tablet d480418d17ec4a0b9d13b7522a2a97de (table range_aware_rebalance_new_range [id=7399c0f5168c4f6abc14adb858aa968a]) successfully deleted
I20260608 09:48:44.873713 20012 raft_consensus.cc:993] T f9325750ce7946dfb8b60fbab03601c4 P 25a6211635434a009a26dd975f19875d: : Instructing follower 3059ea01ca704e58a85e9c9087223ada to start an election
I20260608 09:48:44.874302 19978 raft_consensus.cc:1081] T f9325750ce7946dfb8b60fbab03601c4 P 25a6211635434a009a26dd975f19875d [term 1 LEADER]: Signalling peer 3059ea01ca704e58a85e9c9087223ada to start an election
I20260608 09:48:44.876056 19523 tablet_service.cc:2044] Received Run Leader Election RPC: tablet_id: "f9325750ce7946dfb8b60fbab03601c4"
dest_uuid: "3059ea01ca704e58a85e9c9087223ada"
 from {username='slave'} at 127.0.0.1:35894
I20260608 09:48:44.876626 19523 raft_consensus.cc:493] T f9325750ce7946dfb8b60fbab03601c4 P 3059ea01ca704e58a85e9c9087223ada [term 1 FOLLOWER]: Starting forced leader election (received explicit request)
I20260608 09:48:44.877049 19523 raft_consensus.cc:3060] T f9325750ce7946dfb8b60fbab03601c4 P 3059ea01ca704e58a85e9c9087223ada [term 1 FOLLOWER]: Advancing to term 2
I20260608 09:48:44.882151 19523 raft_consensus.cc:515] T f9325750ce7946dfb8b60fbab03601c4 P 3059ea01ca704e58a85e9c9087223ada [term 2 FOLLOWER]: Starting forced leader election with config: opid_index: -1 OBSOLETE_local: false peers { permanent_uuid: "3059ea01ca704e58a85e9c9087223ada" member_type: VOTER last_known_addr { host: "127.16.43.129" port: 34951 } } peers { permanent_uuid: "c9d27ce87283450788637e6f2a180b2d" member_type: VOTER last_known_addr { host: "127.16.43.131" port: 41103 } } peers { permanent_uuid: "25a6211635434a009a26dd975f19875d" member_type: VOTER last_known_addr { host: "127.16.43.130" port: 43883 } }
I20260608 09:48:44.884218 19523 leader_election.cc:290] T f9325750ce7946dfb8b60fbab03601c4 P 3059ea01ca704e58a85e9c9087223ada [CANDIDATE]: Term 2 election: Requested vote from peers c9d27ce87283450788637e6f2a180b2d (127.16.43.131:41103), 25a6211635434a009a26dd975f19875d (127.16.43.130:43883)
I20260608 09:48:44.885042 19673 tablet_service.cc:1917] Received RequestConsensusVote() RPC: tablet_id: "f9325750ce7946dfb8b60fbab03601c4" candidate_uuid: "3059ea01ca704e58a85e9c9087223ada" candidate_term: 2 candidate_status { last_received { term: 1 index: 1 } } ignore_live_leader: true dest_uuid: "c9d27ce87283450788637e6f2a180b2d"
I20260608 09:48:44.885535 19599 tablet_service.cc:1917] Received RequestConsensusVote() RPC: tablet_id: "f9325750ce7946dfb8b60fbab03601c4" candidate_uuid: "3059ea01ca704e58a85e9c9087223ada" candidate_term: 2 candidate_status { last_received { term: 1 index: 1 } } ignore_live_leader: true dest_uuid: "25a6211635434a009a26dd975f19875d"
I20260608 09:48:44.885763 19673 raft_consensus.cc:3060] T f9325750ce7946dfb8b60fbab03601c4 P c9d27ce87283450788637e6f2a180b2d [term 1 FOLLOWER]: Advancing to term 2
I20260608 09:48:44.886088 19599 raft_consensus.cc:3055] T f9325750ce7946dfb8b60fbab03601c4 P 25a6211635434a009a26dd975f19875d [term 1 LEADER]: Stepping down as leader of term 1
I20260608 09:48:44.886427 19599 raft_consensus.cc:740] T f9325750ce7946dfb8b60fbab03601c4 P 25a6211635434a009a26dd975f19875d [term 1 LEADER]: Becoming Follower/Learner. State: Replica: 25a6211635434a009a26dd975f19875d, State: Running, Role: LEADER
I20260608 09:48:44.887291 19599 consensus_queue.cc:260] T f9325750ce7946dfb8b60fbab03601c4 P 25a6211635434a009a26dd975f19875d [NON_LEADER]: Queue going to NON_LEADER mode. State: All replicated index: 0, Majority replicated index: 1, Committed index: 1, Last appended: 1.1, Last appended by leader: 1, Current term: 1, Majority size: -1, State: 0, Mode: NON_LEADER, active raft config: opid_index: -1 OBSOLETE_local: false peers { permanent_uuid: "3059ea01ca704e58a85e9c9087223ada" member_type: VOTER last_known_addr { host: "127.16.43.129" port: 34951 } } peers { permanent_uuid: "c9d27ce87283450788637e6f2a180b2d" member_type: VOTER last_known_addr { host: "127.16.43.131" port: 41103 } } peers { permanent_uuid: "25a6211635434a009a26dd975f19875d" member_type: VOTER last_known_addr { host: "127.16.43.130" port: 43883 } }
I20260608 09:48:44.888520 19599 raft_consensus.cc:3060] T f9325750ce7946dfb8b60fbab03601c4 P 25a6211635434a009a26dd975f19875d [term 1 FOLLOWER]: Advancing to term 2
I20260608 09:48:44.892176 19673 raft_consensus.cc:2468] T f9325750ce7946dfb8b60fbab03601c4 P c9d27ce87283450788637e6f2a180b2d [term 2 FOLLOWER]: Leader election vote request: Granting yes vote for candidate 3059ea01ca704e58a85e9c9087223ada in term 2.
I20260608 09:48:44.893496 19491 leader_election.cc:304] T f9325750ce7946dfb8b60fbab03601c4 P 3059ea01ca704e58a85e9c9087223ada [CANDIDATE]: Term 2 election: Election decided. Result: candidate won. Election summary: received 2 responses out of 3 voters: 2 yes votes; 0 no votes. yes voters: 3059ea01ca704e58a85e9c9087223ada, c9d27ce87283450788637e6f2a180b2d; no voters: 
I20260608 09:48:44.893620 19599 raft_consensus.cc:2468] T f9325750ce7946dfb8b60fbab03601c4 P 25a6211635434a009a26dd975f19875d [term 2 FOLLOWER]: Leader election vote request: Granting yes vote for candidate 3059ea01ca704e58a85e9c9087223ada in term 2.
I20260608 09:48:44.894377 19915 raft_consensus.cc:2804] T f9325750ce7946dfb8b60fbab03601c4 P 3059ea01ca704e58a85e9c9087223ada [term 2 FOLLOWER]: Leader election won for term 2
I20260608 09:48:44.894932 19915 raft_consensus.cc:697] T f9325750ce7946dfb8b60fbab03601c4 P 3059ea01ca704e58a85e9c9087223ada [term 2 LEADER]: Becoming Leader. State: Replica: 3059ea01ca704e58a85e9c9087223ada, State: Running, Role: LEADER
I20260608 09:48:44.895747 19915 consensus_queue.cc:237] T f9325750ce7946dfb8b60fbab03601c4 P 3059ea01ca704e58a85e9c9087223ada [LEADER]: Queue going to LEADER mode. State: All replicated index: 0, Majority replicated index: 1, Committed index: 1, Last appended: 1.1, Last appended by leader: 1, Current term: 2, Majority size: 2, State: 0, Mode: LEADER, active raft config: opid_index: -1 OBSOLETE_local: false peers { permanent_uuid: "3059ea01ca704e58a85e9c9087223ada" member_type: VOTER last_known_addr { host: "127.16.43.129" port: 34951 } } peers { permanent_uuid: "c9d27ce87283450788637e6f2a180b2d" member_type: VOTER last_known_addr { host: "127.16.43.131" port: 41103 } } peers { permanent_uuid: "25a6211635434a009a26dd975f19875d" member_type: VOTER last_known_addr { host: "127.16.43.130" port: 43883 } }
I20260608 09:48:44.903138 19421 catalog_manager.cc:5696] T f9325750ce7946dfb8b60fbab03601c4 P 3059ea01ca704e58a85e9c9087223ada reported cstate change: term changed from 1 to 2, leader changed from 25a6211635434a009a26dd975f19875d (127.16.43.130) to 3059ea01ca704e58a85e9c9087223ada (127.16.43.129). New cstate: current_term: 2 leader_uuid: "3059ea01ca704e58a85e9c9087223ada" committed_config { opid_index: -1 OBSOLETE_local: false peers { permanent_uuid: "3059ea01ca704e58a85e9c9087223ada" member_type: VOTER last_known_addr { host: "127.16.43.129" port: 34951 } health_report { overall_health: HEALTHY } } peers { permanent_uuid: "c9d27ce87283450788637e6f2a180b2d" member_type: VOTER last_known_addr { host: "127.16.43.131" port: 41103 } health_report { overall_health: UNKNOWN } } peers { permanent_uuid: "25a6211635434a009a26dd975f19875d" member_type: VOTER last_known_addr { host: "127.16.43.130" port: 43883 } health_report { overall_health: UNKNOWN } } }
I20260608 09:48:45.316659 19673 raft_consensus.cc:1275] T f9325750ce7946dfb8b60fbab03601c4 P c9d27ce87283450788637e6f2a180b2d [term 2 FOLLOWER]: Refusing update from remote peer 3059ea01ca704e58a85e9c9087223ada: Log matching property violated. Preceding OpId in replica: term: 1 index: 1. Preceding OpId from leader: term: 2 index: 2. (index mismatch)
I20260608 09:48:45.318056 19915 consensus_queue.cc:1048] T f9325750ce7946dfb8b60fbab03601c4 P 3059ea01ca704e58a85e9c9087223ada [LEADER]: Connected to new peer: Peer: permanent_uuid: "c9d27ce87283450788637e6f2a180b2d" member_type: VOTER last_known_addr { host: "127.16.43.131" port: 41103 }, Status: LMP_MISMATCH, Last received: 0.0, Next index: 2, Last known committed idx: 1, Time since last communication: 0.000s
I20260608 09:48:45.330291 19599 raft_consensus.cc:1275] T f9325750ce7946dfb8b60fbab03601c4 P 25a6211635434a009a26dd975f19875d [term 2 FOLLOWER]: Refusing update from remote peer 3059ea01ca704e58a85e9c9087223ada: Log matching property violated. Preceding OpId in replica: term: 1 index: 1. Preceding OpId from leader: term: 2 index: 2. (index mismatch)
I20260608 09:48:45.331913 19994 consensus_queue.cc:1048] T f9325750ce7946dfb8b60fbab03601c4 P 3059ea01ca704e58a85e9c9087223ada [LEADER]: Connected to new peer: Peer: permanent_uuid: "25a6211635434a009a26dd975f19875d" member_type: VOTER last_known_addr { host: "127.16.43.130" port: 43883 }, Status: LMP_MISMATCH, Last received: 0.0, Next index: 2, Last known committed idx: 1, Time since last communication: 0.000s
I20260608 09:48:45.570698 19673 consensus_queue.cc:237] T 6fab36712ee440538baf80a17f474002 P c9d27ce87283450788637e6f2a180b2d [LEADER]: Queue going to LEADER mode. State: All replicated index: 0, Majority replicated index: 1, Committed index: 1, Last appended: 1.1, Last appended by leader: 0, Current term: 1, Majority size: 2, State: 0, Mode: LEADER, active raft config: opid_index: 2 OBSOLETE_local: false peers { permanent_uuid: "3059ea01ca704e58a85e9c9087223ada" member_type: VOTER last_known_addr { host: "127.16.43.129" port: 34951 } } peers { permanent_uuid: "2e765414fbeb412c9a53f1e3c07f2100" member_type: VOTER last_known_addr { host: "127.16.43.132" port: 44459 } attrs { replace: true } } peers { permanent_uuid: "c9d27ce87283450788637e6f2a180b2d" member_type: VOTER last_known_addr { host: "127.16.43.131" port: 41103 } } peers { permanent_uuid: "25a6211635434a009a26dd975f19875d" member_type: NON_VOTER last_known_addr { host: "127.16.43.130" port: 43883 } attrs { promote: true } }
W20260608 09:48:45.577644 19639 consensus_peers.cc:597] T 6fab36712ee440538baf80a17f474002 P c9d27ce87283450788637e6f2a180b2d -> Peer 25a6211635434a009a26dd975f19875d (127.16.43.130:43883): Couldn't send request to peer 25a6211635434a009a26dd975f19875d. Error code: TABLET_NOT_FOUND (6). Status: Not found: Tablet not found: 6fab36712ee440538baf80a17f474002. This is attempt 1: this message will repeat every 5th retry.
I20260608 09:48:45.578022 19833 raft_consensus.cc:1275] T 6fab36712ee440538baf80a17f474002 P 2e765414fbeb412c9a53f1e3c07f2100 [term 1 FOLLOWER]: Refusing update from remote peer c9d27ce87283450788637e6f2a180b2d: Log matching property violated. Preceding OpId in replica: term: 1 index: 1. Preceding OpId from leader: term: 1 index: 2. (index mismatch)
I20260608 09:48:45.578505 19523 raft_consensus.cc:1275] T 6fab36712ee440538baf80a17f474002 P 3059ea01ca704e58a85e9c9087223ada [term 1 FOLLOWER]: Refusing update from remote peer c9d27ce87283450788637e6f2a180b2d: Log matching property violated. Preceding OpId in replica: term: 1 index: 1. Preceding OpId from leader: term: 1 index: 2. (index mismatch)
I20260608 09:48:45.579591 20014 consensus_queue.cc:1048] T 6fab36712ee440538baf80a17f474002 P c9d27ce87283450788637e6f2a180b2d [LEADER]: Connected to new peer: Peer: permanent_uuid: "2e765414fbeb412c9a53f1e3c07f2100" member_type: VOTER last_known_addr { host: "127.16.43.132" port: 44459 } attrs { replace: true }, Status: LMP_MISMATCH, Last received: 0.0, Next index: 2, Last known committed idx: 1, Time since last communication: 0.000s
I20260608 09:48:45.580490 20021 consensus_queue.cc:1048] T 6fab36712ee440538baf80a17f474002 P c9d27ce87283450788637e6f2a180b2d [LEADER]: Connected to new peer: Peer: permanent_uuid: "3059ea01ca704e58a85e9c9087223ada" member_type: VOTER last_known_addr { host: "127.16.43.129" port: 34951 }, Status: LMP_MISMATCH, Last received: 0.0, Next index: 2, Last known committed idx: 1, Time since last communication: 0.000s
I20260608 09:48:45.589493 20021 raft_consensus.cc:2955] T 6fab36712ee440538baf80a17f474002 P c9d27ce87283450788637e6f2a180b2d [term 1 LEADER]: Committing config change with OpId 1.2: config changed from index -1 to 2, NON_VOTER 25a6211635434a009a26dd975f19875d (127.16.43.130) added. New config: { opid_index: 2 OBSOLETE_local: false peers { permanent_uuid: "3059ea01ca704e58a85e9c9087223ada" member_type: VOTER last_known_addr { host: "127.16.43.129" port: 34951 } } peers { permanent_uuid: "2e765414fbeb412c9a53f1e3c07f2100" member_type: VOTER last_known_addr { host: "127.16.43.132" port: 44459 } attrs { replace: true } } peers { permanent_uuid: "c9d27ce87283450788637e6f2a180b2d" member_type: VOTER last_known_addr { host: "127.16.43.131" port: 41103 } } peers { permanent_uuid: "25a6211635434a009a26dd975f19875d" member_type: NON_VOTER last_known_addr { host: "127.16.43.130" port: 43883 } attrs { promote: true } } }
I20260608 09:48:45.591528 19523 raft_consensus.cc:2955] T 6fab36712ee440538baf80a17f474002 P 3059ea01ca704e58a85e9c9087223ada [term 1 FOLLOWER]: Committing config change with OpId 1.2: config changed from index -1 to 2, NON_VOTER 25a6211635434a009a26dd975f19875d (127.16.43.130) added. New config: { opid_index: 2 OBSOLETE_local: false peers { permanent_uuid: "3059ea01ca704e58a85e9c9087223ada" member_type: VOTER last_known_addr { host: "127.16.43.129" port: 34951 } } peers { permanent_uuid: "2e765414fbeb412c9a53f1e3c07f2100" member_type: VOTER last_known_addr { host: "127.16.43.132" port: 44459 } attrs { replace: true } } peers { permanent_uuid: "c9d27ce87283450788637e6f2a180b2d" member_type: VOTER last_known_addr { host: "127.16.43.131" port: 41103 } } peers { permanent_uuid: "25a6211635434a009a26dd975f19875d" member_type: NON_VOTER last_known_addr { host: "127.16.43.130" port: 43883 } attrs { promote: true } } }
I20260608 09:48:45.593812 19833 raft_consensus.cc:2955] T 6fab36712ee440538baf80a17f474002 P 2e765414fbeb412c9a53f1e3c07f2100 [term 1 FOLLOWER]: Committing config change with OpId 1.2: config changed from index -1 to 2, NON_VOTER 25a6211635434a009a26dd975f19875d (127.16.43.130) added. New config: { opid_index: 2 OBSOLETE_local: false peers { permanent_uuid: "3059ea01ca704e58a85e9c9087223ada" member_type: VOTER last_known_addr { host: "127.16.43.129" port: 34951 } } peers { permanent_uuid: "2e765414fbeb412c9a53f1e3c07f2100" member_type: VOTER last_known_addr { host: "127.16.43.132" port: 44459 } attrs { replace: true } } peers { permanent_uuid: "c9d27ce87283450788637e6f2a180b2d" member_type: VOTER last_known_addr { host: "127.16.43.131" port: 41103 } } peers { permanent_uuid: "25a6211635434a009a26dd975f19875d" member_type: NON_VOTER last_known_addr { host: "127.16.43.130" port: 43883 } attrs { promote: true } } }
I20260608 09:48:45.603595 19673 consensus_queue.cc:237] T d4d91bf342444f24a17ef3d8793c94ec P c9d27ce87283450788637e6f2a180b2d [LEADER]: Queue going to LEADER mode. State: All replicated index: 0, Majority replicated index: 1, Committed index: 1, Last appended: 1.1, Last appended by leader: 0, Current term: 1, Majority size: 2, State: 0, Mode: LEADER, active raft config: opid_index: 2 OBSOLETE_local: false peers { permanent_uuid: "3059ea01ca704e58a85e9c9087223ada" member_type: VOTER last_known_addr { host: "127.16.43.129" port: 34951 } } peers { permanent_uuid: "25a6211635434a009a26dd975f19875d" member_type: VOTER last_known_addr { host: "127.16.43.130" port: 43883 } attrs { replace: true } } peers { permanent_uuid: "c9d27ce87283450788637e6f2a180b2d" member_type: VOTER last_known_addr { host: "127.16.43.131" port: 41103 } } peers { permanent_uuid: "2e765414fbeb412c9a53f1e3c07f2100" member_type: NON_VOTER last_known_addr { host: "127.16.43.132" port: 44459 } attrs { promote: true } }
I20260608 09:48:45.604111 19422 catalog_manager.cc:5696] T 6fab36712ee440538baf80a17f474002 P c9d27ce87283450788637e6f2a180b2d reported cstate change: config changed from index -1 to 2, NON_VOTER 25a6211635434a009a26dd975f19875d (127.16.43.130) added. New cstate: current_term: 1 leader_uuid: "c9d27ce87283450788637e6f2a180b2d" committed_config { opid_index: 2 OBSOLETE_local: false peers { permanent_uuid: "3059ea01ca704e58a85e9c9087223ada" member_type: VOTER last_known_addr { host: "127.16.43.129" port: 34951 } health_report { overall_health: HEALTHY } } peers { permanent_uuid: "2e765414fbeb412c9a53f1e3c07f2100" member_type: VOTER last_known_addr { host: "127.16.43.132" port: 44459 } attrs { replace: true } health_report { overall_health: HEALTHY } } peers { permanent_uuid: "c9d27ce87283450788637e6f2a180b2d" member_type: VOTER last_known_addr { host: "127.16.43.131" port: 41103 } health_report { overall_health: HEALTHY } } peers { permanent_uuid: "25a6211635434a009a26dd975f19875d" member_type: NON_VOTER last_known_addr { host: "127.16.43.130" port: 43883 } attrs { promote: true } health_report { overall_health: UNKNOWN } } }
I20260608 09:48:45.615397 19599 raft_consensus.cc:1275] T d4d91bf342444f24a17ef3d8793c94ec P 25a6211635434a009a26dd975f19875d [term 1 FOLLOWER]: Refusing update from remote peer c9d27ce87283450788637e6f2a180b2d: Log matching property violated. Preceding OpId in replica: term: 1 index: 1. Preceding OpId from leader: term: 1 index: 2. (index mismatch)
I20260608 09:48:45.615667 19523 raft_consensus.cc:1275] T d4d91bf342444f24a17ef3d8793c94ec P 3059ea01ca704e58a85e9c9087223ada [term 1 FOLLOWER]: Refusing update from remote peer c9d27ce87283450788637e6f2a180b2d: Log matching property violated. Preceding OpId in replica: term: 1 index: 1. Preceding OpId from leader: term: 1 index: 2. (index mismatch)
W20260608 09:48:45.615677 19638 consensus_peers.cc:597] T d4d91bf342444f24a17ef3d8793c94ec P c9d27ce87283450788637e6f2a180b2d -> Peer 2e765414fbeb412c9a53f1e3c07f2100 (127.16.43.132:44459): Couldn't send request to peer 2e765414fbeb412c9a53f1e3c07f2100. Error code: TABLET_NOT_FOUND (6). Status: Not found: Tablet not found: d4d91bf342444f24a17ef3d8793c94ec. This is attempt 1: this message will repeat every 5th retry.
I20260608 09:48:45.617110 20024 consensus_queue.cc:1048] T d4d91bf342444f24a17ef3d8793c94ec P c9d27ce87283450788637e6f2a180b2d [LEADER]: Connected to new peer: Peer: permanent_uuid: "25a6211635434a009a26dd975f19875d" member_type: VOTER last_known_addr { host: "127.16.43.130" port: 43883 } attrs { replace: true }, Status: LMP_MISMATCH, Last received: 0.0, Next index: 2, Last known committed idx: 1, Time since last communication: 0.000s
I20260608 09:48:45.618060 20014 consensus_queue.cc:1048] T d4d91bf342444f24a17ef3d8793c94ec P c9d27ce87283450788637e6f2a180b2d [LEADER]: Connected to new peer: Peer: permanent_uuid: "3059ea01ca704e58a85e9c9087223ada" member_type: VOTER last_known_addr { host: "127.16.43.129" port: 34951 }, Status: LMP_MISMATCH, Last received: 0.0, Next index: 2, Last known committed idx: 1, Time since last communication: 0.000s
I20260608 09:48:45.627563 20021 raft_consensus.cc:2955] T d4d91bf342444f24a17ef3d8793c94ec P c9d27ce87283450788637e6f2a180b2d [term 1 LEADER]: Committing config change with OpId 1.2: config changed from index -1 to 2, NON_VOTER 2e765414fbeb412c9a53f1e3c07f2100 (127.16.43.132) added. New config: { opid_index: 2 OBSOLETE_local: false peers { permanent_uuid: "3059ea01ca704e58a85e9c9087223ada" member_type: VOTER last_known_addr { host: "127.16.43.129" port: 34951 } } peers { permanent_uuid: "25a6211635434a009a26dd975f19875d" member_type: VOTER last_known_addr { host: "127.16.43.130" port: 43883 } attrs { replace: true } } peers { permanent_uuid: "c9d27ce87283450788637e6f2a180b2d" member_type: VOTER last_known_addr { host: "127.16.43.131" port: 41103 } } peers { permanent_uuid: "2e765414fbeb412c9a53f1e3c07f2100" member_type: NON_VOTER last_known_addr { host: "127.16.43.132" port: 44459 } attrs { promote: true } } }
I20260608 09:48:45.631800 19599 raft_consensus.cc:2955] T d4d91bf342444f24a17ef3d8793c94ec P 25a6211635434a009a26dd975f19875d [term 1 FOLLOWER]: Committing config change with OpId 1.2: config changed from index -1 to 2, NON_VOTER 2e765414fbeb412c9a53f1e3c07f2100 (127.16.43.132) added. New config: { opid_index: 2 OBSOLETE_local: false peers { permanent_uuid: "3059ea01ca704e58a85e9c9087223ada" member_type: VOTER last_known_addr { host: "127.16.43.129" port: 34951 } } peers { permanent_uuid: "25a6211635434a009a26dd975f19875d" member_type: VOTER last_known_addr { host: "127.16.43.130" port: 43883 } attrs { replace: true } } peers { permanent_uuid: "c9d27ce87283450788637e6f2a180b2d" member_type: VOTER last_known_addr { host: "127.16.43.131" port: 41103 } } peers { permanent_uuid: "2e765414fbeb412c9a53f1e3c07f2100" member_type: NON_VOTER last_known_addr { host: "127.16.43.132" port: 44459 } attrs { promote: true } } }
I20260608 09:48:45.634615 19523 raft_consensus.cc:2955] T d4d91bf342444f24a17ef3d8793c94ec P 3059ea01ca704e58a85e9c9087223ada [term 1 FOLLOWER]: Committing config change with OpId 1.2: config changed from index -1 to 2, NON_VOTER 2e765414fbeb412c9a53f1e3c07f2100 (127.16.43.132) added. New config: { opid_index: 2 OBSOLETE_local: false peers { permanent_uuid: "3059ea01ca704e58a85e9c9087223ada" member_type: VOTER last_known_addr { host: "127.16.43.129" port: 34951 } } peers { permanent_uuid: "25a6211635434a009a26dd975f19875d" member_type: VOTER last_known_addr { host: "127.16.43.130" port: 43883 } attrs { replace: true } } peers { permanent_uuid: "c9d27ce87283450788637e6f2a180b2d" member_type: VOTER last_known_addr { host: "127.16.43.131" port: 41103 } } peers { permanent_uuid: "2e765414fbeb412c9a53f1e3c07f2100" member_type: NON_VOTER last_known_addr { host: "127.16.43.132" port: 44459 } attrs { promote: true } } }
I20260608 09:48:45.646173 19525 consensus_queue.cc:237] T 550ff8a345424334a7aac3b2a0bd2361 P 3059ea01ca704e58a85e9c9087223ada [LEADER]: Queue going to LEADER mode. State: All replicated index: 0, Majority replicated index: 1, Committed index: 1, Last appended: 1.1, Last appended by leader: 0, Current term: 1, Majority size: 2, State: 0, Mode: LEADER, active raft config: opid_index: 2 OBSOLETE_local: false peers { permanent_uuid: "2e765414fbeb412c9a53f1e3c07f2100" member_type: VOTER last_known_addr { host: "127.16.43.132" port: 44459 } attrs { replace: true } } peers { permanent_uuid: "25a6211635434a009a26dd975f19875d" member_type: VOTER last_known_addr { host: "127.16.43.130" port: 43883 } } peers { permanent_uuid: "3059ea01ca704e58a85e9c9087223ada" member_type: VOTER last_known_addr { host: "127.16.43.129" port: 34951 } } peers { permanent_uuid: "c9d27ce87283450788637e6f2a180b2d" member_type: NON_VOTER last_known_addr { host: "127.16.43.131" port: 41103 } attrs { promote: true } }
I20260608 09:48:45.646381 19423 catalog_manager.cc:5696] T d4d91bf342444f24a17ef3d8793c94ec P 25a6211635434a009a26dd975f19875d reported cstate change: config changed from index -1 to 2, NON_VOTER 2e765414fbeb412c9a53f1e3c07f2100 (127.16.43.132) added. New cstate: current_term: 1 leader_uuid: "c9d27ce87283450788637e6f2a180b2d" committed_config { opid_index: 2 OBSOLETE_local: false peers { permanent_uuid: "3059ea01ca704e58a85e9c9087223ada" member_type: VOTER last_known_addr { host: "127.16.43.129" port: 34951 } } peers { permanent_uuid: "25a6211635434a009a26dd975f19875d" member_type: VOTER last_known_addr { host: "127.16.43.130" port: 43883 } attrs { replace: true } } peers { permanent_uuid: "c9d27ce87283450788637e6f2a180b2d" member_type: VOTER last_known_addr { host: "127.16.43.131" port: 41103 } } peers { permanent_uuid: "2e765414fbeb412c9a53f1e3c07f2100" member_type: NON_VOTER last_known_addr { host: "127.16.43.132" port: 44459 } attrs { promote: true } } }
W20260608 09:48:45.657156 19491 consensus_peers.cc:597] T 550ff8a345424334a7aac3b2a0bd2361 P 3059ea01ca704e58a85e9c9087223ada -> Peer c9d27ce87283450788637e6f2a180b2d (127.16.43.131:41103): Couldn't send request to peer c9d27ce87283450788637e6f2a180b2d. Error code: TABLET_NOT_FOUND (6). Status: Not found: Tablet not found: 550ff8a345424334a7aac3b2a0bd2361. This is attempt 1: this message will repeat every 5th retry.
I20260608 09:48:45.658797 19599 raft_consensus.cc:1275] T 550ff8a345424334a7aac3b2a0bd2361 P 25a6211635434a009a26dd975f19875d [term 1 FOLLOWER]: Refusing update from remote peer 3059ea01ca704e58a85e9c9087223ada: Log matching property violated. Preceding OpId in replica: term: 1 index: 1. Preceding OpId from leader: term: 1 index: 2. (index mismatch)
I20260608 09:48:45.659497 19833 raft_consensus.cc:1275] T 550ff8a345424334a7aac3b2a0bd2361 P 2e765414fbeb412c9a53f1e3c07f2100 [term 1 FOLLOWER]: Refusing update from remote peer 3059ea01ca704e58a85e9c9087223ada: Log matching property violated. Preceding OpId in replica: term: 1 index: 1. Preceding OpId from leader: term: 1 index: 2. (index mismatch)
I20260608 09:48:45.660388 19994 consensus_queue.cc:1048] T 550ff8a345424334a7aac3b2a0bd2361 P 3059ea01ca704e58a85e9c9087223ada [LEADER]: Connected to new peer: Peer: permanent_uuid: "25a6211635434a009a26dd975f19875d" member_type: VOTER last_known_addr { host: "127.16.43.130" port: 43883 }, Status: LMP_MISMATCH, Last received: 0.0, Next index: 2, Last known committed idx: 1, Time since last communication: 0.000s
I20260608 09:48:45.661334 19915 consensus_queue.cc:1048] T 550ff8a345424334a7aac3b2a0bd2361 P 3059ea01ca704e58a85e9c9087223ada [LEADER]: Connected to new peer: Peer: permanent_uuid: "2e765414fbeb412c9a53f1e3c07f2100" member_type: VOTER last_known_addr { host: "127.16.43.132" port: 44459 } attrs { replace: true }, Status: LMP_MISMATCH, Last received: 0.0, Next index: 2, Last known committed idx: 1, Time since last communication: 0.000s
