I20260608 10:02:40.634150  9553 raft_consensus.cc:359] T 9d079c16bc3043578bb54086e501099f P fa074d24c82943e6b5cc9dabc479e780 [term 0 FOLLOWER]: Replica starting. Triggering 0 pending ops. Active config: opid_index: -1 OBSOLETE_local: false peers { permanent_uuid: "fa074d24c82943e6b5cc9dabc479e780" member_type: VOTER last_known_addr { host: "127.6.138.65" port: 43111 } } peers { permanent_uuid: "7505bcb9bf0447da9a34764e9d89efb7" member_type: VOTER last_known_addr { host: "127.6.138.66" port: 33463 } } peers { permanent_uuid: "0bc5eb562180473c806e29903d674435" member_type: VOTER last_known_addr { host: "127.6.138.67" port: 43621 } }
I20260608 10:02:40.635037  9553 raft_consensus.cc:385] T 9d079c16bc3043578bb54086e501099f P fa074d24c82943e6b5cc9dabc479e780 [term 0 FOLLOWER]: Consensus starting up: Expiring failure detector timer to make a prompt election more likely
I20260608 10:02:40.635093  9551 ts_tablet_manager.cc:1403] T ffd7c4ebdde0406683c63bfbdf7258b6 P 0bc5eb562180473c806e29903d674435: Time spent bootstrapping tablet: real 0.028s	user 0.011s	sys 0.008s
I20260608 10:02:40.635584  9553 raft_consensus.cc:740] T 9d079c16bc3043578bb54086e501099f P fa074d24c82943e6b5cc9dabc479e780 [term 0 FOLLOWER]: Becoming Follower/Learner. State: Replica: fa074d24c82943e6b5cc9dabc479e780, State: Initialized, Role: FOLLOWER
I20260608 10:02:40.636373  9553 consensus_queue.cc:260] T 9d079c16bc3043578bb54086e501099f P fa074d24c82943e6b5cc9dabc479e780 [NON_LEADER]: Queue going to NON_LEADER mode. State: All replicated index: 0, Majority replicated index: 0, Committed index: 0, Last appended: 0.0, Last appended by leader: 0, Current term: 0, Majority size: -1, State: 0, Mode: NON_LEADER, active raft config: opid_index: -1 OBSOLETE_local: false peers { permanent_uuid: "fa074d24c82943e6b5cc9dabc479e780" member_type: VOTER last_known_addr { host: "127.6.138.65" port: 43111 } } peers { permanent_uuid: "7505bcb9bf0447da9a34764e9d89efb7" member_type: VOTER last_known_addr { host: "127.6.138.66" port: 33463 } } peers { permanent_uuid: "0bc5eb562180473c806e29903d674435" member_type: VOTER last_known_addr { host: "127.6.138.67" port: 43621 } }
I20260608 10:02:40.638490  9553 ts_tablet_manager.cc:1434] T 9d079c16bc3043578bb54086e501099f P fa074d24c82943e6b5cc9dabc479e780: Time spent starting tablet: real 0.008s	user 0.002s	sys 0.007s
I20260608 10:02:40.639662  9553 tablet_bootstrap.cc:492] T ffd7c4ebdde0406683c63bfbdf7258b6 P fa074d24c82943e6b5cc9dabc479e780: Bootstrap starting.
I20260608 10:02:40.639145  9551 raft_consensus.cc:359] T ffd7c4ebdde0406683c63bfbdf7258b6 P 0bc5eb562180473c806e29903d674435 [term 0 FOLLOWER]: Replica starting. Triggering 0 pending ops. Active config: opid_index: -1 OBSOLETE_local: false peers { permanent_uuid: "0bc5eb562180473c806e29903d674435" member_type: VOTER last_known_addr { host: "127.6.138.67" port: 43621 } } peers { permanent_uuid: "7505bcb9bf0447da9a34764e9d89efb7" member_type: VOTER last_known_addr { host: "127.6.138.66" port: 33463 } } peers { permanent_uuid: "fa074d24c82943e6b5cc9dabc479e780" member_type: VOTER last_known_addr { host: "127.6.138.65" port: 43111 } }
I20260608 10:02:40.640242  9551 raft_consensus.cc:385] T ffd7c4ebdde0406683c63bfbdf7258b6 P 0bc5eb562180473c806e29903d674435 [term 0 FOLLOWER]: Consensus starting up: Expiring failure detector timer to make a prompt election more likely
I20260608 10:02:40.640640  9551 raft_consensus.cc:740] T ffd7c4ebdde0406683c63bfbdf7258b6 P 0bc5eb562180473c806e29903d674435 [term 0 FOLLOWER]: Becoming Follower/Learner. State: Replica: 0bc5eb562180473c806e29903d674435, State: Initialized, Role: FOLLOWER
I20260608 10:02:40.643857  9552 tablet_bootstrap.cc:492] T 3bd0d0ba8b354d94aa4fdb147a640a12 P 7505bcb9bf0447da9a34764e9d89efb7: No bootstrap required, opened a new log
I20260608 10:02:40.644511  9552 ts_tablet_manager.cc:1403] T 3bd0d0ba8b354d94aa4fdb147a640a12 P 7505bcb9bf0447da9a34764e9d89efb7: Time spent bootstrapping tablet: real 0.023s	user 0.018s	sys 0.002s
I20260608 10:02:40.645401  9551 consensus_queue.cc:260] T ffd7c4ebdde0406683c63bfbdf7258b6 P 0bc5eb562180473c806e29903d674435 [NON_LEADER]: Queue going to NON_LEADER mode. State: All replicated index: 0, Majority replicated index: 0, Committed index: 0, Last appended: 0.0, Last appended by leader: 0, Current term: 0, Majority size: -1, State: 0, Mode: NON_LEADER, active raft config: opid_index: -1 OBSOLETE_local: false peers { permanent_uuid: "0bc5eb562180473c806e29903d674435" member_type: VOTER last_known_addr { host: "127.6.138.67" port: 43621 } } peers { permanent_uuid: "7505bcb9bf0447da9a34764e9d89efb7" member_type: VOTER last_known_addr { host: "127.6.138.66" port: 33463 } } peers { permanent_uuid: "fa074d24c82943e6b5cc9dabc479e780" member_type: VOTER last_known_addr { host: "127.6.138.65" port: 43111 } }
I20260608 10:02:40.654031  9552 raft_consensus.cc:359] T 3bd0d0ba8b354d94aa4fdb147a640a12 P 7505bcb9bf0447da9a34764e9d89efb7 [term 0 FOLLOWER]: Replica starting. Triggering 0 pending ops. Active config: opid_index: -1 OBSOLETE_local: false peers { permanent_uuid: "fa074d24c82943e6b5cc9dabc479e780" member_type: VOTER last_known_addr { host: "127.6.138.65" port: 43111 } } peers { permanent_uuid: "7505bcb9bf0447da9a34764e9d89efb7" member_type: VOTER last_known_addr { host: "127.6.138.66" port: 33463 } } peers { permanent_uuid: "0bc5eb562180473c806e29903d674435" member_type: VOTER last_known_addr { host: "127.6.138.67" port: 43621 } }
I20260608 10:02:40.654948  9552 raft_consensus.cc:385] T 3bd0d0ba8b354d94aa4fdb147a640a12 P 7505bcb9bf0447da9a34764e9d89efb7 [term 0 FOLLOWER]: Consensus starting up: Expiring failure detector timer to make a prompt election more likely
I20260608 10:02:40.655311  9552 raft_consensus.cc:740] T 3bd0d0ba8b354d94aa4fdb147a640a12 P 7505bcb9bf0447da9a34764e9d89efb7 [term 0 FOLLOWER]: Becoming Follower/Learner. State: Replica: 7505bcb9bf0447da9a34764e9d89efb7, State: Initialized, Role: FOLLOWER
I20260608 10:02:40.654088  9551 ts_tablet_manager.cc:1434] T ffd7c4ebdde0406683c63bfbdf7258b6 P 0bc5eb562180473c806e29903d674435: Time spent starting tablet: real 0.018s	user 0.007s	sys 0.000s
I20260608 10:02:40.656754  9553 tablet_bootstrap.cc:654] T ffd7c4ebdde0406683c63bfbdf7258b6 P fa074d24c82943e6b5cc9dabc479e780: Neither blocks nor log segments found. Creating new log.
I20260608 10:02:40.656351  9552 consensus_queue.cc:260] T 3bd0d0ba8b354d94aa4fdb147a640a12 P 7505bcb9bf0447da9a34764e9d89efb7 [NON_LEADER]: Queue going to NON_LEADER mode. State: All replicated index: 0, Majority replicated index: 0, Committed index: 0, Last appended: 0.0, Last appended by leader: 0, Current term: 0, Majority size: -1, State: 0, Mode: NON_LEADER, active raft config: opid_index: -1 OBSOLETE_local: false peers { permanent_uuid: "fa074d24c82943e6b5cc9dabc479e780" member_type: VOTER last_known_addr { host: "127.6.138.65" port: 43111 } } peers { permanent_uuid: "7505bcb9bf0447da9a34764e9d89efb7" member_type: VOTER last_known_addr { host: "127.6.138.66" port: 33463 } } peers { permanent_uuid: "0bc5eb562180473c806e29903d674435" member_type: VOTER last_known_addr { host: "127.6.138.67" port: 43621 } }
I20260608 10:02:40.661242  9552 ts_tablet_manager.cc:1434] T 3bd0d0ba8b354d94aa4fdb147a640a12 P 7505bcb9bf0447da9a34764e9d89efb7: Time spent starting tablet: real 0.016s	user 0.004s	sys 0.007s
I20260608 10:02:40.662400  9552 tablet_bootstrap.cc:492] T 9d079c16bc3043578bb54086e501099f P 7505bcb9bf0447da9a34764e9d89efb7: Bootstrap starting.
I20260608 10:02:40.657292  9551 tablet_bootstrap.cc:492] T 268dc3e27cbd4d879a52d37a8e3058aa P 0bc5eb562180473c806e29903d674435: Bootstrap starting.
I20260608 10:02:40.672415  9551 tablet_bootstrap.cc:654] T 268dc3e27cbd4d879a52d37a8e3058aa P 0bc5eb562180473c806e29903d674435: Neither blocks nor log segments found. Creating new log.
I20260608 10:02:40.673964  9553 tablet_bootstrap.cc:492] T ffd7c4ebdde0406683c63bfbdf7258b6 P fa074d24c82943e6b5cc9dabc479e780: No bootstrap required, opened a new log
I20260608 10:02:40.674552  9553 ts_tablet_manager.cc:1403] T ffd7c4ebdde0406683c63bfbdf7258b6 P fa074d24c82943e6b5cc9dabc479e780: Time spent bootstrapping tablet: real 0.035s	user 0.007s	sys 0.013s
I20260608 10:02:40.676416  9552 tablet_bootstrap.cc:654] T 9d079c16bc3043578bb54086e501099f P 7505bcb9bf0447da9a34764e9d89efb7: Neither blocks nor log segments found. Creating new log.
I20260608 10:02:40.678243  9553 raft_consensus.cc:359] T ffd7c4ebdde0406683c63bfbdf7258b6 P fa074d24c82943e6b5cc9dabc479e780 [term 0 FOLLOWER]: Replica starting. Triggering 0 pending ops. Active config: opid_index: -1 OBSOLETE_local: false peers { permanent_uuid: "0bc5eb562180473c806e29903d674435" member_type: VOTER last_known_addr { host: "127.6.138.67" port: 43621 } } peers { permanent_uuid: "7505bcb9bf0447da9a34764e9d89efb7" member_type: VOTER last_known_addr { host: "127.6.138.66" port: 33463 } } peers { permanent_uuid: "fa074d24c82943e6b5cc9dabc479e780" member_type: VOTER last_known_addr { host: "127.6.138.65" port: 43111 } }
I20260608 10:02:40.679114  9553 raft_consensus.cc:385] T ffd7c4ebdde0406683c63bfbdf7258b6 P fa074d24c82943e6b5cc9dabc479e780 [term 0 FOLLOWER]: Consensus starting up: Expiring failure detector timer to make a prompt election more likely
I20260608 10:02:40.679481  9553 raft_consensus.cc:740] T ffd7c4ebdde0406683c63bfbdf7258b6 P fa074d24c82943e6b5cc9dabc479e780 [term 0 FOLLOWER]: Becoming Follower/Learner. State: Replica: fa074d24c82943e6b5cc9dabc479e780, State: Initialized, Role: FOLLOWER
I20260608 10:02:40.680465  9553 consensus_queue.cc:260] T ffd7c4ebdde0406683c63bfbdf7258b6 P fa074d24c82943e6b5cc9dabc479e780 [NON_LEADER]: Queue going to NON_LEADER mode. State: All replicated index: 0, Majority replicated index: 0, Committed index: 0, Last appended: 0.0, Last appended by leader: 0, Current term: 0, Majority size: -1, State: 0, Mode: NON_LEADER, active raft config: opid_index: -1 OBSOLETE_local: false peers { permanent_uuid: "0bc5eb562180473c806e29903d674435" member_type: VOTER last_known_addr { host: "127.6.138.67" port: 43621 } } peers { permanent_uuid: "7505bcb9bf0447da9a34764e9d89efb7" member_type: VOTER last_known_addr { host: "127.6.138.66" port: 33463 } } peers { permanent_uuid: "fa074d24c82943e6b5cc9dabc479e780" member_type: VOTER last_known_addr { host: "127.6.138.65" port: 43111 } }
I20260608 10:02:40.682708  9551 tablet_bootstrap.cc:492] T 268dc3e27cbd4d879a52d37a8e3058aa P 0bc5eb562180473c806e29903d674435: No bootstrap required, opened a new log
I20260608 10:02:40.683380  9551 ts_tablet_manager.cc:1403] T 268dc3e27cbd4d879a52d37a8e3058aa P 0bc5eb562180473c806e29903d674435: Time spent bootstrapping tablet: real 0.026s	user 0.016s	sys 0.000s
I20260608 10:02:40.682724  9553 ts_tablet_manager.cc:1434] T ffd7c4ebdde0406683c63bfbdf7258b6 P fa074d24c82943e6b5cc9dabc479e780: Time spent starting tablet: real 0.008s	user 0.008s	sys 0.000s
I20260608 10:02:40.708774  9553 tablet_bootstrap.cc:492] T 268dc3e27cbd4d879a52d37a8e3058aa P fa074d24c82943e6b5cc9dabc479e780: Bootstrap starting.
I20260608 10:02:40.709672  9557 raft_consensus.cc:493] T ffd7c4ebdde0406683c63bfbdf7258b6 P 7505bcb9bf0447da9a34764e9d89efb7 [term 0 FOLLOWER]: Starting pre-election (no leader contacted us within the election timeout)
I20260608 10:02:40.710868  9557 raft_consensus.cc:515] T ffd7c4ebdde0406683c63bfbdf7258b6 P 7505bcb9bf0447da9a34764e9d89efb7 [term 0 FOLLOWER]: Starting pre-election with config: opid_index: -1 OBSOLETE_local: false peers { permanent_uuid: "0bc5eb562180473c806e29903d674435" member_type: VOTER last_known_addr { host: "127.6.138.67" port: 43621 } } peers { permanent_uuid: "7505bcb9bf0447da9a34764e9d89efb7" member_type: VOTER last_known_addr { host: "127.6.138.66" port: 33463 } } peers { permanent_uuid: "fa074d24c82943e6b5cc9dabc479e780" member_type: VOTER last_known_addr { host: "127.6.138.65" port: 43111 } }
I20260608 10:02:40.711010  9551 raft_consensus.cc:359] T 268dc3e27cbd4d879a52d37a8e3058aa P 0bc5eb562180473c806e29903d674435 [term 0 FOLLOWER]: Replica starting. Triggering 0 pending ops. Active config: opid_index: -1 OBSOLETE_local: false peers { permanent_uuid: "fa074d24c82943e6b5cc9dabc479e780" member_type: VOTER last_known_addr { host: "127.6.138.65" port: 43111 } } peers { permanent_uuid: "7505bcb9bf0447da9a34764e9d89efb7" member_type: VOTER last_known_addr { host: "127.6.138.66" port: 33463 } } peers { permanent_uuid: "0bc5eb562180473c806e29903d674435" member_type: VOTER last_known_addr { host: "127.6.138.67" port: 43621 } }
I20260608 10:02:40.712337  9551 raft_consensus.cc:385] T 268dc3e27cbd4d879a52d37a8e3058aa P 0bc5eb562180473c806e29903d674435 [term 0 FOLLOWER]: Consensus starting up: Expiring failure detector timer to make a prompt election more likely
I20260608 10:02:40.712821  9551 raft_consensus.cc:740] T 268dc3e27cbd4d879a52d37a8e3058aa P 0bc5eb562180473c806e29903d674435 [term 0 FOLLOWER]: Becoming Follower/Learner. State: Replica: 0bc5eb562180473c806e29903d674435, State: Initialized, Role: FOLLOWER
I20260608 10:02:40.714744  9551 consensus_queue.cc:260] T 268dc3e27cbd4d879a52d37a8e3058aa P 0bc5eb562180473c806e29903d674435 [NON_LEADER]: Queue going to NON_LEADER mode. State: All replicated index: 0, Majority replicated index: 0, Committed index: 0, Last appended: 0.0, Last appended by leader: 0, Current term: 0, Majority size: -1, State: 0, Mode: NON_LEADER, active raft config: opid_index: -1 OBSOLETE_local: false peers { permanent_uuid: "fa074d24c82943e6b5cc9dabc479e780" member_type: VOTER last_known_addr { host: "127.6.138.65" port: 43111 } } peers { permanent_uuid: "7505bcb9bf0447da9a34764e9d89efb7" member_type: VOTER last_known_addr { host: "127.6.138.66" port: 33463 } } peers { permanent_uuid: "0bc5eb562180473c806e29903d674435" member_type: VOTER last_known_addr { host: "127.6.138.67" port: 43621 } }
I20260608 10:02:40.717532  9552 tablet_bootstrap.cc:492] T 9d079c16bc3043578bb54086e501099f P 7505bcb9bf0447da9a34764e9d89efb7: No bootstrap required, opened a new log
I20260608 10:02:40.718544  9552 ts_tablet_manager.cc:1403] T 9d079c16bc3043578bb54086e501099f P 7505bcb9bf0447da9a34764e9d89efb7: Time spent bootstrapping tablet: real 0.056s	user 0.014s	sys 0.003s
I20260608 10:02:40.718961  9551 ts_tablet_manager.cc:1434] T 268dc3e27cbd4d879a52d37a8e3058aa P 0bc5eb562180473c806e29903d674435: Time spent starting tablet: real 0.015s	user 0.010s	sys 0.002s
I20260608 10:02:40.726208  9551 tablet_bootstrap.cc:492] T 3bd0d0ba8b354d94aa4fdb147a640a12 P 0bc5eb562180473c806e29903d674435: Bootstrap starting.
I20260608 10:02:40.724195  9553 tablet_bootstrap.cc:654] T 268dc3e27cbd4d879a52d37a8e3058aa P fa074d24c82943e6b5cc9dabc479e780: Neither blocks nor log segments found. Creating new log.
I20260608 10:02:40.727968  9552 raft_consensus.cc:359] T 9d079c16bc3043578bb54086e501099f P 7505bcb9bf0447da9a34764e9d89efb7 [term 0 FOLLOWER]: Replica starting. Triggering 0 pending ops. Active config: opid_index: -1 OBSOLETE_local: false peers { permanent_uuid: "fa074d24c82943e6b5cc9dabc479e780" member_type: VOTER last_known_addr { host: "127.6.138.65" port: 43111 } } peers { permanent_uuid: "7505bcb9bf0447da9a34764e9d89efb7" member_type: VOTER last_known_addr { host: "127.6.138.66" port: 33463 } } peers { permanent_uuid: "0bc5eb562180473c806e29903d674435" member_type: VOTER last_known_addr { host: "127.6.138.67" port: 43621 } }
I20260608 10:02:40.733875  9557 leader_election.cc:290] T ffd7c4ebdde0406683c63bfbdf7258b6 P 7505bcb9bf0447da9a34764e9d89efb7 [CANDIDATE]: Term 1 pre-election: Requested pre-vote from peers 0bc5eb562180473c806e29903d674435 (127.6.138.67:43621), fa074d24c82943e6b5cc9dabc479e780 (127.6.138.65:43111)
I20260608 10:02:40.735198  9551 tablet_bootstrap.cc:654] T 3bd0d0ba8b354d94aa4fdb147a640a12 P 0bc5eb562180473c806e29903d674435: Neither blocks nor log segments found. Creating new log.
I20260608 10:02:40.737457  9552 raft_consensus.cc:385] T 9d079c16bc3043578bb54086e501099f P 7505bcb9bf0447da9a34764e9d89efb7 [term 0 FOLLOWER]: Consensus starting up: Expiring failure detector timer to make a prompt election more likely
I20260608 10:02:40.738776  9552 raft_consensus.cc:740] T 9d079c16bc3043578bb54086e501099f P 7505bcb9bf0447da9a34764e9d89efb7 [term 0 FOLLOWER]: Becoming Follower/Learner. State: Replica: 7505bcb9bf0447da9a34764e9d89efb7, State: Initialized, Role: FOLLOWER
I20260608 10:02:40.740262  9552 consensus_queue.cc:260] T 9d079c16bc3043578bb54086e501099f P 7505bcb9bf0447da9a34764e9d89efb7 [NON_LEADER]: Queue going to NON_LEADER mode. State: All replicated index: 0, Majority replicated index: 0, Committed index: 0, Last appended: 0.0, Last appended by leader: 0, Current term: 0, Majority size: -1, State: 0, Mode: NON_LEADER, active raft config: opid_index: -1 OBSOLETE_local: false peers { permanent_uuid: "fa074d24c82943e6b5cc9dabc479e780" member_type: VOTER last_known_addr { host: "127.6.138.65" port: 43111 } } peers { permanent_uuid: "7505bcb9bf0447da9a34764e9d89efb7" member_type: VOTER last_known_addr { host: "127.6.138.66" port: 33463 } } peers { permanent_uuid: "0bc5eb562180473c806e29903d674435" member_type: VOTER last_known_addr { host: "127.6.138.67" port: 43621 } }
I20260608 10:02:40.750887  9552 ts_tablet_manager.cc:1434] T 9d079c16bc3043578bb54086e501099f P 7505bcb9bf0447da9a34764e9d89efb7: Time spent starting tablet: real 0.026s	user 0.006s	sys 0.001s
I20260608 10:02:40.754194  9551 tablet_bootstrap.cc:492] T 3bd0d0ba8b354d94aa4fdb147a640a12 P 0bc5eb562180473c806e29903d674435: No bootstrap required, opened a new log
I20260608 10:02:40.756788  9553 tablet_bootstrap.cc:492] T 268dc3e27cbd4d879a52d37a8e3058aa P fa074d24c82943e6b5cc9dabc479e780: No bootstrap required, opened a new log
I20260608 10:02:40.757328  9551 ts_tablet_manager.cc:1403] T 3bd0d0ba8b354d94aa4fdb147a640a12 P 0bc5eb562180473c806e29903d674435: Time spent bootstrapping tablet: real 0.031s	user 0.011s	sys 0.012s
I20260608 10:02:40.757436  9553 ts_tablet_manager.cc:1403] T 268dc3e27cbd4d879a52d37a8e3058aa P fa074d24c82943e6b5cc9dabc479e780: Time spent bootstrapping tablet: real 0.049s	user 0.027s	sys 0.008s
I20260608 10:02:40.760772  9553 raft_consensus.cc:359] T 268dc3e27cbd4d879a52d37a8e3058aa P fa074d24c82943e6b5cc9dabc479e780 [term 0 FOLLOWER]: Replica starting. Triggering 0 pending ops. Active config: opid_index: -1 OBSOLETE_local: false peers { permanent_uuid: "fa074d24c82943e6b5cc9dabc479e780" member_type: VOTER last_known_addr { host: "127.6.138.65" port: 43111 } } peers { permanent_uuid: "7505bcb9bf0447da9a34764e9d89efb7" member_type: VOTER last_known_addr { host: "127.6.138.66" port: 33463 } } peers { permanent_uuid: "0bc5eb562180473c806e29903d674435" member_type: VOTER last_known_addr { host: "127.6.138.67" port: 43621 } }
I20260608 10:02:40.762672  9551 raft_consensus.cc:359] T 3bd0d0ba8b354d94aa4fdb147a640a12 P 0bc5eb562180473c806e29903d674435 [term 0 FOLLOWER]: Replica starting. Triggering 0 pending ops. Active config: opid_index: -1 OBSOLETE_local: false peers { permanent_uuid: "fa074d24c82943e6b5cc9dabc479e780" member_type: VOTER last_known_addr { host: "127.6.138.65" port: 43111 } } peers { permanent_uuid: "7505bcb9bf0447da9a34764e9d89efb7" member_type: VOTER last_known_addr { host: "127.6.138.66" port: 33463 } } peers { permanent_uuid: "0bc5eb562180473c806e29903d674435" member_type: VOTER last_known_addr { host: "127.6.138.67" port: 43621 } }
I20260608 10:02:40.763520  9553 raft_consensus.cc:385] T 268dc3e27cbd4d879a52d37a8e3058aa P fa074d24c82943e6b5cc9dabc479e780 [term 0 FOLLOWER]: Consensus starting up: Expiring failure detector timer to make a prompt election more likely
I20260608 10:02:40.763737  9551 raft_consensus.cc:385] T 3bd0d0ba8b354d94aa4fdb147a640a12 P 0bc5eb562180473c806e29903d674435 [term 0 FOLLOWER]: Consensus starting up: Expiring failure detector timer to make a prompt election more likely
I20260608 10:02:40.763993  9553 raft_consensus.cc:740] T 268dc3e27cbd4d879a52d37a8e3058aa P fa074d24c82943e6b5cc9dabc479e780 [term 0 FOLLOWER]: Becoming Follower/Learner. State: Replica: fa074d24c82943e6b5cc9dabc479e780, State: Initialized, Role: FOLLOWER
I20260608 10:02:40.764194  9551 raft_consensus.cc:740] T 3bd0d0ba8b354d94aa4fdb147a640a12 P 0bc5eb562180473c806e29903d674435 [term 0 FOLLOWER]: Becoming Follower/Learner. State: Replica: 0bc5eb562180473c806e29903d674435, State: Initialized, Role: FOLLOWER
I20260608 10:02:40.765202  9553 consensus_queue.cc:260] T 268dc3e27cbd4d879a52d37a8e3058aa P fa074d24c82943e6b5cc9dabc479e780 [NON_LEADER]: Queue going to NON_LEADER mode. State: All replicated index: 0, Majority replicated index: 0, Committed index: 0, Last appended: 0.0, Last appended by leader: 0, Current term: 0, Majority size: -1, State: 0, Mode: NON_LEADER, active raft config: opid_index: -1 OBSOLETE_local: false peers { permanent_uuid: "fa074d24c82943e6b5cc9dabc479e780" member_type: VOTER last_known_addr { host: "127.6.138.65" port: 43111 } } peers { permanent_uuid: "7505bcb9bf0447da9a34764e9d89efb7" member_type: VOTER last_known_addr { host: "127.6.138.66" port: 33463 } } peers { permanent_uuid: "0bc5eb562180473c806e29903d674435" member_type: VOTER last_known_addr { host: "127.6.138.67" port: 43621 } }
I20260608 10:02:40.765316  9355 tablet_service.cc:1917] Received RequestConsensusVote() RPC: tablet_id: "ffd7c4ebdde0406683c63bfbdf7258b6" candidate_uuid: "7505bcb9bf0447da9a34764e9d89efb7" candidate_term: 1 candidate_status { last_received { term: 0 index: 0 } } ignore_live_leader: false dest_uuid: "fa074d24c82943e6b5cc9dabc479e780" is_pre_election: true
I20260608 10:02:40.765228  9551 consensus_queue.cc:260] T 3bd0d0ba8b354d94aa4fdb147a640a12 P 0bc5eb562180473c806e29903d674435 [NON_LEADER]: Queue going to NON_LEADER mode. State: All replicated index: 0, Majority replicated index: 0, Committed index: 0, Last appended: 0.0, Last appended by leader: 0, Current term: 0, Majority size: -1, State: 0, Mode: NON_LEADER, active raft config: opid_index: -1 OBSOLETE_local: false peers { permanent_uuid: "fa074d24c82943e6b5cc9dabc479e780" member_type: VOTER last_known_addr { host: "127.6.138.65" port: 43111 } } peers { permanent_uuid: "7505bcb9bf0447da9a34764e9d89efb7" member_type: VOTER last_known_addr { host: "127.6.138.66" port: 33463 } } peers { permanent_uuid: "0bc5eb562180473c806e29903d674435" member_type: VOTER last_known_addr { host: "127.6.138.67" port: 43621 } }
I20260608 10:02:40.766731  9355 raft_consensus.cc:2468] T ffd7c4ebdde0406683c63bfbdf7258b6 P fa074d24c82943e6b5cc9dabc479e780 [term 0 FOLLOWER]: Leader pre-election vote request: Granting yes vote for candidate 7505bcb9bf0447da9a34764e9d89efb7 in term 0.
I20260608 10:02:40.769048  9553 ts_tablet_manager.cc:1434] T 268dc3e27cbd4d879a52d37a8e3058aa P fa074d24c82943e6b5cc9dabc479e780: Time spent starting tablet: real 0.011s	user 0.006s	sys 0.002s
I20260608 10:02:40.768913  9551 ts_tablet_manager.cc:1434] T 3bd0d0ba8b354d94aa4fdb147a640a12 P 0bc5eb562180473c806e29903d674435: Time spent starting tablet: real 0.011s	user 0.009s	sys 0.000s
I20260608 10:02:40.769935  9505 tablet_service.cc:1917] Received RequestConsensusVote() RPC: tablet_id: "ffd7c4ebdde0406683c63bfbdf7258b6" candidate_uuid: "7505bcb9bf0447da9a34764e9d89efb7" candidate_term: 1 candidate_status { last_received { term: 0 index: 0 } } ignore_live_leader: false dest_uuid: "0bc5eb562180473c806e29903d674435" is_pre_election: true
I20260608 10:02:40.770823  9505 raft_consensus.cc:2468] T ffd7c4ebdde0406683c63bfbdf7258b6 P 0bc5eb562180473c806e29903d674435 [term 0 FOLLOWER]: Leader pre-election vote request: Granting yes vote for candidate 7505bcb9bf0447da9a34764e9d89efb7 in term 0.
I20260608 10:02:40.772507  9396 leader_election.cc:304] T ffd7c4ebdde0406683c63bfbdf7258b6 P 7505bcb9bf0447da9a34764e9d89efb7 [CANDIDATE]: Term 1 pre-election: Election decided. Result: candidate won. Election summary: received 2 responses out of 3 voters: 2 yes votes; 0 no votes. yes voters: 0bc5eb562180473c806e29903d674435, 7505bcb9bf0447da9a34764e9d89efb7; no voters: 
I20260608 10:02:40.773445  9557 raft_consensus.cc:2804] T ffd7c4ebdde0406683c63bfbdf7258b6 P 7505bcb9bf0447da9a34764e9d89efb7 [term 0 FOLLOWER]: Leader pre-election won for term 1
I20260608 10:02:40.773830  9557 raft_consensus.cc:493] T ffd7c4ebdde0406683c63bfbdf7258b6 P 7505bcb9bf0447da9a34764e9d89efb7 [term 0 FOLLOWER]: Starting leader election (no leader contacted us within the election timeout)
I20260608 10:02:40.774204  9557 raft_consensus.cc:3060] T ffd7c4ebdde0406683c63bfbdf7258b6 P 7505bcb9bf0447da9a34764e9d89efb7 [term 0 FOLLOWER]: Advancing to term 1
I20260608 10:02:40.781931  9557 raft_consensus.cc:515] T ffd7c4ebdde0406683c63bfbdf7258b6 P 7505bcb9bf0447da9a34764e9d89efb7 [term 1 FOLLOWER]: Starting leader election with config: opid_index: -1 OBSOLETE_local: false peers { permanent_uuid: "0bc5eb562180473c806e29903d674435" member_type: VOTER last_known_addr { host: "127.6.138.67" port: 43621 } } peers { permanent_uuid: "7505bcb9bf0447da9a34764e9d89efb7" member_type: VOTER last_known_addr { host: "127.6.138.66" port: 33463 } } peers { permanent_uuid: "fa074d24c82943e6b5cc9dabc479e780" member_type: VOTER last_known_addr { host: "127.6.138.65" port: 43111 } }
I20260608 10:02:40.784811  9557 leader_election.cc:290] T ffd7c4ebdde0406683c63bfbdf7258b6 P 7505bcb9bf0447da9a34764e9d89efb7 [CANDIDATE]: Term 1 election: Requested vote from peers 0bc5eb562180473c806e29903d674435 (127.6.138.67:43621), fa074d24c82943e6b5cc9dabc479e780 (127.6.138.65:43111)
I20260608 10:02:40.785233  9505 tablet_service.cc:1917] Received RequestConsensusVote() RPC: tablet_id: "ffd7c4ebdde0406683c63bfbdf7258b6" candidate_uuid: "7505bcb9bf0447da9a34764e9d89efb7" candidate_term: 1 candidate_status { last_received { term: 0 index: 0 } } ignore_live_leader: false dest_uuid: "0bc5eb562180473c806e29903d674435"
I20260608 10:02:40.785473  9355 tablet_service.cc:1917] Received RequestConsensusVote() RPC: tablet_id: "ffd7c4ebdde0406683c63bfbdf7258b6" candidate_uuid: "7505bcb9bf0447da9a34764e9d89efb7" candidate_term: 1 candidate_status { last_received { term: 0 index: 0 } } ignore_live_leader: false dest_uuid: "fa074d24c82943e6b5cc9dabc479e780"
I20260608 10:02:40.785892  9505 raft_consensus.cc:3060] T ffd7c4ebdde0406683c63bfbdf7258b6 P 0bc5eb562180473c806e29903d674435 [term 0 FOLLOWER]: Advancing to term 1
I20260608 10:02:40.786008  9355 raft_consensus.cc:3060] T ffd7c4ebdde0406683c63bfbdf7258b6 P fa074d24c82943e6b5cc9dabc479e780 [term 0 FOLLOWER]: Advancing to term 1
I20260608 10:02:40.793922  9505 raft_consensus.cc:2468] T ffd7c4ebdde0406683c63bfbdf7258b6 P 0bc5eb562180473c806e29903d674435 [term 1 FOLLOWER]: Leader election vote request: Granting yes vote for candidate 7505bcb9bf0447da9a34764e9d89efb7 in term 1.
I20260608 10:02:40.793915  9355 raft_consensus.cc:2468] T ffd7c4ebdde0406683c63bfbdf7258b6 P fa074d24c82943e6b5cc9dabc479e780 [term 1 FOLLOWER]: Leader election vote request: Granting yes vote for candidate 7505bcb9bf0447da9a34764e9d89efb7 in term 1.
I20260608 10:02:40.795709  9395 leader_election.cc:304] T ffd7c4ebdde0406683c63bfbdf7258b6 P 7505bcb9bf0447da9a34764e9d89efb7 [CANDIDATE]: Term 1 election: Election decided. Result: candidate won. Election summary: received 2 responses out of 3 voters: 2 yes votes; 0 no votes. yes voters: 7505bcb9bf0447da9a34764e9d89efb7, fa074d24c82943e6b5cc9dabc479e780; no voters: 
I20260608 10:02:40.796572  9557 raft_consensus.cc:2804] T ffd7c4ebdde0406683c63bfbdf7258b6 P 7505bcb9bf0447da9a34764e9d89efb7 [term 1 FOLLOWER]: Leader election won for term 1
I20260608 10:02:40.797770  9557 raft_consensus.cc:697] T ffd7c4ebdde0406683c63bfbdf7258b6 P 7505bcb9bf0447da9a34764e9d89efb7 [term 1 LEADER]: Becoming Leader. State: Replica: 7505bcb9bf0447da9a34764e9d89efb7, State: Running, Role: LEADER
I20260608 10:02:40.799089  9557 consensus_queue.cc:237] T ffd7c4ebdde0406683c63bfbdf7258b6 P 7505bcb9bf0447da9a34764e9d89efb7 [LEADER]: Queue going to LEADER mode. State: All replicated index: 0, Majority replicated index: 0, Committed index: 0, Last appended: 0.0, Last appended by leader: 0, Current term: 1, Majority size: 2, State: 0, Mode: LEADER, active raft config: opid_index: -1 OBSOLETE_local: false peers { permanent_uuid: "0bc5eb562180473c806e29903d674435" member_type: VOTER last_known_addr { host: "127.6.138.67" port: 43621 } } peers { permanent_uuid: "7505bcb9bf0447da9a34764e9d89efb7" member_type: VOTER last_known_addr { host: "127.6.138.66" port: 33463 } } peers { permanent_uuid: "fa074d24c82943e6b5cc9dabc479e780" member_type: VOTER last_known_addr { host: "127.6.138.65" port: 43111 } }
I20260608 10:02:40.807633  9559 raft_consensus.cc:493] T 3bd0d0ba8b354d94aa4fdb147a640a12 P 0bc5eb562180473c806e29903d674435 [term 0 FOLLOWER]: Starting pre-election (no leader contacted us within the election timeout)
I20260608 10:02:40.808148  9559 raft_consensus.cc:515] T 3bd0d0ba8b354d94aa4fdb147a640a12 P 0bc5eb562180473c806e29903d674435 [term 0 FOLLOWER]: Starting pre-election with config: opid_index: -1 OBSOLETE_local: false peers { permanent_uuid: "fa074d24c82943e6b5cc9dabc479e780" member_type: VOTER last_known_addr { host: "127.6.138.65" port: 43111 } } peers { permanent_uuid: "7505bcb9bf0447da9a34764e9d89efb7" member_type: VOTER last_known_addr { host: "127.6.138.66" port: 33463 } } peers { permanent_uuid: "0bc5eb562180473c806e29903d674435" member_type: VOTER last_known_addr { host: "127.6.138.67" port: 43621 } }
I20260608 10:02:40.809175  9249 catalog_manager.cc:5696] T ffd7c4ebdde0406683c63bfbdf7258b6 P 7505bcb9bf0447da9a34764e9d89efb7 reported cstate change: term changed from 0 to 1, leader changed from <none> to 7505bcb9bf0447da9a34764e9d89efb7 (127.6.138.66). New cstate: current_term: 1 leader_uuid: "7505bcb9bf0447da9a34764e9d89efb7" committed_config { opid_index: -1 OBSOLETE_local: false peers { permanent_uuid: "0bc5eb562180473c806e29903d674435" member_type: VOTER last_known_addr { host: "127.6.138.67" port: 43621 } health_report { overall_health: UNKNOWN } } peers { permanent_uuid: "7505bcb9bf0447da9a34764e9d89efb7" member_type: VOTER last_known_addr { host: "127.6.138.66" port: 33463 } health_report { overall_health: HEALTHY } } peers { permanent_uuid: "fa074d24c82943e6b5cc9dabc479e780" member_type: VOTER last_known_addr { host: "127.6.138.65" port: 43111 } health_report { overall_health: UNKNOWN } } }
I20260608 10:02:40.810758  9559 leader_election.cc:290] T 3bd0d0ba8b354d94aa4fdb147a640a12 P 0bc5eb562180473c806e29903d674435 [CANDIDATE]: Term 1 pre-election: Requested pre-vote from peers fa074d24c82943e6b5cc9dabc479e780 (127.6.138.65:43111), 7505bcb9bf0447da9a34764e9d89efb7 (127.6.138.66:33463)
I20260608 10:02:40.827832  9355 tablet_service.cc:1917] Received RequestConsensusVote() RPC: tablet_id: "3bd0d0ba8b354d94aa4fdb147a640a12" candidate_uuid: "0bc5eb562180473c806e29903d674435" candidate_term: 1 candidate_status { last_received { term: 0 index: 0 } } ignore_live_leader: false dest_uuid: "fa074d24c82943e6b5cc9dabc479e780" is_pre_election: true
I20260608 10:02:40.828019  9559 raft_consensus.cc:493] T 268dc3e27cbd4d879a52d37a8e3058aa P 0bc5eb562180473c806e29903d674435 [term 0 FOLLOWER]: Starting pre-election (no leader contacted us within the election timeout)
I20260608 10:02:40.828351  9431 tablet_service.cc:1917] Received RequestConsensusVote() RPC: tablet_id: "3bd0d0ba8b354d94aa4fdb147a640a12" candidate_uuid: "0bc5eb562180473c806e29903d674435" candidate_term: 1 candidate_status { last_received { term: 0 index: 0 } } ignore_live_leader: false dest_uuid: "7505bcb9bf0447da9a34764e9d89efb7" is_pre_election: true
I20260608 10:02:40.828655  9355 raft_consensus.cc:2468] T 3bd0d0ba8b354d94aa4fdb147a640a12 P fa074d24c82943e6b5cc9dabc479e780 [term 0 FOLLOWER]: Leader pre-election vote request: Granting yes vote for candidate 0bc5eb562180473c806e29903d674435 in term 0.
I20260608 10:02:40.828655  9559 raft_consensus.cc:515] T 268dc3e27cbd4d879a52d37a8e3058aa P 0bc5eb562180473c806e29903d674435 [term 0 FOLLOWER]: Starting pre-election with config: opid_index: -1 OBSOLETE_local: false peers { permanent_uuid: "fa074d24c82943e6b5cc9dabc479e780" member_type: VOTER last_known_addr { host: "127.6.138.65" port: 43111 } } peers { permanent_uuid: "7505bcb9bf0447da9a34764e9d89efb7" member_type: VOTER last_known_addr { host: "127.6.138.66" port: 33463 } } peers { permanent_uuid: "0bc5eb562180473c806e29903d674435" member_type: VOTER last_known_addr { host: "127.6.138.67" port: 43621 } }
I20260608 10:02:40.829241  9431 raft_consensus.cc:2468] T 3bd0d0ba8b354d94aa4fdb147a640a12 P 7505bcb9bf0447da9a34764e9d89efb7 [term 0 FOLLOWER]: Leader pre-election vote request: Granting yes vote for candidate 0bc5eb562180473c806e29903d674435 in term 0.
I20260608 10:02:40.830165  9469 leader_election.cc:304] T 3bd0d0ba8b354d94aa4fdb147a640a12 P 0bc5eb562180473c806e29903d674435 [CANDIDATE]: Term 1 pre-election: Election decided. Result: candidate won. Election summary: received 2 responses out of 3 voters: 2 yes votes; 0 no votes. yes voters: 0bc5eb562180473c806e29903d674435, fa074d24c82943e6b5cc9dabc479e780; no voters: 
I20260608 10:02:40.831117  9559 leader_election.cc:290] T 268dc3e27cbd4d879a52d37a8e3058aa P 0bc5eb562180473c806e29903d674435 [CANDIDATE]: Term 1 pre-election: Requested pre-vote from peers fa074d24c82943e6b5cc9dabc479e780 (127.6.138.65:43111), 7505bcb9bf0447da9a34764e9d89efb7 (127.6.138.66:33463)
I20260608 10:02:40.831630  9559 raft_consensus.cc:2804] T 3bd0d0ba8b354d94aa4fdb147a640a12 P 0bc5eb562180473c806e29903d674435 [term 0 FOLLOWER]: Leader pre-election won for term 1
I20260608 10:02:40.832079  9559 raft_consensus.cc:493] T 3bd0d0ba8b354d94aa4fdb147a640a12 P 0bc5eb562180473c806e29903d674435 [term 0 FOLLOWER]: Starting leader election (no leader contacted us within the election timeout)
I20260608 10:02:40.832418  9559 raft_consensus.cc:3060] T 3bd0d0ba8b354d94aa4fdb147a640a12 P 0bc5eb562180473c806e29903d674435 [term 0 FOLLOWER]: Advancing to term 1
I20260608 10:02:40.832465  9431 tablet_service.cc:1917] Received RequestConsensusVote() RPC: tablet_id: "268dc3e27cbd4d879a52d37a8e3058aa" candidate_uuid: "0bc5eb562180473c806e29903d674435" candidate_term: 1 candidate_status { last_received { term: 0 index: 0 } } ignore_live_leader: false dest_uuid: "7505bcb9bf0447da9a34764e9d89efb7" is_pre_election: true
I20260608 10:02:40.833244  9355 tablet_service.cc:1917] Received RequestConsensusVote() RPC: tablet_id: "268dc3e27cbd4d879a52d37a8e3058aa" candidate_uuid: "0bc5eb562180473c806e29903d674435" candidate_term: 1 candidate_status { last_received { term: 0 index: 0 } } ignore_live_leader: false dest_uuid: "fa074d24c82943e6b5cc9dabc479e780" is_pre_election: true
I20260608 10:02:40.833318  9431 raft_consensus.cc:2468] T 268dc3e27cbd4d879a52d37a8e3058aa P 7505bcb9bf0447da9a34764e9d89efb7 [term 0 FOLLOWER]: Leader pre-election vote request: Granting yes vote for candidate 0bc5eb562180473c806e29903d674435 in term 0.
I20260608 10:02:40.833894  9355 raft_consensus.cc:2468] T 268dc3e27cbd4d879a52d37a8e3058aa P fa074d24c82943e6b5cc9dabc479e780 [term 0 FOLLOWER]: Leader pre-election vote request: Granting yes vote for candidate 0bc5eb562180473c806e29903d674435 in term 0.
I20260608 10:02:40.834818  9470 leader_election.cc:304] T 268dc3e27cbd4d879a52d37a8e3058aa P 0bc5eb562180473c806e29903d674435 [CANDIDATE]: Term 1 pre-election: Election decided. Result: candidate won. Election summary: received 2 responses out of 3 voters: 2 yes votes; 0 no votes. yes voters: 0bc5eb562180473c806e29903d674435, 7505bcb9bf0447da9a34764e9d89efb7; no voters: 
I20260608 10:02:40.835903  9576 raft_consensus.cc:2804] T 268dc3e27cbd4d879a52d37a8e3058aa P 0bc5eb562180473c806e29903d674435 [term 0 FOLLOWER]: Leader pre-election won for term 1
I20260608 10:02:40.836244  9576 raft_consensus.cc:493] T 268dc3e27cbd4d879a52d37a8e3058aa P 0bc5eb562180473c806e29903d674435 [term 0 FOLLOWER]: Starting leader election (no leader contacted us within the election timeout)
I20260608 10:02:40.836531  9576 raft_consensus.cc:3060] T 268dc3e27cbd4d879a52d37a8e3058aa P 0bc5eb562180473c806e29903d674435 [term 0 FOLLOWER]: Advancing to term 1
I20260608 10:02:40.838971  9559 raft_consensus.cc:515] T 3bd0d0ba8b354d94aa4fdb147a640a12 P 0bc5eb562180473c806e29903d674435 [term 1 FOLLOWER]: Starting leader election with config: opid_index: -1 OBSOLETE_local: false peers { permanent_uuid: "fa074d24c82943e6b5cc9dabc479e780" member_type: VOTER last_known_addr { host: "127.6.138.65" port: 43111 } } peers { permanent_uuid: "7505bcb9bf0447da9a34764e9d89efb7" member_type: VOTER last_known_addr { host: "127.6.138.66" port: 33463 } } peers { permanent_uuid: "0bc5eb562180473c806e29903d674435" member_type: VOTER last_known_addr { host: "127.6.138.67" port: 43621 } }
I20260608 10:02:40.840778  9559 leader_election.cc:290] T 3bd0d0ba8b354d94aa4fdb147a640a12 P 0bc5eb562180473c806e29903d674435 [CANDIDATE]: Term 1 election: Requested vote from peers fa074d24c82943e6b5cc9dabc479e780 (127.6.138.65:43111), 7505bcb9bf0447da9a34764e9d89efb7 (127.6.138.66:33463)
I20260608 10:02:40.841696  9355 tablet_service.cc:1917] Received RequestConsensusVote() RPC: tablet_id: "3bd0d0ba8b354d94aa4fdb147a640a12" candidate_uuid: "0bc5eb562180473c806e29903d674435" candidate_term: 1 candidate_status { last_received { term: 0 index: 0 } } ignore_live_leader: false dest_uuid: "fa074d24c82943e6b5cc9dabc479e780"
I20260608 10:02:40.841972  9431 tablet_service.cc:1917] Received RequestConsensusVote() RPC: tablet_id: "3bd0d0ba8b354d94aa4fdb147a640a12" candidate_uuid: "0bc5eb562180473c806e29903d674435" candidate_term: 1 candidate_status { last_received { term: 0 index: 0 } } ignore_live_leader: false dest_uuid: "7505bcb9bf0447da9a34764e9d89efb7"
I20260608 10:02:40.842357  9355 raft_consensus.cc:3060] T 3bd0d0ba8b354d94aa4fdb147a640a12 P fa074d24c82943e6b5cc9dabc479e780 [term 0 FOLLOWER]: Advancing to term 1
I20260608 10:02:40.842555  9431 raft_consensus.cc:3060] T 3bd0d0ba8b354d94aa4fdb147a640a12 P 7505bcb9bf0447da9a34764e9d89efb7 [term 0 FOLLOWER]: Advancing to term 1
I20260608 10:02:40.843153  9576 raft_consensus.cc:515] T 268dc3e27cbd4d879a52d37a8e3058aa P 0bc5eb562180473c806e29903d674435 [term 1 FOLLOWER]: Starting leader election with config: opid_index: -1 OBSOLETE_local: false peers { permanent_uuid: "fa074d24c82943e6b5cc9dabc479e780" member_type: VOTER last_known_addr { host: "127.6.138.65" port: 43111 } } peers { permanent_uuid: "7505bcb9bf0447da9a34764e9d89efb7" member_type: VOTER last_known_addr { host: "127.6.138.66" port: 33463 } } peers { permanent_uuid: "0bc5eb562180473c806e29903d674435" member_type: VOTER last_known_addr { host: "127.6.138.67" port: 43621 } }
I20260608 10:02:40.846228  9354 tablet_service.cc:1917] Received RequestConsensusVote() RPC: tablet_id: "268dc3e27cbd4d879a52d37a8e3058aa" candidate_uuid: "0bc5eb562180473c806e29903d674435" candidate_term: 1 candidate_status { last_received { term: 0 index: 0 } } ignore_live_leader: false dest_uuid: "fa074d24c82943e6b5cc9dabc479e780"
I20260608 10:02:40.846966  9354 raft_consensus.cc:3060] T 268dc3e27cbd4d879a52d37a8e3058aa P fa074d24c82943e6b5cc9dabc479e780 [term 0 FOLLOWER]: Advancing to term 1
I20260608 10:02:40.847025  9430 tablet_service.cc:1917] Received RequestConsensusVote() RPC: tablet_id: "268dc3e27cbd4d879a52d37a8e3058aa" candidate_uuid: "0bc5eb562180473c806e29903d674435" candidate_term: 1 candidate_status { last_received { term: 0 index: 0 } } ignore_live_leader: false dest_uuid: "7505bcb9bf0447da9a34764e9d89efb7"
I20260608 10:02:40.847805  9430 raft_consensus.cc:3060] T 268dc3e27cbd4d879a52d37a8e3058aa P 7505bcb9bf0447da9a34764e9d89efb7 [term 0 FOLLOWER]: Advancing to term 1
I20260608 10:02:40.849742  9355 raft_consensus.cc:2468] T 3bd0d0ba8b354d94aa4fdb147a640a12 P fa074d24c82943e6b5cc9dabc479e780 [term 1 FOLLOWER]: Leader election vote request: Granting yes vote for candidate 0bc5eb562180473c806e29903d674435 in term 1.
I20260608 10:02:40.850255  9431 raft_consensus.cc:2468] T 3bd0d0ba8b354d94aa4fdb147a640a12 P 7505bcb9bf0447da9a34764e9d89efb7 [term 1 FOLLOWER]: Leader election vote request: Granting yes vote for candidate 0bc5eb562180473c806e29903d674435 in term 1.
I20260608 10:02:40.851042  9469 leader_election.cc:304] T 3bd0d0ba8b354d94aa4fdb147a640a12 P 0bc5eb562180473c806e29903d674435 [CANDIDATE]: Term 1 election: Election decided. Result: candidate won. Election summary: received 2 responses out of 3 voters: 2 yes votes; 0 no votes. yes voters: 0bc5eb562180473c806e29903d674435, fa074d24c82943e6b5cc9dabc479e780; no voters: 
I20260608 10:02:40.855481  9576 leader_election.cc:290] T 268dc3e27cbd4d879a52d37a8e3058aa P 0bc5eb562180473c806e29903d674435 [CANDIDATE]: Term 1 election: Requested vote from peers fa074d24c82943e6b5cc9dabc479e780 (127.6.138.65:43111), 7505bcb9bf0447da9a34764e9d89efb7 (127.6.138.66:33463)
I20260608 10:02:40.855751  9430 raft_consensus.cc:2468] T 268dc3e27cbd4d879a52d37a8e3058aa P 7505bcb9bf0447da9a34764e9d89efb7 [term 1 FOLLOWER]: Leader election vote request: Granting yes vote for candidate 0bc5eb562180473c806e29903d674435 in term 1.
I20260608 10:02:40.855954  9559 raft_consensus.cc:2804] T 3bd0d0ba8b354d94aa4fdb147a640a12 P 0bc5eb562180473c806e29903d674435 [term 1 FOLLOWER]: Leader election won for term 1
I20260608 10:02:40.855751  9354 raft_consensus.cc:2468] T 268dc3e27cbd4d879a52d37a8e3058aa P fa074d24c82943e6b5cc9dabc479e780 [term 1 FOLLOWER]: Leader election vote request: Granting yes vote for candidate 0bc5eb562180473c806e29903d674435 in term 1.
I20260608 10:02:40.856527  9559 raft_consensus.cc:697] T 3bd0d0ba8b354d94aa4fdb147a640a12 P 0bc5eb562180473c806e29903d674435 [term 1 LEADER]: Becoming Leader. State: Replica: 0bc5eb562180473c806e29903d674435, State: Running, Role: LEADER
I20260608 10:02:40.857288  9470 leader_election.cc:304] T 268dc3e27cbd4d879a52d37a8e3058aa P 0bc5eb562180473c806e29903d674435 [CANDIDATE]: Term 1 election: Election decided. Result: candidate won. Election summary: received 2 responses out of 3 voters: 2 yes votes; 0 no votes. yes voters: 0bc5eb562180473c806e29903d674435, 7505bcb9bf0447da9a34764e9d89efb7; no voters: 
I20260608 10:02:40.857491  9559 consensus_queue.cc:237] T 3bd0d0ba8b354d94aa4fdb147a640a12 P 0bc5eb562180473c806e29903d674435 [LEADER]: Queue going to LEADER mode. State: All replicated index: 0, Majority replicated index: 0, Committed index: 0, Last appended: 0.0, Last appended by leader: 0, Current term: 1, Majority size: 2, State: 0, Mode: LEADER, active raft config: opid_index: -1 OBSOLETE_local: false peers { permanent_uuid: "fa074d24c82943e6b5cc9dabc479e780" member_type: VOTER last_known_addr { host: "127.6.138.65" port: 43111 } } peers { permanent_uuid: "7505bcb9bf0447da9a34764e9d89efb7" member_type: VOTER last_known_addr { host: "127.6.138.66" port: 33463 } } peers { permanent_uuid: "0bc5eb562180473c806e29903d674435" member_type: VOTER last_known_addr { host: "127.6.138.67" port: 43621 } }
I20260608 10:02:40.858184  9576 raft_consensus.cc:2804] T 268dc3e27cbd4d879a52d37a8e3058aa P 0bc5eb562180473c806e29903d674435 [term 1 FOLLOWER]: Leader election won for term 1
I20260608 10:02:40.859699  9576 raft_consensus.cc:697] T 268dc3e27cbd4d879a52d37a8e3058aa P 0bc5eb562180473c806e29903d674435 [term 1 LEADER]: Becoming Leader. State: Replica: 0bc5eb562180473c806e29903d674435, State: Running, Role: LEADER
I20260608 10:02:40.860626  9576 consensus_queue.cc:237] T 268dc3e27cbd4d879a52d37a8e3058aa P 0bc5eb562180473c806e29903d674435 [LEADER]: Queue going to LEADER mode. State: All replicated index: 0, Majority replicated index: 0, Committed index: 0, Last appended: 0.0, Last appended by leader: 0, Current term: 1, Majority size: 2, State: 0, Mode: LEADER, active raft config: opid_index: -1 OBSOLETE_local: false peers { permanent_uuid: "fa074d24c82943e6b5cc9dabc479e780" member_type: VOTER last_known_addr { host: "127.6.138.65" port: 43111 } } peers { permanent_uuid: "7505bcb9bf0447da9a34764e9d89efb7" member_type: VOTER last_known_addr { host: "127.6.138.66" port: 33463 } } peers { permanent_uuid: "0bc5eb562180473c806e29903d674435" member_type: VOTER last_known_addr { host: "127.6.138.67" port: 43621 } }
I20260608 10:02:40.866947  9249 catalog_manager.cc:5696] T 3bd0d0ba8b354d94aa4fdb147a640a12 P 0bc5eb562180473c806e29903d674435 reported cstate change: term changed from 0 to 1, leader changed from <none> to 0bc5eb562180473c806e29903d674435 (127.6.138.67). New cstate: current_term: 1 leader_uuid: "0bc5eb562180473c806e29903d674435" committed_config { opid_index: -1 OBSOLETE_local: false peers { permanent_uuid: "fa074d24c82943e6b5cc9dabc479e780" member_type: VOTER last_known_addr { host: "127.6.138.65" port: 43111 } health_report { overall_health: UNKNOWN } } peers { permanent_uuid: "7505bcb9bf0447da9a34764e9d89efb7" member_type: VOTER last_known_addr { host: "127.6.138.66" port: 33463 } health_report { overall_health: UNKNOWN } } peers { permanent_uuid: "0bc5eb562180473c806e29903d674435" member_type: VOTER last_known_addr { host: "127.6.138.67" port: 43621 } health_report { overall_health: HEALTHY } } }
I20260608 10:02:40.880242  9249 catalog_manager.cc:5696] T 268dc3e27cbd4d879a52d37a8e3058aa P 0bc5eb562180473c806e29903d674435 reported cstate change: term changed from 0 to 1, leader changed from <none> to 0bc5eb562180473c806e29903d674435 (127.6.138.67). New cstate: current_term: 1 leader_uuid: "0bc5eb562180473c806e29903d674435" committed_config { opid_index: -1 OBSOLETE_local: false peers { permanent_uuid: "fa074d24c82943e6b5cc9dabc479e780" member_type: VOTER last_known_addr { host: "127.6.138.65" port: 43111 } health_report { overall_health: UNKNOWN } } peers { permanent_uuid: "7505bcb9bf0447da9a34764e9d89efb7" member_type: VOTER last_known_addr { host: "127.6.138.66" port: 33463 } health_report { overall_health: UNKNOWN } } peers { permanent_uuid: "0bc5eb562180473c806e29903d674435" member_type: VOTER last_known_addr { host: "127.6.138.67" port: 43621 } health_report { overall_health: HEALTHY } } }
I20260608 10:02:40.919672  9558 raft_consensus.cc:493] T 9d079c16bc3043578bb54086e501099f P fa074d24c82943e6b5cc9dabc479e780 [term 0 FOLLOWER]: Starting pre-election (no leader contacted us within the election timeout)
I20260608 10:02:40.920199  9558 raft_consensus.cc:515] T 9d079c16bc3043578bb54086e501099f P fa074d24c82943e6b5cc9dabc479e780 [term 0 FOLLOWER]: Starting pre-election with config: opid_index: -1 OBSOLETE_local: false peers { permanent_uuid: "fa074d24c82943e6b5cc9dabc479e780" member_type: VOTER last_known_addr { host: "127.6.138.65" port: 43111 } } peers { permanent_uuid: "7505bcb9bf0447da9a34764e9d89efb7" member_type: VOTER last_known_addr { host: "127.6.138.66" port: 33463 } } peers { permanent_uuid: "0bc5eb562180473c806e29903d674435" member_type: VOTER last_known_addr { host: "127.6.138.67" port: 43621 } }
I20260608 10:02:40.922468  9558 leader_election.cc:290] T 9d079c16bc3043578bb54086e501099f P fa074d24c82943e6b5cc9dabc479e780 [CANDIDATE]: Term 1 pre-election: Requested pre-vote from peers 7505bcb9bf0447da9a34764e9d89efb7 (127.6.138.66:33463), 0bc5eb562180473c806e29903d674435 (127.6.138.67:43621)
I20260608 10:02:40.934315  9505 tablet_service.cc:1917] Received RequestConsensusVote() RPC: tablet_id: "9d079c16bc3043578bb54086e501099f" candidate_uuid: "fa074d24c82943e6b5cc9dabc479e780" candidate_term: 1 candidate_status { last_received { term: 0 index: 0 } } ignore_live_leader: false dest_uuid: "0bc5eb562180473c806e29903d674435" is_pre_election: true
I20260608 10:02:40.935495  9505 raft_consensus.cc:2468] T 9d079c16bc3043578bb54086e501099f P 0bc5eb562180473c806e29903d674435 [term 0 FOLLOWER]: Leader pre-election vote request: Granting yes vote for candidate fa074d24c82943e6b5cc9dabc479e780 in term 0.
I20260608 10:02:40.935703  9430 tablet_service.cc:1917] Received RequestConsensusVote() RPC: tablet_id: "9d079c16bc3043578bb54086e501099f" candidate_uuid: "fa074d24c82943e6b5cc9dabc479e780" candidate_term: 1 candidate_status { last_received { term: 0 index: 0 } } ignore_live_leader: false dest_uuid: "7505bcb9bf0447da9a34764e9d89efb7" is_pre_election: true
I20260608 10:02:40.936874  9430 raft_consensus.cc:2468] T 9d079c16bc3043578bb54086e501099f P 7505bcb9bf0447da9a34764e9d89efb7 [term 0 FOLLOWER]: Leader pre-election vote request: Granting yes vote for candidate fa074d24c82943e6b5cc9dabc479e780 in term 0.
I20260608 10:02:40.937809  9319 leader_election.cc:304] T 9d079c16bc3043578bb54086e501099f P fa074d24c82943e6b5cc9dabc479e780 [CANDIDATE]: Term 1 pre-election: Election decided. Result: candidate won. Election summary: received 2 responses out of 3 voters: 2 yes votes; 0 no votes. yes voters: 0bc5eb562180473c806e29903d674435, fa074d24c82943e6b5cc9dabc479e780; no voters: 
I20260608 10:02:40.939646  9558 raft_consensus.cc:2804] T 9d079c16bc3043578bb54086e501099f P fa074d24c82943e6b5cc9dabc479e780 [term 0 FOLLOWER]: Leader pre-election won for term 1
I20260608 10:02:40.940037  9558 raft_consensus.cc:493] T 9d079c16bc3043578bb54086e501099f P fa074d24c82943e6b5cc9dabc479e780 [term 0 FOLLOWER]: Starting leader election (no leader contacted us within the election timeout)
I20260608 10:02:40.940493  9558 raft_consensus.cc:3060] T 9d079c16bc3043578bb54086e501099f P fa074d24c82943e6b5cc9dabc479e780 [term 0 FOLLOWER]: Advancing to term 1
I20260608 10:02:40.945912  9558 raft_consensus.cc:515] T 9d079c16bc3043578bb54086e501099f P fa074d24c82943e6b5cc9dabc479e780 [term 1 FOLLOWER]: Starting leader election with config: opid_index: -1 OBSOLETE_local: false peers { permanent_uuid: "fa074d24c82943e6b5cc9dabc479e780" member_type: VOTER last_known_addr { host: "127.6.138.65" port: 43111 } } peers { permanent_uuid: "7505bcb9bf0447da9a34764e9d89efb7" member_type: VOTER last_known_addr { host: "127.6.138.66" port: 33463 } } peers { permanent_uuid: "0bc5eb562180473c806e29903d674435" member_type: VOTER last_known_addr { host: "127.6.138.67" port: 43621 } }
