I20260608 10:02:48.132606  1803 raft_consensus.cc:2955] T a11037cccc204677ad35c084b914a0ad P ed8f0bade8874fb592f951814d780603 [term 1 LEADER]: Committing config change with OpId 1.2: config changed from index -1 to 2, NON_VOTER 848e73c7aea444cda2d6e2faf90889e1 (127.30.24.2) added. New config: { opid_index: 2 OBSOLETE_local: false peers { permanent_uuid: "914c866fde5c4948ae85d4f6686a0ec8" member_type: VOTER last_known_addr { host: "127.30.24.4" port: 36213 } attrs { replace: true } } peers { permanent_uuid: "ed8f0bade8874fb592f951814d780603" member_type: VOTER last_known_addr { host: "127.30.24.1" port: 41435 } } peers { permanent_uuid: "8fbc5f2945db4c8db1fd6c6f51517e74" member_type: VOTER last_known_addr { host: "127.30.24.3" port: 42799 } } peers { permanent_uuid: "848e73c7aea444cda2d6e2faf90889e1" member_type: NON_VOTER last_known_addr { host: "127.30.24.2" port: 33857 } attrs { promote: true } } }
I20260608 10:02:48.133911  1491 raft_consensus.cc:2955] T a11037cccc204677ad35c084b914a0ad P 8fbc5f2945db4c8db1fd6c6f51517e74 [term 1 FOLLOWER]: Committing config change with OpId 1.2: config changed from index -1 to 2, NON_VOTER 848e73c7aea444cda2d6e2faf90889e1 (127.30.24.2) added. New config: { opid_index: 2 OBSOLETE_local: false peers { permanent_uuid: "914c866fde5c4948ae85d4f6686a0ec8" member_type: VOTER last_known_addr { host: "127.30.24.4" port: 36213 } attrs { replace: true } } peers { permanent_uuid: "ed8f0bade8874fb592f951814d780603" member_type: VOTER last_known_addr { host: "127.30.24.1" port: 41435 } } peers { permanent_uuid: "8fbc5f2945db4c8db1fd6c6f51517e74" member_type: VOTER last_known_addr { host: "127.30.24.3" port: 42799 } } peers { permanent_uuid: "848e73c7aea444cda2d6e2faf90889e1" member_type: NON_VOTER last_known_addr { host: "127.30.24.2" port: 33857 } attrs { promote: true } } }
I20260608 10:02:48.136368  1645 raft_consensus.cc:2955] T a11037cccc204677ad35c084b914a0ad P 914c866fde5c4948ae85d4f6686a0ec8 [term 1 FOLLOWER]: Committing config change with OpId 1.2: config changed from index -1 to 2, NON_VOTER 848e73c7aea444cda2d6e2faf90889e1 (127.30.24.2) added. New config: { opid_index: 2 OBSOLETE_local: false peers { permanent_uuid: "914c866fde5c4948ae85d4f6686a0ec8" member_type: VOTER last_known_addr { host: "127.30.24.4" port: 36213 } attrs { replace: true } } peers { permanent_uuid: "ed8f0bade8874fb592f951814d780603" member_type: VOTER last_known_addr { host: "127.30.24.1" port: 41435 } } peers { permanent_uuid: "8fbc5f2945db4c8db1fd6c6f51517e74" member_type: VOTER last_known_addr { host: "127.30.24.3" port: 42799 } } peers { permanent_uuid: "848e73c7aea444cda2d6e2faf90889e1" member_type: NON_VOTER last_known_addr { host: "127.30.24.2" port: 33857 } attrs { promote: true } } }
I20260608 10:02:48.156008  1240 catalog_manager.cc:5696] T a11037cccc204677ad35c084b914a0ad P ed8f0bade8874fb592f951814d780603 reported cstate change: config changed from index -1 to 2, NON_VOTER 848e73c7aea444cda2d6e2faf90889e1 (127.30.24.2) added. New cstate: current_term: 1 leader_uuid: "ed8f0bade8874fb592f951814d780603" committed_config { opid_index: 2 OBSOLETE_local: false peers { permanent_uuid: "914c866fde5c4948ae85d4f6686a0ec8" member_type: VOTER last_known_addr { host: "127.30.24.4" port: 36213 } attrs { replace: true } health_report { overall_health: HEALTHY } } peers { permanent_uuid: "ed8f0bade8874fb592f951814d780603" member_type: VOTER last_known_addr { host: "127.30.24.1" port: 41435 } health_report { overall_health: HEALTHY } } peers { permanent_uuid: "8fbc5f2945db4c8db1fd6c6f51517e74" member_type: VOTER last_known_addr { host: "127.30.24.3" port: 42799 } health_report { overall_health: HEALTHY } } peers { permanent_uuid: "848e73c7aea444cda2d6e2faf90889e1" member_type: NON_VOTER last_known_addr { host: "127.30.24.2" port: 33857 } attrs { promote: true } health_report { overall_health: UNKNOWN } } }
I20260608 10:02:48.149221  1343 consensus_queue.cc:237] T 6d96525b438b4a8e9fe76bf3914679e0 P ed8f0bade8874fb592f951814d780603 [LEADER]: Queue going to LEADER mode. State: All replicated index: 0, Majority replicated index: 3, Committed index: 3, Last appended: 3.3, Last appended by leader: 2, Current term: 3, Majority size: 2, State: 0, Mode: LEADER, active raft config: opid_index: 4 OBSOLETE_local: false peers { permanent_uuid: "ed8f0bade8874fb592f951814d780603" member_type: VOTER last_known_addr { host: "127.30.24.1" port: 41435 } } peers { permanent_uuid: "848e73c7aea444cda2d6e2faf90889e1" member_type: VOTER last_known_addr { host: "127.30.24.2" port: 33857 } attrs { replace: true } } peers { permanent_uuid: "8fbc5f2945db4c8db1fd6c6f51517e74" member_type: VOTER last_known_addr { host: "127.30.24.3" port: 42799 } } peers { permanent_uuid: "914c866fde5c4948ae85d4f6686a0ec8" member_type: NON_VOTER last_known_addr { host: "127.30.24.4" port: 36213 } attrs { promote: true } }
W20260608 10:02:48.164671  1308 consensus_peers.cc:597] T 6d96525b438b4a8e9fe76bf3914679e0 P ed8f0bade8874fb592f951814d780603 -> Peer 914c866fde5c4948ae85d4f6686a0ec8 (127.30.24.4:36213): Couldn't send request to peer 914c866fde5c4948ae85d4f6686a0ec8. Error code: TABLET_NOT_FOUND (6). Status: Not found: Tablet not found: 6d96525b438b4a8e9fe76bf3914679e0. This is attempt 1: this message will repeat every 5th retry.
I20260608 10:02:48.165223  1491 raft_consensus.cc:1275] T 6d96525b438b4a8e9fe76bf3914679e0 P 8fbc5f2945db4c8db1fd6c6f51517e74 [term 3 FOLLOWER]: Refusing update from remote peer ed8f0bade8874fb592f951814d780603: Log matching property violated. Preceding OpId in replica: term: 3 index: 3. Preceding OpId from leader: term: 3 index: 4. (index mismatch)
I20260608 10:02:48.165755  1416 raft_consensus.cc:1275] T 6d96525b438b4a8e9fe76bf3914679e0 P 848e73c7aea444cda2d6e2faf90889e1 [term 3 FOLLOWER]: Refusing update from remote peer ed8f0bade8874fb592f951814d780603: Log matching property violated. Preceding OpId in replica: term: 3 index: 3. Preceding OpId from leader: term: 3 index: 4. (index mismatch)
I20260608 10:02:48.167831  1827 consensus_queue.cc:1048] T 6d96525b438b4a8e9fe76bf3914679e0 P ed8f0bade8874fb592f951814d780603 [LEADER]: Connected to new peer: Peer: permanent_uuid: "8fbc5f2945db4c8db1fd6c6f51517e74" member_type: VOTER last_known_addr { host: "127.30.24.3" port: 42799 }, Status: LMP_MISMATCH, Last received: 0.0, Next index: 4, Last known committed idx: 3, Time since last communication: 0.000s
I20260608 10:02:48.168859  1823 consensus_queue.cc:1048] T 6d96525b438b4a8e9fe76bf3914679e0 P ed8f0bade8874fb592f951814d780603 [LEADER]: Connected to new peer: Peer: permanent_uuid: "848e73c7aea444cda2d6e2faf90889e1" member_type: VOTER last_known_addr { host: "127.30.24.2" port: 33857 } attrs { replace: true }, Status: LMP_MISMATCH, Last received: 0.0, Next index: 4, Last known committed idx: 3, Time since last communication: 0.000s
I20260608 10:02:48.177237  1803 raft_consensus.cc:2955] T 6d96525b438b4a8e9fe76bf3914679e0 P ed8f0bade8874fb592f951814d780603 [term 3 LEADER]: Committing config change with OpId 3.4: config changed from index -1 to 4, NON_VOTER 914c866fde5c4948ae85d4f6686a0ec8 (127.30.24.4) added. New config: { opid_index: 4 OBSOLETE_local: false peers { permanent_uuid: "ed8f0bade8874fb592f951814d780603" member_type: VOTER last_known_addr { host: "127.30.24.1" port: 41435 } } peers { permanent_uuid: "848e73c7aea444cda2d6e2faf90889e1" member_type: VOTER last_known_addr { host: "127.30.24.2" port: 33857 } attrs { replace: true } } peers { permanent_uuid: "8fbc5f2945db4c8db1fd6c6f51517e74" member_type: VOTER last_known_addr { host: "127.30.24.3" port: 42799 } } peers { permanent_uuid: "914c866fde5c4948ae85d4f6686a0ec8" member_type: NON_VOTER last_known_addr { host: "127.30.24.4" port: 36213 } attrs { promote: true } } }
I20260608 10:02:48.179060  1416 raft_consensus.cc:2955] T 6d96525b438b4a8e9fe76bf3914679e0 P 848e73c7aea444cda2d6e2faf90889e1 [term 3 FOLLOWER]: Committing config change with OpId 3.4: config changed from index -1 to 4, NON_VOTER 914c866fde5c4948ae85d4f6686a0ec8 (127.30.24.4) added. New config: { opid_index: 4 OBSOLETE_local: false peers { permanent_uuid: "ed8f0bade8874fb592f951814d780603" member_type: VOTER last_known_addr { host: "127.30.24.1" port: 41435 } } peers { permanent_uuid: "848e73c7aea444cda2d6e2faf90889e1" member_type: VOTER last_known_addr { host: "127.30.24.2" port: 33857 } attrs { replace: true } } peers { permanent_uuid: "8fbc5f2945db4c8db1fd6c6f51517e74" member_type: VOTER last_known_addr { host: "127.30.24.3" port: 42799 } } peers { permanent_uuid: "914c866fde5c4948ae85d4f6686a0ec8" member_type: NON_VOTER last_known_addr { host: "127.30.24.4" port: 36213 } attrs { promote: true } } }
I20260608 10:02:48.180737  1491 raft_consensus.cc:2955] T 6d96525b438b4a8e9fe76bf3914679e0 P 8fbc5f2945db4c8db1fd6c6f51517e74 [term 3 FOLLOWER]: Committing config change with OpId 3.4: config changed from index -1 to 4, NON_VOTER 914c866fde5c4948ae85d4f6686a0ec8 (127.30.24.4) added. New config: { opid_index: 4 OBSOLETE_local: false peers { permanent_uuid: "ed8f0bade8874fb592f951814d780603" member_type: VOTER last_known_addr { host: "127.30.24.1" port: 41435 } } peers { permanent_uuid: "848e73c7aea444cda2d6e2faf90889e1" member_type: VOTER last_known_addr { host: "127.30.24.2" port: 33857 } attrs { replace: true } } peers { permanent_uuid: "8fbc5f2945db4c8db1fd6c6f51517e74" member_type: VOTER last_known_addr { host: "127.30.24.3" port: 42799 } } peers { permanent_uuid: "914c866fde5c4948ae85d4f6686a0ec8" member_type: NON_VOTER last_known_addr { host: "127.30.24.4" port: 36213 } attrs { promote: true } } }
I20260608 10:02:48.191093  1240 catalog_manager.cc:5696] T 6d96525b438b4a8e9fe76bf3914679e0 P ed8f0bade8874fb592f951814d780603 reported cstate change: config changed from index -1 to 4, NON_VOTER 914c866fde5c4948ae85d4f6686a0ec8 (127.30.24.4) added. New cstate: current_term: 3 leader_uuid: "ed8f0bade8874fb592f951814d780603" committed_config { opid_index: 4 OBSOLETE_local: false peers { permanent_uuid: "ed8f0bade8874fb592f951814d780603" member_type: VOTER last_known_addr { host: "127.30.24.1" port: 41435 } health_report { overall_health: HEALTHY } } peers { permanent_uuid: "848e73c7aea444cda2d6e2faf90889e1" member_type: VOTER last_known_addr { host: "127.30.24.2" port: 33857 } attrs { replace: true } health_report { overall_health: HEALTHY } } peers { permanent_uuid: "8fbc5f2945db4c8db1fd6c6f51517e74" member_type: VOTER last_known_addr { host: "127.30.24.3" port: 42799 } health_report { overall_health: HEALTHY } } peers { permanent_uuid: "914c866fde5c4948ae85d4f6686a0ec8" member_type: NON_VOTER last_known_addr { host: "127.30.24.4" port: 36213 } attrs { promote: true } health_report { overall_health: UNKNOWN } } }
I20260608 10:02:48.193011  1416 consensus_queue.cc:237] T f1475c591bdf46a99cd4b1355ec6c1e1 P 848e73c7aea444cda2d6e2faf90889e1 [LEADER]: Queue going to LEADER mode. State: All replicated index: 0, Majority replicated index: 1, Committed index: 1, Last appended: 1.1, Last appended by leader: 0, Current term: 1, Majority size: 2, State: 0, Mode: LEADER, active raft config: opid_index: 2 OBSOLETE_local: false peers { permanent_uuid: "848e73c7aea444cda2d6e2faf90889e1" member_type: VOTER last_known_addr { host: "127.30.24.2" port: 33857 } } peers { permanent_uuid: "914c866fde5c4948ae85d4f6686a0ec8" member_type: VOTER last_known_addr { host: "127.30.24.4" port: 36213 } attrs { replace: true } } peers { permanent_uuid: "ed8f0bade8874fb592f951814d780603" member_type: VOTER last_known_addr { host: "127.30.24.1" port: 41435 } } peers { permanent_uuid: "8fbc5f2945db4c8db1fd6c6f51517e74" member_type: NON_VOTER last_known_addr { host: "127.30.24.3" port: 42799 } attrs { promote: true } }
W20260608 10:02:48.202601  1382 consensus_peers.cc:597] T f1475c591bdf46a99cd4b1355ec6c1e1 P 848e73c7aea444cda2d6e2faf90889e1 -> Peer 8fbc5f2945db4c8db1fd6c6f51517e74 (127.30.24.3:42799): Couldn't send request to peer 8fbc5f2945db4c8db1fd6c6f51517e74. Error code: TABLET_NOT_FOUND (6). Status: Not found: Tablet not found: f1475c591bdf46a99cd4b1355ec6c1e1. This is attempt 1: this message will repeat every 5th retry.
I20260608 10:02:48.204217  1343 raft_consensus.cc:1275] T f1475c591bdf46a99cd4b1355ec6c1e1 P ed8f0bade8874fb592f951814d780603 [term 1 FOLLOWER]: Refusing update from remote peer 848e73c7aea444cda2d6e2faf90889e1: Log matching property violated. Preceding OpId in replica: term: 1 index: 1. Preceding OpId from leader: term: 1 index: 2. (index mismatch)
I20260608 10:02:48.204454  1645 raft_consensus.cc:1275] T f1475c591bdf46a99cd4b1355ec6c1e1 P 914c866fde5c4948ae85d4f6686a0ec8 [term 1 FOLLOWER]: Refusing update from remote peer 848e73c7aea444cda2d6e2faf90889e1: Log matching property violated. Preceding OpId in replica: term: 1 index: 1. Preceding OpId from leader: term: 1 index: 2. (index mismatch)
I20260608 10:02:48.205915  1837 consensus_queue.cc:1048] T f1475c591bdf46a99cd4b1355ec6c1e1 P 848e73c7aea444cda2d6e2faf90889e1 [LEADER]: Connected to new peer: Peer: permanent_uuid: "ed8f0bade8874fb592f951814d780603" member_type: VOTER last_known_addr { host: "127.30.24.1" port: 41435 }, Status: LMP_MISMATCH, Last received: 0.0, Next index: 2, Last known committed idx: 1, Time since last communication: 0.000s
I20260608 10:02:48.207707  1837 consensus_queue.cc:1048] T f1475c591bdf46a99cd4b1355ec6c1e1 P 848e73c7aea444cda2d6e2faf90889e1 [LEADER]: Connected to new peer: Peer: permanent_uuid: "914c866fde5c4948ae85d4f6686a0ec8" member_type: VOTER last_known_addr { host: "127.30.24.4" port: 36213 } attrs { replace: true }, Status: LMP_MISMATCH, Last received: 0.0, Next index: 2, Last known committed idx: 1, Time since last communication: 0.000s
I20260608 10:02:48.217141  1692 raft_consensus.cc:2955] T f1475c591bdf46a99cd4b1355ec6c1e1 P 848e73c7aea444cda2d6e2faf90889e1 [term 1 LEADER]: Committing config change with OpId 1.2: config changed from index -1 to 2, NON_VOTER 8fbc5f2945db4c8db1fd6c6f51517e74 (127.30.24.3) added. New config: { opid_index: 2 OBSOLETE_local: false peers { permanent_uuid: "848e73c7aea444cda2d6e2faf90889e1" member_type: VOTER last_known_addr { host: "127.30.24.2" port: 33857 } } peers { permanent_uuid: "914c866fde5c4948ae85d4f6686a0ec8" member_type: VOTER last_known_addr { host: "127.30.24.4" port: 36213 } attrs { replace: true } } peers { permanent_uuid: "ed8f0bade8874fb592f951814d780603" member_type: VOTER last_known_addr { host: "127.30.24.1" port: 41435 } } peers { permanent_uuid: "8fbc5f2945db4c8db1fd6c6f51517e74" member_type: NON_VOTER last_known_addr { host: "127.30.24.3" port: 42799 } attrs { promote: true } } }
I20260608 10:02:48.219223  1343 raft_consensus.cc:2955] T f1475c591bdf46a99cd4b1355ec6c1e1 P ed8f0bade8874fb592f951814d780603 [term 1 FOLLOWER]: Committing config change with OpId 1.2: config changed from index -1 to 2, NON_VOTER 8fbc5f2945db4c8db1fd6c6f51517e74 (127.30.24.3) added. New config: { opid_index: 2 OBSOLETE_local: false peers { permanent_uuid: "848e73c7aea444cda2d6e2faf90889e1" member_type: VOTER last_known_addr { host: "127.30.24.2" port: 33857 } } peers { permanent_uuid: "914c866fde5c4948ae85d4f6686a0ec8" member_type: VOTER last_known_addr { host: "127.30.24.4" port: 36213 } attrs { replace: true } } peers { permanent_uuid: "ed8f0bade8874fb592f951814d780603" member_type: VOTER last_known_addr { host: "127.30.24.1" port: 41435 } } peers { permanent_uuid: "8fbc5f2945db4c8db1fd6c6f51517e74" member_type: NON_VOTER last_known_addr { host: "127.30.24.3" port: 42799 } attrs { promote: true } } }
I20260608 10:02:48.220628  1645 raft_consensus.cc:2955] T f1475c591bdf46a99cd4b1355ec6c1e1 P 914c866fde5c4948ae85d4f6686a0ec8 [term 1 FOLLOWER]: Committing config change with OpId 1.2: config changed from index -1 to 2, NON_VOTER 8fbc5f2945db4c8db1fd6c6f51517e74 (127.30.24.3) added. New config: { opid_index: 2 OBSOLETE_local: false peers { permanent_uuid: "848e73c7aea444cda2d6e2faf90889e1" member_type: VOTER last_known_addr { host: "127.30.24.2" port: 33857 } } peers { permanent_uuid: "914c866fde5c4948ae85d4f6686a0ec8" member_type: VOTER last_known_addr { host: "127.30.24.4" port: 36213 } attrs { replace: true } } peers { permanent_uuid: "ed8f0bade8874fb592f951814d780603" member_type: VOTER last_known_addr { host: "127.30.24.1" port: 41435 } } peers { permanent_uuid: "8fbc5f2945db4c8db1fd6c6f51517e74" member_type: NON_VOTER last_known_addr { host: "127.30.24.3" port: 42799 } attrs { promote: true } } }
I20260608 10:02:48.232514  1241 catalog_manager.cc:5696] T f1475c591bdf46a99cd4b1355ec6c1e1 P 914c866fde5c4948ae85d4f6686a0ec8 reported cstate change: config changed from index -1 to 2, NON_VOTER 8fbc5f2945db4c8db1fd6c6f51517e74 (127.30.24.3) added. New cstate: current_term: 1 leader_uuid: "848e73c7aea444cda2d6e2faf90889e1" committed_config { opid_index: 2 OBSOLETE_local: false peers { permanent_uuid: "848e73c7aea444cda2d6e2faf90889e1" member_type: VOTER last_known_addr { host: "127.30.24.2" port: 33857 } } peers { permanent_uuid: "914c866fde5c4948ae85d4f6686a0ec8" member_type: VOTER last_known_addr { host: "127.30.24.4" port: 36213 } attrs { replace: true } } peers { permanent_uuid: "ed8f0bade8874fb592f951814d780603" member_type: VOTER last_known_addr { host: "127.30.24.1" port: 41435 } } peers { permanent_uuid: "8fbc5f2945db4c8db1fd6c6f51517e74" member_type: NON_VOTER last_known_addr { host: "127.30.24.3" port: 42799 } attrs { promote: true } } }
I20260608 10:02:48.512933  1849 ts_tablet_manager.cc:933] T a11037cccc204677ad35c084b914a0ad P 848e73c7aea444cda2d6e2faf90889e1: Initiating tablet copy from peer ed8f0bade8874fb592f951814d780603 (127.30.24.1:41435)
I20260608 10:02:48.514982  1849 tablet_copy_client.cc:323] T a11037cccc204677ad35c084b914a0ad P 848e73c7aea444cda2d6e2faf90889e1: tablet copy: Beginning tablet copy session from remote peer at address 127.30.24.1:41435
I20260608 10:02:48.516763  1353 tablet_copy_service.cc:140] P ed8f0bade8874fb592f951814d780603: Received BeginTabletCopySession request for tablet a11037cccc204677ad35c084b914a0ad from peer 848e73c7aea444cda2d6e2faf90889e1 ({username='slave'} at 127.0.0.1:42954)
I20260608 10:02:48.517261  1353 tablet_copy_service.cc:161] P ed8f0bade8874fb592f951814d780603: Beginning new tablet copy session on tablet a11037cccc204677ad35c084b914a0ad from peer 848e73c7aea444cda2d6e2faf90889e1 at {username='slave'} at 127.0.0.1:42954: session id = 848e73c7aea444cda2d6e2faf90889e1-a11037cccc204677ad35c084b914a0ad
I20260608 10:02:48.522480  1353 tablet_copy_source_session.cc:215] T a11037cccc204677ad35c084b914a0ad P ed8f0bade8874fb592f951814d780603: Tablet Copy: opened 0 blocks and 1 log segments
I20260608 10:02:48.525302  1849 data_dirs.cc:400] Could only allocate 1 dirs of requested 3 for tablet a11037cccc204677ad35c084b914a0ad. 1 dirs total, 0 dirs full, 0 dirs failed
I20260608 10:02:48.539147  1849 tablet_copy_client.cc:806] T a11037cccc204677ad35c084b914a0ad P 848e73c7aea444cda2d6e2faf90889e1: tablet copy: Starting download of 0 data blocks...
I20260608 10:02:48.539825  1849 tablet_copy_client.cc:670] T a11037cccc204677ad35c084b914a0ad P 848e73c7aea444cda2d6e2faf90889e1: tablet copy: Starting download of 1 WAL segments...
I20260608 10:02:48.543973  1849 tablet_copy_client.cc:538] T a11037cccc204677ad35c084b914a0ad P 848e73c7aea444cda2d6e2faf90889e1: tablet copy: Tablet Copy complete. Replacing tablet superblock.
I20260608 10:02:48.551169  1849 tablet_bootstrap.cc:492] T a11037cccc204677ad35c084b914a0ad P 848e73c7aea444cda2d6e2faf90889e1: Bootstrap starting.
I20260608 10:02:48.567516  1849 tablet_bootstrap.cc:492] T a11037cccc204677ad35c084b914a0ad P 848e73c7aea444cda2d6e2faf90889e1: Bootstrap replayed 1/1 log segments. Stats: ops{read=2 overwritten=0 applied=2 ignored=0} inserts{seen=0 ignored=0} mutations{seen=0 ignored=0} orphaned_commits=0. Pending: 0 replicates
I20260608 10:02:48.568313  1849 tablet_bootstrap.cc:492] T a11037cccc204677ad35c084b914a0ad P 848e73c7aea444cda2d6e2faf90889e1: Bootstrap complete.
I20260608 10:02:48.568907  1849 ts_tablet_manager.cc:1403] T a11037cccc204677ad35c084b914a0ad P 848e73c7aea444cda2d6e2faf90889e1: Time spent bootstrapping tablet: real 0.018s	user 0.006s	sys 0.009s
I20260608 10:02:48.571980  1849 raft_consensus.cc:359] T a11037cccc204677ad35c084b914a0ad P 848e73c7aea444cda2d6e2faf90889e1 [term 1 LEARNER]: Replica starting. Triggering 0 pending ops. Active config: opid_index: 2 OBSOLETE_local: false peers { permanent_uuid: "914c866fde5c4948ae85d4f6686a0ec8" member_type: VOTER last_known_addr { host: "127.30.24.4" port: 36213 } attrs { replace: true } } peers { permanent_uuid: "ed8f0bade8874fb592f951814d780603" member_type: VOTER last_known_addr { host: "127.30.24.1" port: 41435 } } peers { permanent_uuid: "8fbc5f2945db4c8db1fd6c6f51517e74" member_type: VOTER last_known_addr { host: "127.30.24.3" port: 42799 } } peers { permanent_uuid: "848e73c7aea444cda2d6e2faf90889e1" member_type: NON_VOTER last_known_addr { host: "127.30.24.2" port: 33857 } attrs { promote: true } }
I20260608 10:02:48.572922  1849 raft_consensus.cc:740] T a11037cccc204677ad35c084b914a0ad P 848e73c7aea444cda2d6e2faf90889e1 [term 1 LEARNER]: Becoming Follower/Learner. State: Replica: 848e73c7aea444cda2d6e2faf90889e1, State: Initialized, Role: LEARNER
I20260608 10:02:48.573661  1849 consensus_queue.cc:260] T a11037cccc204677ad35c084b914a0ad P 848e73c7aea444cda2d6e2faf90889e1 [NON_LEADER]: Queue going to NON_LEADER mode. State: All replicated index: 0, Majority replicated index: 0, Committed index: 2, Last appended: 1.2, Last appended by leader: 2, Current term: 0, Majority size: -1, State: 0, Mode: NON_LEADER, active raft config: opid_index: 2 OBSOLETE_local: false peers { permanent_uuid: "914c866fde5c4948ae85d4f6686a0ec8" member_type: VOTER last_known_addr { host: "127.30.24.4" port: 36213 } attrs { replace: true } } peers { permanent_uuid: "ed8f0bade8874fb592f951814d780603" member_type: VOTER last_known_addr { host: "127.30.24.1" port: 41435 } } peers { permanent_uuid: "8fbc5f2945db4c8db1fd6c6f51517e74" member_type: VOTER last_known_addr { host: "127.30.24.3" port: 42799 } } peers { permanent_uuid: "848e73c7aea444cda2d6e2faf90889e1" member_type: NON_VOTER last_known_addr { host: "127.30.24.2" port: 33857 } attrs { promote: true } }
I20260608 10:02:48.576956  1849 ts_tablet_manager.cc:1434] T a11037cccc204677ad35c084b914a0ad P 848e73c7aea444cda2d6e2faf90889e1: Time spent starting tablet: real 0.008s	user 0.008s	sys 0.000s
I20260608 10:02:48.579195  1353 tablet_copy_service.cc:342] P ed8f0bade8874fb592f951814d780603: Request end of tablet copy session 848e73c7aea444cda2d6e2faf90889e1-a11037cccc204677ad35c084b914a0ad received from {username='slave'} at 127.0.0.1:42954
I20260608 10:02:48.579677  1353 tablet_copy_service.cc:434] P ed8f0bade8874fb592f951814d780603: ending tablet copy session 848e73c7aea444cda2d6e2faf90889e1-a11037cccc204677ad35c084b914a0ad on tablet a11037cccc204677ad35c084b914a0ad with peer 848e73c7aea444cda2d6e2faf90889e1
I20260608 10:02:48.587513  1852 ts_tablet_manager.cc:933] T 0a4a5f5cc5e84d2586aea776adb2eb7a P 914c866fde5c4948ae85d4f6686a0ec8: Initiating tablet copy from peer ed8f0bade8874fb592f951814d780603 (127.30.24.1:41435)
I20260608 10:02:48.589752  1852 tablet_copy_client.cc:323] T 0a4a5f5cc5e84d2586aea776adb2eb7a P 914c866fde5c4948ae85d4f6686a0ec8: tablet copy: Beginning tablet copy session from remote peer at address 127.30.24.1:41435
I20260608 10:02:48.591596  1353 tablet_copy_service.cc:140] P ed8f0bade8874fb592f951814d780603: Received BeginTabletCopySession request for tablet 0a4a5f5cc5e84d2586aea776adb2eb7a from peer 914c866fde5c4948ae85d4f6686a0ec8 ({username='slave'} at 127.0.0.1:42970)
I20260608 10:02:48.592082  1353 tablet_copy_service.cc:161] P ed8f0bade8874fb592f951814d780603: Beginning new tablet copy session on tablet 0a4a5f5cc5e84d2586aea776adb2eb7a from peer 914c866fde5c4948ae85d4f6686a0ec8 at {username='slave'} at 127.0.0.1:42970: session id = 914c866fde5c4948ae85d4f6686a0ec8-0a4a5f5cc5e84d2586aea776adb2eb7a
I20260608 10:02:48.598198  1353 tablet_copy_source_session.cc:215] T 0a4a5f5cc5e84d2586aea776adb2eb7a P ed8f0bade8874fb592f951814d780603: Tablet Copy: opened 0 blocks and 1 log segments
I20260608 10:02:48.601070  1852 data_dirs.cc:400] Could only allocate 1 dirs of requested 3 for tablet 0a4a5f5cc5e84d2586aea776adb2eb7a. 1 dirs total, 0 dirs full, 0 dirs failed
I20260608 10:02:48.614682  1852 tablet_copy_client.cc:806] T 0a4a5f5cc5e84d2586aea776adb2eb7a P 914c866fde5c4948ae85d4f6686a0ec8: tablet copy: Starting download of 0 data blocks...
I20260608 10:02:48.615322  1852 tablet_copy_client.cc:670] T 0a4a5f5cc5e84d2586aea776adb2eb7a P 914c866fde5c4948ae85d4f6686a0ec8: tablet copy: Starting download of 1 WAL segments...
I20260608 10:02:48.619341  1852 tablet_copy_client.cc:538] T 0a4a5f5cc5e84d2586aea776adb2eb7a P 914c866fde5c4948ae85d4f6686a0ec8: tablet copy: Tablet Copy complete. Replacing tablet superblock.
I20260608 10:02:48.628785  1852 tablet_bootstrap.cc:492] T 0a4a5f5cc5e84d2586aea776adb2eb7a P 914c866fde5c4948ae85d4f6686a0ec8: Bootstrap starting.
I20260608 10:02:48.651772  1852 tablet_bootstrap.cc:492] T 0a4a5f5cc5e84d2586aea776adb2eb7a P 914c866fde5c4948ae85d4f6686a0ec8: Bootstrap replayed 1/1 log segments. Stats: ops{read=2 overwritten=0 applied=2 ignored=0} inserts{seen=0 ignored=0} mutations{seen=0 ignored=0} orphaned_commits=0. Pending: 0 replicates
I20260608 10:02:48.652719  1852 tablet_bootstrap.cc:492] T 0a4a5f5cc5e84d2586aea776adb2eb7a P 914c866fde5c4948ae85d4f6686a0ec8: Bootstrap complete.
I20260608 10:02:48.653402  1852 ts_tablet_manager.cc:1403] T 0a4a5f5cc5e84d2586aea776adb2eb7a P 914c866fde5c4948ae85d4f6686a0ec8: Time spent bootstrapping tablet: real 0.025s	user 0.015s	sys 0.007s
I20260608 10:02:48.656682  1852 raft_consensus.cc:359] T 0a4a5f5cc5e84d2586aea776adb2eb7a P 914c866fde5c4948ae85d4f6686a0ec8 [term 1 LEARNER]: Replica starting. Triggering 0 pending ops. Active config: opid_index: 2 OBSOLETE_local: false peers { permanent_uuid: "848e73c7aea444cda2d6e2faf90889e1" member_type: VOTER last_known_addr { host: "127.30.24.2" port: 33857 } } peers { permanent_uuid: "ed8f0bade8874fb592f951814d780603" member_type: VOTER last_known_addr { host: "127.30.24.1" port: 41435 } } peers { permanent_uuid: "8fbc5f2945db4c8db1fd6c6f51517e74" member_type: VOTER last_known_addr { host: "127.30.24.3" port: 42799 } attrs { replace: true } } peers { permanent_uuid: "914c866fde5c4948ae85d4f6686a0ec8" member_type: NON_VOTER last_known_addr { host: "127.30.24.4" port: 36213 } attrs { promote: true } }
I20260608 10:02:48.657539  1852 raft_consensus.cc:740] T 0a4a5f5cc5e84d2586aea776adb2eb7a P 914c866fde5c4948ae85d4f6686a0ec8 [term 1 LEARNER]: Becoming Follower/Learner. State: Replica: 914c866fde5c4948ae85d4f6686a0ec8, State: Initialized, Role: LEARNER
I20260608 10:02:48.658283  1852 consensus_queue.cc:260] T 0a4a5f5cc5e84d2586aea776adb2eb7a P 914c866fde5c4948ae85d4f6686a0ec8 [NON_LEADER]: Queue going to NON_LEADER mode. State: All replicated index: 0, Majority replicated index: 0, Committed index: 2, Last appended: 1.2, Last appended by leader: 2, Current term: 0, Majority size: -1, State: 0, Mode: NON_LEADER, active raft config: opid_index: 2 OBSOLETE_local: false peers { permanent_uuid: "848e73c7aea444cda2d6e2faf90889e1" member_type: VOTER last_known_addr { host: "127.30.24.2" port: 33857 } } peers { permanent_uuid: "ed8f0bade8874fb592f951814d780603" member_type: VOTER last_known_addr { host: "127.30.24.1" port: 41435 } } peers { permanent_uuid: "8fbc5f2945db4c8db1fd6c6f51517e74" member_type: VOTER last_known_addr { host: "127.30.24.3" port: 42799 } attrs { replace: true } } peers { permanent_uuid: "914c866fde5c4948ae85d4f6686a0ec8" member_type: NON_VOTER last_known_addr { host: "127.30.24.4" port: 36213 } attrs { promote: true } }
I20260608 10:02:48.660907  1852 ts_tablet_manager.cc:1434] T 0a4a5f5cc5e84d2586aea776adb2eb7a P 914c866fde5c4948ae85d4f6686a0ec8: Time spent starting tablet: real 0.007s	user 0.001s	sys 0.007s
I20260608 10:02:48.663130  1353 tablet_copy_service.cc:342] P ed8f0bade8874fb592f951814d780603: Request end of tablet copy session 914c866fde5c4948ae85d4f6686a0ec8-0a4a5f5cc5e84d2586aea776adb2eb7a received from {username='slave'} at 127.0.0.1:42970
I20260608 10:02:48.663591  1353 tablet_copy_service.cc:434] P ed8f0bade8874fb592f951814d780603: ending tablet copy session 914c866fde5c4948ae85d4f6686a0ec8-0a4a5f5cc5e84d2586aea776adb2eb7a on tablet 0a4a5f5cc5e84d2586aea776adb2eb7a with peer 914c866fde5c4948ae85d4f6686a0ec8
I20260608 10:02:48.715066  1852 ts_tablet_manager.cc:933] T 6d96525b438b4a8e9fe76bf3914679e0 P 914c866fde5c4948ae85d4f6686a0ec8: Initiating tablet copy from peer ed8f0bade8874fb592f951814d780603 (127.30.24.1:41435)
I20260608 10:02:48.721033  1852 tablet_copy_client.cc:323] T 6d96525b438b4a8e9fe76bf3914679e0 P 914c866fde5c4948ae85d4f6686a0ec8: tablet copy: Beginning tablet copy session from remote peer at address 127.30.24.1:41435
I20260608 10:02:48.722815  1353 tablet_copy_service.cc:140] P ed8f0bade8874fb592f951814d780603: Received BeginTabletCopySession request for tablet 6d96525b438b4a8e9fe76bf3914679e0 from peer 914c866fde5c4948ae85d4f6686a0ec8 ({username='slave'} at 127.0.0.1:42970)
I20260608 10:02:48.723326  1353 tablet_copy_service.cc:161] P ed8f0bade8874fb592f951814d780603: Beginning new tablet copy session on tablet 6d96525b438b4a8e9fe76bf3914679e0 from peer 914c866fde5c4948ae85d4f6686a0ec8 at {username='slave'} at 127.0.0.1:42970: session id = 914c866fde5c4948ae85d4f6686a0ec8-6d96525b438b4a8e9fe76bf3914679e0
I20260608 10:02:48.730332  1353 tablet_copy_source_session.cc:215] T 6d96525b438b4a8e9fe76bf3914679e0 P ed8f0bade8874fb592f951814d780603: Tablet Copy: opened 0 blocks and 1 log segments
I20260608 10:02:48.733285  1852 data_dirs.cc:400] Could only allocate 1 dirs of requested 3 for tablet 6d96525b438b4a8e9fe76bf3914679e0. 1 dirs total, 0 dirs full, 0 dirs failed
I20260608 10:02:48.748978  1852 tablet_copy_client.cc:806] T 6d96525b438b4a8e9fe76bf3914679e0 P 914c866fde5c4948ae85d4f6686a0ec8: tablet copy: Starting download of 0 data blocks...
I20260608 10:02:48.749606  1852 tablet_copy_client.cc:670] T 6d96525b438b4a8e9fe76bf3914679e0 P 914c866fde5c4948ae85d4f6686a0ec8: tablet copy: Starting download of 1 WAL segments...
I20260608 10:02:48.753563  1852 tablet_copy_client.cc:538] T 6d96525b438b4a8e9fe76bf3914679e0 P 914c866fde5c4948ae85d4f6686a0ec8: tablet copy: Tablet Copy complete. Replacing tablet superblock.
I20260608 10:02:48.760030  1852 tablet_bootstrap.cc:492] T 6d96525b438b4a8e9fe76bf3914679e0 P 914c866fde5c4948ae85d4f6686a0ec8: Bootstrap starting.
I20260608 10:02:48.764206  1858 ts_tablet_manager.cc:933] T f1475c591bdf46a99cd4b1355ec6c1e1 P 8fbc5f2945db4c8db1fd6c6f51517e74: Initiating tablet copy from peer 848e73c7aea444cda2d6e2faf90889e1 (127.30.24.2:33857)
I20260608 10:02:48.766312  1858 tablet_copy_client.cc:323] T f1475c591bdf46a99cd4b1355ec6c1e1 P 8fbc5f2945db4c8db1fd6c6f51517e74: tablet copy: Beginning tablet copy session from remote peer at address 127.30.24.2:33857
I20260608 10:02:48.768312  1428 tablet_copy_service.cc:140] P 848e73c7aea444cda2d6e2faf90889e1: Received BeginTabletCopySession request for tablet f1475c591bdf46a99cd4b1355ec6c1e1 from peer 8fbc5f2945db4c8db1fd6c6f51517e74 ({username='slave'} at 127.0.0.1:53562)
I20260608 10:02:48.768908  1428 tablet_copy_service.cc:161] P 848e73c7aea444cda2d6e2faf90889e1: Beginning new tablet copy session on tablet f1475c591bdf46a99cd4b1355ec6c1e1 from peer 8fbc5f2945db4c8db1fd6c6f51517e74 at {username='slave'} at 127.0.0.1:53562: session id = 8fbc5f2945db4c8db1fd6c6f51517e74-f1475c591bdf46a99cd4b1355ec6c1e1
I20260608 10:02:48.777045  1428 tablet_copy_source_session.cc:215] T f1475c591bdf46a99cd4b1355ec6c1e1 P 848e73c7aea444cda2d6e2faf90889e1: Tablet Copy: opened 0 blocks and 1 log segments
I20260608 10:02:48.780526  1858 data_dirs.cc:400] Could only allocate 1 dirs of requested 3 for tablet f1475c591bdf46a99cd4b1355ec6c1e1. 1 dirs total, 0 dirs full, 0 dirs failed
I20260608 10:02:48.782998  1852 tablet_bootstrap.cc:492] T 6d96525b438b4a8e9fe76bf3914679e0 P 914c866fde5c4948ae85d4f6686a0ec8: Bootstrap replayed 1/1 log segments. Stats: ops{read=4 overwritten=0 applied=4 ignored=0} inserts{seen=0 ignored=0} mutations{seen=0 ignored=0} orphaned_commits=0. Pending: 0 replicates
I20260608 10:02:48.783985  1852 tablet_bootstrap.cc:492] T 6d96525b438b4a8e9fe76bf3914679e0 P 914c866fde5c4948ae85d4f6686a0ec8: Bootstrap complete.
I20260608 10:02:48.784703  1852 ts_tablet_manager.cc:1403] T 6d96525b438b4a8e9fe76bf3914679e0 P 914c866fde5c4948ae85d4f6686a0ec8: Time spent bootstrapping tablet: real 0.025s	user 0.018s	sys 0.005s
I20260608 10:02:48.788046  1852 raft_consensus.cc:359] T 6d96525b438b4a8e9fe76bf3914679e0 P 914c866fde5c4948ae85d4f6686a0ec8 [term 3 LEARNER]: Replica starting. Triggering 0 pending ops. Active config: opid_index: 4 OBSOLETE_local: false peers { permanent_uuid: "ed8f0bade8874fb592f951814d780603" member_type: VOTER last_known_addr { host: "127.30.24.1" port: 41435 } } peers { permanent_uuid: "848e73c7aea444cda2d6e2faf90889e1" member_type: VOTER last_known_addr { host: "127.30.24.2" port: 33857 } attrs { replace: true } } peers { permanent_uuid: "8fbc5f2945db4c8db1fd6c6f51517e74" member_type: VOTER last_known_addr { host: "127.30.24.3" port: 42799 } } peers { permanent_uuid: "914c866fde5c4948ae85d4f6686a0ec8" member_type: NON_VOTER last_known_addr { host: "127.30.24.4" port: 36213 } attrs { promote: true } }
I20260608 10:02:48.788899  1852 raft_consensus.cc:740] T 6d96525b438b4a8e9fe76bf3914679e0 P 914c866fde5c4948ae85d4f6686a0ec8 [term 3 LEARNER]: Becoming Follower/Learner. State: Replica: 914c866fde5c4948ae85d4f6686a0ec8, State: Initialized, Role: LEARNER
I20260608 10:02:48.789625  1852 consensus_queue.cc:260] T 6d96525b438b4a8e9fe76bf3914679e0 P 914c866fde5c4948ae85d4f6686a0ec8 [NON_LEADER]: Queue going to NON_LEADER mode. State: All replicated index: 0, Majority replicated index: 0, Committed index: 4, Last appended: 3.4, Last appended by leader: 4, Current term: 0, Majority size: -1, State: 0, Mode: NON_LEADER, active raft config: opid_index: 4 OBSOLETE_local: false peers { permanent_uuid: "ed8f0bade8874fb592f951814d780603" member_type: VOTER last_known_addr { host: "127.30.24.1" port: 41435 } } peers { permanent_uuid: "848e73c7aea444cda2d6e2faf90889e1" member_type: VOTER last_known_addr { host: "127.30.24.2" port: 33857 } attrs { replace: true } } peers { permanent_uuid: "8fbc5f2945db4c8db1fd6c6f51517e74" member_type: VOTER last_known_addr { host: "127.30.24.3" port: 42799 } } peers { permanent_uuid: "914c866fde5c4948ae85d4f6686a0ec8" member_type: NON_VOTER last_known_addr { host: "127.30.24.4" port: 36213 } attrs { promote: true } }
I20260608 10:02:48.792182  1852 ts_tablet_manager.cc:1434] T 6d96525b438b4a8e9fe76bf3914679e0 P 914c866fde5c4948ae85d4f6686a0ec8: Time spent starting tablet: real 0.007s	user 0.008s	sys 0.000s
I20260608 10:02:48.794591  1353 tablet_copy_service.cc:342] P ed8f0bade8874fb592f951814d780603: Request end of tablet copy session 914c866fde5c4948ae85d4f6686a0ec8-6d96525b438b4a8e9fe76bf3914679e0 received from {username='slave'} at 127.0.0.1:42970
I20260608 10:02:48.795051  1353 tablet_copy_service.cc:434] P ed8f0bade8874fb592f951814d780603: ending tablet copy session 914c866fde5c4948ae85d4f6686a0ec8-6d96525b438b4a8e9fe76bf3914679e0 on tablet 6d96525b438b4a8e9fe76bf3914679e0 with peer 914c866fde5c4948ae85d4f6686a0ec8
I20260608 10:02:48.799015  1858 tablet_copy_client.cc:806] T f1475c591bdf46a99cd4b1355ec6c1e1 P 8fbc5f2945db4c8db1fd6c6f51517e74: tablet copy: Starting download of 0 data blocks...
I20260608 10:02:48.799635  1858 tablet_copy_client.cc:670] T f1475c591bdf46a99cd4b1355ec6c1e1 P 8fbc5f2945db4c8db1fd6c6f51517e74: tablet copy: Starting download of 1 WAL segments...
I20260608 10:02:48.804606  1858 tablet_copy_client.cc:538] T f1475c591bdf46a99cd4b1355ec6c1e1 P 8fbc5f2945db4c8db1fd6c6f51517e74: tablet copy: Tablet Copy complete. Replacing tablet superblock.
I20260608 10:02:48.814481  1858 tablet_bootstrap.cc:492] T f1475c591bdf46a99cd4b1355ec6c1e1 P 8fbc5f2945db4c8db1fd6c6f51517e74: Bootstrap starting.
I20260608 10:02:48.835750  1858 tablet_bootstrap.cc:492] T f1475c591bdf46a99cd4b1355ec6c1e1 P 8fbc5f2945db4c8db1fd6c6f51517e74: Bootstrap replayed 1/1 log segments. Stats: ops{read=2 overwritten=0 applied=2 ignored=0} inserts{seen=0 ignored=0} mutations{seen=0 ignored=0} orphaned_commits=0. Pending: 0 replicates
I20260608 10:02:48.836649  1858 tablet_bootstrap.cc:492] T f1475c591bdf46a99cd4b1355ec6c1e1 P 8fbc5f2945db4c8db1fd6c6f51517e74: Bootstrap complete.
I20260608 10:02:48.837262  1858 ts_tablet_manager.cc:1403] T f1475c591bdf46a99cd4b1355ec6c1e1 P 8fbc5f2945db4c8db1fd6c6f51517e74: Time spent bootstrapping tablet: real 0.023s	user 0.015s	sys 0.004s
I20260608 10:02:48.840575  1858 raft_consensus.cc:359] T f1475c591bdf46a99cd4b1355ec6c1e1 P 8fbc5f2945db4c8db1fd6c6f51517e74 [term 1 LEARNER]: Replica starting. Triggering 0 pending ops. Active config: opid_index: 2 OBSOLETE_local: false peers { permanent_uuid: "848e73c7aea444cda2d6e2faf90889e1" member_type: VOTER last_known_addr { host: "127.30.24.2" port: 33857 } } peers { permanent_uuid: "914c866fde5c4948ae85d4f6686a0ec8" member_type: VOTER last_known_addr { host: "127.30.24.4" port: 36213 } attrs { replace: true } } peers { permanent_uuid: "ed8f0bade8874fb592f951814d780603" member_type: VOTER last_known_addr { host: "127.30.24.1" port: 41435 } } peers { permanent_uuid: "8fbc5f2945db4c8db1fd6c6f51517e74" member_type: NON_VOTER last_known_addr { host: "127.30.24.3" port: 42799 } attrs { promote: true } }
I20260608 10:02:48.841531  1858 raft_consensus.cc:740] T f1475c591bdf46a99cd4b1355ec6c1e1 P 8fbc5f2945db4c8db1fd6c6f51517e74 [term 1 LEARNER]: Becoming Follower/Learner. State: Replica: 8fbc5f2945db4c8db1fd6c6f51517e74, State: Initialized, Role: LEARNER
I20260608 10:02:48.842113  1858 consensus_queue.cc:260] T f1475c591bdf46a99cd4b1355ec6c1e1 P 8fbc5f2945db4c8db1fd6c6f51517e74 [NON_LEADER]: Queue going to NON_LEADER mode. State: All replicated index: 0, Majority replicated index: 0, Committed index: 2, Last appended: 1.2, Last appended by leader: 2, Current term: 0, Majority size: -1, State: 0, Mode: NON_LEADER, active raft config: opid_index: 2 OBSOLETE_local: false peers { permanent_uuid: "848e73c7aea444cda2d6e2faf90889e1" member_type: VOTER last_known_addr { host: "127.30.24.2" port: 33857 } } peers { permanent_uuid: "914c866fde5c4948ae85d4f6686a0ec8" member_type: VOTER last_known_addr { host: "127.30.24.4" port: 36213 } attrs { replace: true } } peers { permanent_uuid: "ed8f0bade8874fb592f951814d780603" member_type: VOTER last_known_addr { host: "127.30.24.1" port: 41435 } } peers { permanent_uuid: "8fbc5f2945db4c8db1fd6c6f51517e74" member_type: NON_VOTER last_known_addr { host: "127.30.24.3" port: 42799 } attrs { promote: true } }
I20260608 10:02:48.844439  1858 ts_tablet_manager.cc:1434] T f1475c591bdf46a99cd4b1355ec6c1e1 P 8fbc5f2945db4c8db1fd6c6f51517e74: Time spent starting tablet: real 0.007s	user 0.008s	sys 0.000s
I20260608 10:02:48.846374  1428 tablet_copy_service.cc:342] P 848e73c7aea444cda2d6e2faf90889e1: Request end of tablet copy session 8fbc5f2945db4c8db1fd6c6f51517e74-f1475c591bdf46a99cd4b1355ec6c1e1 received from {username='slave'} at 127.0.0.1:53562
I20260608 10:02:48.846822  1428 tablet_copy_service.cc:434] P 848e73c7aea444cda2d6e2faf90889e1: ending tablet copy session 8fbc5f2945db4c8db1fd6c6f51517e74-f1475c591bdf46a99cd4b1355ec6c1e1 on tablet f1475c591bdf46a99cd4b1355ec6c1e1 with peer 8fbc5f2945db4c8db1fd6c6f51517e74
I20260608 10:02:49.013427  1294 auto_leader_rebalancer.cc:140] leader rebalance for table range_aware_rebalance_new_range
I20260608 10:02:49.022482  1416 raft_consensus.cc:1217] T a11037cccc204677ad35c084b914a0ad P 848e73c7aea444cda2d6e2faf90889e1 [term 1 LEARNER]: Deduplicated request from leader. Original: 1.1->[1.2-1.2]   Dedup: 1.2->[]
I20260608 10:02:49.039094  1343 tablet_service.cc:2072] Received LeaderStepDown RPC: tablet_id: "6d96525b438b4a8e9fe76bf3914679e0"
dest_uuid: "ed8f0bade8874fb592f951814d780603"
mode: GRACEFUL
new_leader_uuid: "8fbc5f2945db4c8db1fd6c6f51517e74"
 from {username='slave'} at 127.0.0.1:42976
I20260608 10:02:49.039739  1343 raft_consensus.cc:606] T 6d96525b438b4a8e9fe76bf3914679e0 P ed8f0bade8874fb592f951814d780603 [term 3 LEADER]: Received request to transfer leadership to TS 8fbc5f2945db4c8db1fd6c6f51517e74
I20260608 10:02:49.041109  1294 auto_leader_rebalancer.cc:388] table: range_aware_rebalance_new_range, leader rebalance finish, leader transfer count: 1
I20260608 10:02:49.041745  1294 auto_leader_rebalancer.cc:451] All tables' leader rebalancing finished this round
I20260608 10:02:49.078742  1644 raft_consensus.cc:1217] T 0a4a5f5cc5e84d2586aea776adb2eb7a P 914c866fde5c4948ae85d4f6686a0ec8 [term 1 LEARNER]: Deduplicated request from leader. Original: 1.1->[1.2-1.2]   Dedup: 1.2->[]
I20260608 10:02:49.206048  1644 raft_consensus.cc:1217] T 6d96525b438b4a8e9fe76bf3914679e0 P 914c866fde5c4948ae85d4f6686a0ec8 [term 3 LEARNER]: Deduplicated request from leader. Original: 3.3->[3.4-3.4]   Dedup: 3.4->[]
I20260608 10:02:49.223265  1491 raft_consensus.cc:1217] T f1475c591bdf46a99cd4b1355ec6c1e1 P 8fbc5f2945db4c8db1fd6c6f51517e74 [term 1 LEARNER]: Deduplicated request from leader. Original: 1.1->[1.2-1.2]   Dedup: 1.2->[]
I20260608 10:02:49.605335  1823 raft_consensus.cc:993] T 6d96525b438b4a8e9fe76bf3914679e0 P ed8f0bade8874fb592f951814d780603: : Instructing follower 8fbc5f2945db4c8db1fd6c6f51517e74 to start an election
I20260608 10:02:49.605917  1855 raft_consensus.cc:1081] T 6d96525b438b4a8e9fe76bf3914679e0 P ed8f0bade8874fb592f951814d780603 [term 3 LEADER]: Signalling peer 8fbc5f2945db4c8db1fd6c6f51517e74 to start an election
I20260608 10:02:49.606328  1862 raft_consensus.cc:1064] T a11037cccc204677ad35c084b914a0ad P ed8f0bade8874fb592f951814d780603: attempting to promote NON_VOTER 848e73c7aea444cda2d6e2faf90889e1 to VOTER
I20260608 10:02:49.607880  1491 tablet_service.cc:2044] Received Run Leader Election RPC: tablet_id: "6d96525b438b4a8e9fe76bf3914679e0"
dest_uuid: "8fbc5f2945db4c8db1fd6c6f51517e74"
 from {username='slave'} at 127.0.0.1:53410
I20260608 10:02:49.608518  1491 raft_consensus.cc:493] T 6d96525b438b4a8e9fe76bf3914679e0 P 8fbc5f2945db4c8db1fd6c6f51517e74 [term 3 FOLLOWER]: Starting forced leader election (received explicit request)
I20260608 10:02:49.608952  1491 raft_consensus.cc:3060] T 6d96525b438b4a8e9fe76bf3914679e0 P 8fbc5f2945db4c8db1fd6c6f51517e74 [term 3 FOLLOWER]: Advancing to term 4
I20260608 10:02:49.610055  1862 consensus_queue.cc:237] T a11037cccc204677ad35c084b914a0ad P ed8f0bade8874fb592f951814d780603 [LEADER]: Queue going to LEADER mode. State: All replicated index: 0, Majority replicated index: 2, Committed index: 2, Last appended: 1.2, Last appended by leader: 0, Current term: 1, Majority size: 3, State: 0, Mode: LEADER, active raft config: opid_index: 3 OBSOLETE_local: false peers { permanent_uuid: "914c866fde5c4948ae85d4f6686a0ec8" member_type: VOTER last_known_addr { host: "127.30.24.4" port: 36213 } attrs { replace: true } } peers { permanent_uuid: "ed8f0bade8874fb592f951814d780603" member_type: VOTER last_known_addr { host: "127.30.24.1" port: 41435 } } peers { permanent_uuid: "8fbc5f2945db4c8db1fd6c6f51517e74" member_type: VOTER last_known_addr { host: "127.30.24.3" port: 42799 } } peers { permanent_uuid: "848e73c7aea444cda2d6e2faf90889e1" member_type: VOTER last_known_addr { host: "127.30.24.2" port: 33857 } attrs { promote: false } }
I20260608 10:02:49.621655  1855 raft_consensus.cc:1064] T 0a4a5f5cc5e84d2586aea776adb2eb7a P ed8f0bade8874fb592f951814d780603: attempting to promote NON_VOTER 914c866fde5c4948ae85d4f6686a0ec8 to VOTER
I20260608 10:02:49.621222  1491 raft_consensus.cc:515] T 6d96525b438b4a8e9fe76bf3914679e0 P 8fbc5f2945db4c8db1fd6c6f51517e74 [term 4 FOLLOWER]: Starting forced leader election with config: opid_index: 4 OBSOLETE_local: false peers { permanent_uuid: "ed8f0bade8874fb592f951814d780603" member_type: VOTER last_known_addr { host: "127.30.24.1" port: 41435 } } peers { permanent_uuid: "848e73c7aea444cda2d6e2faf90889e1" member_type: VOTER last_known_addr { host: "127.30.24.2" port: 33857 } attrs { replace: true } } peers { permanent_uuid: "8fbc5f2945db4c8db1fd6c6f51517e74" member_type: VOTER last_known_addr { host: "127.30.24.3" port: 42799 } } peers { permanent_uuid: "914c866fde5c4948ae85d4f6686a0ec8" member_type: NON_VOTER last_known_addr { host: "127.30.24.4" port: 36213 } attrs { promote: true } }
I20260608 10:02:49.626246  1644 raft_consensus.cc:1275] T a11037cccc204677ad35c084b914a0ad P 914c866fde5c4948ae85d4f6686a0ec8 [term 1 FOLLOWER]: Refusing update from remote peer ed8f0bade8874fb592f951814d780603: Log matching property violated. Preceding OpId in replica: term: 1 index: 2. Preceding OpId from leader: term: 1 index: 3. (index mismatch)
I20260608 10:02:49.626784  1416 raft_consensus.cc:1275] T a11037cccc204677ad35c084b914a0ad P 848e73c7aea444cda2d6e2faf90889e1 [term 1 LEARNER]: Refusing update from remote peer ed8f0bade8874fb592f951814d780603: Log matching property violated. Preceding OpId in replica: term: 1 index: 2. Preceding OpId from leader: term: 1 index: 3. (index mismatch)
I20260608 10:02:49.627148  1855 consensus_queue.cc:237] T 0a4a5f5cc5e84d2586aea776adb2eb7a P ed8f0bade8874fb592f951814d780603 [LEADER]: Queue going to LEADER mode. State: All replicated index: 0, Majority replicated index: 2, Committed index: 2, Last appended: 1.2, Last appended by leader: 0, Current term: 1, Majority size: 3, State: 0, Mode: LEADER, active raft config: opid_index: 3 OBSOLETE_local: false peers { permanent_uuid: "848e73c7aea444cda2d6e2faf90889e1" member_type: VOTER last_known_addr { host: "127.30.24.2" port: 33857 } } peers { permanent_uuid: "ed8f0bade8874fb592f951814d780603" member_type: VOTER last_known_addr { host: "127.30.24.1" port: 41435 } } peers { permanent_uuid: "8fbc5f2945db4c8db1fd6c6f51517e74" member_type: VOTER last_known_addr { host: "127.30.24.3" port: 42799 } attrs { replace: true } } peers { permanent_uuid: "914c866fde5c4948ae85d4f6686a0ec8" member_type: VOTER last_known_addr { host: "127.30.24.4" port: 36213 } attrs { promote: false } }
I20260608 10:02:49.628234  1867 consensus_queue.cc:1048] T a11037cccc204677ad35c084b914a0ad P ed8f0bade8874fb592f951814d780603 [LEADER]: Connected to new peer: Peer: permanent_uuid: "914c866fde5c4948ae85d4f6686a0ec8" member_type: VOTER last_known_addr { host: "127.30.24.4" port: 36213 } attrs { replace: true }, Status: LMP_MISMATCH, Last received: 0.0, Next index: 3, Last known committed idx: 2, Time since last communication: 0.000s
I20260608 10:02:49.629668  1492 raft_consensus.cc:1275] T a11037cccc204677ad35c084b914a0ad P 8fbc5f2945db4c8db1fd6c6f51517e74 [term 1 FOLLOWER]: Refusing update from remote peer ed8f0bade8874fb592f951814d780603: Log matching property violated. Preceding OpId in replica: term: 1 index: 2. Preceding OpId from leader: term: 1 index: 3. (index mismatch)
I20260608 10:02:49.630218  1491 leader_election.cc:290] T 6d96525b438b4a8e9fe76bf3914679e0 P 8fbc5f2945db4c8db1fd6c6f51517e74 [CANDIDATE]: Term 4 election: Requested vote from peers ed8f0bade8874fb592f951814d780603 (127.30.24.1:41435), 848e73c7aea444cda2d6e2faf90889e1 (127.30.24.2:33857)
I20260608 10:02:49.631389  1416 tablet_service.cc:1917] Received RequestConsensusVote() RPC: tablet_id: "6d96525b438b4a8e9fe76bf3914679e0" candidate_uuid: "8fbc5f2945db4c8db1fd6c6f51517e74" candidate_term: 4 candidate_status { last_received { term: 3 index: 4 } } ignore_live_leader: true dest_uuid: "848e73c7aea444cda2d6e2faf90889e1"
I20260608 10:02:49.631512  1343 tablet_service.cc:1917] Received RequestConsensusVote() RPC: tablet_id: "6d96525b438b4a8e9fe76bf3914679e0" candidate_uuid: "8fbc5f2945db4c8db1fd6c6f51517e74" candidate_term: 4 candidate_status { last_received { term: 3 index: 4 } } ignore_live_leader: true dest_uuid: "ed8f0bade8874fb592f951814d780603"
I20260608 10:02:49.631966  1416 raft_consensus.cc:3060] T 6d96525b438b4a8e9fe76bf3914679e0 P 848e73c7aea444cda2d6e2faf90889e1 [term 3 FOLLOWER]: Advancing to term 4
I20260608 10:02:49.632088  1343 raft_consensus.cc:3055] T 6d96525b438b4a8e9fe76bf3914679e0 P ed8f0bade8874fb592f951814d780603 [term 3 LEADER]: Stepping down as leader of term 3
I20260608 10:02:49.632525  1343 raft_consensus.cc:740] T 6d96525b438b4a8e9fe76bf3914679e0 P ed8f0bade8874fb592f951814d780603 [term 3 LEADER]: Becoming Follower/Learner. State: Replica: ed8f0bade8874fb592f951814d780603, State: Running, Role: LEADER
I20260608 10:02:49.633376  1343 consensus_queue.cc:260] T 6d96525b438b4a8e9fe76bf3914679e0 P ed8f0bade8874fb592f951814d780603 [NON_LEADER]: Queue going to NON_LEADER mode. State: All replicated index: 0, Majority replicated index: 4, Committed index: 4, Last appended: 3.4, Last appended by leader: 4, Current term: 3, Majority size: -1, State: 0, Mode: NON_LEADER, active raft config: opid_index: 4 OBSOLETE_local: false peers { permanent_uuid: "ed8f0bade8874fb592f951814d780603" member_type: VOTER last_known_addr { host: "127.30.24.1" port: 41435 } } peers { permanent_uuid: "848e73c7aea444cda2d6e2faf90889e1" member_type: VOTER last_known_addr { host: "127.30.24.2" port: 33857 } attrs { replace: true } } peers { permanent_uuid: "8fbc5f2945db4c8db1fd6c6f51517e74" member_type: VOTER last_known_addr { host: "127.30.24.3" port: 42799 } } peers { permanent_uuid: "914c866fde5c4948ae85d4f6686a0ec8" member_type: NON_VOTER last_known_addr { host: "127.30.24.4" port: 36213 } attrs { promote: true } }
I20260608 10:02:49.635305  1343 raft_consensus.cc:3060] T 6d96525b438b4a8e9fe76bf3914679e0 P ed8f0bade8874fb592f951814d780603 [term 3 FOLLOWER]: Advancing to term 4
