I20260608 10:03:20.196828 18643 raft_consensus.cc:515] T 080a77cad3d84996baf451cd560d7b00 P ecb4323c77774943b4f3935fb7e2aedb [term 0 FOLLOWER]: Starting pre-election with config: opid_index: -1 OBSOLETE_local: false peers { permanent_uuid: "ecb4323c77774943b4f3935fb7e2aedb" member_type: VOTER last_known_addr { host: "127.13.147.65" port: 35635 } } peers { permanent_uuid: "696a73fe1553458e8884541565c9140f" member_type: VOTER last_known_addr { host: "127.13.147.66" port: 46349 } } peers { permanent_uuid: "326b52b8b36c4abeb92bbd99bdb8fd1d" member_type: VOTER last_known_addr { host: "127.13.147.67" port: 45467 } }
I20260608 10:03:20.200722 18479 tablet_service.cc:1917] Received RequestConsensusVote() RPC: tablet_id: "080a77cad3d84996baf451cd560d7b00" candidate_uuid: "ecb4323c77774943b4f3935fb7e2aedb" candidate_term: 1 candidate_status { last_received { term: 0 index: 0 } } ignore_live_leader: false dest_uuid: "696a73fe1553458e8884541565c9140f" is_pre_election: true
I20260608 10:03:20.201333 18479 raft_consensus.cc:2468] T 080a77cad3d84996baf451cd560d7b00 P 696a73fe1553458e8884541565c9140f [term 0 FOLLOWER]: Leader pre-election vote request: Granting yes vote for candidate ecb4323c77774943b4f3935fb7e2aedb in term 0.
I20260608 10:03:20.197669 18606 raft_consensus.cc:2804] T db1a037383b349939d20c59904ec08a6 P 696a73fe1553458e8884541565c9140f [term 1 FOLLOWER]: Leader election won for term 1
I20260608 10:03:20.202620 18404 raft_consensus.cc:2468] T 6ed0899ff12c484ca08ea2d4dbb76564 P ecb4323c77774943b4f3935fb7e2aedb [term 1 FOLLOWER]: Leader election vote request: Granting yes vote for candidate 696a73fe1553458e8884541565c9140f in term 1.
I20260608 10:03:20.213941 18606 raft_consensus.cc:697] T db1a037383b349939d20c59904ec08a6 P 696a73fe1553458e8884541565c9140f [term 1 LEADER]: Becoming Leader. State: Replica: 696a73fe1553458e8884541565c9140f, State: Running, Role: LEADER
I20260608 10:03:20.215942 18606 consensus_queue.cc:237] T db1a037383b349939d20c59904ec08a6 P 696a73fe1553458e8884541565c9140f [LEADER]: Queue going to LEADER mode. State: All replicated index: 0, Majority replicated index: 0, Committed index: 0, Last appended: 0.0, Last appended by leader: 0, Current term: 1, Majority size: 2, State: 0, Mode: LEADER, active raft config: opid_index: -1 OBSOLETE_local: false peers { permanent_uuid: "ecb4323c77774943b4f3935fb7e2aedb" member_type: VOTER last_known_addr { host: "127.13.147.65" port: 35635 } } peers { permanent_uuid: "696a73fe1553458e8884541565c9140f" member_type: VOTER last_known_addr { host: "127.13.147.66" port: 46349 } } peers { permanent_uuid: "326b52b8b36c4abeb92bbd99bdb8fd1d" member_type: VOTER last_known_addr { host: "127.13.147.67" port: 45467 } }
I20260608 10:03:20.202669 18371 leader_election.cc:304] T 080a77cad3d84996baf451cd560d7b00 P ecb4323c77774943b4f3935fb7e2aedb [CANDIDATE]: Term 1 pre-election: Election decided. Result: candidate won. Election summary: received 2 responses out of 3 voters: 2 yes votes; 0 no votes. yes voters: 696a73fe1553458e8884541565c9140f, ecb4323c77774943b4f3935fb7e2aedb; no voters: 
I20260608 10:03:20.215021 18601 tablet_bootstrap.cc:492] T f194a36245004e3c8aa1e3bc06d9c04d P 696a73fe1553458e8884541565c9140f: Bootstrap starting.
I20260608 10:03:20.220618 18643 leader_election.cc:290] T 080a77cad3d84996baf451cd560d7b00 P ecb4323c77774943b4f3935fb7e2aedb [CANDIDATE]: Term 1 pre-election: Requested pre-vote from peers 696a73fe1553458e8884541565c9140f (127.13.147.66:46349), 326b52b8b36c4abeb92bbd99bdb8fd1d (127.13.147.67:45467)
I20260608 10:03:20.221339 18608 raft_consensus.cc:2804] T 080a77cad3d84996baf451cd560d7b00 P ecb4323c77774943b4f3935fb7e2aedb [term 0 FOLLOWER]: Leader pre-election won for term 1
I20260608 10:03:20.221954 18608 raft_consensus.cc:493] T 080a77cad3d84996baf451cd560d7b00 P ecb4323c77774943b4f3935fb7e2aedb [term 0 FOLLOWER]: Starting leader election (no leader contacted us within the election timeout)
I20260608 10:03:20.222414 18608 raft_consensus.cc:3060] T 080a77cad3d84996baf451cd560d7b00 P ecb4323c77774943b4f3935fb7e2aedb [term 0 FOLLOWER]: Advancing to term 1
I20260608 10:03:20.222441 18553 tablet_service.cc:1917] Received RequestConsensusVote() RPC: tablet_id: "080a77cad3d84996baf451cd560d7b00" candidate_uuid: "ecb4323c77774943b4f3935fb7e2aedb" candidate_term: 1 candidate_status { last_received { term: 0 index: 0 } } ignore_live_leader: false dest_uuid: "326b52b8b36c4abeb92bbd99bdb8fd1d" is_pre_election: true
I20260608 10:03:20.223328 18553 raft_consensus.cc:2468] T 080a77cad3d84996baf451cd560d7b00 P 326b52b8b36c4abeb92bbd99bdb8fd1d [term 0 FOLLOWER]: Leader pre-election vote request: Granting yes vote for candidate ecb4323c77774943b4f3935fb7e2aedb in term 0.
I20260608 10:03:20.231181 18603 consensus_queue.cc:1048] T 73689c7202fc455ab520f056a5229b8d P 326b52b8b36c4abeb92bbd99bdb8fd1d [LEADER]: Connected to new peer: Peer: permanent_uuid: "ecb4323c77774943b4f3935fb7e2aedb" member_type: VOTER last_known_addr { host: "127.13.147.65" port: 35635 }, Status: LMP_MISMATCH, Last received: 0.0, Next index: 1, Last known committed idx: 0, Time since last communication: 0.000s
I20260608 10:03:20.231736 18650 consensus_queue.cc:1048] T 11cc03f069534b60ad946bc632ee5b49 P 696a73fe1553458e8884541565c9140f [LEADER]: Connected to new peer: Peer: permanent_uuid: "ecb4323c77774943b4f3935fb7e2aedb" member_type: VOTER last_known_addr { host: "127.13.147.65" port: 35635 }, Status: LMP_MISMATCH, Last received: 0.0, Next index: 1, Last known committed idx: 0, Time since last communication: 0.000s
I20260608 10:03:20.235677 18602 tablet_bootstrap.cc:654] T 6e910c7120ac4e3584e4b4a5c106169b P ecb4323c77774943b4f3935fb7e2aedb: Neither blocks nor log segments found. Creating new log.
I20260608 10:03:20.240674 18599 tablet_bootstrap.cc:492] T f333f8367393470fb93cd63ece3b1b72 P 326b52b8b36c4abeb92bbd99bdb8fd1d: No bootstrap required, opened a new log
I20260608 10:03:20.241181 18599 ts_tablet_manager.cc:1403] T f333f8367393470fb93cd63ece3b1b72 P 326b52b8b36c4abeb92bbd99bdb8fd1d: Time spent bootstrapping tablet: real 0.095s	user 0.031s	sys 0.051s
I20260608 10:03:20.243635 18302 catalog_manager.cc:5696] T f333f8367393470fb93cd63ece3b1b72 P 696a73fe1553458e8884541565c9140f reported cstate change: term changed from 0 to 1, leader changed from <none> to 696a73fe1553458e8884541565c9140f (127.13.147.66). New cstate: current_term: 1 leader_uuid: "696a73fe1553458e8884541565c9140f" committed_config { opid_index: -1 OBSOLETE_local: false peers { permanent_uuid: "ecb4323c77774943b4f3935fb7e2aedb" member_type: VOTER last_known_addr { host: "127.13.147.65" port: 35635 } health_report { overall_health: UNKNOWN } } peers { permanent_uuid: "696a73fe1553458e8884541565c9140f" member_type: VOTER last_known_addr { host: "127.13.147.66" port: 46349 } health_report { overall_health: HEALTHY } } peers { permanent_uuid: "326b52b8b36c4abeb92bbd99bdb8fd1d" member_type: VOTER last_known_addr { host: "127.13.147.67" port: 45467 } health_report { overall_health: UNKNOWN } } }
I20260608 10:03:20.244850 18608 raft_consensus.cc:515] T 080a77cad3d84996baf451cd560d7b00 P ecb4323c77774943b4f3935fb7e2aedb [term 1 FOLLOWER]: Starting leader election with config: opid_index: -1 OBSOLETE_local: false peers { permanent_uuid: "ecb4323c77774943b4f3935fb7e2aedb" member_type: VOTER last_known_addr { host: "127.13.147.65" port: 35635 } } peers { permanent_uuid: "696a73fe1553458e8884541565c9140f" member_type: VOTER last_known_addr { host: "127.13.147.66" port: 46349 } } peers { permanent_uuid: "326b52b8b36c4abeb92bbd99bdb8fd1d" member_type: VOTER last_known_addr { host: "127.13.147.67" port: 45467 } }
I20260608 10:03:20.269594 18302 catalog_manager.cc:5696] T 6ed0899ff12c484ca08ea2d4dbb76564 P 696a73fe1553458e8884541565c9140f reported cstate change: term changed from 0 to 1, leader changed from <none> to 696a73fe1553458e8884541565c9140f (127.13.147.66). New cstate: current_term: 1 leader_uuid: "696a73fe1553458e8884541565c9140f" committed_config { opid_index: -1 OBSOLETE_local: false peers { permanent_uuid: "326b52b8b36c4abeb92bbd99bdb8fd1d" member_type: VOTER last_known_addr { host: "127.13.147.67" port: 45467 } health_report { overall_health: UNKNOWN } } peers { permanent_uuid: "696a73fe1553458e8884541565c9140f" member_type: VOTER last_known_addr { host: "127.13.147.66" port: 46349 } health_report { overall_health: HEALTHY } } peers { permanent_uuid: "ecb4323c77774943b4f3935fb7e2aedb" member_type: VOTER last_known_addr { host: "127.13.147.65" port: 35635 } health_report { overall_health: UNKNOWN } } }
I20260608 10:03:20.270867 18608 leader_election.cc:290] T 080a77cad3d84996baf451cd560d7b00 P ecb4323c77774943b4f3935fb7e2aedb [CANDIDATE]: Term 1 election: Requested vote from peers 696a73fe1553458e8884541565c9140f (127.13.147.66:46349), 326b52b8b36c4abeb92bbd99bdb8fd1d (127.13.147.67:45467)
I20260608 10:03:20.250442 18599 raft_consensus.cc:359] T f333f8367393470fb93cd63ece3b1b72 P 326b52b8b36c4abeb92bbd99bdb8fd1d [term 0 FOLLOWER]: Replica starting. Triggering 0 pending ops. Active config: opid_index: -1 OBSOLETE_local: false peers { permanent_uuid: "ecb4323c77774943b4f3935fb7e2aedb" member_type: VOTER last_known_addr { host: "127.13.147.65" port: 35635 } } peers { permanent_uuid: "696a73fe1553458e8884541565c9140f" member_type: VOTER last_known_addr { host: "127.13.147.66" port: 46349 } } peers { permanent_uuid: "326b52b8b36c4abeb92bbd99bdb8fd1d" member_type: VOTER last_known_addr { host: "127.13.147.67" port: 45467 } }
I20260608 10:03:20.271766 18599 raft_consensus.cc:385] T f333f8367393470fb93cd63ece3b1b72 P 326b52b8b36c4abeb92bbd99bdb8fd1d [term 0 FOLLOWER]: Consensus starting up: Expiring failure detector timer to make a prompt election more likely
I20260608 10:03:20.272073 18599 raft_consensus.cc:740] T f333f8367393470fb93cd63ece3b1b72 P 326b52b8b36c4abeb92bbd99bdb8fd1d [term 0 FOLLOWER]: Becoming Follower/Learner. State: Replica: 326b52b8b36c4abeb92bbd99bdb8fd1d, State: Initialized, Role: FOLLOWER
I20260608 10:03:20.272837 18599 consensus_queue.cc:260] T f333f8367393470fb93cd63ece3b1b72 P 326b52b8b36c4abeb92bbd99bdb8fd1d [NON_LEADER]: Queue going to NON_LEADER mode. State: All replicated index: 0, Majority replicated index: 0, Committed index: 0, Last appended: 0.0, Last appended by leader: 0, Current term: 0, Majority size: -1, State: 0, Mode: NON_LEADER, active raft config: opid_index: -1 OBSOLETE_local: false peers { permanent_uuid: "ecb4323c77774943b4f3935fb7e2aedb" member_type: VOTER last_known_addr { host: "127.13.147.65" port: 35635 } } peers { permanent_uuid: "696a73fe1553458e8884541565c9140f" member_type: VOTER last_known_addr { host: "127.13.147.66" port: 46349 } } peers { permanent_uuid: "326b52b8b36c4abeb92bbd99bdb8fd1d" member_type: VOTER last_known_addr { host: "127.13.147.67" port: 45467 } }
I20260608 10:03:20.275224 18601 tablet_bootstrap.cc:654] T f194a36245004e3c8aa1e3bc06d9c04d P 696a73fe1553458e8884541565c9140f: Neither blocks nor log segments found. Creating new log.
I20260608 10:03:20.276525 18479 tablet_service.cc:1917] Received RequestConsensusVote() RPC: tablet_id: "080a77cad3d84996baf451cd560d7b00" candidate_uuid: "ecb4323c77774943b4f3935fb7e2aedb" candidate_term: 1 candidate_status { last_received { term: 0 index: 0 } } ignore_live_leader: false dest_uuid: "696a73fe1553458e8884541565c9140f"
I20260608 10:03:20.277161 18479 raft_consensus.cc:3060] T 080a77cad3d84996baf451cd560d7b00 P 696a73fe1553458e8884541565c9140f [term 0 FOLLOWER]: Advancing to term 1
I20260608 10:03:20.264571 18650 consensus_queue.cc:1048] T 5c56cae2d37748c68a849a6dba2d5c5b P 696a73fe1553458e8884541565c9140f [LEADER]: Connected to new peer: Peer: permanent_uuid: "326b52b8b36c4abeb92bbd99bdb8fd1d" member_type: VOTER last_known_addr { host: "127.13.147.67" port: 45467 }, Status: LMP_MISMATCH, Last received: 0.0, Next index: 1, Last known committed idx: 0, Time since last communication: 0.001s
I20260608 10:03:20.282022 18553 tablet_service.cc:1917] Received RequestConsensusVote() RPC: tablet_id: "080a77cad3d84996baf451cd560d7b00" candidate_uuid: "ecb4323c77774943b4f3935fb7e2aedb" candidate_term: 1 candidate_status { last_received { term: 0 index: 0 } } ignore_live_leader: false dest_uuid: "326b52b8b36c4abeb92bbd99bdb8fd1d"
I20260608 10:03:20.282613 18553 raft_consensus.cc:3060] T 080a77cad3d84996baf451cd560d7b00 P 326b52b8b36c4abeb92bbd99bdb8fd1d [term 0 FOLLOWER]: Advancing to term 1
I20260608 10:03:20.286455 18479 raft_consensus.cc:2468] T 080a77cad3d84996baf451cd560d7b00 P 696a73fe1553458e8884541565c9140f [term 1 FOLLOWER]: Leader election vote request: Granting yes vote for candidate ecb4323c77774943b4f3935fb7e2aedb in term 1.
I20260608 10:03:20.268224 18602 tablet_bootstrap.cc:492] T 6e910c7120ac4e3584e4b4a5c106169b P ecb4323c77774943b4f3935fb7e2aedb: No bootstrap required, opened a new log
I20260608 10:03:20.291296 18602 ts_tablet_manager.cc:1403] T 6e910c7120ac4e3584e4b4a5c106169b P ecb4323c77774943b4f3935fb7e2aedb: Time spent bootstrapping tablet: real 0.142s	user 0.014s	sys 0.014s
I20260608 10:03:20.294818 18553 raft_consensus.cc:2468] T 080a77cad3d84996baf451cd560d7b00 P 326b52b8b36c4abeb92bbd99bdb8fd1d [term 1 FOLLOWER]: Leader election vote request: Granting yes vote for candidate ecb4323c77774943b4f3935fb7e2aedb in term 1.
I20260608 10:03:20.299536 18602 raft_consensus.cc:359] T 6e910c7120ac4e3584e4b4a5c106169b P ecb4323c77774943b4f3935fb7e2aedb [term 0 FOLLOWER]: Replica starting. Triggering 0 pending ops. Active config: opid_index: -1 OBSOLETE_local: false peers { permanent_uuid: "ecb4323c77774943b4f3935fb7e2aedb" member_type: VOTER last_known_addr { host: "127.13.147.65" port: 35635 } } peers { permanent_uuid: "696a73fe1553458e8884541565c9140f" member_type: VOTER last_known_addr { host: "127.13.147.66" port: 46349 } } peers { permanent_uuid: "326b52b8b36c4abeb92bbd99bdb8fd1d" member_type: VOTER last_known_addr { host: "127.13.147.67" port: 45467 } }
I20260608 10:03:20.296710 18371 leader_election.cc:304] T 080a77cad3d84996baf451cd560d7b00 P ecb4323c77774943b4f3935fb7e2aedb [CANDIDATE]: Term 1 election: Election decided. Result: candidate won. Election summary: received 2 responses out of 3 voters: 2 yes votes; 0 no votes. yes voters: 326b52b8b36c4abeb92bbd99bdb8fd1d, ecb4323c77774943b4f3935fb7e2aedb; no voters: 
I20260608 10:03:20.306492 18599 ts_tablet_manager.cc:1434] T f333f8367393470fb93cd63ece3b1b72 P 326b52b8b36c4abeb92bbd99bdb8fd1d: Time spent starting tablet: real 0.065s	user 0.016s	sys 0.007s
I20260608 10:03:20.306670 18608 raft_consensus.cc:2804] T 080a77cad3d84996baf451cd560d7b00 P ecb4323c77774943b4f3935fb7e2aedb [term 1 FOLLOWER]: Leader election won for term 1
I20260608 10:03:20.307199 18608 raft_consensus.cc:697] T 080a77cad3d84996baf451cd560d7b00 P ecb4323c77774943b4f3935fb7e2aedb [term 1 LEADER]: Becoming Leader. State: Replica: ecb4323c77774943b4f3935fb7e2aedb, State: Running, Role: LEADER
I20260608 10:03:20.307626 18599 tablet_bootstrap.cc:492] T f194a36245004e3c8aa1e3bc06d9c04d P 326b52b8b36c4abeb92bbd99bdb8fd1d: Bootstrap starting.
I20260608 10:03:20.308048 18608 consensus_queue.cc:237] T 080a77cad3d84996baf451cd560d7b00 P ecb4323c77774943b4f3935fb7e2aedb [LEADER]: Queue going to LEADER mode. State: All replicated index: 0, Majority replicated index: 0, Committed index: 0, Last appended: 0.0, Last appended by leader: 0, Current term: 1, Majority size: 2, State: 0, Mode: LEADER, active raft config: opid_index: -1 OBSOLETE_local: false peers { permanent_uuid: "ecb4323c77774943b4f3935fb7e2aedb" member_type: VOTER last_known_addr { host: "127.13.147.65" port: 35635 } } peers { permanent_uuid: "696a73fe1553458e8884541565c9140f" member_type: VOTER last_known_addr { host: "127.13.147.66" port: 46349 } } peers { permanent_uuid: "326b52b8b36c4abeb92bbd99bdb8fd1d" member_type: VOTER last_known_addr { host: "127.13.147.67" port: 45467 } }
I20260608 10:03:20.313036 18602 raft_consensus.cc:385] T 6e910c7120ac4e3584e4b4a5c106169b P ecb4323c77774943b4f3935fb7e2aedb [term 0 FOLLOWER]: Consensus starting up: Expiring failure detector timer to make a prompt election more likely
I20260608 10:03:20.313736 18602 raft_consensus.cc:740] T 6e910c7120ac4e3584e4b4a5c106169b P ecb4323c77774943b4f3935fb7e2aedb [term 0 FOLLOWER]: Becoming Follower/Learner. State: Replica: ecb4323c77774943b4f3935fb7e2aedb, State: Initialized, Role: FOLLOWER
I20260608 10:03:20.314663 18599 tablet_bootstrap.cc:654] T f194a36245004e3c8aa1e3bc06d9c04d P 326b52b8b36c4abeb92bbd99bdb8fd1d: Neither blocks nor log segments found. Creating new log.
I20260608 10:03:20.315063 18602 consensus_queue.cc:260] T 6e910c7120ac4e3584e4b4a5c106169b P ecb4323c77774943b4f3935fb7e2aedb [NON_LEADER]: Queue going to NON_LEADER mode. State: All replicated index: 0, Majority replicated index: 0, Committed index: 0, Last appended: 0.0, Last appended by leader: 0, Current term: 0, Majority size: -1, State: 0, Mode: NON_LEADER, active raft config: opid_index: -1 OBSOLETE_local: false peers { permanent_uuid: "ecb4323c77774943b4f3935fb7e2aedb" member_type: VOTER last_known_addr { host: "127.13.147.65" port: 35635 } } peers { permanent_uuid: "696a73fe1553458e8884541565c9140f" member_type: VOTER last_known_addr { host: "127.13.147.66" port: 46349 } } peers { permanent_uuid: "326b52b8b36c4abeb92bbd99bdb8fd1d" member_type: VOTER last_known_addr { host: "127.13.147.67" port: 45467 } }
I20260608 10:03:20.301992 18601 tablet_bootstrap.cc:492] T f194a36245004e3c8aa1e3bc06d9c04d P 696a73fe1553458e8884541565c9140f: No bootstrap required, opened a new log
I20260608 10:03:20.317776 18601 ts_tablet_manager.cc:1403] T f194a36245004e3c8aa1e3bc06d9c04d P 696a73fe1553458e8884541565c9140f: Time spent bootstrapping tablet: real 0.103s	user 0.014s	sys 0.000s
I20260608 10:03:20.329452 18650 consensus_queue.cc:1048] T 11cc03f069534b60ad946bc632ee5b49 P 696a73fe1553458e8884541565c9140f [LEADER]: Connected to new peer: Peer: permanent_uuid: "326b52b8b36c4abeb92bbd99bdb8fd1d" member_type: VOTER last_known_addr { host: "127.13.147.67" port: 45467 }, Status: LMP_MISMATCH, Last received: 0.0, Next index: 1, Last known committed idx: 0, Time since last communication: 0.000s
I20260608 10:03:20.320055 18602 ts_tablet_manager.cc:1434] T 6e910c7120ac4e3584e4b4a5c106169b P ecb4323c77774943b4f3935fb7e2aedb: Time spent starting tablet: real 0.028s	user 0.007s	sys 0.000s
I20260608 10:03:20.333719 18602 tablet_bootstrap.cc:492] T f194a36245004e3c8aa1e3bc06d9c04d P ecb4323c77774943b4f3935fb7e2aedb: Bootstrap starting.
I20260608 10:03:20.335378 18648 consensus_queue.cc:1048] T 5c56cae2d37748c68a849a6dba2d5c5b P 696a73fe1553458e8884541565c9140f [LEADER]: Connected to new peer: Peer: permanent_uuid: "ecb4323c77774943b4f3935fb7e2aedb" member_type: VOTER last_known_addr { host: "127.13.147.65" port: 35635 }, Status: LMP_MISMATCH, Last received: 0.0, Next index: 1, Last known committed idx: 0, Time since last communication: 0.001s
I20260608 10:03:20.341816 18602 tablet_bootstrap.cc:654] T f194a36245004e3c8aa1e3bc06d9c04d P ecb4323c77774943b4f3935fb7e2aedb: Neither blocks nor log segments found. Creating new log.
I20260608 10:03:20.343228 18648 raft_consensus.cc:493] T 73689c7202fc455ab520f056a5229b8d P 696a73fe1553458e8884541565c9140f [term 0 FOLLOWER]: Starting pre-election (no leader contacted us within the election timeout)
I20260608 10:03:20.344048 18648 raft_consensus.cc:515] T 73689c7202fc455ab520f056a5229b8d P 696a73fe1553458e8884541565c9140f [term 0 FOLLOWER]: Starting pre-election with config: opid_index: -1 OBSOLETE_local: false peers { permanent_uuid: "ecb4323c77774943b4f3935fb7e2aedb" member_type: VOTER last_known_addr { host: "127.13.147.65" port: 35635 } } peers { permanent_uuid: "696a73fe1553458e8884541565c9140f" member_type: VOTER last_known_addr { host: "127.13.147.66" port: 46349 } } peers { permanent_uuid: "326b52b8b36c4abeb92bbd99bdb8fd1d" member_type: VOTER last_known_addr { host: "127.13.147.67" port: 45467 } }
I20260608 10:03:20.346374 18648 leader_election.cc:290] T 73689c7202fc455ab520f056a5229b8d P 696a73fe1553458e8884541565c9140f [CANDIDATE]: Term 1 pre-election: Requested pre-vote from peers ecb4323c77774943b4f3935fb7e2aedb (127.13.147.65:35635), 326b52b8b36c4abeb92bbd99bdb8fd1d (127.13.147.67:45467)
I20260608 10:03:20.348140 18402 tablet_service.cc:1917] Received RequestConsensusVote() RPC: tablet_id: "73689c7202fc455ab520f056a5229b8d" candidate_uuid: "696a73fe1553458e8884541565c9140f" candidate_term: 1 candidate_status { last_received { term: 0 index: 0 } } ignore_live_leader: false dest_uuid: "ecb4323c77774943b4f3935fb7e2aedb" is_pre_election: true
I20260608 10:03:20.349149 18553 tablet_service.cc:1917] Received RequestConsensusVote() RPC: tablet_id: "73689c7202fc455ab520f056a5229b8d" candidate_uuid: "696a73fe1553458e8884541565c9140f" candidate_term: 1 candidate_status { last_received { term: 0 index: 0 } } ignore_live_leader: false dest_uuid: "326b52b8b36c4abeb92bbd99bdb8fd1d" is_pre_election: true
I20260608 10:03:20.346661 18301 catalog_manager.cc:5696] T 080a77cad3d84996baf451cd560d7b00 P ecb4323c77774943b4f3935fb7e2aedb reported cstate change: term changed from 0 to 1, leader changed from <none> to ecb4323c77774943b4f3935fb7e2aedb (127.13.147.65). New cstate: current_term: 1 leader_uuid: "ecb4323c77774943b4f3935fb7e2aedb" committed_config { opid_index: -1 OBSOLETE_local: false peers { permanent_uuid: "ecb4323c77774943b4f3935fb7e2aedb" member_type: VOTER last_known_addr { host: "127.13.147.65" port: 35635 } health_report { overall_health: HEALTHY } } peers { permanent_uuid: "696a73fe1553458e8884541565c9140f" member_type: VOTER last_known_addr { host: "127.13.147.66" port: 46349 } health_report { overall_health: UNKNOWN } } peers { permanent_uuid: "326b52b8b36c4abeb92bbd99bdb8fd1d" member_type: VOTER last_known_addr { host: "127.13.147.67" port: 45467 } health_report { overall_health: UNKNOWN } } }
I20260608 10:03:20.350839 18446 leader_election.cc:304] T 73689c7202fc455ab520f056a5229b8d P 696a73fe1553458e8884541565c9140f [CANDIDATE]: Term 1 pre-election: Election decided. Result: candidate lost. Election summary: received 3 responses out of 3 voters: 1 yes votes; 2 no votes. yes voters: 696a73fe1553458e8884541565c9140f; no voters: 326b52b8b36c4abeb92bbd99bdb8fd1d, ecb4323c77774943b4f3935fb7e2aedb
I20260608 10:03:20.352114 18648 raft_consensus.cc:2749] T 73689c7202fc455ab520f056a5229b8d P 696a73fe1553458e8884541565c9140f [term 0 FOLLOWER]: Leader pre-election lost for term 1. Reason: could not achieve majority
I20260608 10:03:20.355841 18608 raft_consensus.cc:493] T 0d972bebf97a4d13b2dd9d824c8e8352 P ecb4323c77774943b4f3935fb7e2aedb [term 0 FOLLOWER]: Starting pre-election (no leader contacted us within the election timeout)
I20260608 10:03:20.356359 18608 raft_consensus.cc:515] T 0d972bebf97a4d13b2dd9d824c8e8352 P ecb4323c77774943b4f3935fb7e2aedb [term 0 FOLLOWER]: Starting pre-election with config: opid_index: -1 OBSOLETE_local: false peers { permanent_uuid: "ecb4323c77774943b4f3935fb7e2aedb" member_type: VOTER last_known_addr { host: "127.13.147.65" port: 35635 } } peers { permanent_uuid: "696a73fe1553458e8884541565c9140f" member_type: VOTER last_known_addr { host: "127.13.147.66" port: 46349 } } peers { permanent_uuid: "326b52b8b36c4abeb92bbd99bdb8fd1d" member_type: VOTER last_known_addr { host: "127.13.147.67" port: 45467 } }
I20260608 10:03:20.358886 18643 raft_consensus.cc:493] T 6e910c7120ac4e3584e4b4a5c106169b P ecb4323c77774943b4f3935fb7e2aedb [term 0 FOLLOWER]: Starting pre-election (no leader contacted us within the election timeout)
I20260608 10:03:20.359449 18643 raft_consensus.cc:515] T 6e910c7120ac4e3584e4b4a5c106169b P ecb4323c77774943b4f3935fb7e2aedb [term 0 FOLLOWER]: Starting pre-election with config: opid_index: -1 OBSOLETE_local: false peers { permanent_uuid: "ecb4323c77774943b4f3935fb7e2aedb" member_type: VOTER last_known_addr { host: "127.13.147.65" port: 35635 } } peers { permanent_uuid: "696a73fe1553458e8884541565c9140f" member_type: VOTER last_known_addr { host: "127.13.147.66" port: 46349 } } peers { permanent_uuid: "326b52b8b36c4abeb92bbd99bdb8fd1d" member_type: VOTER last_known_addr { host: "127.13.147.67" port: 45467 } }
I20260608 10:03:20.358566 18601 raft_consensus.cc:359] T f194a36245004e3c8aa1e3bc06d9c04d P 696a73fe1553458e8884541565c9140f [term 0 FOLLOWER]: Replica starting. Triggering 0 pending ops. Active config: opid_index: -1 OBSOLETE_local: false peers { permanent_uuid: "ecb4323c77774943b4f3935fb7e2aedb" member_type: VOTER last_known_addr { host: "127.13.147.65" port: 35635 } } peers { permanent_uuid: "696a73fe1553458e8884541565c9140f" member_type: VOTER last_known_addr { host: "127.13.147.66" port: 46349 } } peers { permanent_uuid: "326b52b8b36c4abeb92bbd99bdb8fd1d" member_type: VOTER last_known_addr { host: "127.13.147.67" port: 45467 } }
I20260608 10:03:20.360884 18553 tablet_service.cc:1917] Received RequestConsensusVote() RPC: tablet_id: "0d972bebf97a4d13b2dd9d824c8e8352" candidate_uuid: "ecb4323c77774943b4f3935fb7e2aedb" candidate_term: 1 candidate_status { last_received { term: 0 index: 0 } } ignore_live_leader: false dest_uuid: "326b52b8b36c4abeb92bbd99bdb8fd1d" is_pre_election: true
I20260608 10:03:20.361153 18601 raft_consensus.cc:385] T f194a36245004e3c8aa1e3bc06d9c04d P 696a73fe1553458e8884541565c9140f [term 0 FOLLOWER]: Consensus starting up: Expiring failure detector timer to make a prompt election more likely
I20260608 10:03:20.361430 18601 raft_consensus.cc:740] T f194a36245004e3c8aa1e3bc06d9c04d P 696a73fe1553458e8884541565c9140f [term 0 FOLLOWER]: Becoming Follower/Learner. State: Replica: 696a73fe1553458e8884541565c9140f, State: Initialized, Role: FOLLOWER
I20260608 10:03:20.361665 18553 raft_consensus.cc:2393] T 0d972bebf97a4d13b2dd9d824c8e8352 P 326b52b8b36c4abeb92bbd99bdb8fd1d [term 1 FOLLOWER]: Leader pre-election vote request: Denying vote to candidate ecb4323c77774943b4f3935fb7e2aedb in current term 1: Already voted for candidate 696a73fe1553458e8884541565c9140f in this term.
I20260608 10:03:20.358566 18608 leader_election.cc:290] T 0d972bebf97a4d13b2dd9d824c8e8352 P ecb4323c77774943b4f3935fb7e2aedb [CANDIDATE]: Term 1 pre-election: Requested pre-vote from peers 696a73fe1553458e8884541565c9140f (127.13.147.66:46349), 326b52b8b36c4abeb92bbd99bdb8fd1d (127.13.147.67:45467)
I20260608 10:03:20.362147 18643 leader_election.cc:290] T 6e910c7120ac4e3584e4b4a5c106169b P ecb4323c77774943b4f3935fb7e2aedb [CANDIDATE]: Term 1 pre-election: Requested pre-vote from peers 696a73fe1553458e8884541565c9140f (127.13.147.66:46349), 326b52b8b36c4abeb92bbd99bdb8fd1d (127.13.147.67:45467)
I20260608 10:03:20.366238 18479 tablet_service.cc:1917] Received RequestConsensusVote() RPC: tablet_id: "0d972bebf97a4d13b2dd9d824c8e8352" candidate_uuid: "ecb4323c77774943b4f3935fb7e2aedb" candidate_term: 1 candidate_status { last_received { term: 0 index: 0 } } ignore_live_leader: false dest_uuid: "696a73fe1553458e8884541565c9140f" is_pre_election: true
I20260608 10:03:20.367581 18553 tablet_service.cc:1917] Received RequestConsensusVote() RPC: tablet_id: "6e910c7120ac4e3584e4b4a5c106169b" candidate_uuid: "ecb4323c77774943b4f3935fb7e2aedb" candidate_term: 1 candidate_status { last_received { term: 0 index: 0 } } ignore_live_leader: false dest_uuid: "326b52b8b36c4abeb92bbd99bdb8fd1d" is_pre_election: true
I20260608 10:03:20.371722 18553 raft_consensus.cc:2468] T 6e910c7120ac4e3584e4b4a5c106169b P 326b52b8b36c4abeb92bbd99bdb8fd1d [term 0 FOLLOWER]: Leader pre-election vote request: Granting yes vote for candidate ecb4323c77774943b4f3935fb7e2aedb in term 0.
I20260608 10:03:20.368005 18480 tablet_service.cc:1917] Received RequestConsensusVote() RPC: tablet_id: "6e910c7120ac4e3584e4b4a5c106169b" candidate_uuid: "ecb4323c77774943b4f3935fb7e2aedb" candidate_term: 1 candidate_status { last_received { term: 0 index: 0 } } ignore_live_leader: false dest_uuid: "696a73fe1553458e8884541565c9140f" is_pre_election: true
I20260608 10:03:20.372551 18480 raft_consensus.cc:2468] T 6e910c7120ac4e3584e4b4a5c106169b P 696a73fe1553458e8884541565c9140f [term 0 FOLLOWER]: Leader pre-election vote request: Granting yes vote for candidate ecb4323c77774943b4f3935fb7e2aedb in term 0.
I20260608 10:03:20.373199 18371 leader_election.cc:304] T 6e910c7120ac4e3584e4b4a5c106169b P ecb4323c77774943b4f3935fb7e2aedb [CANDIDATE]: Term 1 pre-election: Election decided. Result: candidate won. Election summary: received 2 responses out of 3 voters: 2 yes votes; 0 no votes. yes voters: 326b52b8b36c4abeb92bbd99bdb8fd1d, ecb4323c77774943b4f3935fb7e2aedb; no voters: 
I20260608 10:03:20.374416 18643 raft_consensus.cc:2804] T 6e910c7120ac4e3584e4b4a5c106169b P ecb4323c77774943b4f3935fb7e2aedb [term 0 FOLLOWER]: Leader pre-election won for term 1
I20260608 10:03:20.374810 18643 raft_consensus.cc:493] T 6e910c7120ac4e3584e4b4a5c106169b P ecb4323c77774943b4f3935fb7e2aedb [term 0 FOLLOWER]: Starting leader election (no leader contacted us within the election timeout)
I20260608 10:03:20.375118 18599 tablet_bootstrap.cc:492] T f194a36245004e3c8aa1e3bc06d9c04d P 326b52b8b36c4abeb92bbd99bdb8fd1d: No bootstrap required, opened a new log
I20260608 10:03:20.374634 18371 leader_election.cc:304] T 0d972bebf97a4d13b2dd9d824c8e8352 P ecb4323c77774943b4f3935fb7e2aedb [CANDIDATE]: Term 1 pre-election: Election decided. Result: candidate lost. Election summary: received 3 responses out of 3 voters: 1 yes votes; 2 no votes. yes voters: ecb4323c77774943b4f3935fb7e2aedb; no voters: 326b52b8b36c4abeb92bbd99bdb8fd1d, 696a73fe1553458e8884541565c9140f
I20260608 10:03:20.370685 18602 tablet_bootstrap.cc:492] T f194a36245004e3c8aa1e3bc06d9c04d P ecb4323c77774943b4f3935fb7e2aedb: No bootstrap required, opened a new log
I20260608 10:03:20.375319 18643 raft_consensus.cc:3060] T 6e910c7120ac4e3584e4b4a5c106169b P ecb4323c77774943b4f3935fb7e2aedb [term 0 FOLLOWER]: Advancing to term 1
I20260608 10:03:20.375844 18599 ts_tablet_manager.cc:1403] T f194a36245004e3c8aa1e3bc06d9c04d P 326b52b8b36c4abeb92bbd99bdb8fd1d: Time spent bootstrapping tablet: real 0.068s	user 0.016s	sys 0.002s
I20260608 10:03:20.376091 18608 raft_consensus.cc:3060] T 0d972bebf97a4d13b2dd9d824c8e8352 P ecb4323c77774943b4f3935fb7e2aedb [term 0 FOLLOWER]: Advancing to term 1
I20260608 10:03:20.379124 18599 raft_consensus.cc:359] T f194a36245004e3c8aa1e3bc06d9c04d P 326b52b8b36c4abeb92bbd99bdb8fd1d [term 0 FOLLOWER]: Replica starting. Triggering 0 pending ops. Active config: opid_index: -1 OBSOLETE_local: false peers { permanent_uuid: "ecb4323c77774943b4f3935fb7e2aedb" member_type: VOTER last_known_addr { host: "127.13.147.65" port: 35635 } } peers { permanent_uuid: "696a73fe1553458e8884541565c9140f" member_type: VOTER last_known_addr { host: "127.13.147.66" port: 46349 } } peers { permanent_uuid: "326b52b8b36c4abeb92bbd99bdb8fd1d" member_type: VOTER last_known_addr { host: "127.13.147.67" port: 45467 } }
I20260608 10:03:20.368641 18601 consensus_queue.cc:260] T f194a36245004e3c8aa1e3bc06d9c04d P 696a73fe1553458e8884541565c9140f [NON_LEADER]: Queue going to NON_LEADER mode. State: All replicated index: 0, Majority replicated index: 0, Committed index: 0, Last appended: 0.0, Last appended by leader: 0, Current term: 0, Majority size: -1, State: 0, Mode: NON_LEADER, active raft config: opid_index: -1 OBSOLETE_local: false peers { permanent_uuid: "ecb4323c77774943b4f3935fb7e2aedb" member_type: VOTER last_known_addr { host: "127.13.147.65" port: 35635 } } peers { permanent_uuid: "696a73fe1553458e8884541565c9140f" member_type: VOTER last_known_addr { host: "127.13.147.66" port: 46349 } } peers { permanent_uuid: "326b52b8b36c4abeb92bbd99bdb8fd1d" member_type: VOTER last_known_addr { host: "127.13.147.67" port: 45467 } }
I20260608 10:03:20.379843 18599 raft_consensus.cc:385] T f194a36245004e3c8aa1e3bc06d9c04d P 326b52b8b36c4abeb92bbd99bdb8fd1d [term 0 FOLLOWER]: Consensus starting up: Expiring failure detector timer to make a prompt election more likely
I20260608 10:03:20.380172 18599 raft_consensus.cc:740] T f194a36245004e3c8aa1e3bc06d9c04d P 326b52b8b36c4abeb92bbd99bdb8fd1d [term 0 FOLLOWER]: Becoming Follower/Learner. State: Replica: 326b52b8b36c4abeb92bbd99bdb8fd1d, State: Initialized, Role: FOLLOWER
I20260608 10:03:20.380569 18602 ts_tablet_manager.cc:1403] T f194a36245004e3c8aa1e3bc06d9c04d P ecb4323c77774943b4f3935fb7e2aedb: Time spent bootstrapping tablet: real 0.047s	user 0.012s	sys 0.000s
I20260608 10:03:20.383551 18601 ts_tablet_manager.cc:1434] T f194a36245004e3c8aa1e3bc06d9c04d P 696a73fe1553458e8884541565c9140f: Time spent starting tablet: real 0.055s	user 0.005s	sys 0.001s
I20260608 10:03:20.384646 18608 raft_consensus.cc:2749] T 0d972bebf97a4d13b2dd9d824c8e8352 P ecb4323c77774943b4f3935fb7e2aedb [term 1 FOLLOWER]: Leader pre-election lost for term 1. Reason: could not achieve majority
I20260608 10:03:20.383973 18643 raft_consensus.cc:515] T 6e910c7120ac4e3584e4b4a5c106169b P ecb4323c77774943b4f3935fb7e2aedb [term 1 FOLLOWER]: Starting leader election with config: opid_index: -1 OBSOLETE_local: false peers { permanent_uuid: "ecb4323c77774943b4f3935fb7e2aedb" member_type: VOTER last_known_addr { host: "127.13.147.65" port: 35635 } } peers { permanent_uuid: "696a73fe1553458e8884541565c9140f" member_type: VOTER last_known_addr { host: "127.13.147.66" port: 46349 } } peers { permanent_uuid: "326b52b8b36c4abeb92bbd99bdb8fd1d" member_type: VOTER last_known_addr { host: "127.13.147.67" port: 45467 } }
I20260608 10:03:20.386353 18669 raft_consensus.cc:493] T f333f8367393470fb93cd63ece3b1b72 P 326b52b8b36c4abeb92bbd99bdb8fd1d [term 0 FOLLOWER]: Starting pre-election (no leader contacted us within the election timeout)
I20260608 10:03:20.386803 18643 leader_election.cc:290] T 6e910c7120ac4e3584e4b4a5c106169b P ecb4323c77774943b4f3935fb7e2aedb [CANDIDATE]: Term 1 election: Requested vote from peers 696a73fe1553458e8884541565c9140f (127.13.147.66:46349), 326b52b8b36c4abeb92bbd99bdb8fd1d (127.13.147.67:45467)
I20260608 10:03:20.386881 18669 raft_consensus.cc:515] T f333f8367393470fb93cd63ece3b1b72 P 326b52b8b36c4abeb92bbd99bdb8fd1d [term 0 FOLLOWER]: Starting pre-election with config: opid_index: -1 OBSOLETE_local: false peers { permanent_uuid: "ecb4323c77774943b4f3935fb7e2aedb" member_type: VOTER last_known_addr { host: "127.13.147.65" port: 35635 } } peers { permanent_uuid: "696a73fe1553458e8884541565c9140f" member_type: VOTER last_known_addr { host: "127.13.147.66" port: 46349 } } peers { permanent_uuid: "326b52b8b36c4abeb92bbd99bdb8fd1d" member_type: VOTER last_known_addr { host: "127.13.147.67" port: 45467 } }
I20260608 10:03:20.387708 18602 raft_consensus.cc:359] T f194a36245004e3c8aa1e3bc06d9c04d P ecb4323c77774943b4f3935fb7e2aedb [term 0 FOLLOWER]: Replica starting. Triggering 0 pending ops. Active config: opid_index: -1 OBSOLETE_local: false peers { permanent_uuid: "ecb4323c77774943b4f3935fb7e2aedb" member_type: VOTER last_known_addr { host: "127.13.147.65" port: 35635 } } peers { permanent_uuid: "696a73fe1553458e8884541565c9140f" member_type: VOTER last_known_addr { host: "127.13.147.66" port: 46349 } } peers { permanent_uuid: "326b52b8b36c4abeb92bbd99bdb8fd1d" member_type: VOTER last_known_addr { host: "127.13.147.67" port: 45467 } }
I20260608 10:03:20.388237 18602 raft_consensus.cc:385] T f194a36245004e3c8aa1e3bc06d9c04d P ecb4323c77774943b4f3935fb7e2aedb [term 0 FOLLOWER]: Consensus starting up: Expiring failure detector timer to make a prompt election more likely
I20260608 10:03:20.388473 18602 raft_consensus.cc:740] T f194a36245004e3c8aa1e3bc06d9c04d P ecb4323c77774943b4f3935fb7e2aedb [term 0 FOLLOWER]: Becoming Follower/Learner. State: Replica: ecb4323c77774943b4f3935fb7e2aedb, State: Initialized, Role: FOLLOWER
I20260608 10:03:20.389094 18602 consensus_queue.cc:260] T f194a36245004e3c8aa1e3bc06d9c04d P ecb4323c77774943b4f3935fb7e2aedb [NON_LEADER]: Queue going to NON_LEADER mode. State: All replicated index: 0, Majority replicated index: 0, Committed index: 0, Last appended: 0.0, Last appended by leader: 0, Current term: 0, Majority size: -1, State: 0, Mode: NON_LEADER, active raft config: opid_index: -1 OBSOLETE_local: false peers { permanent_uuid: "ecb4323c77774943b4f3935fb7e2aedb" member_type: VOTER last_known_addr { host: "127.13.147.65" port: 35635 } } peers { permanent_uuid: "696a73fe1553458e8884541565c9140f" member_type: VOTER last_known_addr { host: "127.13.147.66" port: 46349 } } peers { permanent_uuid: "326b52b8b36c4abeb92bbd99bdb8fd1d" member_type: VOTER last_known_addr { host: "127.13.147.67" port: 45467 } }
I20260608 10:03:20.390391 18405 tablet_service.cc:1917] Received RequestConsensusVote() RPC: tablet_id: "f333f8367393470fb93cd63ece3b1b72" candidate_uuid: "326b52b8b36c4abeb92bbd99bdb8fd1d" candidate_term: 1 candidate_status { last_received { term: 0 index: 0 } } ignore_live_leader: false dest_uuid: "ecb4323c77774943b4f3935fb7e2aedb" is_pre_election: true
I20260608 10:03:20.390812 18480 tablet_service.cc:1917] Received RequestConsensusVote() RPC: tablet_id: "6e910c7120ac4e3584e4b4a5c106169b" candidate_uuid: "ecb4323c77774943b4f3935fb7e2aedb" candidate_term: 1 candidate_status { last_received { term: 0 index: 0 } } ignore_live_leader: false dest_uuid: "696a73fe1553458e8884541565c9140f"
I20260608 10:03:20.391368 18405 raft_consensus.cc:2393] T f333f8367393470fb93cd63ece3b1b72 P ecb4323c77774943b4f3935fb7e2aedb [term 1 FOLLOWER]: Leader pre-election vote request: Denying vote to candidate 326b52b8b36c4abeb92bbd99bdb8fd1d in current term 1: Already voted for candidate 696a73fe1553458e8884541565c9140f in this term.
I20260608 10:03:20.391379 18602 ts_tablet_manager.cc:1434] T f194a36245004e3c8aa1e3bc06d9c04d P ecb4323c77774943b4f3935fb7e2aedb: Time spent starting tablet: real 0.007s	user 0.006s	sys 0.000s
I20260608 10:03:20.391469 18480 raft_consensus.cc:3060] T 6e910c7120ac4e3584e4b4a5c106169b P 696a73fe1553458e8884541565c9140f [term 0 FOLLOWER]: Advancing to term 1
I20260608 10:03:20.389309 18669 leader_election.cc:290] T f333f8367393470fb93cd63ece3b1b72 P 326b52b8b36c4abeb92bbd99bdb8fd1d [CANDIDATE]: Term 1 pre-election: Requested pre-vote from peers ecb4323c77774943b4f3935fb7e2aedb (127.13.147.65:35635), 696a73fe1553458e8884541565c9140f (127.13.147.66:46349)
I20260608 10:03:20.395908 18599 consensus_queue.cc:260] T f194a36245004e3c8aa1e3bc06d9c04d P 326b52b8b36c4abeb92bbd99bdb8fd1d [NON_LEADER]: Queue going to NON_LEADER mode. State: All replicated index: 0, Majority replicated index: 0, Committed index: 0, Last appended: 0.0, Last appended by leader: 0, Current term: 0, Majority size: -1, State: 0, Mode: NON_LEADER, active raft config: opid_index: -1 OBSOLETE_local: false peers { permanent_uuid: "ecb4323c77774943b4f3935fb7e2aedb" member_type: VOTER last_known_addr { host: "127.13.147.65" port: 35635 } } peers { permanent_uuid: "696a73fe1553458e8884541565c9140f" member_type: VOTER last_known_addr { host: "127.13.147.66" port: 46349 } } peers { permanent_uuid: "326b52b8b36c4abeb92bbd99bdb8fd1d" member_type: VOTER last_known_addr { host: "127.13.147.67" port: 45467 } }
I20260608 10:03:20.396343 18479 tablet_service.cc:1917] Received RequestConsensusVote() RPC: tablet_id: "f333f8367393470fb93cd63ece3b1b72" candidate_uuid: "326b52b8b36c4abeb92bbd99bdb8fd1d" candidate_term: 1 candidate_status { last_received { term: 0 index: 0 } } ignore_live_leader: false dest_uuid: "696a73fe1553458e8884541565c9140f" is_pre_election: true
I20260608 10:03:20.397934 18599 ts_tablet_manager.cc:1434] T f194a36245004e3c8aa1e3bc06d9c04d P 326b52b8b36c4abeb92bbd99bdb8fd1d: Time spent starting tablet: real 0.022s	user 0.001s	sys 0.004s
I20260608 10:03:20.397989 18520 leader_election.cc:304] T f333f8367393470fb93cd63ece3b1b72 P 326b52b8b36c4abeb92bbd99bdb8fd1d [CANDIDATE]: Term 1 pre-election: Election decided. Result: candidate lost. Election summary: received 3 responses out of 3 voters: 1 yes votes; 2 no votes. yes voters: 326b52b8b36c4abeb92bbd99bdb8fd1d; no voters: 696a73fe1553458e8884541565c9140f, ecb4323c77774943b4f3935fb7e2aedb
I20260608 10:03:20.398901 18669 raft_consensus.cc:3060] T f333f8367393470fb93cd63ece3b1b72 P 326b52b8b36c4abeb92bbd99bdb8fd1d [term 0 FOLLOWER]: Advancing to term 1
I20260608 10:03:20.399931 18480 raft_consensus.cc:2468] T 6e910c7120ac4e3584e4b4a5c106169b P 696a73fe1553458e8884541565c9140f [term 1 FOLLOWER]: Leader election vote request: Granting yes vote for candidate ecb4323c77774943b4f3935fb7e2aedb in term 1.
I20260608 10:03:20.400192 18554 tablet_service.cc:1917] Received RequestConsensusVote() RPC: tablet_id: "6e910c7120ac4e3584e4b4a5c106169b" candidate_uuid: "ecb4323c77774943b4f3935fb7e2aedb" candidate_term: 1 candidate_status { last_received { term: 0 index: 0 } } ignore_live_leader: false dest_uuid: "326b52b8b36c4abeb92bbd99bdb8fd1d"
I20260608 10:03:20.400851 18554 raft_consensus.cc:3060] T 6e910c7120ac4e3584e4b4a5c106169b P 326b52b8b36c4abeb92bbd99bdb8fd1d [term 0 FOLLOWER]: Advancing to term 1
I20260608 10:03:20.400454 18300 catalog_manager.cc:5696] T db1a037383b349939d20c59904ec08a6 P 696a73fe1553458e8884541565c9140f reported cstate change: term changed from 0 to 1, leader changed from <none> to 696a73fe1553458e8884541565c9140f (127.13.147.66). New cstate: current_term: 1 leader_uuid: "696a73fe1553458e8884541565c9140f" committed_config { opid_index: -1 OBSOLETE_local: false peers { permanent_uuid: "ecb4323c77774943b4f3935fb7e2aedb" member_type: VOTER last_known_addr { host: "127.13.147.65" port: 35635 } health_report { overall_health: UNKNOWN } } peers { permanent_uuid: "696a73fe1553458e8884541565c9140f" member_type: VOTER last_known_addr { host: "127.13.147.66" port: 46349 } health_report { overall_health: HEALTHY } } peers { permanent_uuid: "326b52b8b36c4abeb92bbd99bdb8fd1d" member_type: VOTER last_known_addr { host: "127.13.147.67" port: 45467 } health_report { overall_health: UNKNOWN } } }
I20260608 10:03:20.401216 18371 leader_election.cc:304] T 6e910c7120ac4e3584e4b4a5c106169b P ecb4323c77774943b4f3935fb7e2aedb [CANDIDATE]: Term 1 election: Election decided. Result: candidate won. Election summary: received 2 responses out of 3 voters: 2 yes votes; 0 no votes. yes voters: 696a73fe1553458e8884541565c9140f, ecb4323c77774943b4f3935fb7e2aedb; no voters: 
I20260608 10:03:20.402118 18643 raft_consensus.cc:2804] T 6e910c7120ac4e3584e4b4a5c106169b P ecb4323c77774943b4f3935fb7e2aedb [term 1 FOLLOWER]: Leader election won for term 1
I20260608 10:03:20.402592 18643 raft_consensus.cc:697] T 6e910c7120ac4e3584e4b4a5c106169b P ecb4323c77774943b4f3935fb7e2aedb [term 1 LEADER]: Becoming Leader. State: Replica: ecb4323c77774943b4f3935fb7e2aedb, State: Running, Role: LEADER
I20260608 10:03:20.403445 18643 consensus_queue.cc:237] T 6e910c7120ac4e3584e4b4a5c106169b P ecb4323c77774943b4f3935fb7e2aedb [LEADER]: Queue going to LEADER mode. State: All replicated index: 0, Majority replicated index: 0, Committed index: 0, Last appended: 0.0, Last appended by leader: 0, Current term: 1, Majority size: 2, State: 0, Mode: LEADER, active raft config: opid_index: -1 OBSOLETE_local: false peers { permanent_uuid: "ecb4323c77774943b4f3935fb7e2aedb" member_type: VOTER last_known_addr { host: "127.13.147.65" port: 35635 } } peers { permanent_uuid: "696a73fe1553458e8884541565c9140f" member_type: VOTER last_known_addr { host: "127.13.147.66" port: 46349 } } peers { permanent_uuid: "326b52b8b36c4abeb92bbd99bdb8fd1d" member_type: VOTER last_known_addr { host: "127.13.147.67" port: 45467 } }
I20260608 10:03:20.407086 18669 raft_consensus.cc:2749] T f333f8367393470fb93cd63ece3b1b72 P 326b52b8b36c4abeb92bbd99bdb8fd1d [term 1 FOLLOWER]: Leader pre-election lost for term 1. Reason: could not achieve majority
I20260608 10:03:20.408393 18554 raft_consensus.cc:2468] T 6e910c7120ac4e3584e4b4a5c106169b P 326b52b8b36c4abeb92bbd99bdb8fd1d [term 1 FOLLOWER]: Leader election vote request: Granting yes vote for candidate ecb4323c77774943b4f3935fb7e2aedb in term 1.
I20260608 10:03:20.410815 18663 consensus_queue.cc:1048] T 8f81abe713034309845794defe186baa P ecb4323c77774943b4f3935fb7e2aedb [LEADER]: Connected to new peer: Peer: permanent_uuid: "696a73fe1553458e8884541565c9140f" member_type: VOTER last_known_addr { host: "127.13.147.66" port: 46349 }, Status: LMP_MISMATCH, Last received: 0.0, Next index: 1, Last known committed idx: 0, Time since last communication: 0.001s
I20260608 10:03:20.424100 18608 consensus_queue.cc:1048] T 8f81abe713034309845794defe186baa P ecb4323c77774943b4f3935fb7e2aedb [LEADER]: Connected to new peer: Peer: permanent_uuid: "326b52b8b36c4abeb92bbd99bdb8fd1d" member_type: VOTER last_known_addr { host: "127.13.147.67" port: 45467 }, Status: LMP_MISMATCH, Last received: 0.0, Next index: 1, Last known committed idx: 0, Time since last communication: 0.000s
I20260608 10:03:20.431921 18300 catalog_manager.cc:5696] T 6e910c7120ac4e3584e4b4a5c106169b P ecb4323c77774943b4f3935fb7e2aedb reported cstate change: term changed from 0 to 1, leader changed from <none> to ecb4323c77774943b4f3935fb7e2aedb (127.13.147.65). New cstate: current_term: 1 leader_uuid: "ecb4323c77774943b4f3935fb7e2aedb" committed_config { opid_index: -1 OBSOLETE_local: false peers { permanent_uuid: "ecb4323c77774943b4f3935fb7e2aedb" member_type: VOTER last_known_addr { host: "127.13.147.65" port: 35635 } health_report { overall_health: HEALTHY } } peers { permanent_uuid: "696a73fe1553458e8884541565c9140f" member_type: VOTER last_known_addr { host: "127.13.147.66" port: 46349 } health_report { overall_health: UNKNOWN } } peers { permanent_uuid: "326b52b8b36c4abeb92bbd99bdb8fd1d" member_type: VOTER last_known_addr { host: "127.13.147.67" port: 45467 } health_report { overall_health: UNKNOWN } } }
I20260608 10:03:20.443742 18608 raft_consensus.cc:493] T f194a36245004e3c8aa1e3bc06d9c04d P ecb4323c77774943b4f3935fb7e2aedb [term 0 FOLLOWER]: Starting pre-election (no leader contacted us within the election timeout)
I20260608 10:03:20.444356 18608 raft_consensus.cc:515] T f194a36245004e3c8aa1e3bc06d9c04d P ecb4323c77774943b4f3935fb7e2aedb [term 0 FOLLOWER]: Starting pre-election with config: opid_index: -1 OBSOLETE_local: false peers { permanent_uuid: "ecb4323c77774943b4f3935fb7e2aedb" member_type: VOTER last_known_addr { host: "127.13.147.65" port: 35635 } } peers { permanent_uuid: "696a73fe1553458e8884541565c9140f" member_type: VOTER last_known_addr { host: "127.13.147.66" port: 46349 } } peers { permanent_uuid: "326b52b8b36c4abeb92bbd99bdb8fd1d" member_type: VOTER last_known_addr { host: "127.13.147.67" port: 45467 } }
I20260608 10:03:20.446365 18608 leader_election.cc:290] T f194a36245004e3c8aa1e3bc06d9c04d P ecb4323c77774943b4f3935fb7e2aedb [CANDIDATE]: Term 1 pre-election: Requested pre-vote from peers 696a73fe1553458e8884541565c9140f (127.13.147.66:46349), 326b52b8b36c4abeb92bbd99bdb8fd1d (127.13.147.67:45467)
I20260608 10:03:20.448570 18554 tablet_service.cc:1917] Received RequestConsensusVote() RPC: tablet_id: "f194a36245004e3c8aa1e3bc06d9c04d" candidate_uuid: "ecb4323c77774943b4f3935fb7e2aedb" candidate_term: 1 candidate_status { last_received { term: 0 index: 0 } } ignore_live_leader: false dest_uuid: "326b52b8b36c4abeb92bbd99bdb8fd1d" is_pre_election: true
I20260608 10:03:20.449267 18554 raft_consensus.cc:2468] T f194a36245004e3c8aa1e3bc06d9c04d P 326b52b8b36c4abeb92bbd99bdb8fd1d [term 0 FOLLOWER]: Leader pre-election vote request: Granting yes vote for candidate ecb4323c77774943b4f3935fb7e2aedb in term 0.
I20260608 10:03:20.449592 18479 tablet_service.cc:1917] Received RequestConsensusVote() RPC: tablet_id: "f194a36245004e3c8aa1e3bc06d9c04d" candidate_uuid: "ecb4323c77774943b4f3935fb7e2aedb" candidate_term: 1 candidate_status { last_received { term: 0 index: 0 } } ignore_live_leader: false dest_uuid: "696a73fe1553458e8884541565c9140f" is_pre_election: true
I20260608 10:03:20.450254 18479 raft_consensus.cc:2468] T f194a36245004e3c8aa1e3bc06d9c04d P 696a73fe1553458e8884541565c9140f [term 0 FOLLOWER]: Leader pre-election vote request: Granting yes vote for candidate ecb4323c77774943b4f3935fb7e2aedb in term 0.
I20260608 10:03:20.450503 18371 leader_election.cc:304] T f194a36245004e3c8aa1e3bc06d9c04d P ecb4323c77774943b4f3935fb7e2aedb [CANDIDATE]: Term 1 pre-election: Election decided. Result: candidate won. Election summary: received 2 responses out of 3 voters: 2 yes votes; 0 no votes. yes voters: 326b52b8b36c4abeb92bbd99bdb8fd1d, ecb4323c77774943b4f3935fb7e2aedb; no voters: 
I20260608 10:03:20.451423 18608 raft_consensus.cc:2804] T f194a36245004e3c8aa1e3bc06d9c04d P ecb4323c77774943b4f3935fb7e2aedb [term 0 FOLLOWER]: Leader pre-election won for term 1
I20260608 10:03:20.451764 18608 raft_consensus.cc:493] T f194a36245004e3c8aa1e3bc06d9c04d P ecb4323c77774943b4f3935fb7e2aedb [term 0 FOLLOWER]: Starting leader election (no leader contacted us within the election timeout)
I20260608 10:03:20.452051 18608 raft_consensus.cc:3060] T f194a36245004e3c8aa1e3bc06d9c04d P ecb4323c77774943b4f3935fb7e2aedb [term 0 FOLLOWER]: Advancing to term 1
I20260608 10:03:20.457487 18608 raft_consensus.cc:515] T f194a36245004e3c8aa1e3bc06d9c04d P ecb4323c77774943b4f3935fb7e2aedb [term 1 FOLLOWER]: Starting leader election with config: opid_index: -1 OBSOLETE_local: false peers { permanent_uuid: "ecb4323c77774943b4f3935fb7e2aedb" member_type: VOTER last_known_addr { host: "127.13.147.65" port: 35635 } } peers { permanent_uuid: "696a73fe1553458e8884541565c9140f" member_type: VOTER last_known_addr { host: "127.13.147.66" port: 46349 } } peers { permanent_uuid: "326b52b8b36c4abeb92bbd99bdb8fd1d" member_type: VOTER last_known_addr { host: "127.13.147.67" port: 45467 } }
I20260608 10:03:20.459287 18608 leader_election.cc:290] T f194a36245004e3c8aa1e3bc06d9c04d P ecb4323c77774943b4f3935fb7e2aedb [CANDIDATE]: Term 1 election: Requested vote from peers 696a73fe1553458e8884541565c9140f (127.13.147.66:46349), 326b52b8b36c4abeb92bbd99bdb8fd1d (127.13.147.67:45467)
