[==========] Running 24 tests from 2 test suites.
[----------] Global test environment set-up.
[----------] 22 tests from AutoRebalancerTest
[ RUN      ] AutoRebalancerTest.OnlyLeaderDoesAutoRebalancing
WARNING: Logging before InitGoogleLogging() is written to STDERR
I20260608 10:01:08.727983 29691 internal_mini_cluster.cc:156] Creating distributed mini masters. Addrs: 127.28.254.254:38533,127.28.254.253:35087,127.28.254.252:46153
I20260608 10:01:08.730149 29691 env_posix.cc:2267] Not raising this process' open files per process limit of 1048576; it is already as high as it can go
I20260608 10:01:08.731479 29691 file_cache.cc:492] Constructed file cache file cache with capacity 419430
I20260608 10:01:08.754487 29691 server_base.cc:1061] running on GCE node
W20260608 10:01:08.752449 29699 instance_detector.cc:116] could not retrieve Azure instance metadata: Network error: curl error: HTTP response code said error: The requested URL returned error: 404
W20260608 10:01:08.752411 29701 instance_detector.cc:116] could not retrieve OpenStack instance metadata: Network error: curl error: HTTP response code said error: The requested URL returned error: 404
W20260608 10:01:08.753901 29698 instance_detector.cc:116] could not retrieve AWS instance metadata: Network error: curl error: HTTP response code said error: The requested URL returned error: 404
I20260608 10:01:10.058430 29691 hybrid_clock.cc:584] initializing the hybrid clock with 'system_unsync' time source
W20260608 10:01:10.058703 29691 system_unsync_time.cc:38] NTP support is disabled. Clock error bounds will not be accurate. This configuration is not suitable for distributed clusters.
I20260608 10:01:10.058871 29691 hybrid_clock.cc:648] HybridClock initialized: now 1780912870058852 us; error 0 us; skew 500 ppm
I20260608 10:01:10.059782 29691 server_base.cc:861] Flag tcmalloc_max_total_thread_cache_bytes is not working since tcmalloc is not enabled.
I20260608 10:01:10.066322 29691 webserver.cc:533] Webserver started at http://127.28.254.254:39945/ using document root <none> and password file <none>
I20260608 10:01:10.067337 29691 fs_manager.cc:362] Metadata directory not provided
I20260608 10:01:10.067582 29691 fs_manager.cc:368] Using write-ahead log directory (fs_wal_dir) as metadata directory
I20260608 10:01:10.068053 29691 server_base.cc:909] This appears to be a new deployment of Kudu; creating new FS layout
I20260608 10:01:10.074434 29691 fs_manager.cc:1068] Generated new instance metadata in path /tmp/dist-test-taskYgDqW7/test-tmp/auto_rebalancer-test.0.AutoRebalancerTest.OnlyLeaderDoesAutoRebalancing.1780912868527770-29691-0/minicluster-data/master-0-root/instance:
uuid: "249564e2c1054943968ae59f12016e7e"
format_stamp: "Formatted at 2026-06-08 10:01:10 on dist-test-slave-jmrb"
I20260608 10:01:10.084725 29691 fs_manager.cc:696] Time spent creating directory manager: real 0.009s	user 0.010s	sys 0.001s
I20260608 10:01:10.091187 29707 log_block_manager.cc:4031] Time spent loading block containers with low live blocks: real 0.000s	user 0.000s	sys 0.000s
I20260608 10:01:10.093082 29691 fs_manager.cc:730] Time spent opening block manager: real 0.005s	user 0.003s	sys 0.004s
I20260608 10:01:10.093501 29691 fs_manager.cc:647] Opened local filesystem: /tmp/dist-test-taskYgDqW7/test-tmp/auto_rebalancer-test.0.AutoRebalancerTest.OnlyLeaderDoesAutoRebalancing.1780912868527770-29691-0/minicluster-data/master-0-root
uuid: "249564e2c1054943968ae59f12016e7e"
format_stamp: "Formatted at 2026-06-08 10:01:10 on dist-test-slave-jmrb"
I20260608 10:01:10.093848 29691 fs_report.cc:389] FS layout report
--------------------
wal directory: /tmp/dist-test-taskYgDqW7/test-tmp/auto_rebalancer-test.0.AutoRebalancerTest.OnlyLeaderDoesAutoRebalancing.1780912868527770-29691-0/minicluster-data/master-0-root
metadata directory: /tmp/dist-test-taskYgDqW7/test-tmp/auto_rebalancer-test.0.AutoRebalancerTest.OnlyLeaderDoesAutoRebalancing.1780912868527770-29691-0/minicluster-data/master-0-root
1 data directories: /tmp/dist-test-taskYgDqW7/test-tmp/auto_rebalancer-test.0.AutoRebalancerTest.OnlyLeaderDoesAutoRebalancing.1780912868527770-29691-0/minicluster-data/master-0-root/data
Total live blocks: 0
Total live bytes: 0
Total live bytes (after alignment): 0
Total number of LBM containers: 0 (0 full)
Did not check for missing blocks
Did not check for orphaned blocks
Total full LBM containers with extra space: 0 (0 repaired)
Total full LBM container extra space in bytes: 0 (0 repaired)
Total incomplete LBM containers: 0 (0 repaired)
Total LBM partial records: 0 (0 repaired)
Total corrupted LBM metadata records in RocksDB: 0 (0 repaired)
I20260608 10:01:10.173465 29691 rpc_server.cc:225] running with OpenSSL 1.1.1  11 Sep 2018
I20260608 10:01:10.175159 29691 env_posix.cc:2267] Not raising this process' running threads per effective uid limit of 18446744073709551615; it is already as high as it can go
I20260608 10:01:10.175630 29691 kserver.cc:163] Server-wide thread pool size limit: 3276
I20260608 10:01:10.257999 29691 rpc_server.cc:307] RPC server started. Bound to: 127.28.254.254:38533
I20260608 10:01:10.258147 29758 acceptor_pool.cc:272] collecting diagnostics on the listening RPC socket 127.28.254.254:38533 every 8 connection(s)
I20260608 10:01:10.264969 29691 file_cache.cc:492] Constructed file cache file cache with capacity 419430
I20260608 10:01:10.267952 29759 data_dirs.cc:400] Could only allocate 1 dirs of requested 3 for tablet 00000000000000000000000000000000. 1 dirs total, 0 dirs full, 0 dirs failed
W20260608 10:01:10.272847 29761 instance_detector.cc:116] could not retrieve AWS instance metadata: Network error: curl error: HTTP response code said error: The requested URL returned error: 404
W20260608 10:01:10.274708 29762 instance_detector.cc:116] could not retrieve Azure instance metadata: Network error: curl error: HTTP response code said error: The requested URL returned error: 404
W20260608 10:01:10.279313 29764 instance_detector.cc:116] could not retrieve OpenStack instance metadata: Network error: curl error: HTTP response code said error: The requested URL returned error: 404
I20260608 10:01:10.283512 29691 server_base.cc:1061] running on GCE node
I20260608 10:01:10.284309 29691 hybrid_clock.cc:584] initializing the hybrid clock with 'system_unsync' time source
W20260608 10:01:10.284591 29691 system_unsync_time.cc:38] NTP support is disabled. Clock error bounds will not be accurate. This configuration is not suitable for distributed clusters.
I20260608 10:01:10.284787 29691 hybrid_clock.cc:648] HybridClock initialized: now 1780912870284754 us; error 0 us; skew 500 ppm
I20260608 10:01:10.285477 29691 server_base.cc:861] Flag tcmalloc_max_total_thread_cache_bytes is not working since tcmalloc is not enabled.
I20260608 10:01:10.290097 29691 webserver.cc:533] Webserver started at http://127.28.254.253:35409/ using document root <none> and password file <none>
I20260608 10:01:10.290747 29691 fs_manager.cc:362] Metadata directory not provided
I20260608 10:01:10.290980 29691 fs_manager.cc:368] Using write-ahead log directory (fs_wal_dir) as metadata directory
I20260608 10:01:10.291303 29691 server_base.cc:909] This appears to be a new deployment of Kudu; creating new FS layout
I20260608 10:01:10.292572 29691 fs_manager.cc:1068] Generated new instance metadata in path /tmp/dist-test-taskYgDqW7/test-tmp/auto_rebalancer-test.0.AutoRebalancerTest.OnlyLeaderDoesAutoRebalancing.1780912868527770-29691-0/minicluster-data/master-1-root/instance:
uuid: "cd160b178a8d43e4b429c826306af3b5"
format_stamp: "Formatted at 2026-06-08 10:01:10 on dist-test-slave-jmrb"
I20260608 10:01:10.294894 29759 sys_catalog.cc:422] member_type: VOTER last_known_addr { host: "127.28.254.254" port: 38533 } has no permanent_uuid. Determining permanent_uuid...
I20260608 10:01:10.298959 29691 fs_manager.cc:696] Time spent creating directory manager: real 0.006s	user 0.006s	sys 0.000s
I20260608 10:01:10.307250 29771 log_block_manager.cc:4031] Time spent loading block containers with low live blocks: real 0.000s	user 0.000s	sys 0.000s
I20260608 10:01:10.308290 29691 fs_manager.cc:730] Time spent opening block manager: real 0.006s	user 0.000s	sys 0.005s
I20260608 10:01:10.308663 29691 fs_manager.cc:647] Opened local filesystem: /tmp/dist-test-taskYgDqW7/test-tmp/auto_rebalancer-test.0.AutoRebalancerTest.OnlyLeaderDoesAutoRebalancing.1780912868527770-29691-0/minicluster-data/master-1-root
uuid: "cd160b178a8d43e4b429c826306af3b5"
format_stamp: "Formatted at 2026-06-08 10:01:10 on dist-test-slave-jmrb"
I20260608 10:01:10.308959 29691 fs_report.cc:389] FS layout report
--------------------
wal directory: /tmp/dist-test-taskYgDqW7/test-tmp/auto_rebalancer-test.0.AutoRebalancerTest.OnlyLeaderDoesAutoRebalancing.1780912868527770-29691-0/minicluster-data/master-1-root
metadata directory: /tmp/dist-test-taskYgDqW7/test-tmp/auto_rebalancer-test.0.AutoRebalancerTest.OnlyLeaderDoesAutoRebalancing.1780912868527770-29691-0/minicluster-data/master-1-root
1 data directories: /tmp/dist-test-taskYgDqW7/test-tmp/auto_rebalancer-test.0.AutoRebalancerTest.OnlyLeaderDoesAutoRebalancing.1780912868527770-29691-0/minicluster-data/master-1-root/data
Total live blocks: 0
Total live bytes: 0
Total live bytes (after alignment): 0
Total number of LBM containers: 0 (0 full)
Did not check for missing blocks
Did not check for orphaned blocks
Total full LBM containers with extra space: 0 (0 repaired)
Total full LBM container extra space in bytes: 0 (0 repaired)
Total incomplete LBM containers: 0 (0 repaired)
Total LBM partial records: 0 (0 repaired)
Total corrupted LBM metadata records in RocksDB: 0 (0 repaired)
I20260608 10:01:10.328220 29691 rpc_server.cc:225] running with OpenSSL 1.1.1  11 Sep 2018
I20260608 10:01:10.328706 29759 sys_catalog.cc:422] member_type: VOTER last_known_addr { host: "127.28.254.253" port: 35087 } has no permanent_uuid. Determining permanent_uuid...
I20260608 10:01:10.329842 29691 kserver.cc:163] Server-wide thread pool size limit: 3276
W20260608 10:01:10.331703 29709 proxy.cc:239] Call had error, refreshing address and retrying: Network error: Client connection negotiation failed: client connection to 127.28.254.253:35087: connect: Connection refused (error 111)
W20260608 10:01:10.338188 29759 consensus_peers.cc:760] Error getting permanent uuid from config peer 127.28.254.253:35087: Network error: Client connection negotiation failed: client connection to 127.28.254.253:35087: connect: Connection refused (error 111)
I20260608 10:01:10.387887 29759 consensus_peers.cc:770] Retrying to get permanent uuid for remote peer: member_type: VOTER last_known_addr { host: "127.28.254.253" port: 35087 } attempt: 1
W20260608 10:01:10.394677 29759 consensus_peers.cc:760] Error getting permanent uuid from config peer 127.28.254.253:35087: Network error: Client connection negotiation failed: client connection to 127.28.254.253:35087: connect: Connection refused (error 111)
I20260608 10:01:10.408007 29691 rpc_server.cc:307] RPC server started. Bound to: 127.28.254.253:35087
I20260608 10:01:10.408232 29824 acceptor_pool.cc:272] collecting diagnostics on the listening RPC socket 127.28.254.253:35087 every 8 connection(s)
I20260608 10:01:10.414880 29825 data_dirs.cc:400] Could only allocate 1 dirs of requested 3 for tablet 00000000000000000000000000000000. 1 dirs total, 0 dirs full, 0 dirs failed
I20260608 10:01:10.415107 29691 file_cache.cc:492] Constructed file cache file cache with capacity 419430
W20260608 10:01:10.423790 29827 instance_detector.cc:116] could not retrieve AWS instance metadata: Network error: curl error: HTTP response code said error: The requested URL returned error: 404
W20260608 10:01:10.426198 29828 instance_detector.cc:116] could not retrieve Azure instance metadata: Network error: curl error: HTTP response code said error: The requested URL returned error: 404
I20260608 10:01:10.426189 29825 sys_catalog.cc:422] member_type: VOTER last_known_addr { host: "127.28.254.254" port: 38533 } has no permanent_uuid. Determining permanent_uuid...
W20260608 10:01:10.430411 29830 instance_detector.cc:116] could not retrieve OpenStack instance metadata: Network error: curl error: HTTP response code said error: The requested URL returned error: 404
I20260608 10:01:10.430925 29691 server_base.cc:1061] running on GCE node
I20260608 10:01:10.431708 29691 hybrid_clock.cc:584] initializing the hybrid clock with 'system_unsync' time source
W20260608 10:01:10.431943 29691 system_unsync_time.cc:38] NTP support is disabled. Clock error bounds will not be accurate. This configuration is not suitable for distributed clusters.
I20260608 10:01:10.432123 29691 hybrid_clock.cc:648] HybridClock initialized: now 1780912870432090 us; error 0 us; skew 500 ppm
I20260608 10:01:10.433004 29691 server_base.cc:861] Flag tcmalloc_max_total_thread_cache_bytes is not working since tcmalloc is not enabled.
I20260608 10:01:10.437041 29691 webserver.cc:533] Webserver started at http://127.28.254.252:33039/ using document root <none> and password file <none>
I20260608 10:01:10.437842 29691 fs_manager.cc:362] Metadata directory not provided
I20260608 10:01:10.438134 29691 fs_manager.cc:368] Using write-ahead log directory (fs_wal_dir) as metadata directory
I20260608 10:01:10.438505 29691 server_base.cc:909] This appears to be a new deployment of Kudu; creating new FS layout
I20260608 10:01:10.440117 29691 fs_manager.cc:1068] Generated new instance metadata in path /tmp/dist-test-taskYgDqW7/test-tmp/auto_rebalancer-test.0.AutoRebalancerTest.OnlyLeaderDoesAutoRebalancing.1780912868527770-29691-0/minicluster-data/master-2-root/instance:
uuid: "703b19659ace4a109a6043cd5021bda2"
format_stamp: "Formatted at 2026-06-08 10:01:10 on dist-test-slave-jmrb"
I20260608 10:01:10.442713 29825 sys_catalog.cc:422] member_type: VOTER last_known_addr { host: "127.28.254.253" port: 35087 } has no permanent_uuid. Determining permanent_uuid...
I20260608 10:01:10.447378 29691 fs_manager.cc:696] Time spent creating directory manager: real 0.007s	user 0.005s	sys 0.000s
I20260608 10:01:10.452454 29837 log_block_manager.cc:4031] Time spent loading block containers with low live blocks: real 0.000s	user 0.000s	sys 0.000s
I20260608 10:01:10.453941 29691 fs_manager.cc:730] Time spent opening block manager: real 0.004s	user 0.001s	sys 0.003s
I20260608 10:01:10.454324 29691 fs_manager.cc:647] Opened local filesystem: /tmp/dist-test-taskYgDqW7/test-tmp/auto_rebalancer-test.0.AutoRebalancerTest.OnlyLeaderDoesAutoRebalancing.1780912868527770-29691-0/minicluster-data/master-2-root
uuid: "703b19659ace4a109a6043cd5021bda2"
format_stamp: "Formatted at 2026-06-08 10:01:10 on dist-test-slave-jmrb"
I20260608 10:01:10.454699 29691 fs_report.cc:389] FS layout report
--------------------
wal directory: /tmp/dist-test-taskYgDqW7/test-tmp/auto_rebalancer-test.0.AutoRebalancerTest.OnlyLeaderDoesAutoRebalancing.1780912868527770-29691-0/minicluster-data/master-2-root
metadata directory: /tmp/dist-test-taskYgDqW7/test-tmp/auto_rebalancer-test.0.AutoRebalancerTest.OnlyLeaderDoesAutoRebalancing.1780912868527770-29691-0/minicluster-data/master-2-root
1 data directories: /tmp/dist-test-taskYgDqW7/test-tmp/auto_rebalancer-test.0.AutoRebalancerTest.OnlyLeaderDoesAutoRebalancing.1780912868527770-29691-0/minicluster-data/master-2-root/data
Total live blocks: 0
Total live bytes: 0
Total live bytes (after alignment): 0
Total number of LBM containers: 0 (0 full)
Did not check for missing blocks
Did not check for orphaned blocks
Total full LBM containers with extra space: 0 (0 repaired)
Total full LBM container extra space in bytes: 0 (0 repaired)
Total incomplete LBM containers: 0 (0 repaired)
Total LBM partial records: 0 (0 repaired)
Total corrupted LBM metadata records in RocksDB: 0 (0 repaired)
I20260608 10:01:10.457793 29825 sys_catalog.cc:422] member_type: VOTER last_known_addr { host: "127.28.254.252" port: 46153 } has no permanent_uuid. Determining permanent_uuid...
I20260608 10:01:10.464028 29759 consensus_peers.cc:770] Retrying to get permanent uuid for remote peer: member_type: VOTER last_known_addr { host: "127.28.254.253" port: 35087 } attempt: 2
W20260608 10:01:10.468437 29825 consensus_peers.cc:760] Error getting permanent uuid from config peer 127.28.254.252:46153: Network error: Client connection negotiation failed: client connection to 127.28.254.252:46153: connect: Connection refused (error 111)
I20260608 10:01:10.476184 29759 sys_catalog.cc:422] member_type: VOTER last_known_addr { host: "127.28.254.252" port: 46153 } has no permanent_uuid. Determining permanent_uuid...
W20260608 10:01:10.481621 29759 consensus_peers.cc:760] Error getting permanent uuid from config peer 127.28.254.252:46153: Network error: Client connection negotiation failed: client connection to 127.28.254.252:46153: connect: Connection refused (error 111)
I20260608 10:01:10.495440 29691 rpc_server.cc:225] running with OpenSSL 1.1.1  11 Sep 2018
I20260608 10:01:10.496963 29691 kserver.cc:163] Server-wide thread pool size limit: 3276
I20260608 10:01:10.512054 29825 consensus_peers.cc:770] Retrying to get permanent uuid for remote peer: member_type: VOTER last_known_addr { host: "127.28.254.252" port: 46153 } attempt: 1
I20260608 10:01:10.513121 29759 consensus_peers.cc:770] Retrying to get permanent uuid for remote peer: member_type: VOTER last_known_addr { host: "127.28.254.252" port: 46153 } attempt: 1
W20260608 10:01:10.519851 29825 consensus_peers.cc:760] Error getting permanent uuid from config peer 127.28.254.252:46153: Network error: Client connection negotiation failed: client connection to 127.28.254.252:46153: connect: Connection refused (error 111)
W20260608 10:01:10.519987 29759 consensus_peers.cc:760] Error getting permanent uuid from config peer 127.28.254.252:46153: Network error: Client connection negotiation failed: client connection to 127.28.254.252:46153: connect: Connection refused (error 111)
I20260608 10:01:10.574317 29691 rpc_server.cc:307] RPC server started. Bound to: 127.28.254.252:46153
I20260608 10:01:10.574491 29890 acceptor_pool.cc:272] collecting diagnostics on the listening RPC socket 127.28.254.252:46153 every 8 connection(s)
I20260608 10:01:10.578775 29691 internal_mini_cluster.cc:184] Waiting to initialize catalog manager on master 0
I20260608 10:01:10.579923 29891 data_dirs.cc:400] Could only allocate 1 dirs of requested 3 for tablet 00000000000000000000000000000000. 1 dirs total, 0 dirs full, 0 dirs failed
I20260608 10:01:10.585613 29891 sys_catalog.cc:422] member_type: VOTER last_known_addr { host: "127.28.254.254" port: 38533 } has no permanent_uuid. Determining permanent_uuid...
I20260608 10:01:10.587597 29759 consensus_peers.cc:770] Retrying to get permanent uuid for remote peer: member_type: VOTER last_known_addr { host: "127.28.254.252" port: 46153 } attempt: 2
I20260608 10:01:10.595400 29825 consensus_peers.cc:770] Retrying to get permanent uuid for remote peer: member_type: VOTER last_known_addr { host: "127.28.254.252" port: 46153 } attempt: 2
I20260608 10:01:10.602624 29891 sys_catalog.cc:422] member_type: VOTER last_known_addr { host: "127.28.254.253" port: 35087 } has no permanent_uuid. Determining permanent_uuid...
I20260608 10:01:10.612289 29759 tablet_bootstrap.cc:492] T 00000000000000000000000000000000 P 249564e2c1054943968ae59f12016e7e: Bootstrap starting.
I20260608 10:01:10.615852 29891 sys_catalog.cc:422] member_type: VOTER last_known_addr { host: "127.28.254.252" port: 46153 } has no permanent_uuid. Determining permanent_uuid...
I20260608 10:01:10.618921 29825 tablet_bootstrap.cc:492] T 00000000000000000000000000000000 P cd160b178a8d43e4b429c826306af3b5: Bootstrap starting.
I20260608 10:01:10.620146 29759 tablet_bootstrap.cc:654] T 00000000000000000000000000000000 P 249564e2c1054943968ae59f12016e7e: Neither blocks nor log segments found. Creating new log.
I20260608 10:01:10.622700 29759 log.cc:826] T 00000000000000000000000000000000 P 249564e2c1054943968ae59f12016e7e: Log is configured to *not* fsync() on all Append() calls
I20260608 10:01:10.626536 29825 tablet_bootstrap.cc:654] T 00000000000000000000000000000000 P cd160b178a8d43e4b429c826306af3b5: Neither blocks nor log segments found. Creating new log.
I20260608 10:01:10.629393 29759 tablet_bootstrap.cc:492] T 00000000000000000000000000000000 P 249564e2c1054943968ae59f12016e7e: No bootstrap required, opened a new log
I20260608 10:01:10.633695 29825 tablet_bootstrap.cc:492] T 00000000000000000000000000000000 P cd160b178a8d43e4b429c826306af3b5: No bootstrap required, opened a new log
I20260608 10:01:10.639003 29891 tablet_bootstrap.cc:492] T 00000000000000000000000000000000 P 703b19659ace4a109a6043cd5021bda2: Bootstrap starting.
I20260608 10:01:10.646325 29891 tablet_bootstrap.cc:654] T 00000000000000000000000000000000 P 703b19659ace4a109a6043cd5021bda2: Neither blocks nor log segments found. Creating new log.
I20260608 10:01:10.653239 29891 tablet_bootstrap.cc:492] T 00000000000000000000000000000000 P 703b19659ace4a109a6043cd5021bda2: No bootstrap required, opened a new log
I20260608 10:01:10.659260 29825 raft_consensus.cc:359] T 00000000000000000000000000000000 P cd160b178a8d43e4b429c826306af3b5 [term 0 FOLLOWER]: Replica starting. Triggering 0 pending ops. Active config: opid_index: -1 OBSOLETE_local: false peers { permanent_uuid: "249564e2c1054943968ae59f12016e7e" member_type: VOTER last_known_addr { host: "127.28.254.254" port: 38533 } } peers { permanent_uuid: "cd160b178a8d43e4b429c826306af3b5" member_type: VOTER last_known_addr { host: "127.28.254.253" port: 35087 } } peers { permanent_uuid: "703b19659ace4a109a6043cd5021bda2" member_type: VOTER last_known_addr { host: "127.28.254.252" port: 46153 } }
I20260608 10:01:10.659269 29759 raft_consensus.cc:359] T 00000000000000000000000000000000 P 249564e2c1054943968ae59f12016e7e [term 0 FOLLOWER]: Replica starting. Triggering 0 pending ops. Active config: opid_index: -1 OBSOLETE_local: false peers { permanent_uuid: "249564e2c1054943968ae59f12016e7e" member_type: VOTER last_known_addr { host: "127.28.254.254" port: 38533 } } peers { permanent_uuid: "cd160b178a8d43e4b429c826306af3b5" member_type: VOTER last_known_addr { host: "127.28.254.253" port: 35087 } } peers { permanent_uuid: "703b19659ace4a109a6043cd5021bda2" member_type: VOTER last_known_addr { host: "127.28.254.252" port: 46153 } }
I20260608 10:01:10.660377 29825 raft_consensus.cc:385] T 00000000000000000000000000000000 P cd160b178a8d43e4b429c826306af3b5 [term 0 FOLLOWER]: Consensus starting up: Expiring failure detector timer to make a prompt election more likely
I20260608 10:01:10.660461 29759 raft_consensus.cc:385] T 00000000000000000000000000000000 P 249564e2c1054943968ae59f12016e7e [term 0 FOLLOWER]: Consensus starting up: Expiring failure detector timer to make a prompt election more likely
I20260608 10:01:10.659269 29891 raft_consensus.cc:359] T 00000000000000000000000000000000 P 703b19659ace4a109a6043cd5021bda2 [term 0 FOLLOWER]: Replica starting. Triggering 0 pending ops. Active config: opid_index: -1 OBSOLETE_local: false peers { permanent_uuid: "249564e2c1054943968ae59f12016e7e" member_type: VOTER last_known_addr { host: "127.28.254.254" port: 38533 } } peers { permanent_uuid: "cd160b178a8d43e4b429c826306af3b5" member_type: VOTER last_known_addr { host: "127.28.254.253" port: 35087 } } peers { permanent_uuid: "703b19659ace4a109a6043cd5021bda2" member_type: VOTER last_known_addr { host: "127.28.254.252" port: 46153 } }
I20260608 10:01:10.660770 29825 raft_consensus.cc:740] T 00000000000000000000000000000000 P cd160b178a8d43e4b429c826306af3b5 [term 0 FOLLOWER]: Becoming Follower/Learner. State: Replica: cd160b178a8d43e4b429c826306af3b5, State: Initialized, Role: FOLLOWER
I20260608 10:01:10.660861 29759 raft_consensus.cc:740] T 00000000000000000000000000000000 P 249564e2c1054943968ae59f12016e7e [term 0 FOLLOWER]: Becoming Follower/Learner. State: Replica: 249564e2c1054943968ae59f12016e7e, State: Initialized, Role: FOLLOWER
I20260608 10:01:10.660960 29891 raft_consensus.cc:385] T 00000000000000000000000000000000 P 703b19659ace4a109a6043cd5021bda2 [term 0 FOLLOWER]: Consensus starting up: Expiring failure detector timer to make a prompt election more likely
I20260608 10:01:10.661381 29891 raft_consensus.cc:740] T 00000000000000000000000000000000 P 703b19659ace4a109a6043cd5021bda2 [term 0 FOLLOWER]: Becoming Follower/Learner. State: Replica: 703b19659ace4a109a6043cd5021bda2, State: Initialized, Role: FOLLOWER
I20260608 10:01:10.662082 29759 consensus_queue.cc:260] T 00000000000000000000000000000000 P 249564e2c1054943968ae59f12016e7e [NON_LEADER]: Queue going to NON_LEADER mode. State: All replicated index: 0, Majority replicated index: 0, Committed index: 0, Last appended: 0.0, Last appended by leader: 0, Current term: 0, Majority size: -1, State: 0, Mode: NON_LEADER, active raft config: opid_index: -1 OBSOLETE_local: false peers { permanent_uuid: "249564e2c1054943968ae59f12016e7e" member_type: VOTER last_known_addr { host: "127.28.254.254" port: 38533 } } peers { permanent_uuid: "cd160b178a8d43e4b429c826306af3b5" member_type: VOTER last_known_addr { host: "127.28.254.253" port: 35087 } } peers { permanent_uuid: "703b19659ace4a109a6043cd5021bda2" member_type: VOTER last_known_addr { host: "127.28.254.252" port: 46153 } }
I20260608 10:01:10.662079 29825 consensus_queue.cc:260] T 00000000000000000000000000000000 P cd160b178a8d43e4b429c826306af3b5 [NON_LEADER]: Queue going to NON_LEADER mode. State: All replicated index: 0, Majority replicated index: 0, Committed index: 0, Last appended: 0.0, Last appended by leader: 0, Current term: 0, Majority size: -1, State: 0, Mode: NON_LEADER, active raft config: opid_index: -1 OBSOLETE_local: false peers { permanent_uuid: "249564e2c1054943968ae59f12016e7e" member_type: VOTER last_known_addr { host: "127.28.254.254" port: 38533 } } peers { permanent_uuid: "cd160b178a8d43e4b429c826306af3b5" member_type: VOTER last_known_addr { host: "127.28.254.253" port: 35087 } } peers { permanent_uuid: "703b19659ace4a109a6043cd5021bda2" member_type: VOTER last_known_addr { host: "127.28.254.252" port: 46153 } }
I20260608 10:01:10.662457 29891 consensus_queue.cc:260] T 00000000000000000000000000000000 P 703b19659ace4a109a6043cd5021bda2 [NON_LEADER]: Queue going to NON_LEADER mode. State: All replicated index: 0, Majority replicated index: 0, Committed index: 0, Last appended: 0.0, Last appended by leader: 0, Current term: 0, Majority size: -1, State: 0, Mode: NON_LEADER, active raft config: opid_index: -1 OBSOLETE_local: false peers { permanent_uuid: "249564e2c1054943968ae59f12016e7e" member_type: VOTER last_known_addr { host: "127.28.254.254" port: 38533 } } peers { permanent_uuid: "cd160b178a8d43e4b429c826306af3b5" member_type: VOTER last_known_addr { host: "127.28.254.253" port: 35087 } } peers { permanent_uuid: "703b19659ace4a109a6043cd5021bda2" member_type: VOTER last_known_addr { host: "127.28.254.252" port: 46153 } }
I20260608 10:01:10.667482 29901 sys_catalog.cc:455] T 00000000000000000000000000000000 P cd160b178a8d43e4b429c826306af3b5 [sys.catalog]: SysCatalogTable state changed. Reason: RaftConsensus started. Latest consensus state: current_term: 0 committed_config { opid_index: -1 OBSOLETE_local: false peers { permanent_uuid: "249564e2c1054943968ae59f12016e7e" member_type: VOTER last_known_addr { host: "127.28.254.254" port: 38533 } } peers { permanent_uuid: "cd160b178a8d43e4b429c826306af3b5" member_type: VOTER last_known_addr { host: "127.28.254.253" port: 35087 } } peers { permanent_uuid: "703b19659ace4a109a6043cd5021bda2" member_type: VOTER last_known_addr { host: "127.28.254.252" port: 46153 } } }
I20260608 10:01:10.668773 29901 sys_catalog.cc:458] T 00000000000000000000000000000000 P cd160b178a8d43e4b429c826306af3b5 [sys.catalog]: This master's current role is: FOLLOWER
I20260608 10:01:10.670756 29825 sys_catalog.cc:565] T 00000000000000000000000000000000 P cd160b178a8d43e4b429c826306af3b5 [sys.catalog]: configured and running, proceeding with master startup.
I20260608 10:01:10.671232 29899 sys_catalog.cc:455] T 00000000000000000000000000000000 P 249564e2c1054943968ae59f12016e7e [sys.catalog]: SysCatalogTable state changed. Reason: RaftConsensus started. Latest consensus state: current_term: 0 committed_config { opid_index: -1 OBSOLETE_local: false peers { permanent_uuid: "249564e2c1054943968ae59f12016e7e" member_type: VOTER last_known_addr { host: "127.28.254.254" port: 38533 } } peers { permanent_uuid: "cd160b178a8d43e4b429c826306af3b5" member_type: VOTER last_known_addr { host: "127.28.254.253" port: 35087 } } peers { permanent_uuid: "703b19659ace4a109a6043cd5021bda2" member_type: VOTER last_known_addr { host: "127.28.254.252" port: 46153 } } }
I20260608 10:01:10.672433 29899 sys_catalog.cc:458] T 00000000000000000000000000000000 P 249564e2c1054943968ae59f12016e7e [sys.catalog]: This master's current role is: FOLLOWER
I20260608 10:01:10.672708 29759 sys_catalog.cc:565] T 00000000000000000000000000000000 P 249564e2c1054943968ae59f12016e7e [sys.catalog]: configured and running, proceeding with master startup.
I20260608 10:01:10.674319 29900 sys_catalog.cc:455] T 00000000000000000000000000000000 P 703b19659ace4a109a6043cd5021bda2 [sys.catalog]: SysCatalogTable state changed. Reason: RaftConsensus started. Latest consensus state: current_term: 0 committed_config { opid_index: -1 OBSOLETE_local: false peers { permanent_uuid: "249564e2c1054943968ae59f12016e7e" member_type: VOTER last_known_addr { host: "127.28.254.254" port: 38533 } } peers { permanent_uuid: "cd160b178a8d43e4b429c826306af3b5" member_type: VOTER last_known_addr { host: "127.28.254.253" port: 35087 } } peers { permanent_uuid: "703b19659ace4a109a6043cd5021bda2" member_type: VOTER last_known_addr { host: "127.28.254.252" port: 46153 } } }
I20260608 10:01:10.675186 29900 sys_catalog.cc:458] T 00000000000000000000000000000000 P 703b19659ace4a109a6043cd5021bda2 [sys.catalog]: This master's current role is: FOLLOWER
I20260608 10:01:10.675988 29891 sys_catalog.cc:565] T 00000000000000000000000000000000 P 703b19659ace4a109a6043cd5021bda2 [sys.catalog]: configured and running, proceeding with master startup.
W20260608 10:01:10.682556 29713 tablet.cc:2404] T 00000000000000000000000000000000 P 249564e2c1054943968ae59f12016e7e: Can't schedule compaction. Clean time has not been advanced past its initial value.
I20260608 10:01:10.716012 29900 raft_consensus.cc:493] T 00000000000000000000000000000000 P 703b19659ace4a109a6043cd5021bda2 [term 0 FOLLOWER]: Starting pre-election (no leader contacted us within the election timeout)
I20260608 10:01:10.717182 29900 raft_consensus.cc:515] T 00000000000000000000000000000000 P 703b19659ace4a109a6043cd5021bda2 [term 0 FOLLOWER]: Starting pre-election with config: opid_index: -1 OBSOLETE_local: false peers { permanent_uuid: "249564e2c1054943968ae59f12016e7e" member_type: VOTER last_known_addr { host: "127.28.254.254" port: 38533 } } peers { permanent_uuid: "cd160b178a8d43e4b429c826306af3b5" member_type: VOTER last_known_addr { host: "127.28.254.253" port: 35087 } } peers { permanent_uuid: "703b19659ace4a109a6043cd5021bda2" member_type: VOTER last_known_addr { host: "127.28.254.252" port: 46153 } }
I20260608 10:01:10.718516 29901 raft_consensus.cc:493] T 00000000000000000000000000000000 P cd160b178a8d43e4b429c826306af3b5 [term 0 FOLLOWER]: Starting pre-election (no leader contacted us within the election timeout)
I20260608 10:01:10.719242 29901 raft_consensus.cc:515] T 00000000000000000000000000000000 P cd160b178a8d43e4b429c826306af3b5 [term 0 FOLLOWER]: Starting pre-election with config: opid_index: -1 OBSOLETE_local: false peers { permanent_uuid: "249564e2c1054943968ae59f12016e7e" member_type: VOTER last_known_addr { host: "127.28.254.254" port: 38533 } } peers { permanent_uuid: "cd160b178a8d43e4b429c826306af3b5" member_type: VOTER last_known_addr { host: "127.28.254.253" port: 35087 } } peers { permanent_uuid: "703b19659ace4a109a6043cd5021bda2" member_type: VOTER last_known_addr { host: "127.28.254.252" port: 46153 } }
I20260608 10:01:10.725041 29734 tablet_service.cc:1917] Received RequestConsensusVote() RPC: tablet_id: "00000000000000000000000000000000" candidate_uuid: "703b19659ace4a109a6043cd5021bda2" candidate_term: 1 candidate_status { last_received { term: 0 index: 0 } } ignore_live_leader: false dest_uuid: "249564e2c1054943968ae59f12016e7e" is_pre_election: true
I20260608 10:01:10.726750 29901 leader_election.cc:290] T 00000000000000000000000000000000 P cd160b178a8d43e4b429c826306af3b5 [CANDIDATE]: Term 1 pre-election: Requested pre-vote from peers 249564e2c1054943968ae59f12016e7e (127.28.254.254:38533), 703b19659ace4a109a6043cd5021bda2 (127.28.254.252:46153)
I20260608 10:01:10.726917 29734 raft_consensus.cc:2468] T 00000000000000000000000000000000 P 249564e2c1054943968ae59f12016e7e [term 0 FOLLOWER]: Leader pre-election vote request: Granting yes vote for candidate 703b19659ace4a109a6043cd5021bda2 in term 0.
I20260608 10:01:10.729476 29733 tablet_service.cc:1917] Received RequestConsensusVote() RPC: tablet_id: "00000000000000000000000000000000" candidate_uuid: "cd160b178a8d43e4b429c826306af3b5" candidate_term: 1 candidate_status { last_received { term: 0 index: 0 } } ignore_live_leader: false dest_uuid: "249564e2c1054943968ae59f12016e7e" is_pre_election: true
I20260608 10:01:10.731774 29733 raft_consensus.cc:2468] T 00000000000000000000000000000000 P 249564e2c1054943968ae59f12016e7e [term 0 FOLLOWER]: Leader pre-election vote request: Granting yes vote for candidate cd160b178a8d43e4b429c826306af3b5 in term 0.
I20260608 10:01:10.733233 29866 tablet_service.cc:1917] Received RequestConsensusVote() RPC: tablet_id: "00000000000000000000000000000000" candidate_uuid: "cd160b178a8d43e4b429c826306af3b5" candidate_term: 1 candidate_status { last_received { term: 0 index: 0 } } ignore_live_leader: false dest_uuid: "703b19659ace4a109a6043cd5021bda2" is_pre_election: true
I20260608 10:01:10.725279 29900 leader_election.cc:290] T 00000000000000000000000000000000 P 703b19659ace4a109a6043cd5021bda2 [CANDIDATE]: Term 1 pre-election: Requested pre-vote from peers 249564e2c1054943968ae59f12016e7e (127.28.254.254:38533), cd160b178a8d43e4b429c826306af3b5 (127.28.254.253:35087)
I20260608 10:01:10.733711 29840 leader_election.cc:304] T 00000000000000000000000000000000 P 703b19659ace4a109a6043cd5021bda2 [CANDIDATE]: Term 1 pre-election: Election decided. Result: candidate won. Election summary: received 2 responses out of 3 voters: 2 yes votes; 0 no votes. yes voters: 249564e2c1054943968ae59f12016e7e, 703b19659ace4a109a6043cd5021bda2; no voters: 
I20260608 10:01:10.734560 29774 leader_election.cc:304] T 00000000000000000000000000000000 P cd160b178a8d43e4b429c826306af3b5 [CANDIDATE]: Term 1 pre-election: Election decided. Result: candidate won. Election summary: received 2 responses out of 3 voters: 2 yes votes; 0 no votes. yes voters: 249564e2c1054943968ae59f12016e7e, cd160b178a8d43e4b429c826306af3b5; no voters: 
I20260608 10:01:10.730648 29800 tablet_service.cc:1917] Received RequestConsensusVote() RPC: tablet_id: "00000000000000000000000000000000" candidate_uuid: "703b19659ace4a109a6043cd5021bda2" candidate_term: 1 candidate_status { last_received { term: 0 index: 0 } } ignore_live_leader: false dest_uuid: "cd160b178a8d43e4b429c826306af3b5" is_pre_election: true
I20260608 10:01:10.735000 29866 raft_consensus.cc:2468] T 00000000000000000000000000000000 P 703b19659ace4a109a6043cd5021bda2 [term 0 FOLLOWER]: Leader pre-election vote request: Granting yes vote for candidate cd160b178a8d43e4b429c826306af3b5 in term 0.
I20260608 10:01:10.737164 29901 raft_consensus.cc:2804] T 00000000000000000000000000000000 P cd160b178a8d43e4b429c826306af3b5 [term 0 FOLLOWER]: Leader pre-election won for term 1
I20260608 10:01:10.737766 29901 raft_consensus.cc:493] T 00000000000000000000000000000000 P cd160b178a8d43e4b429c826306af3b5 [term 0 FOLLOWER]: Starting leader election (no leader contacted us within the election timeout)
I20260608 10:01:10.738224 29901 raft_consensus.cc:3060] T 00000000000000000000000000000000 P cd160b178a8d43e4b429c826306af3b5 [term 0 FOLLOWER]: Advancing to term 1
I20260608 10:01:10.739967 29900 raft_consensus.cc:2804] T 00000000000000000000000000000000 P 703b19659ace4a109a6043cd5021bda2 [term 0 FOLLOWER]: Leader pre-election won for term 1
I20260608 10:01:10.747583 29900 raft_consensus.cc:493] T 00000000000000000000000000000000 P 703b19659ace4a109a6043cd5021bda2 [term 0 FOLLOWER]: Starting leader election (no leader contacted us within the election timeout)
I20260608 10:01:10.748271 29900 raft_consensus.cc:3060] T 00000000000000000000000000000000 P 703b19659ace4a109a6043cd5021bda2 [term 0 FOLLOWER]: Advancing to term 1
I20260608 10:01:10.752013 29901 raft_consensus.cc:515] T 00000000000000000000000000000000 P cd160b178a8d43e4b429c826306af3b5 [term 1 FOLLOWER]: Starting leader election with config: opid_index: -1 OBSOLETE_local: false peers { permanent_uuid: "249564e2c1054943968ae59f12016e7e" member_type: VOTER last_known_addr { host: "127.28.254.254" port: 38533 } } peers { permanent_uuid: "cd160b178a8d43e4b429c826306af3b5" member_type: VOTER last_known_addr { host: "127.28.254.253" port: 35087 } } peers { permanent_uuid: "703b19659ace4a109a6043cd5021bda2" member_type: VOTER last_known_addr { host: "127.28.254.252" port: 46153 } }
I20260608 10:01:10.760178 29800 raft_consensus.cc:2393] T 00000000000000000000000000000000 P cd160b178a8d43e4b429c826306af3b5 [term 1 FOLLOWER]: Leader pre-election vote request: Denying vote to candidate 703b19659ace4a109a6043cd5021bda2 in current term 1: Already voted for candidate cd160b178a8d43e4b429c826306af3b5 in this term.
I20260608 10:01:10.762398 29733 tablet_service.cc:1917] Received RequestConsensusVote() RPC: tablet_id: "00000000000000000000000000000000" candidate_uuid: "cd160b178a8d43e4b429c826306af3b5" candidate_term: 1 candidate_status { last_received { term: 0 index: 0 } } ignore_live_leader: false dest_uuid: "249564e2c1054943968ae59f12016e7e"
I20260608 10:01:10.764183 29733 raft_consensus.cc:3060] T 00000000000000000000000000000000 P 249564e2c1054943968ae59f12016e7e [term 0 FOLLOWER]: Advancing to term 1
I20260608 10:01:10.768272 29901 leader_election.cc:290] T 00000000000000000000000000000000 P cd160b178a8d43e4b429c826306af3b5 [CANDIDATE]: Term 1 election: Requested vote from peers 249564e2c1054943968ae59f12016e7e (127.28.254.254:38533), 703b19659ace4a109a6043cd5021bda2 (127.28.254.252:46153)
I20260608 10:01:10.774406 29866 tablet_service.cc:1917] Received RequestConsensusVote() RPC: tablet_id: "00000000000000000000000000000000" candidate_uuid: "cd160b178a8d43e4b429c826306af3b5" candidate_term: 1 candidate_status { last_received { term: 0 index: 0 } } ignore_live_leader: false dest_uuid: "703b19659ace4a109a6043cd5021bda2"
I20260608 10:01:10.783790 29733 raft_consensus.cc:2468] T 00000000000000000000000000000000 P 249564e2c1054943968ae59f12016e7e [term 1 FOLLOWER]: Leader election vote request: Granting yes vote for candidate cd160b178a8d43e4b429c826306af3b5 in term 1.
I20260608 10:01:10.785331 29774 leader_election.cc:304] T 00000000000000000000000000000000 P cd160b178a8d43e4b429c826306af3b5 [CANDIDATE]: Term 1 election: Election decided. Result: candidate won. Election summary: received 2 responses out of 3 voters: 2 yes votes; 0 no votes. yes voters: 249564e2c1054943968ae59f12016e7e, cd160b178a8d43e4b429c826306af3b5; no voters: 
I20260608 10:01:10.785612 29900 raft_consensus.cc:515] T 00000000000000000000000000000000 P 703b19659ace4a109a6043cd5021bda2 [term 1 FOLLOWER]: Starting leader election with config: opid_index: -1 OBSOLETE_local: false peers { permanent_uuid: "249564e2c1054943968ae59f12016e7e" member_type: VOTER last_known_addr { host: "127.28.254.254" port: 38533 } } peers { permanent_uuid: "cd160b178a8d43e4b429c826306af3b5" member_type: VOTER last_known_addr { host: "127.28.254.253" port: 35087 } } peers { permanent_uuid: "703b19659ace4a109a6043cd5021bda2" member_type: VOTER last_known_addr { host: "127.28.254.252" port: 46153 } }
I20260608 10:01:10.786405 29901 raft_consensus.cc:2804] T 00000000000000000000000000000000 P cd160b178a8d43e4b429c826306af3b5 [term 1 FOLLOWER]: Leader election won for term 1
I20260608 10:01:10.787048 29866 raft_consensus.cc:2393] T 00000000000000000000000000000000 P 703b19659ace4a109a6043cd5021bda2 [term 1 FOLLOWER]: Leader election vote request: Denying vote to candidate cd160b178a8d43e4b429c826306af3b5 in current term 1: Already voted for candidate 703b19659ace4a109a6043cd5021bda2 in this term.
I20260608 10:01:10.791548 29691 internal_mini_cluster.cc:184] Waiting to initialize catalog manager on master 1
I20260608 10:01:10.792711 29733 tablet_service.cc:1917] Received RequestConsensusVote() RPC: tablet_id: "00000000000000000000000000000000" candidate_uuid: "703b19659ace4a109a6043cd5021bda2" candidate_term: 1 candidate_status { last_received { term: 0 index: 0 } } ignore_live_leader: false dest_uuid: "249564e2c1054943968ae59f12016e7e"
I20260608 10:01:10.793602 29733 raft_consensus.cc:2393] T 00000000000000000000000000000000 P 249564e2c1054943968ae59f12016e7e [term 1 FOLLOWER]: Leader election vote request: Denying vote to candidate 703b19659ace4a109a6043cd5021bda2 in current term 1: Already voted for candidate cd160b178a8d43e4b429c826306af3b5 in this term.
I20260608 10:01:10.798555 29900 leader_election.cc:290] T 00000000000000000000000000000000 P 703b19659ace4a109a6043cd5021bda2 [CANDIDATE]: Term 1 election: Requested vote from peers 249564e2c1054943968ae59f12016e7e (127.28.254.254:38533), cd160b178a8d43e4b429c826306af3b5 (127.28.254.253:35087)
I20260608 10:01:10.798720 29800 tablet_service.cc:1917] Received RequestConsensusVote() RPC: tablet_id: "00000000000000000000000000000000" candidate_uuid: "703b19659ace4a109a6043cd5021bda2" candidate_term: 1 candidate_status { last_received { term: 0 index: 0 } } ignore_live_leader: false dest_uuid: "cd160b178a8d43e4b429c826306af3b5"
W20260608 10:01:10.804606 29929 catalog_manager.cc:1593] T 00000000000000000000000000000000 P 249564e2c1054943968ae59f12016e7e: loading cluster ID for follower catalog manager: Not found: cluster ID entry not found
W20260608 10:01:10.806756 29929 catalog_manager.cc:883] Not found: cluster ID entry not found: failed to prepare follower catalog manager, will retry
I20260608 10:01:10.805527 29901 raft_consensus.cc:697] T 00000000000000000000000000000000 P cd160b178a8d43e4b429c826306af3b5 [term 1 LEADER]: Becoming Leader. State: Replica: cd160b178a8d43e4b429c826306af3b5, State: Running, Role: LEADER
I20260608 10:01:10.808007 29901 consensus_queue.cc:237] T 00000000000000000000000000000000 P cd160b178a8d43e4b429c826306af3b5 [LEADER]: Queue going to LEADER mode. State: All replicated index: 0, Majority replicated index: 0, Committed index: 0, Last appended: 0.0, Last appended by leader: 0, Current term: 1, Majority size: 2, State: 0, Mode: LEADER, active raft config: opid_index: -1 OBSOLETE_local: false peers { permanent_uuid: "249564e2c1054943968ae59f12016e7e" member_type: VOTER last_known_addr { host: "127.28.254.254" port: 38533 } } peers { permanent_uuid: "cd160b178a8d43e4b429c826306af3b5" member_type: VOTER last_known_addr { host: "127.28.254.253" port: 35087 } } peers { permanent_uuid: "703b19659ace4a109a6043cd5021bda2" member_type: VOTER last_known_addr { host: "127.28.254.252" port: 46153 } }
I20260608 10:01:10.817687 29839 leader_election.cc:304] T 00000000000000000000000000000000 P 703b19659ace4a109a6043cd5021bda2 [CANDIDATE]: Term 1 election: Election decided. Result: candidate lost. Election summary: received 3 responses out of 3 voters: 1 yes votes; 2 no votes. yes voters: 703b19659ace4a109a6043cd5021bda2; no voters: 249564e2c1054943968ae59f12016e7e, cd160b178a8d43e4b429c826306af3b5
I20260608 10:01:10.819314 29900 raft_consensus.cc:2749] T 00000000000000000000000000000000 P 703b19659ace4a109a6043cd5021bda2 [term 1 FOLLOWER]: Leader election lost for term 1. Reason: could not achieve majority
I20260608 10:01:10.819357 29931 sys_catalog.cc:455] T 00000000000000000000000000000000 P cd160b178a8d43e4b429c826306af3b5 [sys.catalog]: SysCatalogTable state changed. Reason: New leader cd160b178a8d43e4b429c826306af3b5. Latest consensus state: current_term: 1 leader_uuid: "cd160b178a8d43e4b429c826306af3b5" committed_config { opid_index: -1 OBSOLETE_local: false peers { permanent_uuid: "249564e2c1054943968ae59f12016e7e" member_type: VOTER last_known_addr { host: "127.28.254.254" port: 38533 } } peers { permanent_uuid: "cd160b178a8d43e4b429c826306af3b5" member_type: VOTER last_known_addr { host: "127.28.254.253" port: 35087 } } peers { permanent_uuid: "703b19659ace4a109a6043cd5021bda2" member_type: VOTER last_known_addr { host: "127.28.254.252" port: 46153 } } }
W20260608 10:01:10.821837 29935 catalog_manager.cc:1593] T 00000000000000000000000000000000 P 703b19659ace4a109a6043cd5021bda2: loading cluster ID for follower catalog manager: Not found: cluster ID entry not found
I20260608 10:01:10.822101 29931 sys_catalog.cc:458] T 00000000000000000000000000000000 P cd160b178a8d43e4b429c826306af3b5 [sys.catalog]: This master's current role is: LEADER
I20260608 10:01:10.822275 29937 catalog_manager.cc:805] Waiting for catalog manager background task thread to start: Service unavailable: Catalog manager is not initialized. State: Starting
W20260608 10:01:10.822348 29935 catalog_manager.cc:883] Not found: cluster ID entry not found: failed to prepare follower catalog manager, will retry
I20260608 10:01:10.824553 29691 internal_mini_cluster.cc:184] Waiting to initialize catalog manager on master 2
I20260608 10:01:10.826136 29938 catalog_manager.cc:1510] Loading table and tablet metadata into memory...
I20260608 10:01:10.826905 29691 file_cache.cc:492] Constructed file cache file cache with capacity 419430
I20260608 10:01:10.832971 29938 catalog_manager.cc:1519] Initializing Kudu cluster ID...
W20260608 10:01:10.838985 29939 instance_detector.cc:116] could not retrieve AWS instance metadata: Network error: curl error: HTTP response code said error: The requested URL returned error: 404
W20260608 10:01:10.845228 29940 instance_detector.cc:116] could not retrieve Azure instance metadata: Network error: curl error: HTTP response code said error: The requested URL returned error: 404
I20260608 10:01:10.851583 29691 server_base.cc:1061] running on GCE node
W20260608 10:01:10.853238 29942 instance_detector.cc:116] could not retrieve OpenStack instance metadata: Network error: curl error: HTTP response code said error: The requested URL returned error: 404
I20260608 10:01:10.854555 29691 hybrid_clock.cc:584] initializing the hybrid clock with 'system_unsync' time source
W20260608 10:01:10.854907 29691 system_unsync_time.cc:38] NTP support is disabled. Clock error bounds will not be accurate. This configuration is not suitable for distributed clusters.
I20260608 10:01:10.855160 29691 hybrid_clock.cc:648] HybridClock initialized: now 1780912870855139 us; error 0 us; skew 500 ppm
I20260608 10:01:10.856061 29691 server_base.cc:861] Flag tcmalloc_max_total_thread_cache_bytes is not working since tcmalloc is not enabled.
I20260608 10:01:10.860109 29733 raft_consensus.cc:1275] T 00000000000000000000000000000000 P 249564e2c1054943968ae59f12016e7e [term 1 FOLLOWER]: Refusing update from remote peer cd160b178a8d43e4b429c826306af3b5: Log matching property violated. Preceding OpId in replica: term: 0 index: 0. Preceding OpId from leader: term: 1 index: 2. (index mismatch)
I20260608 10:01:10.862406 29866 raft_consensus.cc:1275] T 00000000000000000000000000000000 P 703b19659ace4a109a6043cd5021bda2 [term 1 FOLLOWER]: Refusing update from remote peer cd160b178a8d43e4b429c826306af3b5: Log matching property violated. Preceding OpId in replica: term: 0 index: 0. Preceding OpId from leader: term: 1 index: 2. (index mismatch)
I20260608 10:01:10.864701 29931 consensus_queue.cc:1048] T 00000000000000000000000000000000 P cd160b178a8d43e4b429c826306af3b5 [LEADER]: Connected to new peer: Peer: permanent_uuid: "703b19659ace4a109a6043cd5021bda2" member_type: VOTER last_known_addr { host: "127.28.254.252" port: 46153 }, Status: LMP_MISMATCH, Last received: 0.0, Next index: 1, Last known committed idx: 0, Time since last communication: 0.000s
I20260608 10:01:10.865278 29691 webserver.cc:533] Webserver started at http://127.28.254.193:34187/ using document root <none> and password file <none>
I20260608 10:01:10.865969 29691 fs_manager.cc:362] Metadata directory not provided
I20260608 10:01:10.866209 29691 fs_manager.cc:368] Using write-ahead log directory (fs_wal_dir) as metadata directory
I20260608 10:01:10.866518 29691 server_base.cc:909] This appears to be a new deployment of Kudu; creating new FS layout
I20260608 10:01:10.867753 29691 fs_manager.cc:1068] Generated new instance metadata in path /tmp/dist-test-taskYgDqW7/test-tmp/auto_rebalancer-test.0.AutoRebalancerTest.OnlyLeaderDoesAutoRebalancing.1780912868527770-29691-0/minicluster-data/ts-0-root/instance:
uuid: "59e9368ec9eb4e13884d189655d2221d"
format_stamp: "Formatted at 2026-06-08 10:01:10 on dist-test-slave-jmrb"
I20260608 10:01:10.870607 29931 consensus_queue.cc:1048] T 00000000000000000000000000000000 P cd160b178a8d43e4b429c826306af3b5 [LEADER]: Connected to new peer: Peer: permanent_uuid: "249564e2c1054943968ae59f12016e7e" member_type: VOTER last_known_addr { host: "127.28.254.254" port: 38533 }, Status: LMP_MISMATCH, Last received: 0.0, Next index: 1, Last known committed idx: 0, Time since last communication: 0.000s
I20260608 10:01:10.875000 29691 fs_manager.cc:696] Time spent creating directory manager: real 0.007s	user 0.008s	sys 0.000s
