I20260608 10:02:26.637774 28718 consensus_queue.cc:237] T ba2aca86efa540d585316a9534bdbb44 P de26d13a9afc436e83274388f5087435 [LEADER]: Queue going to LEADER mode. State: All replicated index: 0, Majority replicated index: 3, Committed index: 3, Last appended: 1.3, Last appended by leader: 0, Current term: 1, Majority size: 2, State: 0, Mode: LEADER, active raft config: opid_index: 4 OBSOLETE_local: false peers { permanent_uuid: "de26d13a9afc436e83274388f5087435" member_type: VOTER last_known_addr { host: "127.25.11.2" port: 42951 } } peers { permanent_uuid: "b4416b014f68431f8049c43a288c3aaf" member_type: VOTER last_known_addr { host: "127.25.11.3" port: 39843 } } peers { permanent_uuid: "d78d5453bbda48febb2cabcf4a960d51" member_type: VOTER last_known_addr { host: "127.25.11.4" port: 41309 } attrs { promote: false } }
I20260608 10:02:26.646955 28789 raft_consensus.cc:1275] T ba2aca86efa540d585316a9534bdbb44 P b4416b014f68431f8049c43a288c3aaf [term 1 FOLLOWER]: Refusing update from remote peer de26d13a9afc436e83274388f5087435: Log matching property violated. Preceding OpId in replica: term: 1 index: 3. Preceding OpId from leader: term: 1 index: 4. (index mismatch)
I20260608 10:02:26.647879 28967 raft_consensus.cc:1275] T ba2aca86efa540d585316a9534bdbb44 P d78d5453bbda48febb2cabcf4a960d51 [term 1 FOLLOWER]: Refusing update from remote peer de26d13a9afc436e83274388f5087435: Log matching property violated. Preceding OpId in replica: term: 1 index: 3. Preceding OpId from leader: term: 1 index: 4. (index mismatch)
I20260608 10:02:26.648607 29138 consensus_queue.cc:1048] T ba2aca86efa540d585316a9534bdbb44 P de26d13a9afc436e83274388f5087435 [LEADER]: Connected to new peer: Peer: permanent_uuid: "b4416b014f68431f8049c43a288c3aaf" member_type: VOTER last_known_addr { host: "127.25.11.3" port: 39843 }, Status: LMP_MISMATCH, Last received: 0.0, Next index: 4, Last known committed idx: 3, Time since last communication: 0.000s
I20260608 10:02:26.650909 29138 consensus_queue.cc:1048] T ba2aca86efa540d585316a9534bdbb44 P de26d13a9afc436e83274388f5087435 [LEADER]: Connected to new peer: Peer: permanent_uuid: "d78d5453bbda48febb2cabcf4a960d51" member_type: VOTER last_known_addr { host: "127.25.11.4" port: 41309 } attrs { promote: false }, Status: LMP_MISMATCH, Last received: 0.0, Next index: 4, Last known committed idx: 3, Time since last communication: 0.000s
I20260608 10:02:26.657058 28642 consensus_queue.cc:237] T 72bac8ed0a7443668570ff3cdbcea314 P 307d4c70da9d48c596e50f58cd70ffca [LEADER]: Queue going to LEADER mode. State: All replicated index: 0, Majority replicated index: 3, Committed index: 3, Last appended: 2.3, Last appended by leader: 0, Current term: 2, Majority size: 2, State: 0, Mode: LEADER, active raft config: opid_index: 4 OBSOLETE_local: false peers { permanent_uuid: "307d4c70da9d48c596e50f58cd70ffca" member_type: VOTER last_known_addr { host: "127.25.11.1" port: 43295 } } peers { permanent_uuid: "b4416b014f68431f8049c43a288c3aaf" member_type: VOTER last_known_addr { host: "127.25.11.3" port: 39843 } } peers { permanent_uuid: "d78d5453bbda48febb2cabcf4a960d51" member_type: VOTER last_known_addr { host: "127.25.11.4" port: 41309 } attrs { promote: false } }
I20260608 10:02:26.658617 28641 consensus_queue.cc:237] T a74065fc497f44668a0280278640dab2 P 307d4c70da9d48c596e50f58cd70ffca [LEADER]: Queue going to LEADER mode. State: All replicated index: 0, Majority replicated index: 3, Committed index: 3, Last appended: 1.3, Last appended by leader: 0, Current term: 1, Majority size: 2, State: 0, Mode: LEADER, active raft config: opid_index: 4 OBSOLETE_local: false peers { permanent_uuid: "307d4c70da9d48c596e50f58cd70ffca" member_type: VOTER last_known_addr { host: "127.25.11.1" port: 43295 } } peers { permanent_uuid: "de26d13a9afc436e83274388f5087435" member_type: VOTER last_known_addr { host: "127.25.11.2" port: 42951 } } peers { permanent_uuid: "d78d5453bbda48febb2cabcf4a960d51" member_type: VOTER last_known_addr { host: "127.25.11.4" port: 41309 } attrs { promote: false } }
I20260608 10:02:26.659762 29063 raft_consensus.cc:2955] T ba2aca86efa540d585316a9534bdbb44 P de26d13a9afc436e83274388f5087435 [term 1 LEADER]: Committing config change with OpId 1.4: config changed from index 3 to 4, VOTER 307d4c70da9d48c596e50f58cd70ffca (127.25.11.1) evicted. New config: { opid_index: 4 OBSOLETE_local: false peers { permanent_uuid: "de26d13a9afc436e83274388f5087435" member_type: VOTER last_known_addr { host: "127.25.11.2" port: 42951 } } peers { permanent_uuid: "b4416b014f68431f8049c43a288c3aaf" member_type: VOTER last_known_addr { host: "127.25.11.3" port: 39843 } } peers { permanent_uuid: "d78d5453bbda48febb2cabcf4a960d51" member_type: VOTER last_known_addr { host: "127.25.11.4" port: 41309 } attrs { promote: false } } }
I20260608 10:02:26.669299 28791 raft_consensus.cc:1275] T 72bac8ed0a7443668570ff3cdbcea314 P b4416b014f68431f8049c43a288c3aaf [term 2 FOLLOWER]: Refusing update from remote peer 307d4c70da9d48c596e50f58cd70ffca: Log matching property violated. Preceding OpId in replica: term: 2 index: 3. Preceding OpId from leader: term: 2 index: 4. (index mismatch)
I20260608 10:02:26.670858 28785 raft_consensus.cc:2955] T ba2aca86efa540d585316a9534bdbb44 P b4416b014f68431f8049c43a288c3aaf [term 1 FOLLOWER]: Committing config change with OpId 1.4: config changed from index 3 to 4, VOTER 307d4c70da9d48c596e50f58cd70ffca (127.25.11.1) evicted. New config: { opid_index: 4 OBSOLETE_local: false peers { permanent_uuid: "de26d13a9afc436e83274388f5087435" member_type: VOTER last_known_addr { host: "127.25.11.2" port: 42951 } } peers { permanent_uuid: "b4416b014f68431f8049c43a288c3aaf" member_type: VOTER last_known_addr { host: "127.25.11.3" port: 39843 } } peers { permanent_uuid: "d78d5453bbda48febb2cabcf4a960d51" member_type: VOTER last_known_addr { host: "127.25.11.4" port: 41309 } attrs { promote: false } } }
I20260608 10:02:26.677197 28527 catalog_manager.cc:5209] ChangeConfig:REMOVE_PEER RPC for tablet ba2aca86efa540d585316a9534bdbb44 with cas_config_opid_index 3: ChangeConfig:REMOVE_PEER succeeded (attempt 1)
I20260608 10:02:26.679102 28966 raft_consensus.cc:1275] T 72bac8ed0a7443668570ff3cdbcea314 P d78d5453bbda48febb2cabcf4a960d51 [term 2 FOLLOWER]: Refusing update from remote peer 307d4c70da9d48c596e50f58cd70ffca: Log matching property violated. Preceding OpId in replica: term: 2 index: 3. Preceding OpId from leader: term: 2 index: 4. (index mismatch)
I20260608 10:02:26.680393 29147 consensus_queue.cc:1048] T 72bac8ed0a7443668570ff3cdbcea314 P 307d4c70da9d48c596e50f58cd70ffca [LEADER]: Connected to new peer: Peer: permanent_uuid: "b4416b014f68431f8049c43a288c3aaf" member_type: VOTER last_known_addr { host: "127.25.11.3" port: 39843 }, Status: LMP_MISMATCH, Last received: 0.0, Next index: 4, Last known committed idx: 3, Time since last communication: 0.000s
I20260608 10:02:26.682152 29133 consensus_queue.cc:1048] T 72bac8ed0a7443668570ff3cdbcea314 P 307d4c70da9d48c596e50f58cd70ffca [LEADER]: Connected to new peer: Peer: permanent_uuid: "d78d5453bbda48febb2cabcf4a960d51" member_type: VOTER last_known_addr { host: "127.25.11.4" port: 41309 } attrs { promote: false }, Status: LMP_MISMATCH, Last received: 0.0, Next index: 4, Last known committed idx: 3, Time since last communication: 0.000s
I20260608 10:02:26.682247 28541 catalog_manager.cc:5696] T ba2aca86efa540d585316a9534bdbb44 P de26d13a9afc436e83274388f5087435 reported cstate change: config changed from index 3 to 4, VOTER 307d4c70da9d48c596e50f58cd70ffca (127.25.11.1) evicted. New cstate: current_term: 1 leader_uuid: "de26d13a9afc436e83274388f5087435" committed_config { opid_index: 4 OBSOLETE_local: false peers { permanent_uuid: "de26d13a9afc436e83274388f5087435" member_type: VOTER last_known_addr { host: "127.25.11.2" port: 42951 } health_report { overall_health: HEALTHY } } peers { permanent_uuid: "b4416b014f68431f8049c43a288c3aaf" member_type: VOTER last_known_addr { host: "127.25.11.3" port: 39843 } health_report { overall_health: HEALTHY } } peers { permanent_uuid: "d78d5453bbda48febb2cabcf4a960d51" member_type: VOTER last_known_addr { host: "127.25.11.4" port: 41309 } attrs { promote: false } health_report { overall_health: UNKNOWN } } }
I20260608 10:02:26.695698 29146 raft_consensus.cc:2955] T 72bac8ed0a7443668570ff3cdbcea314 P 307d4c70da9d48c596e50f58cd70ffca [term 2 LEADER]: Committing config change with OpId 2.4: config changed from index 3 to 4, VOTER de26d13a9afc436e83274388f5087435 (127.25.11.2) evicted. New config: { opid_index: 4 OBSOLETE_local: false peers { permanent_uuid: "307d4c70da9d48c596e50f58cd70ffca" member_type: VOTER last_known_addr { host: "127.25.11.1" port: 43295 } } peers { permanent_uuid: "b4416b014f68431f8049c43a288c3aaf" member_type: VOTER last_known_addr { host: "127.25.11.3" port: 39843 } } peers { permanent_uuid: "d78d5453bbda48febb2cabcf4a960d51" member_type: VOTER last_known_addr { host: "127.25.11.4" port: 41309 } attrs { promote: false } } }
I20260608 10:02:26.699972 28631 tablet_service.cc:1558] Processing DeleteTablet for tablet ba2aca86efa540d585316a9534bdbb44 with delete_type TABLET_DATA_TOMBSTONED (TS 307d4c70da9d48c596e50f58cd70ffca not found in new config with opid_index 4) from {username='slave'} at 127.0.0.1:38680
I20260608 10:02:26.701836 28718 raft_consensus.cc:1275] T a74065fc497f44668a0280278640dab2 P de26d13a9afc436e83274388f5087435 [term 1 FOLLOWER]: Refusing update from remote peer 307d4c70da9d48c596e50f58cd70ffca: Log matching property violated. Preceding OpId in replica: term: 1 index: 3. Preceding OpId from leader: term: 1 index: 4. (index mismatch)
I20260608 10:02:26.707404 29133 consensus_queue.cc:1048] T a74065fc497f44668a0280278640dab2 P 307d4c70da9d48c596e50f58cd70ffca [LEADER]: Connected to new peer: Peer: permanent_uuid: "de26d13a9afc436e83274388f5087435" member_type: VOTER last_known_addr { host: "127.25.11.2" port: 42951 }, Status: LMP_MISMATCH, Last received: 0.0, Next index: 4, Last known committed idx: 3, Time since last communication: 0.000s
I20260608 10:02:26.710907 28965 raft_consensus.cc:1275] T a74065fc497f44668a0280278640dab2 P d78d5453bbda48febb2cabcf4a960d51 [term 1 FOLLOWER]: Refusing update from remote peer 307d4c70da9d48c596e50f58cd70ffca: Log matching property violated. Preceding OpId in replica: term: 1 index: 3. Preceding OpId from leader: term: 1 index: 4. (index mismatch)
I20260608 10:02:26.719159 28785 raft_consensus.cc:2955] T 72bac8ed0a7443668570ff3cdbcea314 P b4416b014f68431f8049c43a288c3aaf [term 2 FOLLOWER]: Committing config change with OpId 2.4: config changed from index 3 to 4, VOTER de26d13a9afc436e83274388f5087435 (127.25.11.2) evicted. New config: { opid_index: 4 OBSOLETE_local: false peers { permanent_uuid: "307d4c70da9d48c596e50f58cd70ffca" member_type: VOTER last_known_addr { host: "127.25.11.1" port: 43295 } } peers { permanent_uuid: "b4416b014f68431f8049c43a288c3aaf" member_type: VOTER last_known_addr { host: "127.25.11.3" port: 39843 } } peers { permanent_uuid: "d78d5453bbda48febb2cabcf4a960d51" member_type: VOTER last_known_addr { host: "127.25.11.4" port: 41309 } attrs { promote: false } } }
I20260608 10:02:26.720021 29144 consensus_queue.cc:1048] T a74065fc497f44668a0280278640dab2 P 307d4c70da9d48c596e50f58cd70ffca [LEADER]: Connected to new peer: Peer: permanent_uuid: "d78d5453bbda48febb2cabcf4a960d51" member_type: VOTER last_known_addr { host: "127.25.11.4" port: 41309 } attrs { promote: false }, Status: LMP_MISMATCH, Last received: 0.0, Next index: 4, Last known committed idx: 3, Time since last communication: 0.000s
I20260608 10:02:26.724772 29160 tablet_replica.cc:333] T ba2aca86efa540d585316a9534bdbb44 P 307d4c70da9d48c596e50f58cd70ffca: stopping tablet replica
I20260608 10:02:26.724076 28965 raft_consensus.cc:2955] T ba2aca86efa540d585316a9534bdbb44 P d78d5453bbda48febb2cabcf4a960d51 [term 1 FOLLOWER]: Committing config change with OpId 1.4: config changed from index 3 to 4, VOTER 307d4c70da9d48c596e50f58cd70ffca (127.25.11.1) evicted. New config: { opid_index: 4 OBSOLETE_local: false peers { permanent_uuid: "de26d13a9afc436e83274388f5087435" member_type: VOTER last_known_addr { host: "127.25.11.2" port: 42951 } } peers { permanent_uuid: "b4416b014f68431f8049c43a288c3aaf" member_type: VOTER last_known_addr { host: "127.25.11.3" port: 39843 } } peers { permanent_uuid: "d78d5453bbda48febb2cabcf4a960d51" member_type: VOTER last_known_addr { host: "127.25.11.4" port: 41309 } attrs { promote: false } } }
I20260608 10:02:26.735119 29160 raft_consensus.cc:2243] T ba2aca86efa540d585316a9534bdbb44 P 307d4c70da9d48c596e50f58cd70ffca [term 1 FOLLOWER]: Raft consensus shutting down.
I20260608 10:02:26.736043 29160 raft_consensus.cc:2272] T ba2aca86efa540d585316a9534bdbb44 P 307d4c70da9d48c596e50f58cd70ffca [term 1 FOLLOWER]: Raft consensus is shut down!
I20260608 10:02:26.733220 28967 raft_consensus.cc:2955] T 72bac8ed0a7443668570ff3cdbcea314 P d78d5453bbda48febb2cabcf4a960d51 [term 2 FOLLOWER]: Committing config change with OpId 2.4: config changed from index 3 to 4, VOTER de26d13a9afc436e83274388f5087435 (127.25.11.2) evicted. New config: { opid_index: 4 OBSOLETE_local: false peers { permanent_uuid: "307d4c70da9d48c596e50f58cd70ffca" member_type: VOTER last_known_addr { host: "127.25.11.1" port: 43295 } } peers { permanent_uuid: "b4416b014f68431f8049c43a288c3aaf" member_type: VOTER last_known_addr { host: "127.25.11.3" port: 39843 } } peers { permanent_uuid: "d78d5453bbda48febb2cabcf4a960d51" member_type: VOTER last_known_addr { host: "127.25.11.4" port: 41309 } attrs { promote: false } } }
I20260608 10:02:26.746824 28527 catalog_manager.cc:5209] ChangeConfig:REMOVE_PEER RPC for tablet 72bac8ed0a7443668570ff3cdbcea314 with cas_config_opid_index 3: ChangeConfig:REMOVE_PEER succeeded (attempt 1)
I20260608 10:02:26.746260 28541 catalog_manager.cc:5696] T 72bac8ed0a7443668570ff3cdbcea314 P b4416b014f68431f8049c43a288c3aaf reported cstate change: config changed from index 3 to 4, VOTER de26d13a9afc436e83274388f5087435 (127.25.11.2) evicted. New cstate: current_term: 2 leader_uuid: "307d4c70da9d48c596e50f58cd70ffca" committed_config { opid_index: 4 OBSOLETE_local: false peers { permanent_uuid: "307d4c70da9d48c596e50f58cd70ffca" member_type: VOTER last_known_addr { host: "127.25.11.1" port: 43295 } } peers { permanent_uuid: "b4416b014f68431f8049c43a288c3aaf" member_type: VOTER last_known_addr { host: "127.25.11.3" port: 39843 } } peers { permanent_uuid: "d78d5453bbda48febb2cabcf4a960d51" member_type: VOTER last_known_addr { host: "127.25.11.4" port: 41309 } attrs { promote: false } } }
I20260608 10:02:26.755496 28718 raft_consensus.cc:2955] T a74065fc497f44668a0280278640dab2 P de26d13a9afc436e83274388f5087435 [term 1 FOLLOWER]: Committing config change with OpId 1.4: config changed from index 3 to 4, VOTER b4416b014f68431f8049c43a288c3aaf (127.25.11.3) evicted. New config: { opid_index: 4 OBSOLETE_local: false peers { permanent_uuid: "307d4c70da9d48c596e50f58cd70ffca" member_type: VOTER last_known_addr { host: "127.25.11.1" port: 43295 } } peers { permanent_uuid: "de26d13a9afc436e83274388f5087435" member_type: VOTER last_known_addr { host: "127.25.11.2" port: 42951 } } peers { permanent_uuid: "d78d5453bbda48febb2cabcf4a960d51" member_type: VOTER last_known_addr { host: "127.25.11.4" port: 41309 } attrs { promote: false } } }
I20260608 10:02:26.757063 29160 ts_tablet_manager.cc:1916] T ba2aca86efa540d585316a9534bdbb44 P 307d4c70da9d48c596e50f58cd70ffca: Deleting tablet data with delete state TABLET_DATA_TOMBSTONED
I20260608 10:02:26.763350 28703 tablet_service.cc:1558] Processing DeleteTablet for tablet 72bac8ed0a7443668570ff3cdbcea314 with delete_type TABLET_DATA_TOMBSTONED (TS de26d13a9afc436e83274388f5087435 not found in new config with opid_index 4) from {username='slave'} at 127.0.0.1:46408
I20260608 10:02:26.769373 29147 raft_consensus.cc:2955] T a74065fc497f44668a0280278640dab2 P 307d4c70da9d48c596e50f58cd70ffca [term 1 LEADER]: Committing config change with OpId 1.4: config changed from index 3 to 4, VOTER b4416b014f68431f8049c43a288c3aaf (127.25.11.3) evicted. New config: { opid_index: 4 OBSOLETE_local: false peers { permanent_uuid: "307d4c70da9d48c596e50f58cd70ffca" member_type: VOTER last_known_addr { host: "127.25.11.1" port: 43295 } } peers { permanent_uuid: "de26d13a9afc436e83274388f5087435" member_type: VOTER last_known_addr { host: "127.25.11.2" port: 42951 } } peers { permanent_uuid: "d78d5453bbda48febb2cabcf4a960d51" member_type: VOTER last_known_addr { host: "127.25.11.4" port: 41309 } attrs { promote: false } } }
I20260608 10:02:26.770592 28965 raft_consensus.cc:2955] T a74065fc497f44668a0280278640dab2 P d78d5453bbda48febb2cabcf4a960d51 [term 1 FOLLOWER]: Committing config change with OpId 1.4: config changed from index 3 to 4, VOTER b4416b014f68431f8049c43a288c3aaf (127.25.11.3) evicted. New config: { opid_index: 4 OBSOLETE_local: false peers { permanent_uuid: "307d4c70da9d48c596e50f58cd70ffca" member_type: VOTER last_known_addr { host: "127.25.11.1" port: 43295 } } peers { permanent_uuid: "de26d13a9afc436e83274388f5087435" member_type: VOTER last_known_addr { host: "127.25.11.2" port: 42951 } } peers { permanent_uuid: "d78d5453bbda48febb2cabcf4a960d51" member_type: VOTER last_known_addr { host: "127.25.11.4" port: 41309 } attrs { promote: false } } }
I20260608 10:02:26.778028 29160 ts_tablet_manager.cc:1929] T ba2aca86efa540d585316a9534bdbb44 P 307d4c70da9d48c596e50f58cd70ffca: tablet deleted with delete type TABLET_DATA_TOMBSTONED: last-logged OpId 1.3
I20260608 10:02:26.778607 29160 log.cc:1199] T ba2aca86efa540d585316a9534bdbb44 P 307d4c70da9d48c596e50f58cd70ffca: Deleting WAL directory at /tmp/dist-test-taskXpv38B/test-tmp/auto_rebalancer-test.0.AutoRebalancerTest.RangeAwareRebalancesNewRangeReplicas.1780912858785745-25644-0/minicluster-data/ts-0-root/wals/ba2aca86efa540d585316a9534bdbb44
I20260608 10:02:26.779663 28527 catalog_manager.cc:5209] ChangeConfig:REMOVE_PEER RPC for tablet a74065fc497f44668a0280278640dab2 with cas_config_opid_index 3: ChangeConfig:REMOVE_PEER succeeded (attempt 1)
I20260608 10:02:26.781612 28527 catalog_manager.cc:5027] TS 307d4c70da9d48c596e50f58cd70ffca (127.25.11.1:43295): tablet ba2aca86efa540d585316a9534bdbb44 (table range_aware_rebalance_new_range [id=b418e28b8aeb4ec689391cdaa93164b1]) successfully deleted
I20260608 10:02:26.790508 28538 catalog_manager.cc:5696] T a74065fc497f44668a0280278640dab2 P de26d13a9afc436e83274388f5087435 reported cstate change: config changed from index 3 to 4, VOTER b4416b014f68431f8049c43a288c3aaf (127.25.11.3) evicted. New cstate: current_term: 1 leader_uuid: "307d4c70da9d48c596e50f58cd70ffca" committed_config { opid_index: 4 OBSOLETE_local: false peers { permanent_uuid: "307d4c70da9d48c596e50f58cd70ffca" member_type: VOTER last_known_addr { host: "127.25.11.1" port: 43295 } } peers { permanent_uuid: "de26d13a9afc436e83274388f5087435" member_type: VOTER last_known_addr { host: "127.25.11.2" port: 42951 } } peers { permanent_uuid: "d78d5453bbda48febb2cabcf4a960d51" member_type: VOTER last_known_addr { host: "127.25.11.4" port: 41309 } attrs { promote: false } } }
I20260608 10:02:26.792362 29161 tablet_replica.cc:333] T 72bac8ed0a7443668570ff3cdbcea314 P de26d13a9afc436e83274388f5087435: stopping tablet replica
I20260608 10:02:26.793438 29161 raft_consensus.cc:2243] T 72bac8ed0a7443668570ff3cdbcea314 P de26d13a9afc436e83274388f5087435 [term 2 FOLLOWER]: Raft consensus shutting down.
I20260608 10:02:26.794345 29161 raft_consensus.cc:2272] T 72bac8ed0a7443668570ff3cdbcea314 P de26d13a9afc436e83274388f5087435 [term 2 FOLLOWER]: Raft consensus is shut down!
I20260608 10:02:26.797937 29161 ts_tablet_manager.cc:1916] T 72bac8ed0a7443668570ff3cdbcea314 P de26d13a9afc436e83274388f5087435: Deleting tablet data with delete state TABLET_DATA_TOMBSTONED
I20260608 10:02:26.802198 28775 tablet_service.cc:1558] Processing DeleteTablet for tablet a74065fc497f44668a0280278640dab2 with delete_type TABLET_DATA_TOMBSTONED (TS b4416b014f68431f8049c43a288c3aaf not found in new config with opid_index 4) from {username='slave'} at 127.0.0.1:59128
I20260608 10:02:26.805612 29162 tablet_replica.cc:333] T a74065fc497f44668a0280278640dab2 P b4416b014f68431f8049c43a288c3aaf: stopping tablet replica
I20260608 10:02:26.807005 29162 raft_consensus.cc:2243] T a74065fc497f44668a0280278640dab2 P b4416b014f68431f8049c43a288c3aaf [term 1 FOLLOWER]: Raft consensus shutting down.
I20260608 10:02:26.808494 29162 raft_consensus.cc:2272] T a74065fc497f44668a0280278640dab2 P b4416b014f68431f8049c43a288c3aaf [term 1 FOLLOWER]: Raft consensus is shut down!
I20260608 10:02:26.811764 29162 ts_tablet_manager.cc:1916] T a74065fc497f44668a0280278640dab2 P b4416b014f68431f8049c43a288c3aaf: Deleting tablet data with delete state TABLET_DATA_TOMBSTONED
I20260608 10:02:26.815117 29161 ts_tablet_manager.cc:1929] T 72bac8ed0a7443668570ff3cdbcea314 P de26d13a9afc436e83274388f5087435: tablet deleted with delete type TABLET_DATA_TOMBSTONED: last-logged OpId 2.3
I20260608 10:02:26.815578 29161 log.cc:1199] T 72bac8ed0a7443668570ff3cdbcea314 P de26d13a9afc436e83274388f5087435: Deleting WAL directory at /tmp/dist-test-taskXpv38B/test-tmp/auto_rebalancer-test.0.AutoRebalancerTest.RangeAwareRebalancesNewRangeReplicas.1780912858785745-25644-0/minicluster-data/ts-1-root/wals/72bac8ed0a7443668570ff3cdbcea314
I20260608 10:02:26.817073 28527 catalog_manager.cc:5027] TS de26d13a9afc436e83274388f5087435 (127.25.11.2:42951): tablet 72bac8ed0a7443668570ff3cdbcea314 (table range_aware_rebalance_new_range [id=b418e28b8aeb4ec689391cdaa93164b1]) successfully deleted
I20260608 10:02:26.823036 29162 ts_tablet_manager.cc:1929] T a74065fc497f44668a0280278640dab2 P b4416b014f68431f8049c43a288c3aaf: tablet deleted with delete type TABLET_DATA_TOMBSTONED: last-logged OpId 1.3
I20260608 10:02:26.823510 29162 log.cc:1199] T a74065fc497f44668a0280278640dab2 P b4416b014f68431f8049c43a288c3aaf: Deleting WAL directory at /tmp/dist-test-taskXpv38B/test-tmp/auto_rebalancer-test.0.AutoRebalancerTest.RangeAwareRebalancesNewRangeReplicas.1780912858785745-25644-0/minicluster-data/ts-2-root/wals/a74065fc497f44668a0280278640dab2
I20260608 10:02:26.825194 28528 catalog_manager.cc:5027] TS b4416b014f68431f8049c43a288c3aaf (127.25.11.3:39843): tablet a74065fc497f44668a0280278640dab2 (table range_aware_rebalance_new_range [id=b418e28b8aeb4ec689391cdaa93164b1]) successfully deleted
I20260608 10:02:26.857228 28594 auto_leader_rebalancer.cc:140] leader rebalance for table range_aware_rebalance_new_range
I20260608 10:02:26.893711 28641 tablet_service.cc:2072] Received LeaderStepDown RPC: tablet_id: "73be38d7f7794c009f9b3208583f96fa"
dest_uuid: "307d4c70da9d48c596e50f58cd70ffca"
mode: GRACEFUL
new_leader_uuid: "de26d13a9afc436e83274388f5087435"
 from {username='slave'} at 127.0.0.1:59084
I20260608 10:02:26.894367 28641 raft_consensus.cc:606] T 73be38d7f7794c009f9b3208583f96fa P 307d4c70da9d48c596e50f58cd70ffca [term 1 LEADER]: Received request to transfer leadership to TS de26d13a9afc436e83274388f5087435
I20260608 10:02:26.895942 28594 auto_leader_rebalancer.cc:388] table: range_aware_rebalance_new_range, leader rebalance finish, leader transfer count: 1
I20260608 10:02:26.896616 28594 auto_leader_rebalancer.cc:451] All tables' leader rebalancing finished this round
I20260608 10:02:26.966897 29144 raft_consensus.cc:993] T 73be38d7f7794c009f9b3208583f96fa P 307d4c70da9d48c596e50f58cd70ffca: : Instructing follower de26d13a9afc436e83274388f5087435 to start an election
I20260608 10:02:26.967440 29147 raft_consensus.cc:1081] T 73be38d7f7794c009f9b3208583f96fa P 307d4c70da9d48c596e50f58cd70ffca [term 1 LEADER]: Signalling peer de26d13a9afc436e83274388f5087435 to start an election
I20260608 10:02:26.968977 28718 tablet_service.cc:2044] Received Run Leader Election RPC: tablet_id: "73be38d7f7794c009f9b3208583f96fa"
dest_uuid: "de26d13a9afc436e83274388f5087435"
 from {username='slave'} at 127.0.0.1:40608
I20260608 10:02:26.969491 28718 raft_consensus.cc:493] T 73be38d7f7794c009f9b3208583f96fa P de26d13a9afc436e83274388f5087435 [term 1 FOLLOWER]: Starting forced leader election (received explicit request)
I20260608 10:02:26.969861 28718 raft_consensus.cc:3060] T 73be38d7f7794c009f9b3208583f96fa P de26d13a9afc436e83274388f5087435 [term 1 FOLLOWER]: Advancing to term 2
I20260608 10:02:26.974506 28718 raft_consensus.cc:515] T 73be38d7f7794c009f9b3208583f96fa P de26d13a9afc436e83274388f5087435 [term 2 FOLLOWER]: Starting forced leader election with config: opid_index: -1 OBSOLETE_local: false peers { permanent_uuid: "de26d13a9afc436e83274388f5087435" member_type: VOTER last_known_addr { host: "127.25.11.2" port: 42951 } } peers { permanent_uuid: "307d4c70da9d48c596e50f58cd70ffca" member_type: VOTER last_known_addr { host: "127.25.11.1" port: 43295 } } peers { permanent_uuid: "b4416b014f68431f8049c43a288c3aaf" member_type: VOTER last_known_addr { host: "127.25.11.3" port: 39843 } }
I20260608 10:02:26.976243 28718 leader_election.cc:290] T 73be38d7f7794c009f9b3208583f96fa P de26d13a9afc436e83274388f5087435 [CANDIDATE]: Term 2 election: Requested vote from peers 307d4c70da9d48c596e50f58cd70ffca (127.25.11.1:43295), b4416b014f68431f8049c43a288c3aaf (127.25.11.3:39843)
I20260608 10:02:26.977378 28789 tablet_service.cc:1917] Received RequestConsensusVote() RPC: tablet_id: "73be38d7f7794c009f9b3208583f96fa" candidate_uuid: "de26d13a9afc436e83274388f5087435" candidate_term: 2 candidate_status { last_received { term: 1 index: 1 } } ignore_live_leader: true dest_uuid: "b4416b014f68431f8049c43a288c3aaf"
I20260608 10:02:26.977249 28641 tablet_service.cc:1917] Received RequestConsensusVote() RPC: tablet_id: "73be38d7f7794c009f9b3208583f96fa" candidate_uuid: "de26d13a9afc436e83274388f5087435" candidate_term: 2 candidate_status { last_received { term: 1 index: 1 } } ignore_live_leader: true dest_uuid: "307d4c70da9d48c596e50f58cd70ffca"
I20260608 10:02:26.977994 28789 raft_consensus.cc:3060] T 73be38d7f7794c009f9b3208583f96fa P b4416b014f68431f8049c43a288c3aaf [term 1 FOLLOWER]: Advancing to term 2
I20260608 10:02:26.978032 28641 raft_consensus.cc:3055] T 73be38d7f7794c009f9b3208583f96fa P 307d4c70da9d48c596e50f58cd70ffca [term 1 LEADER]: Stepping down as leader of term 1
I20260608 10:02:26.978645 28641 raft_consensus.cc:740] T 73be38d7f7794c009f9b3208583f96fa P 307d4c70da9d48c596e50f58cd70ffca [term 1 LEADER]: Becoming Follower/Learner. State: Replica: 307d4c70da9d48c596e50f58cd70ffca, State: Running, Role: LEADER
I20260608 10:02:26.979547 28641 consensus_queue.cc:260] T 73be38d7f7794c009f9b3208583f96fa P 307d4c70da9d48c596e50f58cd70ffca [NON_LEADER]: Queue going to NON_LEADER mode. State: All replicated index: 0, Majority replicated index: 1, Committed index: 1, Last appended: 1.1, Last appended by leader: 1, Current term: 1, Majority size: -1, State: 0, Mode: NON_LEADER, active raft config: opid_index: -1 OBSOLETE_local: false peers { permanent_uuid: "de26d13a9afc436e83274388f5087435" member_type: VOTER last_known_addr { host: "127.25.11.2" port: 42951 } } peers { permanent_uuid: "307d4c70da9d48c596e50f58cd70ffca" member_type: VOTER last_known_addr { host: "127.25.11.1" port: 43295 } } peers { permanent_uuid: "b4416b014f68431f8049c43a288c3aaf" member_type: VOTER last_known_addr { host: "127.25.11.3" port: 39843 } }
I20260608 10:02:26.980814 28641 raft_consensus.cc:3060] T 73be38d7f7794c009f9b3208583f96fa P 307d4c70da9d48c596e50f58cd70ffca [term 1 FOLLOWER]: Advancing to term 2
I20260608 10:02:26.985415 28789 raft_consensus.cc:2468] T 73be38d7f7794c009f9b3208583f96fa P b4416b014f68431f8049c43a288c3aaf [term 2 FOLLOWER]: Leader election vote request: Granting yes vote for candidate de26d13a9afc436e83274388f5087435 in term 2.
I20260608 10:02:26.986824 28684 leader_election.cc:304] T 73be38d7f7794c009f9b3208583f96fa P de26d13a9afc436e83274388f5087435 [CANDIDATE]: Term 2 election: Election decided. Result: candidate won. Election summary: received 2 responses out of 3 voters: 2 yes votes; 0 no votes. yes voters: b4416b014f68431f8049c43a288c3aaf, de26d13a9afc436e83274388f5087435; no voters: 
I20260608 10:02:26.987721 29063 raft_consensus.cc:2804] T 73be38d7f7794c009f9b3208583f96fa P de26d13a9afc436e83274388f5087435 [term 2 FOLLOWER]: Leader election won for term 2
I20260608 10:02:26.988243 29063 raft_consensus.cc:697] T 73be38d7f7794c009f9b3208583f96fa P de26d13a9afc436e83274388f5087435 [term 2 LEADER]: Becoming Leader. State: Replica: de26d13a9afc436e83274388f5087435, State: Running, Role: LEADER
I20260608 10:02:26.988243 28641 raft_consensus.cc:2468] T 73be38d7f7794c009f9b3208583f96fa P 307d4c70da9d48c596e50f58cd70ffca [term 2 FOLLOWER]: Leader election vote request: Granting yes vote for candidate de26d13a9afc436e83274388f5087435 in term 2.
I20260608 10:02:26.989318 29063 consensus_queue.cc:237] T 73be38d7f7794c009f9b3208583f96fa P de26d13a9afc436e83274388f5087435 [LEADER]: Queue going to LEADER mode. State: All replicated index: 0, Majority replicated index: 1, Committed index: 1, Last appended: 1.1, Last appended by leader: 1, Current term: 2, Majority size: 2, State: 0, Mode: LEADER, active raft config: opid_index: -1 OBSOLETE_local: false peers { permanent_uuid: "de26d13a9afc436e83274388f5087435" member_type: VOTER last_known_addr { host: "127.25.11.2" port: 42951 } } peers { permanent_uuid: "307d4c70da9d48c596e50f58cd70ffca" member_type: VOTER last_known_addr { host: "127.25.11.1" port: 43295 } } peers { permanent_uuid: "b4416b014f68431f8049c43a288c3aaf" member_type: VOTER last_known_addr { host: "127.25.11.3" port: 39843 } }
I20260608 10:02:26.997229 28539 catalog_manager.cc:5696] T 73be38d7f7794c009f9b3208583f96fa P de26d13a9afc436e83274388f5087435 reported cstate change: term changed from 1 to 2, leader changed from 307d4c70da9d48c596e50f58cd70ffca (127.25.11.1) to de26d13a9afc436e83274388f5087435 (127.25.11.2). New cstate: current_term: 2 leader_uuid: "de26d13a9afc436e83274388f5087435" committed_config { opid_index: -1 OBSOLETE_local: false peers { permanent_uuid: "de26d13a9afc436e83274388f5087435" member_type: VOTER last_known_addr { host: "127.25.11.2" port: 42951 } health_report { overall_health: HEALTHY } } peers { permanent_uuid: "307d4c70da9d48c596e50f58cd70ffca" member_type: VOTER last_known_addr { host: "127.25.11.1" port: 43295 } health_report { overall_health: UNKNOWN } } peers { permanent_uuid: "b4416b014f68431f8049c43a288c3aaf" member_type: VOTER last_known_addr { host: "127.25.11.3" port: 39843 } health_report { overall_health: UNKNOWN } } }
I20260608 10:02:27.458887 28641 raft_consensus.cc:1275] T 73be38d7f7794c009f9b3208583f96fa P 307d4c70da9d48c596e50f58cd70ffca [term 2 FOLLOWER]: Refusing update from remote peer de26d13a9afc436e83274388f5087435: Log matching property violated. Preceding OpId in replica: term: 1 index: 1. Preceding OpId from leader: term: 2 index: 2. (index mismatch)
I20260608 10:02:27.460572 29063 consensus_queue.cc:1048] T 73be38d7f7794c009f9b3208583f96fa P de26d13a9afc436e83274388f5087435 [LEADER]: Connected to new peer: Peer: permanent_uuid: "307d4c70da9d48c596e50f58cd70ffca" member_type: VOTER last_known_addr { host: "127.25.11.1" port: 43295 }, Status: LMP_MISMATCH, Last received: 0.0, Next index: 2, Last known committed idx: 1, Time since last communication: 0.000s
I20260608 10:02:27.470769 28789 raft_consensus.cc:1275] T 73be38d7f7794c009f9b3208583f96fa P b4416b014f68431f8049c43a288c3aaf [term 2 FOLLOWER]: Refusing update from remote peer de26d13a9afc436e83274388f5087435: Log matching property violated. Preceding OpId in replica: term: 1 index: 1. Preceding OpId from leader: term: 2 index: 2. (index mismatch)
I20260608 10:02:27.472527 29168 consensus_queue.cc:1048] T 73be38d7f7794c009f9b3208583f96fa P de26d13a9afc436e83274388f5087435 [LEADER]: Connected to new peer: Peer: permanent_uuid: "b4416b014f68431f8049c43a288c3aaf" member_type: VOTER last_known_addr { host: "127.25.11.3" port: 39843 }, Status: LMP_MISMATCH, Last received: 0.0, Next index: 2, Last known committed idx: 1, Time since last communication: 0.000s
I20260608 10:02:27.829800 28718 consensus_queue.cc:237] T 73be38d7f7794c009f9b3208583f96fa P de26d13a9afc436e83274388f5087435 [LEADER]: Queue going to LEADER mode. State: All replicated index: 0, Majority replicated index: 2, Committed index: 2, Last appended: 2.2, Last appended by leader: 1, Current term: 2, Majority size: 2, State: 0, Mode: LEADER, active raft config: opid_index: 3 OBSOLETE_local: false peers { permanent_uuid: "de26d13a9afc436e83274388f5087435" member_type: VOTER last_known_addr { host: "127.25.11.2" port: 42951 } } peers { permanent_uuid: "307d4c70da9d48c596e50f58cd70ffca" member_type: VOTER last_known_addr { host: "127.25.11.1" port: 43295 } attrs { replace: true } } peers { permanent_uuid: "b4416b014f68431f8049c43a288c3aaf" member_type: VOTER last_known_addr { host: "127.25.11.3" port: 39843 } } peers { permanent_uuid: "d78d5453bbda48febb2cabcf4a960d51" member_type: NON_VOTER last_known_addr { host: "127.25.11.4" port: 41309 } attrs { promote: true } }
I20260608 10:02:27.836225 28789 raft_consensus.cc:1275] T 73be38d7f7794c009f9b3208583f96fa P b4416b014f68431f8049c43a288c3aaf [term 2 FOLLOWER]: Refusing update from remote peer de26d13a9afc436e83274388f5087435: Log matching property violated. Preceding OpId in replica: term: 2 index: 2. Preceding OpId from leader: term: 2 index: 3. (index mismatch)
I20260608 10:02:27.836243 28641 raft_consensus.cc:1275] T 73be38d7f7794c009f9b3208583f96fa P 307d4c70da9d48c596e50f58cd70ffca [term 2 FOLLOWER]: Refusing update from remote peer de26d13a9afc436e83274388f5087435: Log matching property violated. Preceding OpId in replica: term: 2 index: 2. Preceding OpId from leader: term: 2 index: 3. (index mismatch)
W20260608 10:02:27.836519 28684 consensus_peers.cc:597] T 73be38d7f7794c009f9b3208583f96fa P de26d13a9afc436e83274388f5087435 -> Peer d78d5453bbda48febb2cabcf4a960d51 (127.25.11.4:41309): Couldn't send request to peer d78d5453bbda48febb2cabcf4a960d51. Error code: TABLET_NOT_FOUND (6). Status: Not found: Tablet not found: 73be38d7f7794c009f9b3208583f96fa. This is attempt 1: this message will repeat every 5th retry.
I20260608 10:02:27.838146 29086 consensus_queue.cc:1048] T 73be38d7f7794c009f9b3208583f96fa P de26d13a9afc436e83274388f5087435 [LEADER]: Connected to new peer: Peer: permanent_uuid: "307d4c70da9d48c596e50f58cd70ffca" member_type: VOTER last_known_addr { host: "127.25.11.1" port: 43295 } attrs { replace: true }, Status: LMP_MISMATCH, Last received: 0.0, Next index: 3, Last known committed idx: 2, Time since last communication: 0.000s
I20260608 10:02:27.838888 29063 consensus_queue.cc:1048] T 73be38d7f7794c009f9b3208583f96fa P de26d13a9afc436e83274388f5087435 [LEADER]: Connected to new peer: Peer: permanent_uuid: "b4416b014f68431f8049c43a288c3aaf" member_type: VOTER last_known_addr { host: "127.25.11.3" port: 39843 }, Status: LMP_MISMATCH, Last received: 0.0, Next index: 3, Last known committed idx: 2, Time since last communication: 0.000s
I20260608 10:02:27.845788 29168 raft_consensus.cc:2955] T 73be38d7f7794c009f9b3208583f96fa P de26d13a9afc436e83274388f5087435 [term 2 LEADER]: Committing config change with OpId 2.3: config changed from index -1 to 3, NON_VOTER d78d5453bbda48febb2cabcf4a960d51 (127.25.11.4) added. New config: { opid_index: 3 OBSOLETE_local: false peers { permanent_uuid: "de26d13a9afc436e83274388f5087435" member_type: VOTER last_known_addr { host: "127.25.11.2" port: 42951 } } peers { permanent_uuid: "307d4c70da9d48c596e50f58cd70ffca" member_type: VOTER last_known_addr { host: "127.25.11.1" port: 43295 } attrs { replace: true } } peers { permanent_uuid: "b4416b014f68431f8049c43a288c3aaf" member_type: VOTER last_known_addr { host: "127.25.11.3" port: 39843 } } peers { permanent_uuid: "d78d5453bbda48febb2cabcf4a960d51" member_type: NON_VOTER last_known_addr { host: "127.25.11.4" port: 41309 } attrs { promote: true } } }
I20260608 10:02:27.848533 28789 raft_consensus.cc:2955] T 73be38d7f7794c009f9b3208583f96fa P b4416b014f68431f8049c43a288c3aaf [term 2 FOLLOWER]: Committing config change with OpId 2.3: config changed from index -1 to 3, NON_VOTER d78d5453bbda48febb2cabcf4a960d51 (127.25.11.4) added. New config: { opid_index: 3 OBSOLETE_local: false peers { permanent_uuid: "de26d13a9afc436e83274388f5087435" member_type: VOTER last_known_addr { host: "127.25.11.2" port: 42951 } } peers { permanent_uuid: "307d4c70da9d48c596e50f58cd70ffca" member_type: VOTER last_known_addr { host: "127.25.11.1" port: 43295 } attrs { replace: true } } peers { permanent_uuid: "b4416b014f68431f8049c43a288c3aaf" member_type: VOTER last_known_addr { host: "127.25.11.3" port: 39843 } } peers { permanent_uuid: "d78d5453bbda48febb2cabcf4a960d51" member_type: NON_VOTER last_known_addr { host: "127.25.11.4" port: 41309 } attrs { promote: true } } }
I20260608 10:02:27.848419 28641 raft_consensus.cc:2955] T 73be38d7f7794c009f9b3208583f96fa P 307d4c70da9d48c596e50f58cd70ffca [term 2 FOLLOWER]: Committing config change with OpId 2.3: config changed from index -1 to 3, NON_VOTER d78d5453bbda48febb2cabcf4a960d51 (127.25.11.4) added. New config: { opid_index: 3 OBSOLETE_local: false peers { permanent_uuid: "de26d13a9afc436e83274388f5087435" member_type: VOTER last_known_addr { host: "127.25.11.2" port: 42951 } } peers { permanent_uuid: "307d4c70da9d48c596e50f58cd70ffca" member_type: VOTER last_known_addr { host: "127.25.11.1" port: 43295 } attrs { replace: true } } peers { permanent_uuid: "b4416b014f68431f8049c43a288c3aaf" member_type: VOTER last_known_addr { host: "127.25.11.3" port: 39843 } } peers { permanent_uuid: "d78d5453bbda48febb2cabcf4a960d51" member_type: NON_VOTER last_known_addr { host: "127.25.11.4" port: 41309 } attrs { promote: true } } }
I20260608 10:02:27.861088 28541 catalog_manager.cc:5696] T 73be38d7f7794c009f9b3208583f96fa P b4416b014f68431f8049c43a288c3aaf reported cstate change: config changed from index -1 to 3, NON_VOTER d78d5453bbda48febb2cabcf4a960d51 (127.25.11.4) added. New cstate: current_term: 2 leader_uuid: "de26d13a9afc436e83274388f5087435" committed_config { opid_index: 3 OBSOLETE_local: false peers { permanent_uuid: "de26d13a9afc436e83274388f5087435" member_type: VOTER last_known_addr { host: "127.25.11.2" port: 42951 } } peers { permanent_uuid: "307d4c70da9d48c596e50f58cd70ffca" member_type: VOTER last_known_addr { host: "127.25.11.1" port: 43295 } attrs { replace: true } } peers { permanent_uuid: "b4416b014f68431f8049c43a288c3aaf" member_type: VOTER last_known_addr { host: "127.25.11.3" port: 39843 } } peers { permanent_uuid: "d78d5453bbda48febb2cabcf4a960d51" member_type: NON_VOTER last_known_addr { host: "127.25.11.4" port: 41309 } attrs { promote: true } } }
I20260608 10:02:27.863281 28718 consensus_queue.cc:237] T 3ac89bee8e614faa845f1c3d408400b3 P de26d13a9afc436e83274388f5087435 [LEADER]: Queue going to LEADER mode. State: All replicated index: 0, Majority replicated index: 1, Committed index: 1, Last appended: 1.1, Last appended by leader: 0, Current term: 1, Majority size: 2, State: 0, Mode: LEADER, active raft config: opid_index: 2 OBSOLETE_local: false peers { permanent_uuid: "d78d5453bbda48febb2cabcf4a960d51" member_type: VOTER last_known_addr { host: "127.25.11.4" port: 41309 } attrs { replace: true } } peers { permanent_uuid: "de26d13a9afc436e83274388f5087435" member_type: VOTER last_known_addr { host: "127.25.11.2" port: 42951 } } peers { permanent_uuid: "307d4c70da9d48c596e50f58cd70ffca" member_type: VOTER last_known_addr { host: "127.25.11.1" port: 43295 } } peers { permanent_uuid: "b4416b014f68431f8049c43a288c3aaf" member_type: NON_VOTER last_known_addr { host: "127.25.11.3" port: 39843 } attrs { promote: true } }
I20260608 10:02:27.874377 28642 raft_consensus.cc:1275] T 3ac89bee8e614faa845f1c3d408400b3 P 307d4c70da9d48c596e50f58cd70ffca [term 1 FOLLOWER]: Refusing update from remote peer de26d13a9afc436e83274388f5087435: Log matching property violated. Preceding OpId in replica: term: 1 index: 1. Preceding OpId from leader: term: 1 index: 2. (index mismatch)
I20260608 10:02:27.876857 29168 consensus_queue.cc:1048] T 3ac89bee8e614faa845f1c3d408400b3 P de26d13a9afc436e83274388f5087435 [LEADER]: Connected to new peer: Peer: permanent_uuid: "307d4c70da9d48c596e50f58cd70ffca" member_type: VOTER last_known_addr { host: "127.25.11.1" port: 43295 }, Status: LMP_MISMATCH, Last received: 0.0, Next index: 2, Last known committed idx: 1, Time since last communication: 0.002s
W20260608 10:02:27.880672 28684 consensus_peers.cc:597] T 3ac89bee8e614faa845f1c3d408400b3 P de26d13a9afc436e83274388f5087435 -> Peer b4416b014f68431f8049c43a288c3aaf (127.25.11.3:39843): Couldn't send request to peer b4416b014f68431f8049c43a288c3aaf. Error code: TABLET_NOT_FOUND (6). Status: Not found: Tablet not found: 3ac89bee8e614faa845f1c3d408400b3. This is attempt 1: this message will repeat every 5th retry.
I20260608 10:02:27.882584 28965 raft_consensus.cc:1275] T 3ac89bee8e614faa845f1c3d408400b3 P d78d5453bbda48febb2cabcf4a960d51 [term 1 FOLLOWER]: Refusing update from remote peer de26d13a9afc436e83274388f5087435: Log matching property violated. Preceding OpId in replica: term: 1 index: 1. Preceding OpId from leader: term: 1 index: 2. (index mismatch)
I20260608 10:02:27.884001 29168 consensus_queue.cc:1048] T 3ac89bee8e614faa845f1c3d408400b3 P de26d13a9afc436e83274388f5087435 [LEADER]: Connected to new peer: Peer: permanent_uuid: "d78d5453bbda48febb2cabcf4a960d51" member_type: VOTER last_known_addr { host: "127.25.11.4" port: 41309 } attrs { replace: true }, Status: LMP_MISMATCH, Last received: 0.0, Next index: 2, Last known committed idx: 1, Time since last communication: 0.000s
I20260608 10:02:27.889120 29172 raft_consensus.cc:2955] T 3ac89bee8e614faa845f1c3d408400b3 P de26d13a9afc436e83274388f5087435 [term 1 LEADER]: Committing config change with OpId 1.2: config changed from index -1 to 2, NON_VOTER b4416b014f68431f8049c43a288c3aaf (127.25.11.3) added. New config: { opid_index: 2 OBSOLETE_local: false peers { permanent_uuid: "d78d5453bbda48febb2cabcf4a960d51" member_type: VOTER last_known_addr { host: "127.25.11.4" port: 41309 } attrs { replace: true } } peers { permanent_uuid: "de26d13a9afc436e83274388f5087435" member_type: VOTER last_known_addr { host: "127.25.11.2" port: 42951 } } peers { permanent_uuid: "307d4c70da9d48c596e50f58cd70ffca" member_type: VOTER last_known_addr { host: "127.25.11.1" port: 43295 } } peers { permanent_uuid: "b4416b014f68431f8049c43a288c3aaf" member_type: NON_VOTER last_known_addr { host: "127.25.11.3" port: 39843 } attrs { promote: true } } }
I20260608 10:02:27.896062 28965 raft_consensus.cc:2955] T 3ac89bee8e614faa845f1c3d408400b3 P d78d5453bbda48febb2cabcf4a960d51 [term 1 FOLLOWER]: Committing config change with OpId 1.2: config changed from index -1 to 2, NON_VOTER b4416b014f68431f8049c43a288c3aaf (127.25.11.3) added. New config: { opid_index: 2 OBSOLETE_local: false peers { permanent_uuid: "d78d5453bbda48febb2cabcf4a960d51" member_type: VOTER last_known_addr { host: "127.25.11.4" port: 41309 } attrs { replace: true } } peers { permanent_uuid: "de26d13a9afc436e83274388f5087435" member_type: VOTER last_known_addr { host: "127.25.11.2" port: 42951 } } peers { permanent_uuid: "307d4c70da9d48c596e50f58cd70ffca" member_type: VOTER last_known_addr { host: "127.25.11.1" port: 43295 } } peers { permanent_uuid: "b4416b014f68431f8049c43a288c3aaf" member_type: NON_VOTER last_known_addr { host: "127.25.11.3" port: 39843 } attrs { promote: true } } }
I20260608 10:02:27.897871 28642 raft_consensus.cc:2955] T 3ac89bee8e614faa845f1c3d408400b3 P 307d4c70da9d48c596e50f58cd70ffca [term 1 FOLLOWER]: Committing config change with OpId 1.2: config changed from index -1 to 2, NON_VOTER b4416b014f68431f8049c43a288c3aaf (127.25.11.3) added. New config: { opid_index: 2 OBSOLETE_local: false peers { permanent_uuid: "d78d5453bbda48febb2cabcf4a960d51" member_type: VOTER last_known_addr { host: "127.25.11.4" port: 41309 } attrs { replace: true } } peers { permanent_uuid: "de26d13a9afc436e83274388f5087435" member_type: VOTER last_known_addr { host: "127.25.11.2" port: 42951 } } peers { permanent_uuid: "307d4c70da9d48c596e50f58cd70ffca" member_type: VOTER last_known_addr { host: "127.25.11.1" port: 43295 } } peers { permanent_uuid: "b4416b014f68431f8049c43a288c3aaf" member_type: NON_VOTER last_known_addr { host: "127.25.11.3" port: 39843 } attrs { promote: true } } }
I20260608 10:02:27.905314 28539 catalog_manager.cc:5696] T 3ac89bee8e614faa845f1c3d408400b3 P de26d13a9afc436e83274388f5087435 reported cstate change: config changed from index -1 to 2, NON_VOTER b4416b014f68431f8049c43a288c3aaf (127.25.11.3) added. New cstate: current_term: 1 leader_uuid: "de26d13a9afc436e83274388f5087435" committed_config { opid_index: 2 OBSOLETE_local: false peers { permanent_uuid: "d78d5453bbda48febb2cabcf4a960d51" member_type: VOTER last_known_addr { host: "127.25.11.4" port: 41309 } attrs { replace: true } health_report { overall_health: HEALTHY } } peers { permanent_uuid: "de26d13a9afc436e83274388f5087435" member_type: VOTER last_known_addr { host: "127.25.11.2" port: 42951 } health_report { overall_health: HEALTHY } } peers { permanent_uuid: "307d4c70da9d48c596e50f58cd70ffca" member_type: VOTER last_known_addr { host: "127.25.11.1" port: 43295 } health_report { overall_health: HEALTHY } } peers { permanent_uuid: "b4416b014f68431f8049c43a288c3aaf" member_type: NON_VOTER last_known_addr { host: "127.25.11.3" port: 39843 } attrs { promote: true } health_report { overall_health: UNKNOWN } } }
I20260608 10:02:27.908918 28718 consensus_queue.cc:237] T 644c58bc768b458a8ae21eb4075e2816 P de26d13a9afc436e83274388f5087435 [LEADER]: Queue going to LEADER mode. State: All replicated index: 0, Majority replicated index: 1, Committed index: 1, Last appended: 1.1, Last appended by leader: 0, Current term: 1, Majority size: 2, State: 0, Mode: LEADER, active raft config: opid_index: 2 OBSOLETE_local: false peers { permanent_uuid: "307d4c70da9d48c596e50f58cd70ffca" member_type: VOTER last_known_addr { host: "127.25.11.1" port: 43295 } } peers { permanent_uuid: "de26d13a9afc436e83274388f5087435" member_type: VOTER last_known_addr { host: "127.25.11.2" port: 42951 } } peers { permanent_uuid: "b4416b014f68431f8049c43a288c3aaf" member_type: VOTER last_known_addr { host: "127.25.11.3" port: 39843 } attrs { replace: true } } peers { permanent_uuid: "d78d5453bbda48febb2cabcf4a960d51" member_type: NON_VOTER last_known_addr { host: "127.25.11.4" port: 41309 } attrs { promote: true } }
W20260608 10:02:27.926365 28684 consensus_peers.cc:597] T 644c58bc768b458a8ae21eb4075e2816 P de26d13a9afc436e83274388f5087435 -> Peer d78d5453bbda48febb2cabcf4a960d51 (127.25.11.4:41309): Couldn't send request to peer d78d5453bbda48febb2cabcf4a960d51. Error code: TABLET_NOT_FOUND (6). Status: Not found: Tablet not found: 644c58bc768b458a8ae21eb4075e2816. This is attempt 1: this message will repeat every 5th retry.
I20260608 10:02:27.929658 28789 raft_consensus.cc:1275] T 644c58bc768b458a8ae21eb4075e2816 P b4416b014f68431f8049c43a288c3aaf [term 1 FOLLOWER]: Refusing update from remote peer de26d13a9afc436e83274388f5087435: Log matching property violated. Preceding OpId in replica: term: 1 index: 1. Preceding OpId from leader: term: 1 index: 2. (index mismatch)
I20260608 10:02:27.931169 29086 consensus_queue.cc:1048] T 644c58bc768b458a8ae21eb4075e2816 P de26d13a9afc436e83274388f5087435 [LEADER]: Connected to new peer: Peer: permanent_uuid: "b4416b014f68431f8049c43a288c3aaf" member_type: VOTER last_known_addr { host: "127.25.11.3" port: 39843 } attrs { replace: true }, Status: LMP_MISMATCH, Last received: 0.0, Next index: 2, Last known committed idx: 1, Time since last communication: 0.000s
I20260608 10:02:27.938160 28642 raft_consensus.cc:1275] T 644c58bc768b458a8ae21eb4075e2816 P 307d4c70da9d48c596e50f58cd70ffca [term 1 FOLLOWER]: Refusing update from remote peer de26d13a9afc436e83274388f5087435: Log matching property violated. Preceding OpId in replica: term: 1 index: 1. Preceding OpId from leader: term: 1 index: 2. (index mismatch)
I20260608 10:02:27.939864 29086 consensus_queue.cc:1048] T 644c58bc768b458a8ae21eb4075e2816 P de26d13a9afc436e83274388f5087435 [LEADER]: Connected to new peer: Peer: permanent_uuid: "307d4c70da9d48c596e50f58cd70ffca" member_type: VOTER last_known_addr { host: "127.25.11.1" port: 43295 }, Status: LMP_MISMATCH, Last received: 0.0, Next index: 2, Last known committed idx: 1, Time since last communication: 0.000s
I20260608 10:02:27.942770 29063 raft_consensus.cc:2955] T 644c58bc768b458a8ae21eb4075e2816 P de26d13a9afc436e83274388f5087435 [term 1 LEADER]: Committing config change with OpId 1.2: config changed from index -1 to 2, NON_VOTER d78d5453bbda48febb2cabcf4a960d51 (127.25.11.4) added. New config: { opid_index: 2 OBSOLETE_local: false peers { permanent_uuid: "307d4c70da9d48c596e50f58cd70ffca" member_type: VOTER last_known_addr { host: "127.25.11.1" port: 43295 } } peers { permanent_uuid: "de26d13a9afc436e83274388f5087435" member_type: VOTER last_known_addr { host: "127.25.11.2" port: 42951 } } peers { permanent_uuid: "b4416b014f68431f8049c43a288c3aaf" member_type: VOTER last_known_addr { host: "127.25.11.3" port: 39843 } attrs { replace: true } } peers { permanent_uuid: "d78d5453bbda48febb2cabcf4a960d51" member_type: NON_VOTER last_known_addr { host: "127.25.11.4" port: 41309 } attrs { promote: true } } }
