I20260608 10:02:14.731155 18756 tablet_bootstrap.cc:492] T 00000000000000000000000000000000 P fcb9b46dd6b54f92be7f952bc2460ef2: No bootstrap required, opened a new log
I20260608 10:02:14.733141 18756 raft_consensus.cc:359] T 00000000000000000000000000000000 P fcb9b46dd6b54f92be7f952bc2460ef2 [term 0 FOLLOWER]: Replica starting. Triggering 0 pending ops. Active config: opid_index: -1 OBSOLETE_local: true peers { permanent_uuid: "fcb9b46dd6b54f92be7f952bc2460ef2" member_type: VOTER }
I20260608 10:02:14.733512 18756 raft_consensus.cc:385] T 00000000000000000000000000000000 P fcb9b46dd6b54f92be7f952bc2460ef2 [term 0 FOLLOWER]: Consensus starting up: Expiring failure detector timer to make a prompt election more likely
I20260608 10:02:14.733690 18756 raft_consensus.cc:740] T 00000000000000000000000000000000 P fcb9b46dd6b54f92be7f952bc2460ef2 [term 0 FOLLOWER]: Becoming Follower/Learner. State: Replica: fcb9b46dd6b54f92be7f952bc2460ef2, State: Initialized, Role: FOLLOWER
I20260608 10:02:14.734308 18756 consensus_queue.cc:260] T 00000000000000000000000000000000 P fcb9b46dd6b54f92be7f952bc2460ef2 [NON_LEADER]: Queue going to NON_LEADER mode. State: All replicated index: 0, Majority replicated index: 0, Committed index: 0, Last appended: 0.0, Last appended by leader: 0, Current term: 0, Majority size: -1, State: 0, Mode: NON_LEADER, active raft config: opid_index: -1 OBSOLETE_local: true peers { permanent_uuid: "fcb9b46dd6b54f92be7f952bc2460ef2" member_type: VOTER }
I20260608 10:02:14.734740 18756 raft_consensus.cc:399] T 00000000000000000000000000000000 P fcb9b46dd6b54f92be7f952bc2460ef2 [term 0 FOLLOWER]: Only one voter in the Raft config. Triggering election immediately
I20260608 10:02:14.734930 18756 raft_consensus.cc:493] T 00000000000000000000000000000000 P fcb9b46dd6b54f92be7f952bc2460ef2 [term 0 FOLLOWER]: Starting leader election (initial election of a single-replica configuration)
I20260608 10:02:14.735143 18756 raft_consensus.cc:3060] T 00000000000000000000000000000000 P fcb9b46dd6b54f92be7f952bc2460ef2 [term 0 FOLLOWER]: Advancing to term 1
I20260608 10:02:14.739070 18756 raft_consensus.cc:515] T 00000000000000000000000000000000 P fcb9b46dd6b54f92be7f952bc2460ef2 [term 1 FOLLOWER]: Starting leader election with config: opid_index: -1 OBSOLETE_local: true peers { permanent_uuid: "fcb9b46dd6b54f92be7f952bc2460ef2" member_type: VOTER }
I20260608 10:02:14.739526 18756 leader_election.cc:304] T 00000000000000000000000000000000 P fcb9b46dd6b54f92be7f952bc2460ef2 [CANDIDATE]: Term 1 election: Election decided. Result: candidate won. Election summary: received 1 responses out of 1 voters: 1 yes votes; 0 no votes. yes voters: fcb9b46dd6b54f92be7f952bc2460ef2; no voters: 
I20260608 10:02:14.740537 18756 leader_election.cc:290] T 00000000000000000000000000000000 P fcb9b46dd6b54f92be7f952bc2460ef2 [CANDIDATE]: Term 1 election: Requested vote from peers 
I20260608 10:02:14.740944 18759 raft_consensus.cc:2804] T 00000000000000000000000000000000 P fcb9b46dd6b54f92be7f952bc2460ef2 [term 1 FOLLOWER]: Leader election won for term 1
I20260608 10:02:14.742272 18759 raft_consensus.cc:697] T 00000000000000000000000000000000 P fcb9b46dd6b54f92be7f952bc2460ef2 [term 1 LEADER]: Becoming Leader. State: Replica: fcb9b46dd6b54f92be7f952bc2460ef2, State: Running, Role: LEADER
I20260608 10:02:14.742956 18759 consensus_queue.cc:237] T 00000000000000000000000000000000 P fcb9b46dd6b54f92be7f952bc2460ef2 [LEADER]: Queue going to LEADER mode. State: All replicated index: 0, Majority replicated index: 0, Committed index: 0, Last appended: 0.0, Last appended by leader: 0, Current term: 1, Majority size: 1, State: 0, Mode: LEADER, active raft config: opid_index: -1 OBSOLETE_local: true peers { permanent_uuid: "fcb9b46dd6b54f92be7f952bc2460ef2" member_type: VOTER }
I20260608 10:02:14.743578 18756 sys_catalog.cc:565] T 00000000000000000000000000000000 P fcb9b46dd6b54f92be7f952bc2460ef2 [sys.catalog]: configured and running, proceeding with master startup.
I20260608 10:02:14.746150 18761 sys_catalog.cc:455] T 00000000000000000000000000000000 P fcb9b46dd6b54f92be7f952bc2460ef2 [sys.catalog]: SysCatalogTable state changed. Reason: New leader fcb9b46dd6b54f92be7f952bc2460ef2. Latest consensus state: current_term: 1 leader_uuid: "fcb9b46dd6b54f92be7f952bc2460ef2" committed_config { opid_index: -1 OBSOLETE_local: true peers { permanent_uuid: "fcb9b46dd6b54f92be7f952bc2460ef2" member_type: VOTER } }
I20260608 10:02:14.746783 18761 sys_catalog.cc:458] T 00000000000000000000000000000000 P fcb9b46dd6b54f92be7f952bc2460ef2 [sys.catalog]: This master's current role is: LEADER
I20260608 10:02:14.746054 18760 sys_catalog.cc:455] T 00000000000000000000000000000000 P fcb9b46dd6b54f92be7f952bc2460ef2 [sys.catalog]: SysCatalogTable state changed. Reason: RaftConsensus started. Latest consensus state: current_term: 1 leader_uuid: "fcb9b46dd6b54f92be7f952bc2460ef2" committed_config { opid_index: -1 OBSOLETE_local: true peers { permanent_uuid: "fcb9b46dd6b54f92be7f952bc2460ef2" member_type: VOTER } }
I20260608 10:02:14.747260 18760 sys_catalog.cc:458] T 00000000000000000000000000000000 P fcb9b46dd6b54f92be7f952bc2460ef2 [sys.catalog]: This master's current role is: LEADER
I20260608 10:02:14.750801 18765 catalog_manager.cc:1510] Loading table and tablet metadata into memory...
I20260608 10:02:14.756068 18765 catalog_manager.cc:1519] Initializing Kudu cluster ID...
I20260608 10:02:14.760674 15814 internal_mini_cluster.cc:184] Waiting to initialize catalog manager on master 0
I20260608 10:02:14.765470 18765 catalog_manager.cc:1382] Generated new cluster ID: f23f09eb3ead4e50a2548f63c965066f
I20260608 10:02:14.765738 18765 catalog_manager.cc:1530] Initializing Kudu internal certificate authority...
I20260608 10:02:14.782105 18765 catalog_manager.cc:1405] Generated new certificate authority record
I20260608 10:02:14.783320 18765 catalog_manager.cc:1539] Loading token signing keys...
I20260608 10:02:14.797006 18765 catalog_manager.cc:6069] T 00000000000000000000000000000000 P fcb9b46dd6b54f92be7f952bc2460ef2: Generated new TSK 0
I20260608 10:02:14.797567 18765 catalog_manager.cc:1549] Initializing in-progress tserver states...
I20260608 10:02:14.827047 15814 file_cache.cc:492] Constructed file cache file cache with capacity 419430
W20260608 10:02:14.832916 18777 instance_detector.cc:116] could not retrieve AWS instance metadata: Network error: curl error: HTTP response code said error: The requested URL returned error: 404
W20260608 10:02:14.834175 18778 instance_detector.cc:116] could not retrieve Azure instance metadata: Network error: curl error: HTTP response code said error: The requested URL returned error: 404
W20260608 10:02:14.835721 18780 instance_detector.cc:116] could not retrieve OpenStack instance metadata: Network error: curl error: HTTP response code said error: The requested URL returned error: 404
I20260608 10:02:14.836416 15814 server_base.cc:1061] running on GCE node
I20260608 10:02:14.837218 15814 hybrid_clock.cc:584] initializing the hybrid clock with 'system_unsync' time source
W20260608 10:02:14.837410 15814 system_unsync_time.cc:38] NTP support is disabled. Clock error bounds will not be accurate. This configuration is not suitable for distributed clusters.
I20260608 10:02:14.837543 15814 hybrid_clock.cc:648] HybridClock initialized: now 1780912934837531 us; error 0 us; skew 500 ppm
I20260608 10:02:14.838050 15814 server_base.cc:861] Flag tcmalloc_max_total_thread_cache_bytes is not working since tcmalloc is not enabled.
I20260608 10:02:14.840160 15814 webserver.cc:533] Webserver started at http://127.15.113.129:37171/ using document root <none> and password file <none>
I20260608 10:02:14.840637 15814 fs_manager.cc:362] Metadata directory not provided
I20260608 10:02:14.840785 15814 fs_manager.cc:368] Using write-ahead log directory (fs_wal_dir) as metadata directory
I20260608 10:02:14.841060 15814 server_base.cc:909] This appears to be a new deployment of Kudu; creating new FS layout
I20260608 10:02:14.842073 15814 fs_manager.cc:1068] Generated new instance metadata in path /tmp/dist-test-taskLqD0P_/test-tmp/auto_rebalancer-test.0.AutoRebalancerTest.RangeAwareRebalancesNewRangeReplicas.1780912856023180-15814-0/minicluster-data/ts-0-root/instance:
uuid: "b6141fae820a43898256504f8c77e966"
format_stamp: "Formatted at 2026-06-08 10:02:14 on dist-test-slave-4k25"
I20260608 10:02:14.846906 15814 fs_manager.cc:696] Time spent creating directory manager: real 0.004s	user 0.005s	sys 0.000s
I20260608 10:02:14.850229 18785 log_block_manager.cc:4031] Time spent loading block containers with low live blocks: real 0.000s	user 0.000s	sys 0.000s
I20260608 10:02:14.851055 15814 fs_manager.cc:730] Time spent opening block manager: real 0.002s	user 0.003s	sys 0.000s
I20260608 10:02:14.851305 15814 fs_manager.cc:647] Opened local filesystem: /tmp/dist-test-taskLqD0P_/test-tmp/auto_rebalancer-test.0.AutoRebalancerTest.RangeAwareRebalancesNewRangeReplicas.1780912856023180-15814-0/minicluster-data/ts-0-root
uuid: "b6141fae820a43898256504f8c77e966"
format_stamp: "Formatted at 2026-06-08 10:02:14 on dist-test-slave-4k25"
I20260608 10:02:14.851536 15814 fs_report.cc:389] FS layout report
--------------------
wal directory: /tmp/dist-test-taskLqD0P_/test-tmp/auto_rebalancer-test.0.AutoRebalancerTest.RangeAwareRebalancesNewRangeReplicas.1780912856023180-15814-0/minicluster-data/ts-0-root
metadata directory: /tmp/dist-test-taskLqD0P_/test-tmp/auto_rebalancer-test.0.AutoRebalancerTest.RangeAwareRebalancesNewRangeReplicas.1780912856023180-15814-0/minicluster-data/ts-0-root
1 data directories: /tmp/dist-test-taskLqD0P_/test-tmp/auto_rebalancer-test.0.AutoRebalancerTest.RangeAwareRebalancesNewRangeReplicas.1780912856023180-15814-0/minicluster-data/ts-0-root/data
Total live blocks: 0
Total live bytes: 0
Total live bytes (after alignment): 0
Total number of LBM containers: 0 (0 full)
Did not check for missing blocks
Did not check for orphaned blocks
Total full LBM containers with extra space: 0 (0 repaired)
Total full LBM container extra space in bytes: 0 (0 repaired)
Total incomplete LBM containers: 0 (0 repaired)
Total LBM partial records: 0 (0 repaired)
Total corrupted LBM metadata records in RocksDB: 0 (0 repaired)
I20260608 10:02:14.880263 15814 rpc_server.cc:225] running with OpenSSL 1.1.1  11 Sep 2018
I20260608 10:02:14.881357 15814 kserver.cc:163] Server-wide thread pool size limit: 3276
I20260608 10:02:14.882761 15814 txn_system_client.cc:432] TxnSystemClient initialization is disabled...
I20260608 10:02:14.885051 15814 ts_tablet_manager.cc:585] Loaded tablet metadata (0 total tablets, 0 live tablets)
I20260608 10:02:14.885267 15814 ts_tablet_manager.cc:531] Time spent load tablet metadata: real 0.000s	user 0.000s	sys 0.000s
I20260608 10:02:14.885537 15814 ts_tablet_manager.cc:616] Registered 0 tablets
I20260608 10:02:14.885712 15814 ts_tablet_manager.cc:595] Time spent register tablets: real 0.000s	user 0.000s	sys 0.000s
I20260608 10:02:14.923380 15814 rpc_server.cc:307] RPC server started. Bound to: 127.15.113.129:41411
I20260608 10:02:14.923514 18847 acceptor_pool.cc:272] collecting diagnostics on the listening RPC socket 127.15.113.129:41411 every 8 connection(s)
I20260608 10:02:14.928499 15814 file_cache.cc:492] Constructed file cache file cache with capacity 419430
W20260608 10:02:14.935932 18852 instance_detector.cc:116] could not retrieve AWS instance metadata: Network error: curl error: HTTP response code said error: The requested URL returned error: 404
W20260608 10:02:14.937973 18853 instance_detector.cc:116] could not retrieve Azure instance metadata: Network error: curl error: HTTP response code said error: The requested URL returned error: 404
W20260608 10:02:14.939628 18855 instance_detector.cc:116] could not retrieve OpenStack instance metadata: Network error: curl error: HTTP response code said error: The requested URL returned error: 404
I20260608 10:02:14.940575 15814 server_base.cc:1061] running on GCE node
I20260608 10:02:14.941391 18848 heartbeater.cc:344] Connected to a master server at 127.15.113.190:35659
I20260608 10:02:14.941443 15814 hybrid_clock.cc:584] initializing the hybrid clock with 'system_unsync' time source
W20260608 10:02:14.941829 15814 system_unsync_time.cc:38] NTP support is disabled. Clock error bounds will not be accurate. This configuration is not suitable for distributed clusters.
I20260608 10:02:14.941859 18848 heartbeater.cc:461] Registering TS with master...
I20260608 10:02:14.942128 15814 hybrid_clock.cc:648] HybridClock initialized: now 1780912934942108 us; error 0 us; skew 500 ppm
I20260608 10:02:14.942723 18848 heartbeater.cc:507] Master 127.15.113.190:35659 requested a full tablet report, sending...
I20260608 10:02:14.942778 15814 server_base.cc:861] Flag tcmalloc_max_total_thread_cache_bytes is not working since tcmalloc is not enabled.
I20260608 10:02:14.945171 18721 ts_manager.cc:194] Registered new tserver with Master: b6141fae820a43898256504f8c77e966 (127.15.113.129:41411)
I20260608 10:02:14.945771 15814 webserver.cc:533] Webserver started at http://127.15.113.130:36895/ using document root <none> and password file <none>
I20260608 10:02:14.946317 15814 fs_manager.cc:362] Metadata directory not provided
I20260608 10:02:14.946523 15814 fs_manager.cc:368] Using write-ahead log directory (fs_wal_dir) as metadata directory
I20260608 10:02:14.946810 15814 server_base.cc:909] This appears to be a new deployment of Kudu; creating new FS layout
I20260608 10:02:14.947213 18721 master_service.cc:502] Signed X509 certificate for tserver {username='slave'} at 127.0.0.1:48658
I20260608 10:02:14.947912 15814 fs_manager.cc:1068] Generated new instance metadata in path /tmp/dist-test-taskLqD0P_/test-tmp/auto_rebalancer-test.0.AutoRebalancerTest.RangeAwareRebalancesNewRangeReplicas.1780912856023180-15814-0/minicluster-data/ts-1-root/instance:
uuid: "35c29f49b1ca40eaa2ac0f308a46c1cc"
format_stamp: "Formatted at 2026-06-08 10:02:14 on dist-test-slave-4k25"
I20260608 10:02:14.952358 15814 fs_manager.cc:696] Time spent creating directory manager: real 0.004s	user 0.001s	sys 0.005s
I20260608 10:02:14.955681 18860 log_block_manager.cc:4031] Time spent loading block containers with low live blocks: real 0.000s	user 0.000s	sys 0.000s
I20260608 10:02:14.956471 15814 fs_manager.cc:730] Time spent opening block manager: real 0.002s	user 0.002s	sys 0.000s
I20260608 10:02:14.956802 15814 fs_manager.cc:647] Opened local filesystem: /tmp/dist-test-taskLqD0P_/test-tmp/auto_rebalancer-test.0.AutoRebalancerTest.RangeAwareRebalancesNewRangeReplicas.1780912856023180-15814-0/minicluster-data/ts-1-root
uuid: "35c29f49b1ca40eaa2ac0f308a46c1cc"
format_stamp: "Formatted at 2026-06-08 10:02:14 on dist-test-slave-4k25"
I20260608 10:02:14.957111 15814 fs_report.cc:389] FS layout report
--------------------
wal directory: /tmp/dist-test-taskLqD0P_/test-tmp/auto_rebalancer-test.0.AutoRebalancerTest.RangeAwareRebalancesNewRangeReplicas.1780912856023180-15814-0/minicluster-data/ts-1-root
metadata directory: /tmp/dist-test-taskLqD0P_/test-tmp/auto_rebalancer-test.0.AutoRebalancerTest.RangeAwareRebalancesNewRangeReplicas.1780912856023180-15814-0/minicluster-data/ts-1-root
1 data directories: /tmp/dist-test-taskLqD0P_/test-tmp/auto_rebalancer-test.0.AutoRebalancerTest.RangeAwareRebalancesNewRangeReplicas.1780912856023180-15814-0/minicluster-data/ts-1-root/data
Total live blocks: 0
Total live bytes: 0
Total live bytes (after alignment): 0
Total number of LBM containers: 0 (0 full)
Did not check for missing blocks
Did not check for orphaned blocks
Total full LBM containers with extra space: 0 (0 repaired)
Total full LBM container extra space in bytes: 0 (0 repaired)
Total incomplete LBM containers: 0 (0 repaired)
Total LBM partial records: 0 (0 repaired)
Total corrupted LBM metadata records in RocksDB: 0 (0 repaired)
I20260608 10:02:14.977010 15814 rpc_server.cc:225] running with OpenSSL 1.1.1  11 Sep 2018
I20260608 10:02:14.977972 15814 kserver.cc:163] Server-wide thread pool size limit: 3276
I20260608 10:02:14.979238 15814 txn_system_client.cc:432] TxnSystemClient initialization is disabled...
I20260608 10:02:14.981467 15814 ts_tablet_manager.cc:585] Loaded tablet metadata (0 total tablets, 0 live tablets)
I20260608 10:02:14.981642 15814 ts_tablet_manager.cc:531] Time spent load tablet metadata: real 0.000s	user 0.000s	sys 0.000s
I20260608 10:02:14.981936 15814 ts_tablet_manager.cc:616] Registered 0 tablets
I20260608 10:02:14.982100 15814 ts_tablet_manager.cc:595] Time spent register tablets: real 0.000s	user 0.000s	sys 0.000s
I20260608 10:02:15.017665 15814 rpc_server.cc:307] RPC server started. Bound to: 127.15.113.130:42029
I20260608 10:02:15.017802 18922 acceptor_pool.cc:272] collecting diagnostics on the listening RPC socket 127.15.113.130:42029 every 8 connection(s)
I20260608 10:02:15.022620 15814 file_cache.cc:492] Constructed file cache file cache with capacity 419430
W20260608 10:02:15.029600 18926 instance_detector.cc:116] could not retrieve AWS instance metadata: Network error: curl error: HTTP response code said error: The requested URL returned error: 404
W20260608 10:02:15.031059 18927 instance_detector.cc:116] could not retrieve Azure instance metadata: Network error: curl error: HTTP response code said error: The requested URL returned error: 404
I20260608 10:02:15.033900 15814 server_base.cc:1061] running on GCE node
W20260608 10:02:15.034637 18929 instance_detector.cc:116] could not retrieve OpenStack instance metadata: Network error: curl error: HTTP response code said error: The requested URL returned error: 404
I20260608 10:02:15.035002 18923 heartbeater.cc:344] Connected to a master server at 127.15.113.190:35659
I20260608 10:02:15.035457 18923 heartbeater.cc:461] Registering TS with master...
I20260608 10:02:15.035679 15814 hybrid_clock.cc:584] initializing the hybrid clock with 'system_unsync' time source
W20260608 10:02:15.035951 15814 system_unsync_time.cc:38] NTP support is disabled. Clock error bounds will not be accurate. This configuration is not suitable for distributed clusters.
I20260608 10:02:15.036157 15814 hybrid_clock.cc:648] HybridClock initialized: now 1780912935036139 us; error 0 us; skew 500 ppm
I20260608 10:02:15.036319 18923 heartbeater.cc:507] Master 127.15.113.190:35659 requested a full tablet report, sending...
I20260608 10:02:15.037003 15814 server_base.cc:861] Flag tcmalloc_max_total_thread_cache_bytes is not working since tcmalloc is not enabled.
I20260608 10:02:15.038720 18721 ts_manager.cc:194] Registered new tserver with Master: 35c29f49b1ca40eaa2ac0f308a46c1cc (127.15.113.130:42029)
I20260608 10:02:15.039536 15814 webserver.cc:533] Webserver started at http://127.15.113.131:46583/ using document root <none> and password file <none>
I20260608 10:02:15.040055 15814 fs_manager.cc:362] Metadata directory not provided
I20260608 10:02:15.040294 15814 fs_manager.cc:368] Using write-ahead log directory (fs_wal_dir) as metadata directory
I20260608 10:02:15.040266 18721 master_service.cc:502] Signed X509 certificate for tserver {username='slave'} at 127.0.0.1:48674
I20260608 10:02:15.040791 15814 server_base.cc:909] This appears to be a new deployment of Kudu; creating new FS layout
I20260608 10:02:15.041993 15814 fs_manager.cc:1068] Generated new instance metadata in path /tmp/dist-test-taskLqD0P_/test-tmp/auto_rebalancer-test.0.AutoRebalancerTest.RangeAwareRebalancesNewRangeReplicas.1780912856023180-15814-0/minicluster-data/ts-2-root/instance:
uuid: "a7eb27601b1c47119455a4dc83c22199"
format_stamp: "Formatted at 2026-06-08 10:02:15 on dist-test-slave-4k25"
I20260608 10:02:15.046397 15814 fs_manager.cc:696] Time spent creating directory manager: real 0.004s	user 0.005s	sys 0.000s
I20260608 10:02:15.049634 18934 log_block_manager.cc:4031] Time spent loading block containers with low live blocks: real 0.000s	user 0.000s	sys 0.000s
I20260608 10:02:15.050347 15814 fs_manager.cc:730] Time spent opening block manager: real 0.002s	user 0.003s	sys 0.000s
I20260608 10:02:15.050628 15814 fs_manager.cc:647] Opened local filesystem: /tmp/dist-test-taskLqD0P_/test-tmp/auto_rebalancer-test.0.AutoRebalancerTest.RangeAwareRebalancesNewRangeReplicas.1780912856023180-15814-0/minicluster-data/ts-2-root
uuid: "a7eb27601b1c47119455a4dc83c22199"
format_stamp: "Formatted at 2026-06-08 10:02:15 on dist-test-slave-4k25"
I20260608 10:02:15.050909 15814 fs_report.cc:389] FS layout report
--------------------
wal directory: /tmp/dist-test-taskLqD0P_/test-tmp/auto_rebalancer-test.0.AutoRebalancerTest.RangeAwareRebalancesNewRangeReplicas.1780912856023180-15814-0/minicluster-data/ts-2-root
metadata directory: /tmp/dist-test-taskLqD0P_/test-tmp/auto_rebalancer-test.0.AutoRebalancerTest.RangeAwareRebalancesNewRangeReplicas.1780912856023180-15814-0/minicluster-data/ts-2-root
1 data directories: /tmp/dist-test-taskLqD0P_/test-tmp/auto_rebalancer-test.0.AutoRebalancerTest.RangeAwareRebalancesNewRangeReplicas.1780912856023180-15814-0/minicluster-data/ts-2-root/data
Total live blocks: 0
Total live bytes: 0
Total live bytes (after alignment): 0
Total number of LBM containers: 0 (0 full)
Did not check for missing blocks
Did not check for orphaned blocks
Total full LBM containers with extra space: 0 (0 repaired)
Total full LBM container extra space in bytes: 0 (0 repaired)
Total incomplete LBM containers: 0 (0 repaired)
Total LBM partial records: 0 (0 repaired)
Total corrupted LBM metadata records in RocksDB: 0 (0 repaired)
I20260608 10:02:15.062024 15814 rpc_server.cc:225] running with OpenSSL 1.1.1  11 Sep 2018
I20260608 10:02:15.063138 15814 kserver.cc:163] Server-wide thread pool size limit: 3276
I20260608 10:02:15.064414 15814 txn_system_client.cc:432] TxnSystemClient initialization is disabled...
I20260608 10:02:15.066650 15814 ts_tablet_manager.cc:585] Loaded tablet metadata (0 total tablets, 0 live tablets)
I20260608 10:02:15.066861 15814 ts_tablet_manager.cc:531] Time spent load tablet metadata: real 0.000s	user 0.000s	sys 0.000s
I20260608 10:02:15.067080 15814 ts_tablet_manager.cc:616] Registered 0 tablets
I20260608 10:02:15.067237 15814 ts_tablet_manager.cc:595] Time spent register tablets: real 0.000s	user 0.000s	sys 0.000s
I20260608 10:02:15.108752 15814 rpc_server.cc:307] RPC server started. Bound to: 127.15.113.131:43381
I20260608 10:02:15.108881 18996 acceptor_pool.cc:272] collecting diagnostics on the listening RPC socket 127.15.113.131:43381 every 8 connection(s)
I20260608 10:02:15.121994 18997 heartbeater.cc:344] Connected to a master server at 127.15.113.190:35659
I20260608 10:02:15.122356 18997 heartbeater.cc:461] Registering TS with master...
I20260608 10:02:15.123006 18997 heartbeater.cc:507] Master 127.15.113.190:35659 requested a full tablet report, sending...
I20260608 10:02:15.124873 18721 ts_manager.cc:194] Registered new tserver with Master: a7eb27601b1c47119455a4dc83c22199 (127.15.113.131:43381)
I20260608 10:02:15.125406 15814 internal_mini_cluster.cc:371] 3 TS(s) registered with all masters after 0.013317132s
I20260608 10:02:15.126247 18721 master_service.cc:502] Signed X509 certificate for tserver {username='slave'} at 127.0.0.1:48690
I20260608 10:02:15.949690 18848 heartbeater.cc:499] Master 127.15.113.190:35659 was elected leader, sending a full tablet report...
I20260608 10:02:16.042867 18923 heartbeater.cc:499] Master 127.15.113.190:35659 was elected leader, sending a full tablet report...
I20260608 10:02:16.128885 18997 heartbeater.cc:499] Master 127.15.113.190:35659 was elected leader, sending a full tablet report...
I20260608 10:02:16.178148 18721 catalog_manager.cc:2282] Servicing CreateTable request from {username='slave'} at 127.0.0.1:48692:
name: "range_aware_rebalance_new_range"
schema {
  columns {
    name: "key"
    type: INT32
    is_key: true
    is_nullable: false
    encoding: AUTO_ENCODING
    compression: DEFAULT_COMPRESSION
    cfile_block_size: 0
    immutable: false
  }
}
num_replicas: 3
split_rows_range_bounds {
  rows: "\006\001\000\000\000\000\007\001\n\000\000\000""\006\001\000\000\000\000\007\001\n\000\000\000"
  indirect_data: """"
}
partition_schema {
  hash_schema {
    columns {
      name: "key"
    }
    num_buckets: 8
    seed: 0
  }
  range_schema {
    columns {
      name: "key"
    }
  }
}
W20260608 10:02:16.180328 18721 catalog_manager.cc:7076] The number of live tablet servers is not enough to re-replicate a tablet replica of the newly created table range_aware_rebalance_new_range in case of a server failure: 4 tablet servers would be needed, 3 are available. Consider bringing up more tablet servers.
I20260608 10:02:16.245972 18962 tablet_service.cc:1511] Processing CreateTablet for tablet 4864daf76c74472885d0146a6d3e2cd7 (DEFAULT_TABLE table=range_aware_rebalance_new_range [id=81c2c54d18834941aa75b5d4451e4ed5]), partition=HASH (key) PARTITION 0, RANGE (key) PARTITION 0 <= VALUES < 10
I20260608 10:02:16.245972 18956 tablet_service.cc:1511] Processing CreateTablet for tablet 8248b481aff74cbd97e0ac1997aaa074 (DEFAULT_TABLE table=range_aware_rebalance_new_range [id=81c2c54d18834941aa75b5d4451e4ed5]), partition=HASH (key) PARTITION 6, RANGE (key) PARTITION 0 <= VALUES < 10
I20260608 10:02:16.247865 18956 data_dirs.cc:400] Could only allocate 1 dirs of requested 3 for tablet 8248b481aff74cbd97e0ac1997aaa074. 1 dirs total, 0 dirs full, 0 dirs failed
I20260608 10:02:16.248045 18961 tablet_service.cc:1511] Processing CreateTablet for tablet 80cbcb87499f4cdb8404e93a0f887e8f (DEFAULT_TABLE table=range_aware_rebalance_new_range [id=81c2c54d18834941aa75b5d4451e4ed5]), partition=HASH (key) PARTITION 1, RANGE (key) PARTITION 0 <= VALUES < 10
I20260608 10:02:16.249485 18961 data_dirs.cc:400] Could only allocate 1 dirs of requested 3 for tablet 80cbcb87499f4cdb8404e93a0f887e8f. 1 dirs total, 0 dirs full, 0 dirs failed
I20260608 10:02:16.250145 18962 data_dirs.cc:400] Could only allocate 1 dirs of requested 3 for tablet 4864daf76c74472885d0146a6d3e2cd7. 1 dirs total, 0 dirs full, 0 dirs failed
I20260608 10:02:16.249766 18957 tablet_service.cc:1511] Processing CreateTablet for tablet b1f83a989042450a89b6a38f3413c2f7 (DEFAULT_TABLE table=range_aware_rebalance_new_range [id=81c2c54d18834941aa75b5d4451e4ed5]), partition=HASH (key) PARTITION 5, RANGE (key) PARTITION 0 <= VALUES < 10
I20260608 10:02:16.251224 18957 data_dirs.cc:400] Could only allocate 1 dirs of requested 3 for tablet b1f83a989042450a89b6a38f3413c2f7. 1 dirs total, 0 dirs full, 0 dirs failed
I20260608 10:02:16.253520 18958 tablet_service.cc:1511] Processing CreateTablet for tablet 9d7e383aaa3d48aaa5b8b9d435def543 (DEFAULT_TABLE table=range_aware_rebalance_new_range [id=81c2c54d18834941aa75b5d4451e4ed5]), partition=HASH (key) PARTITION 4, RANGE (key) PARTITION 0 <= VALUES < 10
I20260608 10:02:16.255633 18959 tablet_service.cc:1511] Processing CreateTablet for tablet de9b537c08b74eb38ebef92172b2e81b (DEFAULT_TABLE table=range_aware_rebalance_new_range [id=81c2c54d18834941aa75b5d4451e4ed5]), partition=HASH (key) PARTITION 3, RANGE (key) PARTITION 0 <= VALUES < 10
I20260608 10:02:16.257784 18960 tablet_service.cc:1511] Processing CreateTablet for tablet cfb0124ad84245aa95f663720954fd3f (DEFAULT_TABLE table=range_aware_rebalance_new_range [id=81c2c54d18834941aa75b5d4451e4ed5]), partition=HASH (key) PARTITION 2, RANGE (key) PARTITION 0 <= VALUES < 10
I20260608 10:02:16.260757 18955 tablet_service.cc:1511] Processing CreateTablet for tablet ca9ca05efbdd4f61bc5898143ad53524 (DEFAULT_TABLE table=range_aware_rebalance_new_range [id=81c2c54d18834941aa75b5d4451e4ed5]), partition=HASH (key) PARTITION 7, RANGE (key) PARTITION 0 <= VALUES < 10
I20260608 10:02:16.262163 18955 data_dirs.cc:400] Could only allocate 1 dirs of requested 3 for tablet ca9ca05efbdd4f61bc5898143ad53524. 1 dirs total, 0 dirs full, 0 dirs failed
I20260608 10:02:16.262826 18959 data_dirs.cc:400] Could only allocate 1 dirs of requested 3 for tablet de9b537c08b74eb38ebef92172b2e81b. 1 dirs total, 0 dirs full, 0 dirs failed
I20260608 10:02:16.264629 18813 tablet_service.cc:1511] Processing CreateTablet for tablet 4864daf76c74472885d0146a6d3e2cd7 (DEFAULT_TABLE table=range_aware_rebalance_new_range [id=81c2c54d18834941aa75b5d4451e4ed5]), partition=HASH (key) PARTITION 0, RANGE (key) PARTITION 0 <= VALUES < 10
I20260608 10:02:16.264971 18812 tablet_service.cc:1511] Processing CreateTablet for tablet 80cbcb87499f4cdb8404e93a0f887e8f (DEFAULT_TABLE table=range_aware_rebalance_new_range [id=81c2c54d18834941aa75b5d4451e4ed5]), partition=HASH (key) PARTITION 1, RANGE (key) PARTITION 0 <= VALUES < 10
I20260608 10:02:16.266116 18813 data_dirs.cc:400] Could only allocate 1 dirs of requested 3 for tablet 4864daf76c74472885d0146a6d3e2cd7. 1 dirs total, 0 dirs full, 0 dirs failed
I20260608 10:02:16.267117 18811 tablet_service.cc:1511] Processing CreateTablet for tablet cfb0124ad84245aa95f663720954fd3f (DEFAULT_TABLE table=range_aware_rebalance_new_range [id=81c2c54d18834941aa75b5d4451e4ed5]), partition=HASH (key) PARTITION 2, RANGE (key) PARTITION 0 <= VALUES < 10
I20260608 10:02:16.267431 18806 tablet_service.cc:1511] Processing CreateTablet for tablet ca9ca05efbdd4f61bc5898143ad53524 (DEFAULT_TABLE table=range_aware_rebalance_new_range [id=81c2c54d18834941aa75b5d4451e4ed5]), partition=HASH (key) PARTITION 7, RANGE (key) PARTITION 0 <= VALUES < 10
I20260608 10:02:16.268600 18811 data_dirs.cc:400] Could only allocate 1 dirs of requested 3 for tablet cfb0124ad84245aa95f663720954fd3f. 1 dirs total, 0 dirs full, 0 dirs failed
I20260608 10:02:16.268486 18809 tablet_service.cc:1511] Processing CreateTablet for tablet 9d7e383aaa3d48aaa5b8b9d435def543 (DEFAULT_TABLE table=range_aware_rebalance_new_range [id=81c2c54d18834941aa75b5d4451e4ed5]), partition=HASH (key) PARTITION 4, RANGE (key) PARTITION 0 <= VALUES < 10
I20260608 10:02:16.267454 18810 tablet_service.cc:1511] Processing CreateTablet for tablet de9b537c08b74eb38ebef92172b2e81b (DEFAULT_TABLE table=range_aware_rebalance_new_range [id=81c2c54d18834941aa75b5d4451e4ed5]), partition=HASH (key) PARTITION 3, RANGE (key) PARTITION 0 <= VALUES < 10
I20260608 10:02:16.270258 18810 data_dirs.cc:400] Could only allocate 1 dirs of requested 3 for tablet de9b537c08b74eb38ebef92172b2e81b. 1 dirs total, 0 dirs full, 0 dirs failed
I20260608 10:02:16.270714 18808 tablet_service.cc:1511] Processing CreateTablet for tablet b1f83a989042450a89b6a38f3413c2f7 (DEFAULT_TABLE table=range_aware_rebalance_new_range [id=81c2c54d18834941aa75b5d4451e4ed5]), partition=HASH (key) PARTITION 5, RANGE (key) PARTITION 0 <= VALUES < 10
I20260608 10:02:16.272037 18808 data_dirs.cc:400] Could only allocate 1 dirs of requested 3 for tablet b1f83a989042450a89b6a38f3413c2f7. 1 dirs total, 0 dirs full, 0 dirs failed
I20260608 10:02:16.273911 18807 tablet_service.cc:1511] Processing CreateTablet for tablet 8248b481aff74cbd97e0ac1997aaa074 (DEFAULT_TABLE table=range_aware_rebalance_new_range [id=81c2c54d18834941aa75b5d4451e4ed5]), partition=HASH (key) PARTITION 6, RANGE (key) PARTITION 0 <= VALUES < 10
I20260608 10:02:16.275286 18807 data_dirs.cc:400] Could only allocate 1 dirs of requested 3 for tablet 8248b481aff74cbd97e0ac1997aaa074. 1 dirs total, 0 dirs full, 0 dirs failed
I20260608 10:02:16.277237 18812 data_dirs.cc:400] Could only allocate 1 dirs of requested 3 for tablet 80cbcb87499f4cdb8404e93a0f887e8f. 1 dirs total, 0 dirs full, 0 dirs failed
I20260608 10:02:16.277802 18958 data_dirs.cc:400] Could only allocate 1 dirs of requested 3 for tablet 9d7e383aaa3d48aaa5b8b9d435def543. 1 dirs total, 0 dirs full, 0 dirs failed
I20260608 10:02:16.279430 18809 data_dirs.cc:400] Could only allocate 1 dirs of requested 3 for tablet 9d7e383aaa3d48aaa5b8b9d435def543. 1 dirs total, 0 dirs full, 0 dirs failed
I20260608 10:02:16.281649 18806 data_dirs.cc:400] Could only allocate 1 dirs of requested 3 for tablet ca9ca05efbdd4f61bc5898143ad53524. 1 dirs total, 0 dirs full, 0 dirs failed
I20260608 10:02:16.282744 18960 data_dirs.cc:400] Could only allocate 1 dirs of requested 3 for tablet cfb0124ad84245aa95f663720954fd3f. 1 dirs total, 0 dirs full, 0 dirs failed
I20260608 10:02:16.283363 18888 tablet_service.cc:1511] Processing CreateTablet for tablet 4864daf76c74472885d0146a6d3e2cd7 (DEFAULT_TABLE table=range_aware_rebalance_new_range [id=81c2c54d18834941aa75b5d4451e4ed5]), partition=HASH (key) PARTITION 0, RANGE (key) PARTITION 0 <= VALUES < 10
I20260608 10:02:16.285948 18887 tablet_service.cc:1511] Processing CreateTablet for tablet 80cbcb87499f4cdb8404e93a0f887e8f (DEFAULT_TABLE table=range_aware_rebalance_new_range [id=81c2c54d18834941aa75b5d4451e4ed5]), partition=HASH (key) PARTITION 1, RANGE (key) PARTITION 0 <= VALUES < 10
I20260608 10:02:16.288095 18886 tablet_service.cc:1511] Processing CreateTablet for tablet cfb0124ad84245aa95f663720954fd3f (DEFAULT_TABLE table=range_aware_rebalance_new_range [id=81c2c54d18834941aa75b5d4451e4ed5]), partition=HASH (key) PARTITION 2, RANGE (key) PARTITION 0 <= VALUES < 10
I20260608 10:02:16.289995 18885 tablet_service.cc:1511] Processing CreateTablet for tablet de9b537c08b74eb38ebef92172b2e81b (DEFAULT_TABLE table=range_aware_rebalance_new_range [id=81c2c54d18834941aa75b5d4451e4ed5]), partition=HASH (key) PARTITION 3, RANGE (key) PARTITION 0 <= VALUES < 10
I20260608 10:02:16.291836 18884 tablet_service.cc:1511] Processing CreateTablet for tablet 9d7e383aaa3d48aaa5b8b9d435def543 (DEFAULT_TABLE table=range_aware_rebalance_new_range [id=81c2c54d18834941aa75b5d4451e4ed5]), partition=HASH (key) PARTITION 4, RANGE (key) PARTITION 0 <= VALUES < 10
I20260608 10:02:16.293637 18883 tablet_service.cc:1511] Processing CreateTablet for tablet b1f83a989042450a89b6a38f3413c2f7 (DEFAULT_TABLE table=range_aware_rebalance_new_range [id=81c2c54d18834941aa75b5d4451e4ed5]), partition=HASH (key) PARTITION 5, RANGE (key) PARTITION 0 <= VALUES < 10
I20260608 10:02:16.295495 18882 tablet_service.cc:1511] Processing CreateTablet for tablet 8248b481aff74cbd97e0ac1997aaa074 (DEFAULT_TABLE table=range_aware_rebalance_new_range [id=81c2c54d18834941aa75b5d4451e4ed5]), partition=HASH (key) PARTITION 6, RANGE (key) PARTITION 0 <= VALUES < 10
I20260608 10:02:16.297436 18881 tablet_service.cc:1511] Processing CreateTablet for tablet ca9ca05efbdd4f61bc5898143ad53524 (DEFAULT_TABLE table=range_aware_rebalance_new_range [id=81c2c54d18834941aa75b5d4451e4ed5]), partition=HASH (key) PARTITION 7, RANGE (key) PARTITION 0 <= VALUES < 10
I20260608 10:02:16.284765 18888 data_dirs.cc:400] Could only allocate 1 dirs of requested 3 for tablet 4864daf76c74472885d0146a6d3e2cd7. 1 dirs total, 0 dirs full, 0 dirs failed
I20260608 10:02:16.309356 18885 data_dirs.cc:400] Could only allocate 1 dirs of requested 3 for tablet de9b537c08b74eb38ebef92172b2e81b. 1 dirs total, 0 dirs full, 0 dirs failed
I20260608 10:02:16.313241 18882 data_dirs.cc:400] Could only allocate 1 dirs of requested 3 for tablet 8248b481aff74cbd97e0ac1997aaa074. 1 dirs total, 0 dirs full, 0 dirs failed
I20260608 10:02:16.315243 18881 data_dirs.cc:400] Could only allocate 1 dirs of requested 3 for tablet ca9ca05efbdd4f61bc5898143ad53524. 1 dirs total, 0 dirs full, 0 dirs failed
I20260608 10:02:16.321233 18887 data_dirs.cc:400] Could only allocate 1 dirs of requested 3 for tablet 80cbcb87499f4cdb8404e93a0f887e8f. 1 dirs total, 0 dirs full, 0 dirs failed
I20260608 10:02:16.325275 18884 data_dirs.cc:400] Could only allocate 1 dirs of requested 3 for tablet 9d7e383aaa3d48aaa5b8b9d435def543. 1 dirs total, 0 dirs full, 0 dirs failed
I20260608 10:02:16.329242 18883 data_dirs.cc:400] Could only allocate 1 dirs of requested 3 for tablet b1f83a989042450a89b6a38f3413c2f7. 1 dirs total, 0 dirs full, 0 dirs failed
I20260608 10:02:16.333319 18886 data_dirs.cc:400] Could only allocate 1 dirs of requested 3 for tablet cfb0124ad84245aa95f663720954fd3f. 1 dirs total, 0 dirs full, 0 dirs failed
I20260608 10:02:16.354205 19017 tablet_bootstrap.cc:492] T de9b537c08b74eb38ebef92172b2e81b P b6141fae820a43898256504f8c77e966: Bootstrap starting.
I20260608 10:02:16.364063 19017 tablet_bootstrap.cc:654] T de9b537c08b74eb38ebef92172b2e81b P b6141fae820a43898256504f8c77e966: Neither blocks nor log segments found. Creating new log.
I20260608 10:02:16.370637 19017 tablet_bootstrap.cc:492] T de9b537c08b74eb38ebef92172b2e81b P b6141fae820a43898256504f8c77e966: No bootstrap required, opened a new log
I20260608 10:02:16.371321 19017 ts_tablet_manager.cc:1403] T de9b537c08b74eb38ebef92172b2e81b P b6141fae820a43898256504f8c77e966: Time spent bootstrapping tablet: real 0.017s	user 0.011s	sys 0.000s
I20260608 10:02:16.375108 19017 raft_consensus.cc:359] T de9b537c08b74eb38ebef92172b2e81b P b6141fae820a43898256504f8c77e966 [term 0 FOLLOWER]: Replica starting. Triggering 0 pending ops. Active config: opid_index: -1 OBSOLETE_local: false peers { permanent_uuid: "b6141fae820a43898256504f8c77e966" member_type: VOTER last_known_addr { host: "127.15.113.129" port: 41411 } } peers { permanent_uuid: "35c29f49b1ca40eaa2ac0f308a46c1cc" member_type: VOTER last_known_addr { host: "127.15.113.130" port: 42029 } } peers { permanent_uuid: "a7eb27601b1c47119455a4dc83c22199" member_type: VOTER last_known_addr { host: "127.15.113.131" port: 43381 } }
I20260608 10:02:16.376051 19017 raft_consensus.cc:385] T de9b537c08b74eb38ebef92172b2e81b P b6141fae820a43898256504f8c77e966 [term 0 FOLLOWER]: Consensus starting up: Expiring failure detector timer to make a prompt election more likely
I20260608 10:02:16.376421 19017 raft_consensus.cc:740] T de9b537c08b74eb38ebef92172b2e81b P b6141fae820a43898256504f8c77e966 [term 0 FOLLOWER]: Becoming Follower/Learner. State: Replica: b6141fae820a43898256504f8c77e966, State: Initialized, Role: FOLLOWER
I20260608 10:02:16.380174 19017 consensus_queue.cc:260] T de9b537c08b74eb38ebef92172b2e81b P b6141fae820a43898256504f8c77e966 [NON_LEADER]: Queue going to NON_LEADER mode. State: All replicated index: 0, Majority replicated index: 0, Committed index: 0, Last appended: 0.0, Last appended by leader: 0, Current term: 0, Majority size: -1, State: 0, Mode: NON_LEADER, active raft config: opid_index: -1 OBSOLETE_local: false peers { permanent_uuid: "b6141fae820a43898256504f8c77e966" member_type: VOTER last_known_addr { host: "127.15.113.129" port: 41411 } } peers { permanent_uuid: "35c29f49b1ca40eaa2ac0f308a46c1cc" member_type: VOTER last_known_addr { host: "127.15.113.130" port: 42029 } } peers { permanent_uuid: "a7eb27601b1c47119455a4dc83c22199" member_type: VOTER last_known_addr { host: "127.15.113.131" port: 43381 } }
I20260608 10:02:16.391621 19017 ts_tablet_manager.cc:1434] T de9b537c08b74eb38ebef92172b2e81b P b6141fae820a43898256504f8c77e966: Time spent starting tablet: real 0.020s	user 0.007s	sys 0.006s
I20260608 10:02:16.407253 19017 tablet_bootstrap.cc:492] T 4864daf76c74472885d0146a6d3e2cd7 P b6141fae820a43898256504f8c77e966: Bootstrap starting.
I20260608 10:02:16.418421 19020 tablet_bootstrap.cc:492] T b1f83a989042450a89b6a38f3413c2f7 P 35c29f49b1ca40eaa2ac0f308a46c1cc: Bootstrap starting.
I20260608 10:02:16.425937 19018 tablet_bootstrap.cc:492] T 8248b481aff74cbd97e0ac1997aaa074 P a7eb27601b1c47119455a4dc83c22199: Bootstrap starting.
I20260608 10:02:16.426472 19017 tablet_bootstrap.cc:654] T 4864daf76c74472885d0146a6d3e2cd7 P b6141fae820a43898256504f8c77e966: Neither blocks nor log segments found. Creating new log.
I20260608 10:02:16.427371 19020 tablet_bootstrap.cc:654] T b1f83a989042450a89b6a38f3413c2f7 P 35c29f49b1ca40eaa2ac0f308a46c1cc: Neither blocks nor log segments found. Creating new log.
I20260608 10:02:16.434361 19018 tablet_bootstrap.cc:654] T 8248b481aff74cbd97e0ac1997aaa074 P a7eb27601b1c47119455a4dc83c22199: Neither blocks nor log segments found. Creating new log.
I20260608 10:02:16.439138 19017 tablet_bootstrap.cc:492] T 4864daf76c74472885d0146a6d3e2cd7 P b6141fae820a43898256504f8c77e966: No bootstrap required, opened a new log
I20260608 10:02:16.439640 19017 ts_tablet_manager.cc:1403] T 4864daf76c74472885d0146a6d3e2cd7 P b6141fae820a43898256504f8c77e966: Time spent bootstrapping tablet: real 0.033s	user 0.011s	sys 0.006s
I20260608 10:02:16.440583 19020 tablet_bootstrap.cc:492] T b1f83a989042450a89b6a38f3413c2f7 P 35c29f49b1ca40eaa2ac0f308a46c1cc: No bootstrap required, opened a new log
I20260608 10:02:16.441114 19020 ts_tablet_manager.cc:1403] T b1f83a989042450a89b6a38f3413c2f7 P 35c29f49b1ca40eaa2ac0f308a46c1cc: Time spent bootstrapping tablet: real 0.023s	user 0.009s	sys 0.011s
I20260608 10:02:16.442239 19017 raft_consensus.cc:359] T 4864daf76c74472885d0146a6d3e2cd7 P b6141fae820a43898256504f8c77e966 [term 0 FOLLOWER]: Replica starting. Triggering 0 pending ops. Active config: opid_index: -1 OBSOLETE_local: false peers { permanent_uuid: "35c29f49b1ca40eaa2ac0f308a46c1cc" member_type: VOTER last_known_addr { host: "127.15.113.130" port: 42029 } } peers { permanent_uuid: "a7eb27601b1c47119455a4dc83c22199" member_type: VOTER last_known_addr { host: "127.15.113.131" port: 43381 } } peers { permanent_uuid: "b6141fae820a43898256504f8c77e966" member_type: VOTER last_known_addr { host: "127.15.113.129" port: 41411 } }
I20260608 10:02:16.442777 19017 raft_consensus.cc:385] T 4864daf76c74472885d0146a6d3e2cd7 P b6141fae820a43898256504f8c77e966 [term 0 FOLLOWER]: Consensus starting up: Expiring failure detector timer to make a prompt election more likely
I20260608 10:02:16.442834 19018 tablet_bootstrap.cc:492] T 8248b481aff74cbd97e0ac1997aaa074 P a7eb27601b1c47119455a4dc83c22199: No bootstrap required, opened a new log
I20260608 10:02:16.443053 19017 raft_consensus.cc:740] T 4864daf76c74472885d0146a6d3e2cd7 P b6141fae820a43898256504f8c77e966 [term 0 FOLLOWER]: Becoming Follower/Learner. State: Replica: b6141fae820a43898256504f8c77e966, State: Initialized, Role: FOLLOWER
I20260608 10:02:16.443372 19018 ts_tablet_manager.cc:1403] T 8248b481aff74cbd97e0ac1997aaa074 P a7eb27601b1c47119455a4dc83c22199: Time spent bootstrapping tablet: real 0.018s	user 0.010s	sys 0.003s
I20260608 10:02:16.443907 19017 consensus_queue.cc:260] T 4864daf76c74472885d0146a6d3e2cd7 P b6141fae820a43898256504f8c77e966 [NON_LEADER]: Queue going to NON_LEADER mode. State: All replicated index: 0, Majority replicated index: 0, Committed index: 0, Last appended: 0.0, Last appended by leader: 0, Current term: 0, Majority size: -1, State: 0, Mode: NON_LEADER, active raft config: opid_index: -1 OBSOLETE_local: false peers { permanent_uuid: "35c29f49b1ca40eaa2ac0f308a46c1cc" member_type: VOTER last_known_addr { host: "127.15.113.130" port: 42029 } } peers { permanent_uuid: "a7eb27601b1c47119455a4dc83c22199" member_type: VOTER last_known_addr { host: "127.15.113.131" port: 43381 } } peers { permanent_uuid: "b6141fae820a43898256504f8c77e966" member_type: VOTER last_known_addr { host: "127.15.113.129" port: 41411 } }
I20260608 10:02:16.443753 19020 raft_consensus.cc:359] T b1f83a989042450a89b6a38f3413c2f7 P 35c29f49b1ca40eaa2ac0f308a46c1cc [term 0 FOLLOWER]: Replica starting. Triggering 0 pending ops. Active config: opid_index: -1 OBSOLETE_local: false peers { permanent_uuid: "b6141fae820a43898256504f8c77e966" member_type: VOTER last_known_addr { host: "127.15.113.129" port: 41411 } } peers { permanent_uuid: "35c29f49b1ca40eaa2ac0f308a46c1cc" member_type: VOTER last_known_addr { host: "127.15.113.130" port: 42029 } } peers { permanent_uuid: "a7eb27601b1c47119455a4dc83c22199" member_type: VOTER last_known_addr { host: "127.15.113.131" port: 43381 } }
I20260608 10:02:16.444670 19020 raft_consensus.cc:385] T b1f83a989042450a89b6a38f3413c2f7 P 35c29f49b1ca40eaa2ac0f308a46c1cc [term 0 FOLLOWER]: Consensus starting up: Expiring failure detector timer to make a prompt election more likely
I20260608 10:02:16.444989 19020 raft_consensus.cc:740] T b1f83a989042450a89b6a38f3413c2f7 P 35c29f49b1ca40eaa2ac0f308a46c1cc [term 0 FOLLOWER]: Becoming Follower/Learner. State: Replica: 35c29f49b1ca40eaa2ac0f308a46c1cc, State: Initialized, Role: FOLLOWER
I20260608 10:02:16.445752 19020 consensus_queue.cc:260] T b1f83a989042450a89b6a38f3413c2f7 P 35c29f49b1ca40eaa2ac0f308a46c1cc [NON_LEADER]: Queue going to NON_LEADER mode. State: All replicated index: 0, Majority replicated index: 0, Committed index: 0, Last appended: 0.0, Last appended by leader: 0, Current term: 0, Majority size: -1, State: 0, Mode: NON_LEADER, active raft config: opid_index: -1 OBSOLETE_local: false peers { permanent_uuid: "b6141fae820a43898256504f8c77e966" member_type: VOTER last_known_addr { host: "127.15.113.129" port: 41411 } } peers { permanent_uuid: "35c29f49b1ca40eaa2ac0f308a46c1cc" member_type: VOTER last_known_addr { host: "127.15.113.130" port: 42029 } } peers { permanent_uuid: "a7eb27601b1c47119455a4dc83c22199" member_type: VOTER last_known_addr { host: "127.15.113.131" port: 43381 } }
I20260608 10:02:16.446393 19018 raft_consensus.cc:359] T 8248b481aff74cbd97e0ac1997aaa074 P a7eb27601b1c47119455a4dc83c22199 [term 0 FOLLOWER]: Replica starting. Triggering 0 pending ops. Active config: opid_index: -1 OBSOLETE_local: false peers { permanent_uuid: "b6141fae820a43898256504f8c77e966" member_type: VOTER last_known_addr { host: "127.15.113.129" port: 41411 } } peers { permanent_uuid: "35c29f49b1ca40eaa2ac0f308a46c1cc" member_type: VOTER last_known_addr { host: "127.15.113.130" port: 42029 } } peers { permanent_uuid: "a7eb27601b1c47119455a4dc83c22199" member_type: VOTER last_known_addr { host: "127.15.113.131" port: 43381 } }
I20260608 10:02:16.447731 19018 raft_consensus.cc:385] T 8248b481aff74cbd97e0ac1997aaa074 P a7eb27601b1c47119455a4dc83c22199 [term 0 FOLLOWER]: Consensus starting up: Expiring failure detector timer to make a prompt election more likely
I20260608 10:02:16.448056 19018 raft_consensus.cc:740] T 8248b481aff74cbd97e0ac1997aaa074 P a7eb27601b1c47119455a4dc83c22199 [term 0 FOLLOWER]: Becoming Follower/Learner. State: Replica: a7eb27601b1c47119455a4dc83c22199, State: Initialized, Role: FOLLOWER
I20260608 10:02:16.448655 19020 ts_tablet_manager.cc:1434] T b1f83a989042450a89b6a38f3413c2f7 P 35c29f49b1ca40eaa2ac0f308a46c1cc: Time spent starting tablet: real 0.007s	user 0.006s	sys 0.000s
I20260608 10:02:16.449420 19017 ts_tablet_manager.cc:1434] T 4864daf76c74472885d0146a6d3e2cd7 P b6141fae820a43898256504f8c77e966: Time spent starting tablet: real 0.009s	user 0.006s	sys 0.001s
I20260608 10:02:16.448966 19018 consensus_queue.cc:260] T 8248b481aff74cbd97e0ac1997aaa074 P a7eb27601b1c47119455a4dc83c22199 [NON_LEADER]: Queue going to NON_LEADER mode. State: All replicated index: 0, Majority replicated index: 0, Committed index: 0, Last appended: 0.0, Last appended by leader: 0, Current term: 0, Majority size: -1, State: 0, Mode: NON_LEADER, active raft config: opid_index: -1 OBSOLETE_local: false peers { permanent_uuid: "b6141fae820a43898256504f8c77e966" member_type: VOTER last_known_addr { host: "127.15.113.129" port: 41411 } } peers { permanent_uuid: "35c29f49b1ca40eaa2ac0f308a46c1cc" member_type: VOTER last_known_addr { host: "127.15.113.130" port: 42029 } } peers { permanent_uuid: "a7eb27601b1c47119455a4dc83c22199" member_type: VOTER last_known_addr { host: "127.15.113.131" port: 43381 } }
I20260608 10:02:16.450438 19017 tablet_bootstrap.cc:492] T 9d7e383aaa3d48aaa5b8b9d435def543 P b6141fae820a43898256504f8c77e966: Bootstrap starting.
I20260608 10:02:16.451207 19020 tablet_bootstrap.cc:492] T 4864daf76c74472885d0146a6d3e2cd7 P 35c29f49b1ca40eaa2ac0f308a46c1cc: Bootstrap starting.
I20260608 10:02:16.456830 19017 tablet_bootstrap.cc:654] T 9d7e383aaa3d48aaa5b8b9d435def543 P b6141fae820a43898256504f8c77e966: Neither blocks nor log segments found. Creating new log.
I20260608 10:02:16.458084 19020 tablet_bootstrap.cc:654] T 4864daf76c74472885d0146a6d3e2cd7 P 35c29f49b1ca40eaa2ac0f308a46c1cc: Neither blocks nor log segments found. Creating new log.
I20260608 10:02:16.463090 19017 tablet_bootstrap.cc:492] T 9d7e383aaa3d48aaa5b8b9d435def543 P b6141fae820a43898256504f8c77e966: No bootstrap required, opened a new log
I20260608 10:02:16.463512 19017 ts_tablet_manager.cc:1403] T 9d7e383aaa3d48aaa5b8b9d435def543 P b6141fae820a43898256504f8c77e966: Time spent bootstrapping tablet: real 0.013s	user 0.011s	sys 0.000s
I20260608 10:02:16.464054 19020 tablet_bootstrap.cc:492] T 4864daf76c74472885d0146a6d3e2cd7 P 35c29f49b1ca40eaa2ac0f308a46c1cc: No bootstrap required, opened a new log
I20260608 10:02:16.464537 19020 ts_tablet_manager.cc:1403] T 4864daf76c74472885d0146a6d3e2cd7 P 35c29f49b1ca40eaa2ac0f308a46c1cc: Time spent bootstrapping tablet: real 0.014s	user 0.007s	sys 0.005s
I20260608 10:02:16.467747 19020 raft_consensus.cc:359] T 4864daf76c74472885d0146a6d3e2cd7 P 35c29f49b1ca40eaa2ac0f308a46c1cc [term 0 FOLLOWER]: Replica starting. Triggering 0 pending ops. Active config: opid_index: -1 OBSOLETE_local: false peers { permanent_uuid: "35c29f49b1ca40eaa2ac0f308a46c1cc" member_type: VOTER last_known_addr { host: "127.15.113.130" port: 42029 } } peers { permanent_uuid: "a7eb27601b1c47119455a4dc83c22199" member_type: VOTER last_known_addr { host: "127.15.113.131" port: 43381 } } peers { permanent_uuid: "b6141fae820a43898256504f8c77e966" member_type: VOTER last_known_addr { host: "127.15.113.129" port: 41411 } }
I20260608 10:02:16.468662 19020 raft_consensus.cc:385] T 4864daf76c74472885d0146a6d3e2cd7 P 35c29f49b1ca40eaa2ac0f308a46c1cc [term 0 FOLLOWER]: Consensus starting up: Expiring failure detector timer to make a prompt election more likely
I20260608 10:02:16.469059 19020 raft_consensus.cc:740] T 4864daf76c74472885d0146a6d3e2cd7 P 35c29f49b1ca40eaa2ac0f308a46c1cc [term 0 FOLLOWER]: Becoming Follower/Learner. State: Replica: 35c29f49b1ca40eaa2ac0f308a46c1cc, State: Initialized, Role: FOLLOWER
I20260608 10:02:16.470323 19018 ts_tablet_manager.cc:1434] T 8248b481aff74cbd97e0ac1997aaa074 P a7eb27601b1c47119455a4dc83c22199: Time spent starting tablet: real 0.027s	user 0.011s	sys 0.004s
