I20260608 09:48:37.656479  5743 ts_tablet_manager.cc:1434] T aafec684be014f25babe600341d18b03 P 8feb9636e71b44e2b60e0af79f92ad5c: Time spent starting tablet: real 0.010s	user 0.003s	sys 0.003s
I20260608 09:48:37.657521  5743 tablet_bootstrap.cc:492] T ea110c7b34e24261aff871046000ec97 P 8feb9636e71b44e2b60e0af79f92ad5c: Bootstrap starting.
I20260608 09:48:37.659803  5745 tablet_bootstrap.cc:654] T 2a2de90845bd40a089f3d7e4eb38e3bc P 2ee4f8bdbd2848ee8010bfb5b3552fca: Neither blocks nor log segments found. Creating new log.
I20260608 09:48:37.664623  5744 tablet_bootstrap.cc:492] T 2a2de90845bd40a089f3d7e4eb38e3bc P db1644e58e104c8c841c2aa54a59b895: Bootstrap starting.
I20260608 09:48:37.667471  5743 tablet_bootstrap.cc:654] T ea110c7b34e24261aff871046000ec97 P 8feb9636e71b44e2b60e0af79f92ad5c: Neither blocks nor log segments found. Creating new log.
I20260608 09:48:37.678151  5744 tablet_bootstrap.cc:654] T 2a2de90845bd40a089f3d7e4eb38e3bc P db1644e58e104c8c841c2aa54a59b895: Neither blocks nor log segments found. Creating new log.
I20260608 09:48:37.682261  5756 raft_consensus.cc:493] T 22dca360fe4f4b23b6324b7a3cf2d57e P db1644e58e104c8c841c2aa54a59b895 [term 0 FOLLOWER]: Starting pre-election (no leader contacted us within the election timeout)
I20260608 09:48:37.682888  5753 raft_consensus.cc:493] T dd867a0bc75844a5bed7fe533dde78bf P 2ee4f8bdbd2848ee8010bfb5b3552fca [term 0 FOLLOWER]: Starting pre-election (no leader contacted us within the election timeout)
I20260608 09:48:37.683022  5756 raft_consensus.cc:515] T 22dca360fe4f4b23b6324b7a3cf2d57e P db1644e58e104c8c841c2aa54a59b895 [term 0 FOLLOWER]: Starting pre-election with config: opid_index: -1 OBSOLETE_local: false peers { permanent_uuid: "8feb9636e71b44e2b60e0af79f92ad5c" member_type: VOTER last_known_addr { host: "127.2.120.129" port: 37207 } } peers { permanent_uuid: "db1644e58e104c8c841c2aa54a59b895" member_type: VOTER last_known_addr { host: "127.2.120.130" port: 45557 } } peers { permanent_uuid: "2ee4f8bdbd2848ee8010bfb5b3552fca" member_type: VOTER last_known_addr { host: "127.2.120.131" port: 46069 } }
I20260608 09:48:37.683440  5753 raft_consensus.cc:515] T dd867a0bc75844a5bed7fe533dde78bf P 2ee4f8bdbd2848ee8010bfb5b3552fca [term 0 FOLLOWER]: Starting pre-election with config: opid_index: -1 OBSOLETE_local: false peers { permanent_uuid: "db1644e58e104c8c841c2aa54a59b895" member_type: VOTER last_known_addr { host: "127.2.120.130" port: 45557 } } peers { permanent_uuid: "2ee4f8bdbd2848ee8010bfb5b3552fca" member_type: VOTER last_known_addr { host: "127.2.120.131" port: 46069 } } peers { permanent_uuid: "8feb9636e71b44e2b60e0af79f92ad5c" member_type: VOTER last_known_addr { host: "127.2.120.129" port: 37207 } }
I20260608 09:48:37.686250  5753 leader_election.cc:290] T dd867a0bc75844a5bed7fe533dde78bf P 2ee4f8bdbd2848ee8010bfb5b3552fca [CANDIDATE]: Term 1 pre-election: Requested pre-vote from peers db1644e58e104c8c841c2aa54a59b895 (127.2.120.130:45557), 8feb9636e71b44e2b60e0af79f92ad5c (127.2.120.129:37207)
I20260608 09:48:37.687222  5748 leader_election.cc:290] T a69d9aaa24b24762a71e1b65e6bf3a50 P db1644e58e104c8c841c2aa54a59b895 [CANDIDATE]: Term 1 pre-election: Requested pre-vote from peers 8feb9636e71b44e2b60e0af79f92ad5c (127.2.120.129:37207), 2ee4f8bdbd2848ee8010bfb5b3552fca (127.2.120.131:46069)
I20260608 09:48:37.693740  5745 tablet_bootstrap.cc:492] T 2a2de90845bd40a089f3d7e4eb38e3bc P 2ee4f8bdbd2848ee8010bfb5b3552fca: No bootstrap required, opened a new log
I20260608 09:48:37.694368  5745 ts_tablet_manager.cc:1403] T 2a2de90845bd40a089f3d7e4eb38e3bc P 2ee4f8bdbd2848ee8010bfb5b3552fca: Time spent bootstrapping tablet: real 0.042s	user 0.022s	sys 0.015s
I20260608 09:48:37.697685  5745 raft_consensus.cc:359] T 2a2de90845bd40a089f3d7e4eb38e3bc P 2ee4f8bdbd2848ee8010bfb5b3552fca [term 0 FOLLOWER]: Replica starting. Triggering 0 pending ops. Active config: opid_index: -1 OBSOLETE_local: false peers { permanent_uuid: "8feb9636e71b44e2b60e0af79f92ad5c" member_type: VOTER last_known_addr { host: "127.2.120.129" port: 37207 } } peers { permanent_uuid: "db1644e58e104c8c841c2aa54a59b895" member_type: VOTER last_known_addr { host: "127.2.120.130" port: 45557 } } peers { permanent_uuid: "2ee4f8bdbd2848ee8010bfb5b3552fca" member_type: VOTER last_known_addr { host: "127.2.120.131" port: 46069 } }
I20260608 09:48:37.687021  5756 leader_election.cc:290] T 22dca360fe4f4b23b6324b7a3cf2d57e P db1644e58e104c8c841c2aa54a59b895 [CANDIDATE]: Term 1 pre-election: Requested pre-vote from peers 8feb9636e71b44e2b60e0af79f92ad5c (127.2.120.129:37207), 2ee4f8bdbd2848ee8010bfb5b3552fca (127.2.120.131:46069)
I20260608 09:48:37.698725  5745 raft_consensus.cc:385] T 2a2de90845bd40a089f3d7e4eb38e3bc P 2ee4f8bdbd2848ee8010bfb5b3552fca [term 0 FOLLOWER]: Consensus starting up: Expiring failure detector timer to make a prompt election more likely
I20260608 09:48:37.699098  5745 raft_consensus.cc:740] T 2a2de90845bd40a089f3d7e4eb38e3bc P 2ee4f8bdbd2848ee8010bfb5b3552fca [term 0 FOLLOWER]: Becoming Follower/Learner. State: Replica: 2ee4f8bdbd2848ee8010bfb5b3552fca, State: Initialized, Role: FOLLOWER
I20260608 09:48:37.699960  5745 consensus_queue.cc:260] T 2a2de90845bd40a089f3d7e4eb38e3bc P 2ee4f8bdbd2848ee8010bfb5b3552fca [NON_LEADER]: Queue going to NON_LEADER mode. State: All replicated index: 0, Majority replicated index: 0, Committed index: 0, Last appended: 0.0, Last appended by leader: 0, Current term: 0, Majority size: -1, State: 0, Mode: NON_LEADER, active raft config: opid_index: -1 OBSOLETE_local: false peers { permanent_uuid: "8feb9636e71b44e2b60e0af79f92ad5c" member_type: VOTER last_known_addr { host: "127.2.120.129" port: 37207 } } peers { permanent_uuid: "db1644e58e104c8c841c2aa54a59b895" member_type: VOTER last_known_addr { host: "127.2.120.130" port: 45557 } } peers { permanent_uuid: "2ee4f8bdbd2848ee8010bfb5b3552fca" member_type: VOTER last_known_addr { host: "127.2.120.131" port: 46069 } }
I20260608 09:48:37.702297  5745 ts_tablet_manager.cc:1434] T 2a2de90845bd40a089f3d7e4eb38e3bc P 2ee4f8bdbd2848ee8010bfb5b3552fca: Time spent starting tablet: real 0.008s	user 0.006s	sys 0.000s
I20260608 09:48:37.703365  5745 tablet_bootstrap.cc:492] T a69d9aaa24b24762a71e1b65e6bf3a50 P 2ee4f8bdbd2848ee8010bfb5b3552fca: Bootstrap starting.
I20260608 09:48:37.704248  5547 tablet_service.cc:1917] Received RequestConsensusVote() RPC: tablet_id: "22dca360fe4f4b23b6324b7a3cf2d57e" candidate_uuid: "db1644e58e104c8c841c2aa54a59b895" candidate_term: 1 candidate_status { last_received { term: 0 index: 0 } } ignore_live_leader: false dest_uuid: "8feb9636e71b44e2b60e0af79f92ad5c" is_pre_election: true
I20260608 09:48:37.704285  5548 tablet_service.cc:1917] Received RequestConsensusVote() RPC: tablet_id: "a69d9aaa24b24762a71e1b65e6bf3a50" candidate_uuid: "db1644e58e104c8c841c2aa54a59b895" candidate_term: 1 candidate_status { last_received { term: 0 index: 0 } } ignore_live_leader: false dest_uuid: "8feb9636e71b44e2b60e0af79f92ad5c" is_pre_election: true
W20260608 09:48:37.708384  5588 leader_election.cc:343] T a69d9aaa24b24762a71e1b65e6bf3a50 P db1644e58e104c8c841c2aa54a59b895 [CANDIDATE]: Term 1 pre-election: Tablet error from VoteRequest() call to peer 8feb9636e71b44e2b60e0af79f92ad5c (127.2.120.129:37207): Illegal state: must be running to vote when last-logged opid is not known
W20260608 09:48:37.709698  5588 leader_election.cc:343] T 22dca360fe4f4b23b6324b7a3cf2d57e P db1644e58e104c8c841c2aa54a59b895 [CANDIDATE]: Term 1 pre-election: Tablet error from VoteRequest() call to peer 8feb9636e71b44e2b60e0af79f92ad5c (127.2.120.129:37207): Illegal state: must be running to vote when last-logged opid is not known
I20260608 09:48:37.712493  5749 raft_consensus.cc:493] T aafec684be014f25babe600341d18b03 P 8feb9636e71b44e2b60e0af79f92ad5c [term 0 FOLLOWER]: Starting pre-election (no leader contacted us within the election timeout)
I20260608 09:48:37.713019  5749 raft_consensus.cc:515] T aafec684be014f25babe600341d18b03 P 8feb9636e71b44e2b60e0af79f92ad5c [term 0 FOLLOWER]: Starting pre-election with config: opid_index: -1 OBSOLETE_local: false peers { permanent_uuid: "8feb9636e71b44e2b60e0af79f92ad5c" member_type: VOTER last_known_addr { host: "127.2.120.129" port: 37207 } } peers { permanent_uuid: "db1644e58e104c8c841c2aa54a59b895" member_type: VOTER last_known_addr { host: "127.2.120.130" port: 45557 } } peers { permanent_uuid: "2ee4f8bdbd2848ee8010bfb5b3552fca" member_type: VOTER last_known_addr { host: "127.2.120.131" port: 46069 } }
I20260608 09:48:37.714702  5745 tablet_bootstrap.cc:654] T a69d9aaa24b24762a71e1b65e6bf3a50 P 2ee4f8bdbd2848ee8010bfb5b3552fca: Neither blocks nor log segments found. Creating new log.
I20260608 09:48:37.717573  5749 leader_election.cc:290] T aafec684be014f25babe600341d18b03 P 8feb9636e71b44e2b60e0af79f92ad5c [CANDIDATE]: Term 1 pre-election: Requested pre-vote from peers db1644e58e104c8c841c2aa54a59b895 (127.2.120.130:45557), 2ee4f8bdbd2848ee8010bfb5b3552fca (127.2.120.131:46069)
I20260608 09:48:37.739068  5698 tablet_service.cc:1917] Received RequestConsensusVote() RPC: tablet_id: "a69d9aaa24b24762a71e1b65e6bf3a50" candidate_uuid: "db1644e58e104c8c841c2aa54a59b895" candidate_term: 1 candidate_status { last_received { term: 0 index: 0 } } ignore_live_leader: false dest_uuid: "2ee4f8bdbd2848ee8010bfb5b3552fca" is_pre_election: true
I20260608 09:48:37.741147  5697 tablet_service.cc:1917] Received RequestConsensusVote() RPC: tablet_id: "22dca360fe4f4b23b6324b7a3cf2d57e" candidate_uuid: "db1644e58e104c8c841c2aa54a59b895" candidate_term: 1 candidate_status { last_received { term: 0 index: 0 } } ignore_live_leader: false dest_uuid: "2ee4f8bdbd2848ee8010bfb5b3552fca" is_pre_election: true
I20260608 09:48:37.743335  5743 tablet_bootstrap.cc:492] T ea110c7b34e24261aff871046000ec97 P 8feb9636e71b44e2b60e0af79f92ad5c: No bootstrap required, opened a new log
W20260608 09:48:37.748077  5586 leader_election.cc:343] T a69d9aaa24b24762a71e1b65e6bf3a50 P db1644e58e104c8c841c2aa54a59b895 [CANDIDATE]: Term 1 pre-election: Tablet error from VoteRequest() call to peer 2ee4f8bdbd2848ee8010bfb5b3552fca (127.2.120.131:46069): Illegal state: must be running to vote when last-logged opid is not known
I20260608 09:48:37.755599  5547 tablet_service.cc:1917] Received RequestConsensusVote() RPC: tablet_id: "dd867a0bc75844a5bed7fe533dde78bf" candidate_uuid: "2ee4f8bdbd2848ee8010bfb5b3552fca" candidate_term: 1 candidate_status { last_received { term: 0 index: 0 } } ignore_live_leader: false dest_uuid: "8feb9636e71b44e2b60e0af79f92ad5c" is_pre_election: true
I20260608 09:48:37.755797  5586 leader_election.cc:304] T a69d9aaa24b24762a71e1b65e6bf3a50 P db1644e58e104c8c841c2aa54a59b895 [CANDIDATE]: Term 1 pre-election: Election decided. Result: candidate lost. Election summary: received 3 responses out of 3 voters: 1 yes votes; 2 no votes. yes voters: db1644e58e104c8c841c2aa54a59b895; no voters: 2ee4f8bdbd2848ee8010bfb5b3552fca, 8feb9636e71b44e2b60e0af79f92ad5c
I20260608 09:48:37.756578  5743 ts_tablet_manager.cc:1403] T ea110c7b34e24261aff871046000ec97 P 8feb9636e71b44e2b60e0af79f92ad5c: Time spent bootstrapping tablet: real 0.099s	user 0.023s	sys 0.008s
I20260608 09:48:37.756769  5756 raft_consensus.cc:2749] T a69d9aaa24b24762a71e1b65e6bf3a50 P db1644e58e104c8c841c2aa54a59b895 [term 0 FOLLOWER]: Leader pre-election lost for term 1. Reason: could not achieve majority
W20260608 09:48:37.757346  5663 leader_election.cc:343] T dd867a0bc75844a5bed7fe533dde78bf P 2ee4f8bdbd2848ee8010bfb5b3552fca [CANDIDATE]: Term 1 pre-election: Tablet error from VoteRequest() call to peer 8feb9636e71b44e2b60e0af79f92ad5c (127.2.120.129:37207): Illegal state: must be running to vote when last-logged opid is not known
W20260608 09:48:37.757759  5586 leader_election.cc:343] T 22dca360fe4f4b23b6324b7a3cf2d57e P db1644e58e104c8c841c2aa54a59b895 [CANDIDATE]: Term 1 pre-election: Tablet error from VoteRequest() call to peer 2ee4f8bdbd2848ee8010bfb5b3552fca (127.2.120.131:46069): Illegal state: must be running to vote when last-logged opid is not known
I20260608 09:48:37.758952  5586 leader_election.cc:304] T 22dca360fe4f4b23b6324b7a3cf2d57e P db1644e58e104c8c841c2aa54a59b895 [CANDIDATE]: Term 1 pre-election: Election decided. Result: candidate lost. Election summary: received 3 responses out of 3 voters: 1 yes votes; 2 no votes. yes voters: db1644e58e104c8c841c2aa54a59b895; no voters: 2ee4f8bdbd2848ee8010bfb5b3552fca, 8feb9636e71b44e2b60e0af79f92ad5c
I20260608 09:48:37.748188  5744 tablet_bootstrap.cc:492] T 2a2de90845bd40a089f3d7e4eb38e3bc P db1644e58e104c8c841c2aa54a59b895: No bootstrap required, opened a new log
I20260608 09:48:37.759820  5756 raft_consensus.cc:2749] T 22dca360fe4f4b23b6324b7a3cf2d57e P db1644e58e104c8c841c2aa54a59b895 [term 0 FOLLOWER]: Leader pre-election lost for term 1. Reason: could not achieve majority
I20260608 09:48:37.760684  5744 ts_tablet_manager.cc:1403] T 2a2de90845bd40a089f3d7e4eb38e3bc P db1644e58e104c8c841c2aa54a59b895: Time spent bootstrapping tablet: real 0.096s	user 0.008s	sys 0.012s
I20260608 09:48:37.762274  5745 tablet_bootstrap.cc:492] T a69d9aaa24b24762a71e1b65e6bf3a50 P 2ee4f8bdbd2848ee8010bfb5b3552fca: No bootstrap required, opened a new log
I20260608 09:48:37.762784  5745 ts_tablet_manager.cc:1403] T a69d9aaa24b24762a71e1b65e6bf3a50 P 2ee4f8bdbd2848ee8010bfb5b3552fca: Time spent bootstrapping tablet: real 0.060s	user 0.007s	sys 0.007s
I20260608 09:48:37.763942  5744 raft_consensus.cc:359] T 2a2de90845bd40a089f3d7e4eb38e3bc P db1644e58e104c8c841c2aa54a59b895 [term 0 FOLLOWER]: Replica starting. Triggering 0 pending ops. Active config: opid_index: -1 OBSOLETE_local: false peers { permanent_uuid: "8feb9636e71b44e2b60e0af79f92ad5c" member_type: VOTER last_known_addr { host: "127.2.120.129" port: 37207 } } peers { permanent_uuid: "db1644e58e104c8c841c2aa54a59b895" member_type: VOTER last_known_addr { host: "127.2.120.130" port: 45557 } } peers { permanent_uuid: "2ee4f8bdbd2848ee8010bfb5b3552fca" member_type: VOTER last_known_addr { host: "127.2.120.131" port: 46069 } }
I20260608 09:48:37.764669  5744 raft_consensus.cc:385] T 2a2de90845bd40a089f3d7e4eb38e3bc P db1644e58e104c8c841c2aa54a59b895 [term 0 FOLLOWER]: Consensus starting up: Expiring failure detector timer to make a prompt election more likely
I20260608 09:48:37.764978  5744 raft_consensus.cc:740] T 2a2de90845bd40a089f3d7e4eb38e3bc P db1644e58e104c8c841c2aa54a59b895 [term 0 FOLLOWER]: Becoming Follower/Learner. State: Replica: db1644e58e104c8c841c2aa54a59b895, State: Initialized, Role: FOLLOWER
I20260608 09:48:37.766211  5624 tablet_service.cc:1917] Received RequestConsensusVote() RPC: tablet_id: "dd867a0bc75844a5bed7fe533dde78bf" candidate_uuid: "2ee4f8bdbd2848ee8010bfb5b3552fca" candidate_term: 1 candidate_status { last_received { term: 0 index: 0 } } ignore_live_leader: false dest_uuid: "db1644e58e104c8c841c2aa54a59b895" is_pre_election: true
I20260608 09:48:37.766247  5745 raft_consensus.cc:359] T a69d9aaa24b24762a71e1b65e6bf3a50 P 2ee4f8bdbd2848ee8010bfb5b3552fca [term 0 FOLLOWER]: Replica starting. Triggering 0 pending ops. Active config: opid_index: -1 OBSOLETE_local: false peers { permanent_uuid: "8feb9636e71b44e2b60e0af79f92ad5c" member_type: VOTER last_known_addr { host: "127.2.120.129" port: 37207 } } peers { permanent_uuid: "db1644e58e104c8c841c2aa54a59b895" member_type: VOTER last_known_addr { host: "127.2.120.130" port: 45557 } } peers { permanent_uuid: "2ee4f8bdbd2848ee8010bfb5b3552fca" member_type: VOTER last_known_addr { host: "127.2.120.131" port: 46069 } }
I20260608 09:48:37.767211  5745 raft_consensus.cc:385] T a69d9aaa24b24762a71e1b65e6bf3a50 P 2ee4f8bdbd2848ee8010bfb5b3552fca [term 0 FOLLOWER]: Consensus starting up: Expiring failure detector timer to make a prompt election more likely
I20260608 09:48:37.767494  5745 raft_consensus.cc:740] T a69d9aaa24b24762a71e1b65e6bf3a50 P 2ee4f8bdbd2848ee8010bfb5b3552fca [term 0 FOLLOWER]: Becoming Follower/Learner. State: Replica: 2ee4f8bdbd2848ee8010bfb5b3552fca, State: Initialized, Role: FOLLOWER
W20260608 09:48:37.767968  5663 leader_election.cc:343] T dd867a0bc75844a5bed7fe533dde78bf P 2ee4f8bdbd2848ee8010bfb5b3552fca [CANDIDATE]: Term 1 pre-election: Tablet error from VoteRequest() call to peer db1644e58e104c8c841c2aa54a59b895 (127.2.120.130:45557): Illegal state: must be running to vote when last-logged opid is not known
I20260608 09:48:37.765969  5743 raft_consensus.cc:359] T ea110c7b34e24261aff871046000ec97 P 8feb9636e71b44e2b60e0af79f92ad5c [term 0 FOLLOWER]: Replica starting. Triggering 0 pending ops. Active config: opid_index: -1 OBSOLETE_local: false peers { permanent_uuid: "8feb9636e71b44e2b60e0af79f92ad5c" member_type: VOTER last_known_addr { host: "127.2.120.129" port: 37207 } } peers { permanent_uuid: "db1644e58e104c8c841c2aa54a59b895" member_type: VOTER last_known_addr { host: "127.2.120.130" port: 45557 } } peers { permanent_uuid: "2ee4f8bdbd2848ee8010bfb5b3552fca" member_type: VOTER last_known_addr { host: "127.2.120.131" port: 46069 } }
I20260608 09:48:37.768426  5663 leader_election.cc:304] T dd867a0bc75844a5bed7fe533dde78bf P 2ee4f8bdbd2848ee8010bfb5b3552fca [CANDIDATE]: Term 1 pre-election: Election decided. Result: candidate lost. Election summary: received 3 responses out of 3 voters: 1 yes votes; 2 no votes. yes voters: 2ee4f8bdbd2848ee8010bfb5b3552fca; no voters: 8feb9636e71b44e2b60e0af79f92ad5c, db1644e58e104c8c841c2aa54a59b895
I20260608 09:48:37.768752  5743 raft_consensus.cc:385] T ea110c7b34e24261aff871046000ec97 P 8feb9636e71b44e2b60e0af79f92ad5c [term 0 FOLLOWER]: Consensus starting up: Expiring failure detector timer to make a prompt election more likely
I20260608 09:48:37.768332  5745 consensus_queue.cc:260] T a69d9aaa24b24762a71e1b65e6bf3a50 P 2ee4f8bdbd2848ee8010bfb5b3552fca [NON_LEADER]: Queue going to NON_LEADER mode. State: All replicated index: 0, Majority replicated index: 0, Committed index: 0, Last appended: 0.0, Last appended by leader: 0, Current term: 0, Majority size: -1, State: 0, Mode: NON_LEADER, active raft config: opid_index: -1 OBSOLETE_local: false peers { permanent_uuid: "8feb9636e71b44e2b60e0af79f92ad5c" member_type: VOTER last_known_addr { host: "127.2.120.129" port: 37207 } } peers { permanent_uuid: "db1644e58e104c8c841c2aa54a59b895" member_type: VOTER last_known_addr { host: "127.2.120.130" port: 45557 } } peers { permanent_uuid: "2ee4f8bdbd2848ee8010bfb5b3552fca" member_type: VOTER last_known_addr { host: "127.2.120.131" port: 46069 } }
I20260608 09:48:37.769061  5743 raft_consensus.cc:740] T ea110c7b34e24261aff871046000ec97 P 8feb9636e71b44e2b60e0af79f92ad5c [term 0 FOLLOWER]: Becoming Follower/Learner. State: Replica: 8feb9636e71b44e2b60e0af79f92ad5c, State: Initialized, Role: FOLLOWER
I20260608 09:48:37.769842  5743 consensus_queue.cc:260] T ea110c7b34e24261aff871046000ec97 P 8feb9636e71b44e2b60e0af79f92ad5c [NON_LEADER]: Queue going to NON_LEADER mode. State: All replicated index: 0, Majority replicated index: 0, Committed index: 0, Last appended: 0.0, Last appended by leader: 0, Current term: 0, Majority size: -1, State: 0, Mode: NON_LEADER, active raft config: opid_index: -1 OBSOLETE_local: false peers { permanent_uuid: "8feb9636e71b44e2b60e0af79f92ad5c" member_type: VOTER last_known_addr { host: "127.2.120.129" port: 37207 } } peers { permanent_uuid: "db1644e58e104c8c841c2aa54a59b895" member_type: VOTER last_known_addr { host: "127.2.120.130" port: 45557 } } peers { permanent_uuid: "2ee4f8bdbd2848ee8010bfb5b3552fca" member_type: VOTER last_known_addr { host: "127.2.120.131" port: 46069 } }
I20260608 09:48:37.770241  5753 raft_consensus.cc:2749] T dd867a0bc75844a5bed7fe533dde78bf P 2ee4f8bdbd2848ee8010bfb5b3552fca [term 0 FOLLOWER]: Leader pre-election lost for term 1. Reason: could not achieve majority
I20260608 09:48:37.771406  5753 raft_consensus.cc:493] T 2a2de90845bd40a089f3d7e4eb38e3bc P 2ee4f8bdbd2848ee8010bfb5b3552fca [term 0 FOLLOWER]: Starting pre-election (no leader contacted us within the election timeout)
I20260608 09:48:37.771484  5624 tablet_service.cc:1917] Received RequestConsensusVote() RPC: tablet_id: "aafec684be014f25babe600341d18b03" candidate_uuid: "8feb9636e71b44e2b60e0af79f92ad5c" candidate_term: 1 candidate_status { last_received { term: 0 index: 0 } } ignore_live_leader: false dest_uuid: "db1644e58e104c8c841c2aa54a59b895" is_pre_election: true
I20260608 09:48:37.772094  5753 raft_consensus.cc:515] T 2a2de90845bd40a089f3d7e4eb38e3bc P 2ee4f8bdbd2848ee8010bfb5b3552fca [term 0 FOLLOWER]: Starting pre-election with config: opid_index: -1 OBSOLETE_local: false peers { permanent_uuid: "8feb9636e71b44e2b60e0af79f92ad5c" member_type: VOTER last_known_addr { host: "127.2.120.129" port: 37207 } } peers { permanent_uuid: "db1644e58e104c8c841c2aa54a59b895" member_type: VOTER last_known_addr { host: "127.2.120.130" port: 45557 } } peers { permanent_uuid: "2ee4f8bdbd2848ee8010bfb5b3552fca" member_type: VOTER last_known_addr { host: "127.2.120.131" port: 46069 } }
W20260608 09:48:37.773036  5513 leader_election.cc:343] T aafec684be014f25babe600341d18b03 P 8feb9636e71b44e2b60e0af79f92ad5c [CANDIDATE]: Term 1 pre-election: Tablet error from VoteRequest() call to peer db1644e58e104c8c841c2aa54a59b895 (127.2.120.130:45557): Illegal state: must be running to vote when last-logged opid is not known
I20260608 09:48:37.774029  5744 consensus_queue.cc:260] T 2a2de90845bd40a089f3d7e4eb38e3bc P db1644e58e104c8c841c2aa54a59b895 [NON_LEADER]: Queue going to NON_LEADER mode. State: All replicated index: 0, Majority replicated index: 0, Committed index: 0, Last appended: 0.0, Last appended by leader: 0, Current term: 0, Majority size: -1, State: 0, Mode: NON_LEADER, active raft config: opid_index: -1 OBSOLETE_local: false peers { permanent_uuid: "8feb9636e71b44e2b60e0af79f92ad5c" member_type: VOTER last_known_addr { host: "127.2.120.129" port: 37207 } } peers { permanent_uuid: "db1644e58e104c8c841c2aa54a59b895" member_type: VOTER last_known_addr { host: "127.2.120.130" port: 45557 } } peers { permanent_uuid: "2ee4f8bdbd2848ee8010bfb5b3552fca" member_type: VOTER last_known_addr { host: "127.2.120.131" port: 46069 } }
I20260608 09:48:37.776700  5744 ts_tablet_manager.cc:1434] T 2a2de90845bd40a089f3d7e4eb38e3bc P db1644e58e104c8c841c2aa54a59b895: Time spent starting tablet: real 0.016s	user 0.006s	sys 0.000s
I20260608 09:48:37.777420  5547 tablet_service.cc:1917] Received RequestConsensusVote() RPC: tablet_id: "2a2de90845bd40a089f3d7e4eb38e3bc" candidate_uuid: "2ee4f8bdbd2848ee8010bfb5b3552fca" candidate_term: 1 candidate_status { last_received { term: 0 index: 0 } } ignore_live_leader: false dest_uuid: "8feb9636e71b44e2b60e0af79f92ad5c" is_pre_election: true
I20260608 09:48:37.777776  5744 tablet_bootstrap.cc:492] T 072801f489fe4c7cac765ef6e04e4650 P db1644e58e104c8c841c2aa54a59b895: Bootstrap starting.
W20260608 09:48:37.778921  5663 leader_election.cc:343] T 2a2de90845bd40a089f3d7e4eb38e3bc P 2ee4f8bdbd2848ee8010bfb5b3552fca [CANDIDATE]: Term 1 pre-election: Tablet error from VoteRequest() call to peer 8feb9636e71b44e2b60e0af79f92ad5c (127.2.120.129:37207): Illegal state: must be running to vote when last-logged opid is not known
I20260608 09:48:37.780299  5697 tablet_service.cc:1917] Received RequestConsensusVote() RPC: tablet_id: "aafec684be014f25babe600341d18b03" candidate_uuid: "8feb9636e71b44e2b60e0af79f92ad5c" candidate_term: 1 candidate_status { last_received { term: 0 index: 0 } } ignore_live_leader: false dest_uuid: "2ee4f8bdbd2848ee8010bfb5b3552fca" is_pre_election: true
W20260608 09:48:37.782559  5511 leader_election.cc:343] T aafec684be014f25babe600341d18b03 P 8feb9636e71b44e2b60e0af79f92ad5c [CANDIDATE]: Term 1 pre-election: Tablet error from VoteRequest() call to peer 2ee4f8bdbd2848ee8010bfb5b3552fca (127.2.120.131:46069): Illegal state: must be running to vote when last-logged opid is not known
I20260608 09:48:37.784910  5744 tablet_bootstrap.cc:654] T 072801f489fe4c7cac765ef6e04e4650 P db1644e58e104c8c841c2aa54a59b895: Neither blocks nor log segments found. Creating new log.
I20260608 09:48:37.785544  5511 leader_election.cc:304] T aafec684be014f25babe600341d18b03 P 8feb9636e71b44e2b60e0af79f92ad5c [CANDIDATE]: Term 1 pre-election: Election decided. Result: candidate lost. Election summary: received 3 responses out of 3 voters: 1 yes votes; 2 no votes. yes voters: 8feb9636e71b44e2b60e0af79f92ad5c; no voters: 2ee4f8bdbd2848ee8010bfb5b3552fca, db1644e58e104c8c841c2aa54a59b895
I20260608 09:48:37.786898  5753 leader_election.cc:290] T 2a2de90845bd40a089f3d7e4eb38e3bc P 2ee4f8bdbd2848ee8010bfb5b3552fca [CANDIDATE]: Term 1 pre-election: Requested pre-vote from peers 8feb9636e71b44e2b60e0af79f92ad5c (127.2.120.129:37207), db1644e58e104c8c841c2aa54a59b895 (127.2.120.130:45557)
I20260608 09:48:37.789072  5749 raft_consensus.cc:2749] T aafec684be014f25babe600341d18b03 P 8feb9636e71b44e2b60e0af79f92ad5c [term 0 FOLLOWER]: Leader pre-election lost for term 1. Reason: could not achieve majority
I20260608 09:48:37.791338  5624 tablet_service.cc:1917] Received RequestConsensusVote() RPC: tablet_id: "2a2de90845bd40a089f3d7e4eb38e3bc" candidate_uuid: "2ee4f8bdbd2848ee8010bfb5b3552fca" candidate_term: 1 candidate_status { last_received { term: 0 index: 0 } } ignore_live_leader: false dest_uuid: "db1644e58e104c8c841c2aa54a59b895" is_pre_election: true
I20260608 09:48:37.791973  5624 raft_consensus.cc:2468] T 2a2de90845bd40a089f3d7e4eb38e3bc P db1644e58e104c8c841c2aa54a59b895 [term 0 FOLLOWER]: Leader pre-election vote request: Granting yes vote for candidate 2ee4f8bdbd2848ee8010bfb5b3552fca in term 0.
I20260608 09:48:37.796335  5663 leader_election.cc:304] T 2a2de90845bd40a089f3d7e4eb38e3bc P 2ee4f8bdbd2848ee8010bfb5b3552fca [CANDIDATE]: Term 1 pre-election: Election decided. Result: candidate won. Election summary: received 3 responses out of 3 voters: 2 yes votes; 1 no votes. yes voters: 2ee4f8bdbd2848ee8010bfb5b3552fca, db1644e58e104c8c841c2aa54a59b895; no voters: 8feb9636e71b44e2b60e0af79f92ad5c
I20260608 09:48:37.797610  5753 raft_consensus.cc:2804] T 2a2de90845bd40a089f3d7e4eb38e3bc P 2ee4f8bdbd2848ee8010bfb5b3552fca [term 0 FOLLOWER]: Leader pre-election won for term 1
I20260608 09:48:37.797976  5753 raft_consensus.cc:493] T 2a2de90845bd40a089f3d7e4eb38e3bc P 2ee4f8bdbd2848ee8010bfb5b3552fca [term 0 FOLLOWER]: Starting leader election (no leader contacted us within the election timeout)
I20260608 09:48:37.798352  5753 raft_consensus.cc:3060] T 2a2de90845bd40a089f3d7e4eb38e3bc P 2ee4f8bdbd2848ee8010bfb5b3552fca [term 0 FOLLOWER]: Advancing to term 1
I20260608 09:48:37.798918  5744 tablet_bootstrap.cc:492] T 072801f489fe4c7cac765ef6e04e4650 P db1644e58e104c8c841c2aa54a59b895: No bootstrap required, opened a new log
I20260608 09:48:37.799475  5744 ts_tablet_manager.cc:1403] T 072801f489fe4c7cac765ef6e04e4650 P db1644e58e104c8c841c2aa54a59b895: Time spent bootstrapping tablet: real 0.022s	user 0.011s	sys 0.007s
I20260608 09:48:37.802613  5744 raft_consensus.cc:359] T 072801f489fe4c7cac765ef6e04e4650 P db1644e58e104c8c841c2aa54a59b895 [term 0 FOLLOWER]: Replica starting. Triggering 0 pending ops. Active config: opid_index: -1 OBSOLETE_local: false peers { permanent_uuid: "8feb9636e71b44e2b60e0af79f92ad5c" member_type: VOTER last_known_addr { host: "127.2.120.129" port: 37207 } } peers { permanent_uuid: "db1644e58e104c8c841c2aa54a59b895" member_type: VOTER last_known_addr { host: "127.2.120.130" port: 45557 } } peers { permanent_uuid: "2ee4f8bdbd2848ee8010bfb5b3552fca" member_type: VOTER last_known_addr { host: "127.2.120.131" port: 46069 } }
I20260608 09:48:37.803449  5744 raft_consensus.cc:385] T 072801f489fe4c7cac765ef6e04e4650 P db1644e58e104c8c841c2aa54a59b895 [term 0 FOLLOWER]: Consensus starting up: Expiring failure detector timer to make a prompt election more likely
I20260608 09:48:37.803781  5744 raft_consensus.cc:740] T 072801f489fe4c7cac765ef6e04e4650 P db1644e58e104c8c841c2aa54a59b895 [term 0 FOLLOWER]: Becoming Follower/Learner. State: Replica: db1644e58e104c8c841c2aa54a59b895, State: Initialized, Role: FOLLOWER
I20260608 09:48:37.804549  5744 consensus_queue.cc:260] T 072801f489fe4c7cac765ef6e04e4650 P db1644e58e104c8c841c2aa54a59b895 [NON_LEADER]: Queue going to NON_LEADER mode. State: All replicated index: 0, Majority replicated index: 0, Committed index: 0, Last appended: 0.0, Last appended by leader: 0, Current term: 0, Majority size: -1, State: 0, Mode: NON_LEADER, active raft config: opid_index: -1 OBSOLETE_local: false peers { permanent_uuid: "8feb9636e71b44e2b60e0af79f92ad5c" member_type: VOTER last_known_addr { host: "127.2.120.129" port: 37207 } } peers { permanent_uuid: "db1644e58e104c8c841c2aa54a59b895" member_type: VOTER last_known_addr { host: "127.2.120.130" port: 45557 } } peers { permanent_uuid: "2ee4f8bdbd2848ee8010bfb5b3552fca" member_type: VOTER last_known_addr { host: "127.2.120.131" port: 46069 } }
I20260608 09:48:37.805716  5753 raft_consensus.cc:515] T 2a2de90845bd40a089f3d7e4eb38e3bc P 2ee4f8bdbd2848ee8010bfb5b3552fca [term 1 FOLLOWER]: Starting leader election with config: opid_index: -1 OBSOLETE_local: false peers { permanent_uuid: "8feb9636e71b44e2b60e0af79f92ad5c" member_type: VOTER last_known_addr { host: "127.2.120.129" port: 37207 } } peers { permanent_uuid: "db1644e58e104c8c841c2aa54a59b895" member_type: VOTER last_known_addr { host: "127.2.120.130" port: 45557 } } peers { permanent_uuid: "2ee4f8bdbd2848ee8010bfb5b3552fca" member_type: VOTER last_known_addr { host: "127.2.120.131" port: 46069 } }
I20260608 09:48:37.807104  5744 ts_tablet_manager.cc:1434] T 072801f489fe4c7cac765ef6e04e4650 P db1644e58e104c8c841c2aa54a59b895: Time spent starting tablet: real 0.007s	user 0.004s	sys 0.004s
I20260608 09:48:37.808058  5744 tablet_bootstrap.cc:492] T 562c10fbd47441839ae263793b2acd82 P db1644e58e104c8c841c2aa54a59b895: Bootstrap starting.
I20260608 09:48:37.810678  5743 ts_tablet_manager.cc:1434] T ea110c7b34e24261aff871046000ec97 P 8feb9636e71b44e2b60e0af79f92ad5c: Time spent starting tablet: real 0.052s	user 0.003s	sys 0.003s
I20260608 09:48:37.814754  5744 tablet_bootstrap.cc:654] T 562c10fbd47441839ae263793b2acd82 P db1644e58e104c8c841c2aa54a59b895: Neither blocks nor log segments found. Creating new log.
I20260608 09:48:37.818248  5743 tablet_bootstrap.cc:492] T dd867a0bc75844a5bed7fe533dde78bf P 8feb9636e71b44e2b60e0af79f92ad5c: Bootstrap starting.
I20260608 09:48:37.826498  5744 tablet_bootstrap.cc:492] T 562c10fbd47441839ae263793b2acd82 P db1644e58e104c8c841c2aa54a59b895: No bootstrap required, opened a new log
I20260608 09:48:37.827064  5744 ts_tablet_manager.cc:1403] T 562c10fbd47441839ae263793b2acd82 P db1644e58e104c8c841c2aa54a59b895: Time spent bootstrapping tablet: real 0.019s	user 0.014s	sys 0.004s
I20260608 09:48:37.829142  5547 tablet_service.cc:1917] Received RequestConsensusVote() RPC: tablet_id: "2a2de90845bd40a089f3d7e4eb38e3bc" candidate_uuid: "2ee4f8bdbd2848ee8010bfb5b3552fca" candidate_term: 1 candidate_status { last_received { term: 0 index: 0 } } ignore_live_leader: false dest_uuid: "8feb9636e71b44e2b60e0af79f92ad5c"
I20260608 09:48:37.830154  5744 raft_consensus.cc:359] T 562c10fbd47441839ae263793b2acd82 P db1644e58e104c8c841c2aa54a59b895 [term 0 FOLLOWER]: Replica starting. Triggering 0 pending ops. Active config: opid_index: -1 OBSOLETE_local: false peers { permanent_uuid: "db1644e58e104c8c841c2aa54a59b895" member_type: VOTER last_known_addr { host: "127.2.120.130" port: 45557 } } peers { permanent_uuid: "8feb9636e71b44e2b60e0af79f92ad5c" member_type: VOTER last_known_addr { host: "127.2.120.129" port: 37207 } } peers { permanent_uuid: "2ee4f8bdbd2848ee8010bfb5b3552fca" member_type: VOTER last_known_addr { host: "127.2.120.131" port: 46069 } }
W20260608 09:48:37.830616  5663 leader_election.cc:343] T 2a2de90845bd40a089f3d7e4eb38e3bc P 2ee4f8bdbd2848ee8010bfb5b3552fca [CANDIDATE]: Term 1 election: Tablet error from VoteRequest() call to peer 8feb9636e71b44e2b60e0af79f92ad5c (127.2.120.129:37207): Illegal state: must be running to vote when last-logged opid is not known
I20260608 09:48:37.830873  5744 raft_consensus.cc:385] T 562c10fbd47441839ae263793b2acd82 P db1644e58e104c8c841c2aa54a59b895 [term 0 FOLLOWER]: Consensus starting up: Expiring failure detector timer to make a prompt election more likely
I20260608 09:48:37.831212  5744 raft_consensus.cc:740] T 562c10fbd47441839ae263793b2acd82 P db1644e58e104c8c841c2aa54a59b895 [term 0 FOLLOWER]: Becoming Follower/Learner. State: Replica: db1644e58e104c8c841c2aa54a59b895, State: Initialized, Role: FOLLOWER
I20260608 09:48:37.832170  5744 consensus_queue.cc:260] T 562c10fbd47441839ae263793b2acd82 P db1644e58e104c8c841c2aa54a59b895 [NON_LEADER]: Queue going to NON_LEADER mode. State: All replicated index: 0, Majority replicated index: 0, Committed index: 0, Last appended: 0.0, Last appended by leader: 0, Current term: 0, Majority size: -1, State: 0, Mode: NON_LEADER, active raft config: opid_index: -1 OBSOLETE_local: false peers { permanent_uuid: "db1644e58e104c8c841c2aa54a59b895" member_type: VOTER last_known_addr { host: "127.2.120.130" port: 45557 } } peers { permanent_uuid: "8feb9636e71b44e2b60e0af79f92ad5c" member_type: VOTER last_known_addr { host: "127.2.120.129" port: 37207 } } peers { permanent_uuid: "2ee4f8bdbd2848ee8010bfb5b3552fca" member_type: VOTER last_known_addr { host: "127.2.120.131" port: 46069 } }
I20260608 09:48:37.833030  5624 tablet_service.cc:1917] Received RequestConsensusVote() RPC: tablet_id: "2a2de90845bd40a089f3d7e4eb38e3bc" candidate_uuid: "2ee4f8bdbd2848ee8010bfb5b3552fca" candidate_term: 1 candidate_status { last_received { term: 0 index: 0 } } ignore_live_leader: false dest_uuid: "db1644e58e104c8c841c2aa54a59b895"
I20260608 09:48:37.833312  5749 raft_consensus.cc:493] T 562c10fbd47441839ae263793b2acd82 P 8feb9636e71b44e2b60e0af79f92ad5c [term 0 FOLLOWER]: Starting pre-election (no leader contacted us within the election timeout)
I20260608 09:48:37.833638  5624 raft_consensus.cc:3060] T 2a2de90845bd40a089f3d7e4eb38e3bc P db1644e58e104c8c841c2aa54a59b895 [term 0 FOLLOWER]: Advancing to term 1
I20260608 09:48:37.834014  5749 raft_consensus.cc:515] T 562c10fbd47441839ae263793b2acd82 P 8feb9636e71b44e2b60e0af79f92ad5c [term 0 FOLLOWER]: Starting pre-election with config: opid_index: -1 OBSOLETE_local: false peers { permanent_uuid: "db1644e58e104c8c841c2aa54a59b895" member_type: VOTER last_known_addr { host: "127.2.120.130" port: 45557 } } peers { permanent_uuid: "8feb9636e71b44e2b60e0af79f92ad5c" member_type: VOTER last_known_addr { host: "127.2.120.129" port: 37207 } } peers { permanent_uuid: "2ee4f8bdbd2848ee8010bfb5b3552fca" member_type: VOTER last_known_addr { host: "127.2.120.131" port: 46069 } }
I20260608 09:48:37.838835  5744 ts_tablet_manager.cc:1434] T 562c10fbd47441839ae263793b2acd82 P db1644e58e104c8c841c2aa54a59b895: Time spent starting tablet: real 0.011s	user 0.006s	sys 0.001s
I20260608 09:48:37.838881  5623 tablet_service.cc:1917] Received RequestConsensusVote() RPC: tablet_id: "562c10fbd47441839ae263793b2acd82" candidate_uuid: "8feb9636e71b44e2b60e0af79f92ad5c" candidate_term: 1 candidate_status { last_received { term: 0 index: 0 } } ignore_live_leader: false dest_uuid: "db1644e58e104c8c841c2aa54a59b895" is_pre_election: true
I20260608 09:48:37.840135  5744 tablet_bootstrap.cc:492] T aafec684be014f25babe600341d18b03 P db1644e58e104c8c841c2aa54a59b895: Bootstrap starting.
I20260608 09:48:37.839980  5623 raft_consensus.cc:2468] T 562c10fbd47441839ae263793b2acd82 P db1644e58e104c8c841c2aa54a59b895 [term 0 FOLLOWER]: Leader pre-election vote request: Granting yes vote for candidate 8feb9636e71b44e2b60e0af79f92ad5c in term 0.
I20260608 09:48:37.841996  5624 raft_consensus.cc:2468] T 2a2de90845bd40a089f3d7e4eb38e3bc P db1644e58e104c8c841c2aa54a59b895 [term 1 FOLLOWER]: Leader election vote request: Granting yes vote for candidate 2ee4f8bdbd2848ee8010bfb5b3552fca in term 1.
I20260608 09:48:37.841923  5513 leader_election.cc:304] T 562c10fbd47441839ae263793b2acd82 P 8feb9636e71b44e2b60e0af79f92ad5c [CANDIDATE]: Term 1 pre-election: Election decided. Result: candidate won. Election summary: received 2 responses out of 3 voters: 2 yes votes; 0 no votes. yes voters: 8feb9636e71b44e2b60e0af79f92ad5c, db1644e58e104c8c841c2aa54a59b895; no voters: 
I20260608 09:48:37.845479  5697 tablet_service.cc:1917] Received RequestConsensusVote() RPC: tablet_id: "562c10fbd47441839ae263793b2acd82" candidate_uuid: "8feb9636e71b44e2b60e0af79f92ad5c" candidate_term: 1 candidate_status { last_received { term: 0 index: 0 } } ignore_live_leader: false dest_uuid: "2ee4f8bdbd2848ee8010bfb5b3552fca" is_pre_election: true
I20260608 09:48:37.837304  5753 leader_election.cc:290] T 2a2de90845bd40a089f3d7e4eb38e3bc P 2ee4f8bdbd2848ee8010bfb5b3552fca [CANDIDATE]: Term 1 election: Requested vote from peers 8feb9636e71b44e2b60e0af79f92ad5c (127.2.120.129:37207), db1644e58e104c8c841c2aa54a59b895 (127.2.120.130:45557)
I20260608 09:48:37.847122  5744 tablet_bootstrap.cc:654] T aafec684be014f25babe600341d18b03 P db1644e58e104c8c841c2aa54a59b895: Neither blocks nor log segments found. Creating new log.
W20260608 09:48:37.847635  5511 leader_election.cc:343] T 562c10fbd47441839ae263793b2acd82 P 8feb9636e71b44e2b60e0af79f92ad5c [CANDIDATE]: Term 1 pre-election: Tablet error from VoteRequest() call to peer 2ee4f8bdbd2848ee8010bfb5b3552fca (127.2.120.131:46069): Illegal state: must be running to vote when last-logged opid is not known
I20260608 09:48:37.848951  5663 leader_election.cc:304] T 2a2de90845bd40a089f3d7e4eb38e3bc P 2ee4f8bdbd2848ee8010bfb5b3552fca [CANDIDATE]: Term 1 election: Election decided. Result: candidate won. Election summary: received 3 responses out of 3 voters: 2 yes votes; 1 no votes. yes voters: 2ee4f8bdbd2848ee8010bfb5b3552fca, db1644e58e104c8c841c2aa54a59b895; no voters: 8feb9636e71b44e2b60e0af79f92ad5c
I20260608 09:48:37.850116  5753 raft_consensus.cc:2804] T 2a2de90845bd40a089f3d7e4eb38e3bc P 2ee4f8bdbd2848ee8010bfb5b3552fca [term 1 FOLLOWER]: Leader election won for term 1
I20260608 09:48:37.850584  5749 leader_election.cc:290] T 562c10fbd47441839ae263793b2acd82 P 8feb9636e71b44e2b60e0af79f92ad5c [CANDIDATE]: Term 1 pre-election: Requested pre-vote from peers db1644e58e104c8c841c2aa54a59b895 (127.2.120.130:45557), 2ee4f8bdbd2848ee8010bfb5b3552fca (127.2.120.131:46069)
I20260608 09:48:37.852216  5749 raft_consensus.cc:2804] T 562c10fbd47441839ae263793b2acd82 P 8feb9636e71b44e2b60e0af79f92ad5c [term 0 FOLLOWER]: Leader pre-election won for term 1
I20260608 09:48:37.852747  5749 raft_consensus.cc:493] T 562c10fbd47441839ae263793b2acd82 P 8feb9636e71b44e2b60e0af79f92ad5c [term 0 FOLLOWER]: Starting leader election (no leader contacted us within the election timeout)
I20260608 09:48:37.853268  5749 raft_consensus.cc:3060] T 562c10fbd47441839ae263793b2acd82 P 8feb9636e71b44e2b60e0af79f92ad5c [term 0 FOLLOWER]: Advancing to term 1
I20260608 09:48:37.850630  5753 raft_consensus.cc:697] T 2a2de90845bd40a089f3d7e4eb38e3bc P 2ee4f8bdbd2848ee8010bfb5b3552fca [term 1 LEADER]: Becoming Leader. State: Replica: 2ee4f8bdbd2848ee8010bfb5b3552fca, State: Running, Role: LEADER
I20260608 09:48:37.856958  5745 ts_tablet_manager.cc:1434] T a69d9aaa24b24762a71e1b65e6bf3a50 P 2ee4f8bdbd2848ee8010bfb5b3552fca: Time spent starting tablet: real 0.094s	user 0.024s	sys 0.066s
I20260608 09:48:37.858027  5745 tablet_bootstrap.cc:492] T 22dca360fe4f4b23b6324b7a3cf2d57e P 2ee4f8bdbd2848ee8010bfb5b3552fca: Bootstrap starting.
I20260608 09:48:37.859490  5743 tablet_bootstrap.cc:654] T dd867a0bc75844a5bed7fe533dde78bf P 8feb9636e71b44e2b60e0af79f92ad5c: Neither blocks nor log segments found. Creating new log.
I20260608 09:48:37.860702  5753 consensus_queue.cc:237] T 2a2de90845bd40a089f3d7e4eb38e3bc P 2ee4f8bdbd2848ee8010bfb5b3552fca [LEADER]: Queue going to LEADER mode. State: All replicated index: 0, Majority replicated index: 0, Committed index: 0, Last appended: 0.0, Last appended by leader: 0, Current term: 1, Majority size: 2, State: 0, Mode: LEADER, active raft config: opid_index: -1 OBSOLETE_local: false peers { permanent_uuid: "8feb9636e71b44e2b60e0af79f92ad5c" member_type: VOTER last_known_addr { host: "127.2.120.129" port: 37207 } } peers { permanent_uuid: "db1644e58e104c8c841c2aa54a59b895" member_type: VOTER last_known_addr { host: "127.2.120.130" port: 45557 } } peers { permanent_uuid: "2ee4f8bdbd2848ee8010bfb5b3552fca" member_type: VOTER last_known_addr { host: "127.2.120.131" port: 46069 } }
I20260608 09:48:37.863435  5749 raft_consensus.cc:515] T 562c10fbd47441839ae263793b2acd82 P 8feb9636e71b44e2b60e0af79f92ad5c [term 1 FOLLOWER]: Starting leader election with config: opid_index: -1 OBSOLETE_local: false peers { permanent_uuid: "db1644e58e104c8c841c2aa54a59b895" member_type: VOTER last_known_addr { host: "127.2.120.130" port: 45557 } } peers { permanent_uuid: "8feb9636e71b44e2b60e0af79f92ad5c" member_type: VOTER last_known_addr { host: "127.2.120.129" port: 37207 } } peers { permanent_uuid: "2ee4f8bdbd2848ee8010bfb5b3552fca" member_type: VOTER last_known_addr { host: "127.2.120.131" port: 46069 } }
I20260608 09:48:37.865702  5745 tablet_bootstrap.cc:654] T 22dca360fe4f4b23b6324b7a3cf2d57e P 2ee4f8bdbd2848ee8010bfb5b3552fca: Neither blocks nor log segments found. Creating new log.
I20260608 09:48:37.866566  5756 raft_consensus.cc:493] T 072801f489fe4c7cac765ef6e04e4650 P db1644e58e104c8c841c2aa54a59b895 [term 0 FOLLOWER]: Starting pre-election (no leader contacted us within the election timeout)
I20260608 09:48:37.866788  5749 leader_election.cc:290] T 562c10fbd47441839ae263793b2acd82 P 8feb9636e71b44e2b60e0af79f92ad5c [CANDIDATE]: Term 1 election: Requested vote from peers db1644e58e104c8c841c2aa54a59b895 (127.2.120.130:45557), 2ee4f8bdbd2848ee8010bfb5b3552fca (127.2.120.131:46069)
I20260608 09:48:37.868104  5767 raft_consensus.cc:493] T a69d9aaa24b24762a71e1b65e6bf3a50 P 2ee4f8bdbd2848ee8010bfb5b3552fca [term 0 FOLLOWER]: Starting pre-election (no leader contacted us within the election timeout)
I20260608 09:48:37.868395  5697 tablet_service.cc:1917] Received RequestConsensusVote() RPC: tablet_id: "562c10fbd47441839ae263793b2acd82" candidate_uuid: "8feb9636e71b44e2b60e0af79f92ad5c" candidate_term: 1 candidate_status { last_received { term: 0 index: 0 } } ignore_live_leader: false dest_uuid: "2ee4f8bdbd2848ee8010bfb5b3552fca"
I20260608 09:48:37.868721  5767 raft_consensus.cc:515] T a69d9aaa24b24762a71e1b65e6bf3a50 P 2ee4f8bdbd2848ee8010bfb5b3552fca [term 0 FOLLOWER]: Starting pre-election with config: opid_index: -1 OBSOLETE_local: false peers { permanent_uuid: "8feb9636e71b44e2b60e0af79f92ad5c" member_type: VOTER last_known_addr { host: "127.2.120.129" port: 37207 } } peers { permanent_uuid: "db1644e58e104c8c841c2aa54a59b895" member_type: VOTER last_known_addr { host: "127.2.120.130" port: 45557 } } peers { permanent_uuid: "2ee4f8bdbd2848ee8010bfb5b3552fca" member_type: VOTER last_known_addr { host: "127.2.120.131" port: 46069 } }
W20260608 09:48:37.870246  5511 leader_election.cc:343] T 562c10fbd47441839ae263793b2acd82 P 8feb9636e71b44e2b60e0af79f92ad5c [CANDIDATE]: Term 1 election: Tablet error from VoteRequest() call to peer 2ee4f8bdbd2848ee8010bfb5b3552fca (127.2.120.131:46069): Illegal state: must be running to vote when last-logged opid is not known
I20260608 09:48:37.870666  5743 tablet_bootstrap.cc:492] T dd867a0bc75844a5bed7fe533dde78bf P 8feb9636e71b44e2b60e0af79f92ad5c: No bootstrap required, opened a new log
I20260608 09:48:37.871169  5767 leader_election.cc:290] T a69d9aaa24b24762a71e1b65e6bf3a50 P 2ee4f8bdbd2848ee8010bfb5b3552fca [CANDIDATE]: Term 1 pre-election: Requested pre-vote from peers 8feb9636e71b44e2b60e0af79f92ad5c (127.2.120.129:37207), db1644e58e104c8c841c2aa54a59b895 (127.2.120.130:45557)
I20260608 09:48:37.872013  5744 tablet_bootstrap.cc:492] T aafec684be014f25babe600341d18b03 P db1644e58e104c8c841c2aa54a59b895: No bootstrap required, opened a new log
I20260608 09:48:37.872644  5744 ts_tablet_manager.cc:1403] T aafec684be014f25babe600341d18b03 P db1644e58e104c8c841c2aa54a59b895: Time spent bootstrapping tablet: real 0.033s	user 0.004s	sys 0.012s
I20260608 09:48:37.873239  5623 tablet_service.cc:1917] Received RequestConsensusVote() RPC: tablet_id: "a69d9aaa24b24762a71e1b65e6bf3a50" candidate_uuid: "2ee4f8bdbd2848ee8010bfb5b3552fca" candidate_term: 1 candidate_status { last_received { term: 0 index: 0 } } ignore_live_leader: false dest_uuid: "db1644e58e104c8c841c2aa54a59b895" is_pre_election: true
I20260608 09:48:37.873323  5547 tablet_service.cc:1917] Received RequestConsensusVote() RPC: tablet_id: "a69d9aaa24b24762a71e1b65e6bf3a50" candidate_uuid: "2ee4f8bdbd2848ee8010bfb5b3552fca" candidate_term: 1 candidate_status { last_received { term: 0 index: 0 } } ignore_live_leader: false dest_uuid: "8feb9636e71b44e2b60e0af79f92ad5c" is_pre_election: true
I20260608 09:48:37.873981  5623 raft_consensus.cc:2468] T a69d9aaa24b24762a71e1b65e6bf3a50 P db1644e58e104c8c841c2aa54a59b895 [term 0 FOLLOWER]: Leader pre-election vote request: Granting yes vote for candidate 2ee4f8bdbd2848ee8010bfb5b3552fca in term 0.
W20260608 09:48:37.874709  5663 leader_election.cc:343] T a69d9aaa24b24762a71e1b65e6bf3a50 P 2ee4f8bdbd2848ee8010bfb5b3552fca [CANDIDATE]: Term 1 pre-election: Tablet error from VoteRequest() call to peer 8feb9636e71b44e2b60e0af79f92ad5c (127.2.120.129:37207): Illegal state: must be running to vote when last-logged opid is not known
I20260608 09:48:37.871950  5624 tablet_service.cc:1917] Received RequestConsensusVote() RPC: tablet_id: "562c10fbd47441839ae263793b2acd82" candidate_uuid: "8feb9636e71b44e2b60e0af79f92ad5c" candidate_term: 1 candidate_status { last_received { term: 0 index: 0 } } ignore_live_leader: false dest_uuid: "db1644e58e104c8c841c2aa54a59b895"
I20260608 09:48:37.871260  5743 ts_tablet_manager.cc:1403] T dd867a0bc75844a5bed7fe533dde78bf P 8feb9636e71b44e2b60e0af79f92ad5c: Time spent bootstrapping tablet: real 0.053s	user 0.013s	sys 0.003s
I20260608 09:48:37.870959  5756 raft_consensus.cc:515] T 072801f489fe4c7cac765ef6e04e4650 P db1644e58e104c8c841c2aa54a59b895 [term 0 FOLLOWER]: Starting pre-election with config: opid_index: -1 OBSOLETE_local: false peers { permanent_uuid: "8feb9636e71b44e2b60e0af79f92ad5c" member_type: VOTER last_known_addr { host: "127.2.120.129" port: 37207 } } peers { permanent_uuid: "db1644e58e104c8c841c2aa54a59b895" member_type: VOTER last_known_addr { host: "127.2.120.130" port: 45557 } } peers { permanent_uuid: "2ee4f8bdbd2848ee8010bfb5b3552fca" member_type: VOTER last_known_addr { host: "127.2.120.131" port: 46069 } }
I20260608 09:48:37.875561  5663 leader_election.cc:304] T a69d9aaa24b24762a71e1b65e6bf3a50 P 2ee4f8bdbd2848ee8010bfb5b3552fca [CANDIDATE]: Term 1 pre-election: Election decided. Result: candidate won. Election summary: received 3 responses out of 3 voters: 2 yes votes; 1 no votes. yes voters: 2ee4f8bdbd2848ee8010bfb5b3552fca, db1644e58e104c8c841c2aa54a59b895; no voters: 8feb9636e71b44e2b60e0af79f92ad5c
I20260608 09:48:37.875851  5744 raft_consensus.cc:359] T aafec684be014f25babe600341d18b03 P db1644e58e104c8c841c2aa54a59b895 [term 0 FOLLOWER]: Replica starting. Triggering 0 pending ops. Active config: opid_index: -1 OBSOLETE_local: false peers { permanent_uuid: "8feb9636e71b44e2b60e0af79f92ad5c" member_type: VOTER last_known_addr { host: "127.2.120.129" port: 37207 } } peers { permanent_uuid: "db1644e58e104c8c841c2aa54a59b895" member_type: VOTER last_known_addr { host: "127.2.120.130" port: 45557 } } peers { permanent_uuid: "2ee4f8bdbd2848ee8010bfb5b3552fca" member_type: VOTER last_known_addr { host: "127.2.120.131" port: 46069 } }
I20260608 09:48:37.876590  5744 raft_consensus.cc:385] T aafec684be014f25babe600341d18b03 P db1644e58e104c8c841c2aa54a59b895 [term 0 FOLLOWER]: Consensus starting up: Expiring failure detector timer to make a prompt election more likely
I20260608 09:48:37.876893  5744 raft_consensus.cc:740] T aafec684be014f25babe600341d18b03 P db1644e58e104c8c841c2aa54a59b895 [term 0 FOLLOWER]: Becoming Follower/Learner. State: Replica: db1644e58e104c8c841c2aa54a59b895, State: Initialized, Role: FOLLOWER
I20260608 09:48:37.876924  5767 raft_consensus.cc:2804] T a69d9aaa24b24762a71e1b65e6bf3a50 P 2ee4f8bdbd2848ee8010bfb5b3552fca [term 0 FOLLOWER]: Leader pre-election won for term 1
I20260608 09:48:37.877568  5767 raft_consensus.cc:493] T a69d9aaa24b24762a71e1b65e6bf3a50 P 2ee4f8bdbd2848ee8010bfb5b3552fca [term 0 FOLLOWER]: Starting leader election (no leader contacted us within the election timeout)
I20260608 09:48:37.877835  5744 consensus_queue.cc:260] T aafec684be014f25babe600341d18b03 P db1644e58e104c8c841c2aa54a59b895 [NON_LEADER]: Queue going to NON_LEADER mode. State: All replicated index: 0, Majority replicated index: 0, Committed index: 0, Last appended: 0.0, Last appended by leader: 0, Current term: 0, Majority size: -1, State: 0, Mode: NON_LEADER, active raft config: opid_index: -1 OBSOLETE_local: false peers { permanent_uuid: "8feb9636e71b44e2b60e0af79f92ad5c" member_type: VOTER last_known_addr { host: "127.2.120.129" port: 37207 } } peers { permanent_uuid: "db1644e58e104c8c841c2aa54a59b895" member_type: VOTER last_known_addr { host: "127.2.120.130" port: 45557 } } peers { permanent_uuid: "2ee4f8bdbd2848ee8010bfb5b3552fca" member_type: VOTER last_known_addr { host: "127.2.120.131" port: 46069 } }
I20260608 09:48:37.877985  5767 raft_consensus.cc:3060] T a69d9aaa24b24762a71e1b65e6bf3a50 P 2ee4f8bdbd2848ee8010bfb5b3552fca [term 0 FOLLOWER]: Advancing to term 1
