I20260608 10:02:12.066354 26039 raft_consensus.cc:2468] T 4593df950d08465d9da7605b2f6d9ee5 P 9fd8d414a6004db3b95c95642b00a5f1 [term 0 FOLLOWER]: Leader pre-election vote request: Granting yes vote for candidate fd2b06630b5d419498de50c838f7175d in term 0.
I20260608 10:02:12.067823 26321 raft_consensus.cc:2749] T 65f1332093fb489aa3b753a25bc332d6 P fd2b06630b5d419498de50c838f7175d [term 0 FOLLOWER]: Leader pre-election lost for term 1. Reason: could not achieve majority
W20260608 10:02:12.065102 25928 leader_election.cc:343] T f0e6942f3a444a1a9b961c6d7f12dd50 P 68819aa9dbc8483291bd03495abecad9 [CANDIDATE]: Term 1 pre-election: Tablet error from VoteRequest() call to peer fd2b06630b5d419498de50c838f7175d (127.22.118.132:42757): Illegal state: must be running to vote when last-logged opid is not known
I20260608 10:02:12.075134 26236 leader_election.cc:304] T 4593df950d08465d9da7605b2f6d9ee5 P fd2b06630b5d419498de50c838f7175d [CANDIDATE]: Term 1 pre-election: Election decided. Result: candidate won. Election summary: received 2 responses out of 3 voters: 2 yes votes; 0 no votes. yes voters: 9fd8d414a6004db3b95c95642b00a5f1, fd2b06630b5d419498de50c838f7175d; no voters: 
I20260608 10:02:12.077586 26321 raft_consensus.cc:2804] T 4593df950d08465d9da7605b2f6d9ee5 P fd2b06630b5d419498de50c838f7175d [term 0 FOLLOWER]: Leader pre-election won for term 1
I20260608 10:02:12.078042 26321 raft_consensus.cc:493] T 4593df950d08465d9da7605b2f6d9ee5 P fd2b06630b5d419498de50c838f7175d [term 0 FOLLOWER]: Starting leader election (no leader contacted us within the election timeout)
I20260608 10:02:12.079008 26321 raft_consensus.cc:3060] T 4593df950d08465d9da7605b2f6d9ee5 P fd2b06630b5d419498de50c838f7175d [term 0 FOLLOWER]: Advancing to term 1
W20260608 10:02:12.078389 25928 leader_election.cc:343] T 85e3bd62c88a4d37aba86b9f690c94ce P 68819aa9dbc8483291bd03495abecad9 [CANDIDATE]: Term 1 election: Tablet error from VoteRequest() call to peer fd2b06630b5d419498de50c838f7175d (127.22.118.132:42757): Illegal state: must be running to vote when last-logged opid is not known
I20260608 10:02:12.070163 26180 raft_consensus.cc:515] T f0e6942f3a444a1a9b961c6d7f12dd50 P 68819aa9dbc8483291bd03495abecad9 [term 1 FOLLOWER]: Starting leader election with config: opid_index: -1 OBSOLETE_local: false peers { permanent_uuid: "fd2b06630b5d419498de50c838f7175d" member_type: VOTER last_known_addr { host: "127.22.118.132" port: 42757 } } peers { permanent_uuid: "9fd8d414a6004db3b95c95642b00a5f1" member_type: VOTER last_known_addr { host: "127.22.118.130" port: 45031 } } peers { permanent_uuid: "68819aa9dbc8483291bd03495abecad9" member_type: VOTER last_known_addr { host: "127.22.118.129" port: 36183 } }
I20260608 10:02:12.084791 25860 catalog_manager.cc:6241] T 00000000000000000000000000000000 P faea7e292b5d4d84b2f2de09d4cc327f: range_aware_rebalance_new_range [id=d1448dd8eedb499ba7fd63eed465178d] alter complete (version 0)
I20260608 10:02:12.090740 26271 tablet_service.cc:1917] Received RequestConsensusVote() RPC: tablet_id: "f0e6942f3a444a1a9b961c6d7f12dd50" candidate_uuid: "68819aa9dbc8483291bd03495abecad9" candidate_term: 1 candidate_status { last_received { term: 0 index: 0 } } ignore_live_leader: false dest_uuid: "fd2b06630b5d419498de50c838f7175d"
W20260608 10:02:12.094530 25928 leader_election.cc:343] T f0e6942f3a444a1a9b961c6d7f12dd50 P 68819aa9dbc8483291bd03495abecad9 [CANDIDATE]: Term 1 election: Tablet error from VoteRequest() call to peer fd2b06630b5d419498de50c838f7175d (127.22.118.132:42757): Illegal state: must be running to vote when last-logged opid is not known
I20260608 10:02:12.103066 26271 tablet_service.cc:1917] Received RequestConsensusVote() RPC: tablet_id: "bc07f0845c184451971ff09e11fb87ef" candidate_uuid: "26429dc2cfa0477094506c2dc6a9b9f5" candidate_term: 1 candidate_status { last_received { term: 0 index: 0 } } ignore_live_leader: false dest_uuid: "fd2b06630b5d419498de50c838f7175d" is_pre_election: true
I20260608 10:02:12.104308 26312 tablet_bootstrap.cc:492] T 65f1332093fb489aa3b753a25bc332d6 P 9fd8d414a6004db3b95c95642b00a5f1: No bootstrap required, opened a new log
I20260608 10:02:12.097002 26300 raft_consensus.cc:493] T 81d8753095eb490bb7e259512400a2e7 P 26429dc2cfa0477094506c2dc6a9b9f5 [term 0 FOLLOWER]: Starting pre-election (no leader contacted us within the election timeout)
I20260608 10:02:12.108973 26180 leader_election.cc:290] T f0e6942f3a444a1a9b961c6d7f12dd50 P 68819aa9dbc8483291bd03495abecad9 [CANDIDATE]: Term 1 election: Requested vote from peers fd2b06630b5d419498de50c838f7175d (127.22.118.132:42757), 9fd8d414a6004db3b95c95642b00a5f1 (127.22.118.130:45031)
I20260608 10:02:12.110898 26039 tablet_service.cc:1917] Received RequestConsensusVote() RPC: tablet_id: "f0e6942f3a444a1a9b961c6d7f12dd50" candidate_uuid: "68819aa9dbc8483291bd03495abecad9" candidate_term: 1 candidate_status { last_received { term: 0 index: 0 } } ignore_live_leader: false dest_uuid: "9fd8d414a6004db3b95c95642b00a5f1"
I20260608 10:02:12.111616 26039 raft_consensus.cc:3060] T f0e6942f3a444a1a9b961c6d7f12dd50 P 9fd8d414a6004db3b95c95642b00a5f1 [term 0 FOLLOWER]: Advancing to term 1
W20260608 10:02:12.114812 26078 leader_election.cc:343] T bc07f0845c184451971ff09e11fb87ef P 26429dc2cfa0477094506c2dc6a9b9f5 [CANDIDATE]: Term 1 pre-election: Tablet error from VoteRequest() call to peer fd2b06630b5d419498de50c838f7175d (127.22.118.132:42757): Illegal state: must be running to vote when last-logged opid is not known
I20260608 10:02:12.115409 26078 leader_election.cc:304] T bc07f0845c184451971ff09e11fb87ef P 26429dc2cfa0477094506c2dc6a9b9f5 [CANDIDATE]: Term 1 pre-election: Election decided. Result: candidate lost. Election summary: received 3 responses out of 3 voters: 1 yes votes; 2 no votes. yes voters: 26429dc2cfa0477094506c2dc6a9b9f5; no voters: 9fd8d414a6004db3b95c95642b00a5f1, fd2b06630b5d419498de50c838f7175d
I20260608 10:02:12.117882 26212 raft_consensus.cc:2749] T bc07f0845c184451971ff09e11fb87ef P 26429dc2cfa0477094506c2dc6a9b9f5 [term 0 FOLLOWER]: Leader pre-election lost for term 1. Reason: could not achieve majority
I20260608 10:02:12.113433 26300 raft_consensus.cc:515] T 81d8753095eb490bb7e259512400a2e7 P 26429dc2cfa0477094506c2dc6a9b9f5 [term 0 FOLLOWER]: Starting pre-election with config: opid_index: -1 OBSOLETE_local: false peers { permanent_uuid: "68819aa9dbc8483291bd03495abecad9" member_type: VOTER last_known_addr { host: "127.22.118.129" port: 36183 } } peers { permanent_uuid: "fd2b06630b5d419498de50c838f7175d" member_type: VOTER last_known_addr { host: "127.22.118.132" port: 42757 } } peers { permanent_uuid: "26429dc2cfa0477094506c2dc6a9b9f5" member_type: VOTER last_known_addr { host: "127.22.118.131" port: 36779 } }
I20260608 10:02:12.122390 25964 tablet_service.cc:1917] Received RequestConsensusVote() RPC: tablet_id: "4593df950d08465d9da7605b2f6d9ee5" candidate_uuid: "fd2b06630b5d419498de50c838f7175d" candidate_term: 1 candidate_status { last_received { term: 0 index: 0 } } ignore_live_leader: false dest_uuid: "68819aa9dbc8483291bd03495abecad9" is_pre_election: true
I20260608 10:02:12.123694 26271 tablet_service.cc:1917] Received RequestConsensusVote() RPC: tablet_id: "4593df950d08465d9da7605b2f6d9ee5" candidate_uuid: "9fd8d414a6004db3b95c95642b00a5f1" candidate_term: 1 candidate_status { last_received { term: 0 index: 0 } } ignore_live_leader: false dest_uuid: "fd2b06630b5d419498de50c838f7175d" is_pre_election: true
W20260608 10:02:12.126137 26235 leader_election.cc:343] T 4593df950d08465d9da7605b2f6d9ee5 P fd2b06630b5d419498de50c838f7175d [CANDIDATE]: Term 1 pre-election: Tablet error from VoteRequest() call to peer 68819aa9dbc8483291bd03495abecad9 (127.22.118.129:36183): Illegal state: must be running to vote when last-logged opid is not known
I20260608 10:02:12.121290 26312 ts_tablet_manager.cc:1403] T 65f1332093fb489aa3b753a25bc332d6 P 9fd8d414a6004db3b95c95642b00a5f1: Time spent bootstrapping tablet: real 0.183s	user 0.013s	sys 0.022s
I20260608 10:02:12.131068 26311 tablet_bootstrap.cc:492] T 4593df950d08465d9da7605b2f6d9ee5 P 68819aa9dbc8483291bd03495abecad9: No bootstrap required, opened a new log
I20260608 10:02:12.133147 26311 ts_tablet_manager.cc:1403] T 4593df950d08465d9da7605b2f6d9ee5 P 68819aa9dbc8483291bd03495abecad9: Time spent bootstrapping tablet: real 0.283s	user 0.022s	sys 0.014s
I20260608 10:02:12.136565 26311 raft_consensus.cc:359] T 4593df950d08465d9da7605b2f6d9ee5 P 68819aa9dbc8483291bd03495abecad9 [term 0 FOLLOWER]: Replica starting. Triggering 0 pending ops. Active config: opid_index: -1 OBSOLETE_local: false peers { permanent_uuid: "68819aa9dbc8483291bd03495abecad9" member_type: VOTER last_known_addr { host: "127.22.118.129" port: 36183 } } peers { permanent_uuid: "9fd8d414a6004db3b95c95642b00a5f1" member_type: VOTER last_known_addr { host: "127.22.118.130" port: 45031 } } peers { permanent_uuid: "fd2b06630b5d419498de50c838f7175d" member_type: VOTER last_known_addr { host: "127.22.118.132" port: 42757 } }
I20260608 10:02:12.137373 26311 raft_consensus.cc:385] T 4593df950d08465d9da7605b2f6d9ee5 P 68819aa9dbc8483291bd03495abecad9 [term 0 FOLLOWER]: Consensus starting up: Expiring failure detector timer to make a prompt election more likely
I20260608 10:02:12.137702 26311 raft_consensus.cc:740] T 4593df950d08465d9da7605b2f6d9ee5 P 68819aa9dbc8483291bd03495abecad9 [term 0 FOLLOWER]: Becoming Follower/Learner. State: Replica: 68819aa9dbc8483291bd03495abecad9, State: Initialized, Role: FOLLOWER
I20260608 10:02:12.138653 26311 consensus_queue.cc:260] T 4593df950d08465d9da7605b2f6d9ee5 P 68819aa9dbc8483291bd03495abecad9 [NON_LEADER]: Queue going to NON_LEADER mode. State: All replicated index: 0, Majority replicated index: 0, Committed index: 0, Last appended: 0.0, Last appended by leader: 0, Current term: 0, Majority size: -1, State: 0, Mode: NON_LEADER, active raft config: opid_index: -1 OBSOLETE_local: false peers { permanent_uuid: "68819aa9dbc8483291bd03495abecad9" member_type: VOTER last_known_addr { host: "127.22.118.129" port: 36183 } } peers { permanent_uuid: "9fd8d414a6004db3b95c95642b00a5f1" member_type: VOTER last_known_addr { host: "127.22.118.130" port: 45031 } } peers { permanent_uuid: "fd2b06630b5d419498de50c838f7175d" member_type: VOTER last_known_addr { host: "127.22.118.132" port: 42757 } }
I20260608 10:02:12.141127 26300 leader_election.cc:290] T 81d8753095eb490bb7e259512400a2e7 P 26429dc2cfa0477094506c2dc6a9b9f5 [CANDIDATE]: Term 1 pre-election: Requested pre-vote from peers 68819aa9dbc8483291bd03495abecad9 (127.22.118.129:36183), fd2b06630b5d419498de50c838f7175d (127.22.118.132:42757)
I20260608 10:02:12.141503 26311 ts_tablet_manager.cc:1434] T 4593df950d08465d9da7605b2f6d9ee5 P 68819aa9dbc8483291bd03495abecad9: Time spent starting tablet: real 0.008s	user 0.006s	sys 0.001s
I20260608 10:02:12.142268 26312 raft_consensus.cc:359] T 65f1332093fb489aa3b753a25bc332d6 P 9fd8d414a6004db3b95c95642b00a5f1 [term 0 FOLLOWER]: Replica starting. Triggering 0 pending ops. Active config: opid_index: -1 OBSOLETE_local: false peers { permanent_uuid: "fd2b06630b5d419498de50c838f7175d" member_type: VOTER last_known_addr { host: "127.22.118.132" port: 42757 } } peers { permanent_uuid: "26429dc2cfa0477094506c2dc6a9b9f5" member_type: VOTER last_known_addr { host: "127.22.118.131" port: 36779 } } peers { permanent_uuid: "9fd8d414a6004db3b95c95642b00a5f1" member_type: VOTER last_known_addr { host: "127.22.118.130" port: 45031 } }
I20260608 10:02:12.143239 26311 tablet_bootstrap.cc:492] T 81d8753095eb490bb7e259512400a2e7 P 68819aa9dbc8483291bd03495abecad9: Bootstrap starting.
I20260608 10:02:12.143716 25964 tablet_service.cc:1917] Received RequestConsensusVote() RPC: tablet_id: "81d8753095eb490bb7e259512400a2e7" candidate_uuid: "26429dc2cfa0477094506c2dc6a9b9f5" candidate_term: 1 candidate_status { last_received { term: 0 index: 0 } } ignore_live_leader: false dest_uuid: "68819aa9dbc8483291bd03495abecad9" is_pre_election: true
I20260608 10:02:12.143734 26270 tablet_service.cc:1917] Received RequestConsensusVote() RPC: tablet_id: "81d8753095eb490bb7e259512400a2e7" candidate_uuid: "26429dc2cfa0477094506c2dc6a9b9f5" candidate_term: 1 candidate_status { last_received { term: 0 index: 0 } } ignore_live_leader: false dest_uuid: "fd2b06630b5d419498de50c838f7175d" is_pre_election: true
W20260608 10:02:12.147152 26079 leader_election.cc:343] T 81d8753095eb490bb7e259512400a2e7 P 26429dc2cfa0477094506c2dc6a9b9f5 [CANDIDATE]: Term 1 pre-election: Tablet error from VoteRequest() call to peer 68819aa9dbc8483291bd03495abecad9 (127.22.118.129:36183): Illegal state: must be running to vote when last-logged opid is not known
W20260608 10:02:12.148015 26078 leader_election.cc:343] T 81d8753095eb490bb7e259512400a2e7 P 26429dc2cfa0477094506c2dc6a9b9f5 [CANDIDATE]: Term 1 pre-election: Tablet error from VoteRequest() call to peer fd2b06630b5d419498de50c838f7175d (127.22.118.132:42757): Illegal state: must be running to vote when last-logged opid is not known
I20260608 10:02:12.148563 26078 leader_election.cc:304] T 81d8753095eb490bb7e259512400a2e7 P 26429dc2cfa0477094506c2dc6a9b9f5 [CANDIDATE]: Term 1 pre-election: Election decided. Result: candidate lost. Election summary: received 3 responses out of 3 voters: 1 yes votes; 2 no votes. yes voters: 26429dc2cfa0477094506c2dc6a9b9f5; no voters: 68819aa9dbc8483291bd03495abecad9, fd2b06630b5d419498de50c838f7175d
I20260608 10:02:12.145125 26314 tablet_bootstrap.cc:654] T 85e3bd62c88a4d37aba86b9f690c94ce P fd2b06630b5d419498de50c838f7175d: Neither blocks nor log segments found. Creating new log.
I20260608 10:02:12.149447 26300 raft_consensus.cc:2749] T 81d8753095eb490bb7e259512400a2e7 P 26429dc2cfa0477094506c2dc6a9b9f5 [term 0 FOLLOWER]: Leader pre-election lost for term 1. Reason: could not achieve majority
I20260608 10:02:12.149780 26039 raft_consensus.cc:2468] T f0e6942f3a444a1a9b961c6d7f12dd50 P 9fd8d414a6004db3b95c95642b00a5f1 [term 1 FOLLOWER]: Leader election vote request: Granting yes vote for candidate 68819aa9dbc8483291bd03495abecad9 in term 1.
I20260608 10:02:12.151079 26312 raft_consensus.cc:385] T 65f1332093fb489aa3b753a25bc332d6 P 9fd8d414a6004db3b95c95642b00a5f1 [term 0 FOLLOWER]: Consensus starting up: Expiring failure detector timer to make a prompt election more likely
I20260608 10:02:12.155745 26313 tablet_bootstrap.cc:492] T 1ceb2b7a060c4346b8bf8d9d3f5cfb54 P 26429dc2cfa0477094506c2dc6a9b9f5: No bootstrap required, opened a new log
I20260608 10:02:12.156433 26313 ts_tablet_manager.cc:1403] T 1ceb2b7a060c4346b8bf8d9d3f5cfb54 P 26429dc2cfa0477094506c2dc6a9b9f5: Time spent bootstrapping tablet: real 0.304s	user 0.027s	sys 0.023s
I20260608 10:02:12.156525 26311 tablet_bootstrap.cc:654] T 81d8753095eb490bb7e259512400a2e7 P 68819aa9dbc8483291bd03495abecad9: Neither blocks nor log segments found. Creating new log.
I20260608 10:02:12.151871 26312 raft_consensus.cc:740] T 65f1332093fb489aa3b753a25bc332d6 P 9fd8d414a6004db3b95c95642b00a5f1 [term 0 FOLLOWER]: Becoming Follower/Learner. State: Replica: 9fd8d414a6004db3b95c95642b00a5f1, State: Initialized, Role: FOLLOWER
I20260608 10:02:12.161036 26321 raft_consensus.cc:515] T 4593df950d08465d9da7605b2f6d9ee5 P fd2b06630b5d419498de50c838f7175d [term 1 FOLLOWER]: Starting leader election with config: opid_index: -1 OBSOLETE_local: false peers { permanent_uuid: "68819aa9dbc8483291bd03495abecad9" member_type: VOTER last_known_addr { host: "127.22.118.129" port: 36183 } } peers { permanent_uuid: "9fd8d414a6004db3b95c95642b00a5f1" member_type: VOTER last_known_addr { host: "127.22.118.130" port: 45031 } } peers { permanent_uuid: "fd2b06630b5d419498de50c838f7175d" member_type: VOTER last_known_addr { host: "127.22.118.132" port: 42757 } }
I20260608 10:02:12.197506 25930 leader_election.cc:304] T f0e6942f3a444a1a9b961c6d7f12dd50 P 68819aa9dbc8483291bd03495abecad9 [CANDIDATE]: Term 1 election: Election decided. Result: candidate won. Election summary: received 3 responses out of 3 voters: 2 yes votes; 1 no votes. yes voters: 68819aa9dbc8483291bd03495abecad9, 9fd8d414a6004db3b95c95642b00a5f1; no voters: fd2b06630b5d419498de50c838f7175d
I20260608 10:02:12.203220 26180 raft_consensus.cc:2804] T f0e6942f3a444a1a9b961c6d7f12dd50 P 68819aa9dbc8483291bd03495abecad9 [term 1 FOLLOWER]: Leader election won for term 1
I20260608 10:02:12.204643 26180 raft_consensus.cc:697] T f0e6942f3a444a1a9b961c6d7f12dd50 P 68819aa9dbc8483291bd03495abecad9 [term 1 LEADER]: Becoming Leader. State: Replica: 68819aa9dbc8483291bd03495abecad9, State: Running, Role: LEADER
I20260608 10:02:12.209589 26271 raft_consensus.cc:2393] T 4593df950d08465d9da7605b2f6d9ee5 P fd2b06630b5d419498de50c838f7175d [term 1 FOLLOWER]: Leader pre-election vote request: Denying vote to candidate 9fd8d414a6004db3b95c95642b00a5f1 in current term 1: Already voted for candidate fd2b06630b5d419498de50c838f7175d in this term.
I20260608 10:02:12.206540 26180 consensus_queue.cc:237] T f0e6942f3a444a1a9b961c6d7f12dd50 P 68819aa9dbc8483291bd03495abecad9 [LEADER]: Queue going to LEADER mode. State: All replicated index: 0, Majority replicated index: 0, Committed index: 0, Last appended: 0.0, Last appended by leader: 0, Current term: 1, Majority size: 2, State: 0, Mode: LEADER, active raft config: opid_index: -1 OBSOLETE_local: false peers { permanent_uuid: "fd2b06630b5d419498de50c838f7175d" member_type: VOTER last_known_addr { host: "127.22.118.132" port: 42757 } } peers { permanent_uuid: "9fd8d414a6004db3b95c95642b00a5f1" member_type: VOTER last_known_addr { host: "127.22.118.130" port: 45031 } } peers { permanent_uuid: "68819aa9dbc8483291bd03495abecad9" member_type: VOTER last_known_addr { host: "127.22.118.129" port: 36183 } }
I20260608 10:02:12.160184 26312 consensus_queue.cc:260] T 65f1332093fb489aa3b753a25bc332d6 P 9fd8d414a6004db3b95c95642b00a5f1 [NON_LEADER]: Queue going to NON_LEADER mode. State: All replicated index: 0, Majority replicated index: 0, Committed index: 0, Last appended: 0.0, Last appended by leader: 0, Current term: 0, Majority size: -1, State: 0, Mode: NON_LEADER, active raft config: opid_index: -1 OBSOLETE_local: false peers { permanent_uuid: "fd2b06630b5d419498de50c838f7175d" member_type: VOTER last_known_addr { host: "127.22.118.132" port: 42757 } } peers { permanent_uuid: "26429dc2cfa0477094506c2dc6a9b9f5" member_type: VOTER last_known_addr { host: "127.22.118.131" port: 36779 } } peers { permanent_uuid: "9fd8d414a6004db3b95c95642b00a5f1" member_type: VOTER last_known_addr { host: "127.22.118.130" port: 45031 } }
I20260608 10:02:12.230543 26039 tablet_service.cc:1917] Received RequestConsensusVote() RPC: tablet_id: "4593df950d08465d9da7605b2f6d9ee5" candidate_uuid: "fd2b06630b5d419498de50c838f7175d" candidate_term: 1 candidate_status { last_received { term: 0 index: 0 } } ignore_live_leader: false dest_uuid: "9fd8d414a6004db3b95c95642b00a5f1"
I20260608 10:02:12.231966 26039 raft_consensus.cc:3060] T 4593df950d08465d9da7605b2f6d9ee5 P 9fd8d414a6004db3b95c95642b00a5f1 [term 0 FOLLOWER]: Advancing to term 1
I20260608 10:02:12.224066 26313 raft_consensus.cc:359] T 1ceb2b7a060c4346b8bf8d9d3f5cfb54 P 26429dc2cfa0477094506c2dc6a9b9f5 [term 0 FOLLOWER]: Replica starting. Triggering 0 pending ops. Active config: opid_index: -1 OBSOLETE_local: false peers { permanent_uuid: "fd2b06630b5d419498de50c838f7175d" member_type: VOTER last_known_addr { host: "127.22.118.132" port: 42757 } } peers { permanent_uuid: "68819aa9dbc8483291bd03495abecad9" member_type: VOTER last_known_addr { host: "127.22.118.129" port: 36183 } } peers { permanent_uuid: "26429dc2cfa0477094506c2dc6a9b9f5" member_type: VOTER last_known_addr { host: "127.22.118.131" port: 36779 } }
I20260608 10:02:12.241235 26313 raft_consensus.cc:385] T 1ceb2b7a060c4346b8bf8d9d3f5cfb54 P 26429dc2cfa0477094506c2dc6a9b9f5 [term 0 FOLLOWER]: Consensus starting up: Expiring failure detector timer to make a prompt election more likely
I20260608 10:02:12.241840 26313 raft_consensus.cc:740] T 1ceb2b7a060c4346b8bf8d9d3f5cfb54 P 26429dc2cfa0477094506c2dc6a9b9f5 [term 0 FOLLOWER]: Becoming Follower/Learner. State: Replica: 26429dc2cfa0477094506c2dc6a9b9f5, State: Initialized, Role: FOLLOWER
I20260608 10:02:12.235124 25963 tablet_service.cc:1917] Received RequestConsensusVote() RPC: tablet_id: "4593df950d08465d9da7605b2f6d9ee5" candidate_uuid: "fd2b06630b5d419498de50c838f7175d" candidate_term: 1 candidate_status { last_received { term: 0 index: 0 } } ignore_live_leader: false dest_uuid: "68819aa9dbc8483291bd03495abecad9"
I20260608 10:02:12.246143 25963 raft_consensus.cc:3060] T 4593df950d08465d9da7605b2f6d9ee5 P 68819aa9dbc8483291bd03495abecad9 [term 0 FOLLOWER]: Advancing to term 1
I20260608 10:02:12.245885 26313 consensus_queue.cc:260] T 1ceb2b7a060c4346b8bf8d9d3f5cfb54 P 26429dc2cfa0477094506c2dc6a9b9f5 [NON_LEADER]: Queue going to NON_LEADER mode. State: All replicated index: 0, Majority replicated index: 0, Committed index: 0, Last appended: 0.0, Last appended by leader: 0, Current term: 0, Majority size: -1, State: 0, Mode: NON_LEADER, active raft config: opid_index: -1 OBSOLETE_local: false peers { permanent_uuid: "fd2b06630b5d419498de50c838f7175d" member_type: VOTER last_known_addr { host: "127.22.118.132" port: 42757 } } peers { permanent_uuid: "68819aa9dbc8483291bd03495abecad9" member_type: VOTER last_known_addr { host: "127.22.118.129" port: 36183 } } peers { permanent_uuid: "26429dc2cfa0477094506c2dc6a9b9f5" member_type: VOTER last_known_addr { host: "127.22.118.131" port: 36779 } }
I20260608 10:02:12.253561 26313 ts_tablet_manager.cc:1434] T 1ceb2b7a060c4346b8bf8d9d3f5cfb54 P 26429dc2cfa0477094506c2dc6a9b9f5: Time spent starting tablet: real 0.097s	user 0.011s	sys 0.006s
I20260608 10:02:12.209712 25861 catalog_manager.cc:5696] T 85e3bd62c88a4d37aba86b9f690c94ce P 68819aa9dbc8483291bd03495abecad9 reported cstate change: term changed from 0 to 1, leader changed from <none> to 68819aa9dbc8483291bd03495abecad9 (127.22.118.129). New cstate: current_term: 1 leader_uuid: "68819aa9dbc8483291bd03495abecad9" committed_config { opid_index: -1 OBSOLETE_local: false peers { permanent_uuid: "26429dc2cfa0477094506c2dc6a9b9f5" member_type: VOTER last_known_addr { host: "127.22.118.131" port: 36779 } health_report { overall_health: UNKNOWN } } peers { permanent_uuid: "fd2b06630b5d419498de50c838f7175d" member_type: VOTER last_known_addr { host: "127.22.118.132" port: 42757 } health_report { overall_health: UNKNOWN } } peers { permanent_uuid: "68819aa9dbc8483291bd03495abecad9" member_type: VOTER last_known_addr { host: "127.22.118.129" port: 36183 } health_report { overall_health: HEALTHY } } }
I20260608 10:02:12.224264 26321 leader_election.cc:290] T 4593df950d08465d9da7605b2f6d9ee5 P fd2b06630b5d419498de50c838f7175d [CANDIDATE]: Term 1 election: Requested vote from peers 68819aa9dbc8483291bd03495abecad9 (127.22.118.129:36183), 9fd8d414a6004db3b95c95642b00a5f1 (127.22.118.130:45031)
I20260608 10:02:12.263151 26311 tablet_bootstrap.cc:492] T 81d8753095eb490bb7e259512400a2e7 P 68819aa9dbc8483291bd03495abecad9: No bootstrap required, opened a new log
I20260608 10:02:12.265076 26311 ts_tablet_manager.cc:1403] T 81d8753095eb490bb7e259512400a2e7 P 68819aa9dbc8483291bd03495abecad9: Time spent bootstrapping tablet: real 0.123s	user 0.013s	sys 0.008s
I20260608 10:02:12.274745 26312 ts_tablet_manager.cc:1434] T 65f1332093fb489aa3b753a25bc332d6 P 9fd8d414a6004db3b95c95642b00a5f1: Time spent starting tablet: real 0.112s	user 0.007s	sys 0.007s
I20260608 10:02:12.276536 26229 raft_consensus.cc:493] T 65f1332093fb489aa3b753a25bc332d6 P 9fd8d414a6004db3b95c95642b00a5f1 [term 0 FOLLOWER]: Starting pre-election (no leader contacted us within the election timeout)
I20260608 10:02:12.277371 26312 tablet_bootstrap.cc:492] T bc07f0845c184451971ff09e11fb87ef P 9fd8d414a6004db3b95c95642b00a5f1: Bootstrap starting.
I20260608 10:02:12.277448 26229 raft_consensus.cc:515] T 65f1332093fb489aa3b753a25bc332d6 P 9fd8d414a6004db3b95c95642b00a5f1 [term 0 FOLLOWER]: Starting pre-election with config: opid_index: -1 OBSOLETE_local: false peers { permanent_uuid: "fd2b06630b5d419498de50c838f7175d" member_type: VOTER last_known_addr { host: "127.22.118.132" port: 42757 } } peers { permanent_uuid: "26429dc2cfa0477094506c2dc6a9b9f5" member_type: VOTER last_known_addr { host: "127.22.118.131" port: 36779 } } peers { permanent_uuid: "9fd8d414a6004db3b95c95642b00a5f1" member_type: VOTER last_known_addr { host: "127.22.118.130" port: 45031 } }
I20260608 10:02:12.279665 26311 raft_consensus.cc:359] T 81d8753095eb490bb7e259512400a2e7 P 68819aa9dbc8483291bd03495abecad9 [term 0 FOLLOWER]: Replica starting. Triggering 0 pending ops. Active config: opid_index: -1 OBSOLETE_local: false peers { permanent_uuid: "68819aa9dbc8483291bd03495abecad9" member_type: VOTER last_known_addr { host: "127.22.118.129" port: 36183 } } peers { permanent_uuid: "fd2b06630b5d419498de50c838f7175d" member_type: VOTER last_known_addr { host: "127.22.118.132" port: 42757 } } peers { permanent_uuid: "26429dc2cfa0477094506c2dc6a9b9f5" member_type: VOTER last_known_addr { host: "127.22.118.131" port: 36779 } }
I20260608 10:02:12.281095 26313 tablet_bootstrap.cc:492] T 65f1332093fb489aa3b753a25bc332d6 P 26429dc2cfa0477094506c2dc6a9b9f5: Bootstrap starting.
I20260608 10:02:12.285033 26165 raft_consensus.cc:493] T 4a960482e4eb4fe8aa5cf209813f0ec2 P 9fd8d414a6004db3b95c95642b00a5f1 [term 0 FOLLOWER]: Starting pre-election (no leader contacted us within the election timeout)
I20260608 10:02:12.285967 26165 raft_consensus.cc:515] T 4a960482e4eb4fe8aa5cf209813f0ec2 P 9fd8d414a6004db3b95c95642b00a5f1 [term 0 FOLLOWER]: Starting pre-election with config: opid_index: -1 OBSOLETE_local: false peers { permanent_uuid: "fd2b06630b5d419498de50c838f7175d" member_type: VOTER last_known_addr { host: "127.22.118.132" port: 42757 } } peers { permanent_uuid: "9fd8d414a6004db3b95c95642b00a5f1" member_type: VOTER last_known_addr { host: "127.22.118.130" port: 45031 } } peers { permanent_uuid: "68819aa9dbc8483291bd03495abecad9" member_type: VOTER last_known_addr { host: "127.22.118.129" port: 36183 } }
I20260608 10:02:12.280907 26311 raft_consensus.cc:385] T 81d8753095eb490bb7e259512400a2e7 P 68819aa9dbc8483291bd03495abecad9 [term 0 FOLLOWER]: Consensus starting up: Expiring failure detector timer to make a prompt election more likely
I20260608 10:02:12.319245 26311 raft_consensus.cc:740] T 81d8753095eb490bb7e259512400a2e7 P 68819aa9dbc8483291bd03495abecad9 [term 0 FOLLOWER]: Becoming Follower/Learner. State: Replica: 68819aa9dbc8483291bd03495abecad9, State: Initialized, Role: FOLLOWER
I20260608 10:02:12.293346 26270 tablet_service.cc:1917] Received RequestConsensusVote() RPC: tablet_id: "65f1332093fb489aa3b753a25bc332d6" candidate_uuid: "9fd8d414a6004db3b95c95642b00a5f1" candidate_term: 1 candidate_status { last_received { term: 0 index: 0 } } ignore_live_leader: false dest_uuid: "fd2b06630b5d419498de50c838f7175d" is_pre_election: true
I20260608 10:02:12.331676 26270 raft_consensus.cc:2468] T 65f1332093fb489aa3b753a25bc332d6 P fd2b06630b5d419498de50c838f7175d [term 0 FOLLOWER]: Leader pre-election vote request: Granting yes vote for candidate 9fd8d414a6004db3b95c95642b00a5f1 in term 0.
I20260608 10:02:12.298290 26314 tablet_bootstrap.cc:492] T 85e3bd62c88a4d37aba86b9f690c94ce P fd2b06630b5d419498de50c838f7175d: No bootstrap required, opened a new log
I20260608 10:02:12.338652 25963 raft_consensus.cc:2468] T 4593df950d08465d9da7605b2f6d9ee5 P 68819aa9dbc8483291bd03495abecad9 [term 1 FOLLOWER]: Leader election vote request: Granting yes vote for candidate fd2b06630b5d419498de50c838f7175d in term 1.
I20260608 10:02:12.339303 26311 consensus_queue.cc:260] T 81d8753095eb490bb7e259512400a2e7 P 68819aa9dbc8483291bd03495abecad9 [NON_LEADER]: Queue going to NON_LEADER mode. State: All replicated index: 0, Majority replicated index: 0, Committed index: 0, Last appended: 0.0, Last appended by leader: 0, Current term: 0, Majority size: -1, State: 0, Mode: NON_LEADER, active raft config: opid_index: -1 OBSOLETE_local: false peers { permanent_uuid: "68819aa9dbc8483291bd03495abecad9" member_type: VOTER last_known_addr { host: "127.22.118.129" port: 36183 } } peers { permanent_uuid: "fd2b06630b5d419498de50c838f7175d" member_type: VOTER last_known_addr { host: "127.22.118.132" port: 42757 } } peers { permanent_uuid: "26429dc2cfa0477094506c2dc6a9b9f5" member_type: VOTER last_known_addr { host: "127.22.118.131" port: 36779 } }
I20260608 10:02:12.344625 26165 leader_election.cc:290] T 4a960482e4eb4fe8aa5cf209813f0ec2 P 9fd8d414a6004db3b95c95642b00a5f1 [CANDIDATE]: Term 1 pre-election: Requested pre-vote from peers fd2b06630b5d419498de50c838f7175d (127.22.118.132:42757), 68819aa9dbc8483291bd03495abecad9 (127.22.118.129:36183)
W20260608 10:02:12.355453 25846 catalog_manager.cc:4809] Async tablet task AlterTable RPC for tablet 65f1332093fb489aa3b753a25bc332d6 (table range_aware_rebalance_new_range [id=d1448dd8eedb499ba7fd63eed465178d], current schema version=0) failed: Not found: failed to reset TS proxy: No leader found: Tablet 65f1332093fb489aa3b753a25bc332d6 consensus state has no leader
I20260608 10:02:12.422462 26235 leader_election.cc:304] T 4593df950d08465d9da7605b2f6d9ee5 P fd2b06630b5d419498de50c838f7175d [CANDIDATE]: Term 1 election: Election decided. Result: candidate won. Election summary: received 2 responses out of 3 voters: 2 yes votes; 0 no votes. yes voters: 68819aa9dbc8483291bd03495abecad9, fd2b06630b5d419498de50c838f7175d; no voters: 
I20260608 10:02:12.423659 26321 raft_consensus.cc:2804] T 4593df950d08465d9da7605b2f6d9ee5 P fd2b06630b5d419498de50c838f7175d [term 1 FOLLOWER]: Leader election won for term 1
I20260608 10:02:12.424278 26004 leader_election.cc:304] T 4593df950d08465d9da7605b2f6d9ee5 P 9fd8d414a6004db3b95c95642b00a5f1 [CANDIDATE]: Term 1 pre-election: Election decided. Result: candidate lost. Election summary: received 3 responses out of 3 voters: 1 yes votes; 2 no votes. yes voters: 9fd8d414a6004db3b95c95642b00a5f1; no voters: 68819aa9dbc8483291bd03495abecad9, fd2b06630b5d419498de50c838f7175d
I20260608 10:02:12.419912 26314 ts_tablet_manager.cc:1403] T 85e3bd62c88a4d37aba86b9f690c94ce P fd2b06630b5d419498de50c838f7175d: Time spent bootstrapping tablet: real 0.420s	user 0.027s	sys 0.022s
I20260608 10:02:12.427556 25963 tablet_service.cc:1917] Received RequestConsensusVote() RPC: tablet_id: "4a960482e4eb4fe8aa5cf209813f0ec2" candidate_uuid: "9fd8d414a6004db3b95c95642b00a5f1" candidate_term: 1 candidate_status { last_received { term: 0 index: 0 } } ignore_live_leader: false dest_uuid: "68819aa9dbc8483291bd03495abecad9" is_pre_election: true
I20260608 10:02:12.418413 26229 leader_election.cc:290] T 65f1332093fb489aa3b753a25bc332d6 P 9fd8d414a6004db3b95c95642b00a5f1 [CANDIDATE]: Term 1 pre-election: Requested pre-vote from peers fd2b06630b5d419498de50c838f7175d (127.22.118.132:42757), 26429dc2cfa0477094506c2dc6a9b9f5 (127.22.118.131:36779)
W20260608 10:02:12.430617 26005 leader_election.cc:343] T 4a960482e4eb4fe8aa5cf209813f0ec2 P 9fd8d414a6004db3b95c95642b00a5f1 [CANDIDATE]: Term 1 pre-election: Tablet error from VoteRequest() call to peer 68819aa9dbc8483291bd03495abecad9 (127.22.118.129:36183): Illegal state: must be running to vote when last-logged opid is not known
I20260608 10:02:12.432021 26314 raft_consensus.cc:359] T 85e3bd62c88a4d37aba86b9f690c94ce P fd2b06630b5d419498de50c838f7175d [term 0 FOLLOWER]: Replica starting. Triggering 0 pending ops. Active config: opid_index: -1 OBSOLETE_local: false peers { permanent_uuid: "26429dc2cfa0477094506c2dc6a9b9f5" member_type: VOTER last_known_addr { host: "127.22.118.131" port: 36779 } } peers { permanent_uuid: "fd2b06630b5d419498de50c838f7175d" member_type: VOTER last_known_addr { host: "127.22.118.132" port: 42757 } } peers { permanent_uuid: "68819aa9dbc8483291bd03495abecad9" member_type: VOTER last_known_addr { host: "127.22.118.129" port: 36183 } }
I20260608 10:02:12.432915 26314 raft_consensus.cc:385] T 85e3bd62c88a4d37aba86b9f690c94ce P fd2b06630b5d419498de50c838f7175d [term 0 FOLLOWER]: Consensus starting up: Expiring failure detector timer to make a prompt election more likely
I20260608 10:02:12.433275 26314 raft_consensus.cc:740] T 85e3bd62c88a4d37aba86b9f690c94ce P fd2b06630b5d419498de50c838f7175d [term 0 FOLLOWER]: Becoming Follower/Learner. State: Replica: fd2b06630b5d419498de50c838f7175d, State: Initialized, Role: FOLLOWER
I20260608 10:02:12.434175 26314 consensus_queue.cc:260] T 85e3bd62c88a4d37aba86b9f690c94ce P fd2b06630b5d419498de50c838f7175d [NON_LEADER]: Queue going to NON_LEADER mode. State: All replicated index: 0, Majority replicated index: 0, Committed index: 0, Last appended: 0.0, Last appended by leader: 0, Current term: 0, Majority size: -1, State: 0, Mode: NON_LEADER, active raft config: opid_index: -1 OBSOLETE_local: false peers { permanent_uuid: "26429dc2cfa0477094506c2dc6a9b9f5" member_type: VOTER last_known_addr { host: "127.22.118.131" port: 36779 } } peers { permanent_uuid: "fd2b06630b5d419498de50c838f7175d" member_type: VOTER last_known_addr { host: "127.22.118.132" port: 42757 } } peers { permanent_uuid: "68819aa9dbc8483291bd03495abecad9" member_type: VOTER last_known_addr { host: "127.22.118.129" port: 36183 } }
I20260608 10:02:12.445990 26039 raft_consensus.cc:2468] T 4593df950d08465d9da7605b2f6d9ee5 P 9fd8d414a6004db3b95c95642b00a5f1 [term 1 FOLLOWER]: Leader election vote request: Granting yes vote for candidate fd2b06630b5d419498de50c838f7175d in term 1.
I20260608 10:02:12.447593 26165 raft_consensus.cc:2749] T 4593df950d08465d9da7605b2f6d9ee5 P 9fd8d414a6004db3b95c95642b00a5f1 [term 1 FOLLOWER]: Leader pre-election lost for term 1. Reason: could not achieve majority
I20260608 10:02:12.453907 26270 tablet_service.cc:1917] Received RequestConsensusVote() RPC: tablet_id: "4a960482e4eb4fe8aa5cf209813f0ec2" candidate_uuid: "9fd8d414a6004db3b95c95642b00a5f1" candidate_term: 1 candidate_status { last_received { term: 0 index: 0 } } ignore_live_leader: false dest_uuid: "fd2b06630b5d419498de50c838f7175d" is_pre_election: true
I20260608 10:02:12.453809 26004 leader_election.cc:304] T 65f1332093fb489aa3b753a25bc332d6 P 9fd8d414a6004db3b95c95642b00a5f1 [CANDIDATE]: Term 1 pre-election: Election decided. Result: candidate won. Election summary: received 2 responses out of 3 voters: 2 yes votes; 0 no votes. yes voters: 9fd8d414a6004db3b95c95642b00a5f1, fd2b06630b5d419498de50c838f7175d; no voters: 
I20260608 10:02:12.456585 26229 raft_consensus.cc:2804] T 65f1332093fb489aa3b753a25bc332d6 P 9fd8d414a6004db3b95c95642b00a5f1 [term 0 FOLLOWER]: Leader pre-election won for term 1
I20260608 10:02:12.457099 26229 raft_consensus.cc:493] T 65f1332093fb489aa3b753a25bc332d6 P 9fd8d414a6004db3b95c95642b00a5f1 [term 0 FOLLOWER]: Starting leader election (no leader contacted us within the election timeout)
I20260608 10:02:12.457472 26229 raft_consensus.cc:3060] T 65f1332093fb489aa3b753a25bc332d6 P 9fd8d414a6004db3b95c95642b00a5f1 [term 0 FOLLOWER]: Advancing to term 1
I20260608 10:02:12.458626 26311 ts_tablet_manager.cc:1434] T 81d8753095eb490bb7e259512400a2e7 P 68819aa9dbc8483291bd03495abecad9: Time spent starting tablet: real 0.188s	user 0.011s	sys 0.012s
W20260608 10:02:12.463887 26004 leader_election.cc:343] T 4a960482e4eb4fe8aa5cf209813f0ec2 P 9fd8d414a6004db3b95c95642b00a5f1 [CANDIDATE]: Term 1 pre-election: Tablet error from VoteRequest() call to peer fd2b06630b5d419498de50c838f7175d (127.22.118.132:42757): Illegal state: must be running to vote when last-logged opid is not known
I20260608 10:02:12.464017 26314 ts_tablet_manager.cc:1434] T 85e3bd62c88a4d37aba86b9f690c94ce P fd2b06630b5d419498de50c838f7175d: Time spent starting tablet: real 0.037s	user 0.000s	sys 0.017s
I20260608 10:02:12.464140 26114 tablet_service.cc:1917] Received RequestConsensusVote() RPC: tablet_id: "65f1332093fb489aa3b753a25bc332d6" candidate_uuid: "9fd8d414a6004db3b95c95642b00a5f1" candidate_term: 1 candidate_status { last_received { term: 0 index: 0 } } ignore_live_leader: false dest_uuid: "26429dc2cfa0477094506c2dc6a9b9f5" is_pre_election: true
I20260608 10:02:12.464525 26004 leader_election.cc:304] T 4a960482e4eb4fe8aa5cf209813f0ec2 P 9fd8d414a6004db3b95c95642b00a5f1 [CANDIDATE]: Term 1 pre-election: Election decided. Result: candidate lost. Election summary: received 3 responses out of 3 voters: 1 yes votes; 2 no votes. yes voters: 9fd8d414a6004db3b95c95642b00a5f1; no voters: 68819aa9dbc8483291bd03495abecad9, fd2b06630b5d419498de50c838f7175d
I20260608 10:02:12.466369 26314 tablet_bootstrap.cc:492] T 4a960482e4eb4fe8aa5cf209813f0ec2 P fd2b06630b5d419498de50c838f7175d: Bootstrap starting.
I20260608 10:02:12.468217 26180 consensus_queue.cc:1048] T 85e3bd62c88a4d37aba86b9f690c94ce P 68819aa9dbc8483291bd03495abecad9 [LEADER]: Connected to new peer: Peer: permanent_uuid: "26429dc2cfa0477094506c2dc6a9b9f5" member_type: VOTER last_known_addr { host: "127.22.118.131" port: 36779 }, Status: LMP_MISMATCH, Last received: 0.0, Next index: 1, Last known committed idx: 0, Time since last communication: 0.002s
I20260608 10:02:12.472669 26311 tablet_bootstrap.cc:492] T 1ceb2b7a060c4346b8bf8d9d3f5cfb54 P 68819aa9dbc8483291bd03495abecad9: Bootstrap starting.
I20260608 10:02:12.469869 26321 raft_consensus.cc:697] T 4593df950d08465d9da7605b2f6d9ee5 P fd2b06630b5d419498de50c838f7175d [term 1 LEADER]: Becoming Leader. State: Replica: fd2b06630b5d419498de50c838f7175d, State: Running, Role: LEADER
I20260608 10:02:12.475139 26229 raft_consensus.cc:515] T 65f1332093fb489aa3b753a25bc332d6 P 9fd8d414a6004db3b95c95642b00a5f1 [term 1 FOLLOWER]: Starting leader election with config: opid_index: -1 OBSOLETE_local: false peers { permanent_uuid: "fd2b06630b5d419498de50c838f7175d" member_type: VOTER last_known_addr { host: "127.22.118.132" port: 42757 } } peers { permanent_uuid: "26429dc2cfa0477094506c2dc6a9b9f5" member_type: VOTER last_known_addr { host: "127.22.118.131" port: 36779 } } peers { permanent_uuid: "9fd8d414a6004db3b95c95642b00a5f1" member_type: VOTER last_known_addr { host: "127.22.118.130" port: 45031 } }
I20260608 10:02:12.476601 26321 consensus_queue.cc:237] T 4593df950d08465d9da7605b2f6d9ee5 P fd2b06630b5d419498de50c838f7175d [LEADER]: Queue going to LEADER mode. State: All replicated index: 0, Majority replicated index: 0, Committed index: 0, Last appended: 0.0, Last appended by leader: 0, Current term: 1, Majority size: 2, State: 0, Mode: LEADER, active raft config: opid_index: -1 OBSOLETE_local: false peers { permanent_uuid: "68819aa9dbc8483291bd03495abecad9" member_type: VOTER last_known_addr { host: "127.22.118.129" port: 36183 } } peers { permanent_uuid: "9fd8d414a6004db3b95c95642b00a5f1" member_type: VOTER last_known_addr { host: "127.22.118.130" port: 45031 } } peers { permanent_uuid: "fd2b06630b5d419498de50c838f7175d" member_type: VOTER last_known_addr { host: "127.22.118.132" port: 42757 } }
I20260608 10:02:12.484853 26165 raft_consensus.cc:2749] T 4a960482e4eb4fe8aa5cf209813f0ec2 P 9fd8d414a6004db3b95c95642b00a5f1 [term 0 FOLLOWER]: Leader pre-election lost for term 1. Reason: could not achieve majority
W20260608 10:02:12.485359 26006 leader_election.cc:343] T 65f1332093fb489aa3b753a25bc332d6 P 9fd8d414a6004db3b95c95642b00a5f1 [CANDIDATE]: Term 1 pre-election: Tablet error from VoteRequest() call to peer 26429dc2cfa0477094506c2dc6a9b9f5 (127.22.118.131:36779): Illegal state: must be running to vote when last-logged opid is not known
I20260608 10:02:12.512974 26314 tablet_bootstrap.cc:654] T 4a960482e4eb4fe8aa5cf209813f0ec2 P fd2b06630b5d419498de50c838f7175d: Neither blocks nor log segments found. Creating new log.
I20260608 10:02:12.516667 26212 raft_consensus.cc:493] T 1ceb2b7a060c4346b8bf8d9d3f5cfb54 P 26429dc2cfa0477094506c2dc6a9b9f5 [term 0 FOLLOWER]: Starting pre-election (no leader contacted us within the election timeout)
I20260608 10:02:12.517539 26212 raft_consensus.cc:515] T 1ceb2b7a060c4346b8bf8d9d3f5cfb54 P 26429dc2cfa0477094506c2dc6a9b9f5 [term 0 FOLLOWER]: Starting pre-election with config: opid_index: -1 OBSOLETE_local: false peers { permanent_uuid: "fd2b06630b5d419498de50c838f7175d" member_type: VOTER last_known_addr { host: "127.22.118.132" port: 42757 } } peers { permanent_uuid: "68819aa9dbc8483291bd03495abecad9" member_type: VOTER last_known_addr { host: "127.22.118.129" port: 36183 } } peers { permanent_uuid: "26429dc2cfa0477094506c2dc6a9b9f5" member_type: VOTER last_known_addr { host: "127.22.118.131" port: 36779 } }
I20260608 10:02:12.520725 26270 tablet_service.cc:1917] Received RequestConsensusVote() RPC: tablet_id: "65f1332093fb489aa3b753a25bc332d6" candidate_uuid: "9fd8d414a6004db3b95c95642b00a5f1" candidate_term: 1 candidate_status { last_received { term: 0 index: 0 } } ignore_live_leader: false dest_uuid: "fd2b06630b5d419498de50c838f7175d"
I20260608 10:02:12.526194 26212 leader_election.cc:290] T 1ceb2b7a060c4346b8bf8d9d3f5cfb54 P 26429dc2cfa0477094506c2dc6a9b9f5 [CANDIDATE]: Term 1 pre-election: Requested pre-vote from peers fd2b06630b5d419498de50c838f7175d (127.22.118.132:42757), 68819aa9dbc8483291bd03495abecad9 (127.22.118.129:36183)
I20260608 10:02:12.530915 26271 raft_consensus.cc:3060] T 85e3bd62c88a4d37aba86b9f690c94ce P fd2b06630b5d419498de50c838f7175d [term 0 FOLLOWER]: Advancing to term 1
I20260608 10:02:12.523074 26270 raft_consensus.cc:3060] T 65f1332093fb489aa3b753a25bc332d6 P fd2b06630b5d419498de50c838f7175d [term 0 FOLLOWER]: Advancing to term 1
I20260608 10:02:12.535730 26312 tablet_bootstrap.cc:654] T bc07f0845c184451971ff09e11fb87ef P 9fd8d414a6004db3b95c95642b00a5f1: Neither blocks nor log segments found. Creating new log.
I20260608 10:02:12.540745 25964 tablet_service.cc:1917] Received RequestConsensusVote() RPC: tablet_id: "1ceb2b7a060c4346b8bf8d9d3f5cfb54" candidate_uuid: "26429dc2cfa0477094506c2dc6a9b9f5" candidate_term: 1 candidate_status { last_received { term: 0 index: 0 } } ignore_live_leader: false dest_uuid: "68819aa9dbc8483291bd03495abecad9" is_pre_election: true
I20260608 10:02:12.534693 26229 leader_election.cc:290] T 65f1332093fb489aa3b753a25bc332d6 P 9fd8d414a6004db3b95c95642b00a5f1 [CANDIDATE]: Term 1 election: Requested vote from peers fd2b06630b5d419498de50c838f7175d (127.22.118.132:42757), 26429dc2cfa0477094506c2dc6a9b9f5 (127.22.118.131:36779)
I20260608 10:02:12.546869 26272 tablet_service.cc:1917] Received RequestConsensusVote() RPC: tablet_id: "1ceb2b7a060c4346b8bf8d9d3f5cfb54" candidate_uuid: "26429dc2cfa0477094506c2dc6a9b9f5" candidate_term: 1 candidate_status { last_received { term: 0 index: 0 } } ignore_live_leader: false dest_uuid: "fd2b06630b5d419498de50c838f7175d" is_pre_election: true
W20260608 10:02:12.548434 26079 leader_election.cc:343] T 1ceb2b7a060c4346b8bf8d9d3f5cfb54 P 26429dc2cfa0477094506c2dc6a9b9f5 [CANDIDATE]: Term 1 pre-election: Tablet error from VoteRequest() call to peer 68819aa9dbc8483291bd03495abecad9 (127.22.118.129:36183): Illegal state: must be running to vote when last-logged opid is not known
I20260608 10:02:12.548713 25859 catalog_manager.cc:5696] T f0e6942f3a444a1a9b961c6d7f12dd50 P 68819aa9dbc8483291bd03495abecad9 reported cstate change: term changed from 0 to 1, leader changed from <none> to 68819aa9dbc8483291bd03495abecad9 (127.22.118.129). New cstate: current_term: 1 leader_uuid: "68819aa9dbc8483291bd03495abecad9" committed_config { opid_index: -1 OBSOLETE_local: false peers { permanent_uuid: "fd2b06630b5d419498de50c838f7175d" member_type: VOTER last_known_addr { host: "127.22.118.132" port: 42757 } health_report { overall_health: UNKNOWN } } peers { permanent_uuid: "9fd8d414a6004db3b95c95642b00a5f1" member_type: VOTER last_known_addr { host: "127.22.118.130" port: 45031 } health_report { overall_health: UNKNOWN } } peers { permanent_uuid: "68819aa9dbc8483291bd03495abecad9" member_type: VOTER last_known_addr { host: "127.22.118.129" port: 36183 } health_report { overall_health: HEALTHY } } }
W20260608 10:02:12.557435 26078 leader_election.cc:343] T 1ceb2b7a060c4346b8bf8d9d3f5cfb54 P 26429dc2cfa0477094506c2dc6a9b9f5 [CANDIDATE]: Term 1 pre-election: Tablet error from VoteRequest() call to peer fd2b06630b5d419498de50c838f7175d (127.22.118.132:42757): Illegal state: must be running to vote when last-logged opid is not known
I20260608 10:02:12.558075 26078 leader_election.cc:304] T 1ceb2b7a060c4346b8bf8d9d3f5cfb54 P 26429dc2cfa0477094506c2dc6a9b9f5 [CANDIDATE]: Term 1 pre-election: Election decided. Result: candidate lost. Election summary: received 3 responses out of 3 voters: 1 yes votes; 2 no votes. yes voters: 26429dc2cfa0477094506c2dc6a9b9f5; no voters: 68819aa9dbc8483291bd03495abecad9, fd2b06630b5d419498de50c838f7175d
I20260608 10:02:12.559063 26212 raft_consensus.cc:2749] T 1ceb2b7a060c4346b8bf8d9d3f5cfb54 P 26429dc2cfa0477094506c2dc6a9b9f5 [term 0 FOLLOWER]: Leader pre-election lost for term 1. Reason: could not achieve majority
I20260608 10:02:12.564033 26311 tablet_bootstrap.cc:654] T 1ceb2b7a060c4346b8bf8d9d3f5cfb54 P 68819aa9dbc8483291bd03495abecad9: Neither blocks nor log segments found. Creating new log.
I20260608 10:02:12.592185 26314 tablet_bootstrap.cc:492] T 4a960482e4eb4fe8aa5cf209813f0ec2 P fd2b06630b5d419498de50c838f7175d: No bootstrap required, opened a new log
I20260608 10:02:12.594628 26314 ts_tablet_manager.cc:1403] T 4a960482e4eb4fe8aa5cf209813f0ec2 P fd2b06630b5d419498de50c838f7175d: Time spent bootstrapping tablet: real 0.129s	user 0.014s	sys 0.014s
I20260608 10:02:12.601593 26314 raft_consensus.cc:359] T 4a960482e4eb4fe8aa5cf209813f0ec2 P fd2b06630b5d419498de50c838f7175d [term 0 FOLLOWER]: Replica starting. Triggering 0 pending ops. Active config: opid_index: -1 OBSOLETE_local: false peers { permanent_uuid: "fd2b06630b5d419498de50c838f7175d" member_type: VOTER last_known_addr { host: "127.22.118.132" port: 42757 } } peers { permanent_uuid: "9fd8d414a6004db3b95c95642b00a5f1" member_type: VOTER last_known_addr { host: "127.22.118.130" port: 45031 } } peers { permanent_uuid: "68819aa9dbc8483291bd03495abecad9" member_type: VOTER last_known_addr { host: "127.22.118.129" port: 36183 } }
I20260608 10:02:12.602463 26314 raft_consensus.cc:385] T 4a960482e4eb4fe8aa5cf209813f0ec2 P fd2b06630b5d419498de50c838f7175d [term 0 FOLLOWER]: Consensus starting up: Expiring failure detector timer to make a prompt election more likely
I20260608 10:02:12.602836 26314 raft_consensus.cc:740] T 4a960482e4eb4fe8aa5cf209813f0ec2 P fd2b06630b5d419498de50c838f7175d [term 0 FOLLOWER]: Becoming Follower/Learner. State: Replica: fd2b06630b5d419498de50c838f7175d, State: Initialized, Role: FOLLOWER
I20260608 10:02:12.608976 26314 consensus_queue.cc:260] T 4a960482e4eb4fe8aa5cf209813f0ec2 P fd2b06630b5d419498de50c838f7175d [NON_LEADER]: Queue going to NON_LEADER mode. State: All replicated index: 0, Majority replicated index: 0, Committed index: 0, Last appended: 0.0, Last appended by leader: 0, Current term: 0, Majority size: -1, State: 0, Mode: NON_LEADER, active raft config: opid_index: -1 OBSOLETE_local: false peers { permanent_uuid: "fd2b06630b5d419498de50c838f7175d" member_type: VOTER last_known_addr { host: "127.22.118.132" port: 42757 } } peers { permanent_uuid: "9fd8d414a6004db3b95c95642b00a5f1" member_type: VOTER last_known_addr { host: "127.22.118.130" port: 45031 } } peers { permanent_uuid: "68819aa9dbc8483291bd03495abecad9" member_type: VOTER last_known_addr { host: "127.22.118.129" port: 36183 } }
I20260608 10:02:12.617908 26314 ts_tablet_manager.cc:1434] T 4a960482e4eb4fe8aa5cf209813f0ec2 P fd2b06630b5d419498de50c838f7175d: Time spent starting tablet: real 0.023s	user 0.008s	sys 0.000s
I20260608 10:02:12.618119 26313 tablet_bootstrap.cc:654] T 65f1332093fb489aa3b753a25bc332d6 P 26429dc2cfa0477094506c2dc6a9b9f5: Neither blocks nor log segments found. Creating new log.
I20260608 10:02:12.619639 26314 tablet_bootstrap.cc:492] T 1ceb2b7a060c4346b8bf8d9d3f5cfb54 P fd2b06630b5d419498de50c838f7175d: Bootstrap starting.
I20260608 10:02:12.620043 26113 tablet_service.cc:1917] Received RequestConsensusVote() RPC: tablet_id: "65f1332093fb489aa3b753a25bc332d6" candidate_uuid: "9fd8d414a6004db3b95c95642b00a5f1" candidate_term: 1 candidate_status { last_received { term: 0 index: 0 } } ignore_live_leader: false dest_uuid: "26429dc2cfa0477094506c2dc6a9b9f5"
I20260608 10:02:12.629813 26312 tablet_bootstrap.cc:492] T bc07f0845c184451971ff09e11fb87ef P 9fd8d414a6004db3b95c95642b00a5f1: No bootstrap required, opened a new log
I20260608 10:02:12.630564 26312 ts_tablet_manager.cc:1403] T bc07f0845c184451971ff09e11fb87ef P 9fd8d414a6004db3b95c95642b00a5f1: Time spent bootstrapping tablet: real 0.354s	user 0.033s	sys 0.010s
I20260608 10:02:12.633368 26314 tablet_bootstrap.cc:654] T 1ceb2b7a060c4346b8bf8d9d3f5cfb54 P fd2b06630b5d419498de50c838f7175d: Neither blocks nor log segments found. Creating new log.
I20260608 10:02:12.643792 26270 raft_consensus.cc:2468] T 65f1332093fb489aa3b753a25bc332d6 P fd2b06630b5d419498de50c838f7175d [term 1 FOLLOWER]: Leader election vote request: Granting yes vote for candidate 9fd8d414a6004db3b95c95642b00a5f1 in term 1.
I20260608 10:02:12.644593 26180 consensus_queue.cc:1048] T 85e3bd62c88a4d37aba86b9f690c94ce P 68819aa9dbc8483291bd03495abecad9 [LEADER]: Connected to new peer: Peer: permanent_uuid: "fd2b06630b5d419498de50c838f7175d" member_type: VOTER last_known_addr { host: "127.22.118.132" port: 42757 }, Status: LMP_MISMATCH, Last received: 0.0, Next index: 1, Last known committed idx: 0, Time since last communication: 0.000s
I20260608 10:02:12.646340 26311 tablet_bootstrap.cc:492] T 1ceb2b7a060c4346b8bf8d9d3f5cfb54 P 68819aa9dbc8483291bd03495abecad9: No bootstrap required, opened a new log
I20260608 10:02:12.646996 26311 ts_tablet_manager.cc:1403] T 1ceb2b7a060c4346b8bf8d9d3f5cfb54 P 68819aa9dbc8483291bd03495abecad9: Time spent bootstrapping tablet: real 0.180s	user 0.023s	sys 0.003s
I20260608 10:02:12.666356 26313 tablet_bootstrap.cc:492] T 65f1332093fb489aa3b753a25bc332d6 P 26429dc2cfa0477094506c2dc6a9b9f5: No bootstrap required, opened a new log
