I20260608 10:02:54.359278 24526 catalog_manager.cc:5696] T e25ed84fed3b4b30bc8bd0d9b47e5e98 P fc9cbe231f3d4026a2d13449db96a042 reported cstate change: term changed from 0 to 1, leader changed from <none> to fc9cbe231f3d4026a2d13449db96a042 (127.19.167.131). New cstate: current_term: 1 leader_uuid: "fc9cbe231f3d4026a2d13449db96a042" committed_config { opid_index: -1 OBSOLETE_local: false peers { permanent_uuid: "61c61024beb846379561b8497039ae6b" member_type: VOTER last_known_addr { host: "127.19.167.129" port: 39317 } health_report { overall_health: UNKNOWN } } peers { permanent_uuid: "108d5efbc6e2434688e13487b12ee9c3" member_type: VOTER last_known_addr { host: "127.19.167.130" port: 34635 } health_report { overall_health: UNKNOWN } } peers { permanent_uuid: "fc9cbe231f3d4026a2d13449db96a042" member_type: VOTER last_known_addr { host: "127.19.167.131" port: 36251 } health_report { overall_health: HEALTHY } } }
W20260608 10:02:54.362285 24598 leader_election.cc:343] T 52ca07afadee47419a374dd987219d72 P 61c61024beb846379561b8497039ae6b [CANDIDATE]: Term 1 election: Tablet error from VoteRequest() call to peer fc9cbe231f3d4026a2d13449db96a042 (127.19.167.131:36251): Illegal state: must be running to vote when last-logged opid is not known
I20260608 10:02:54.362576 24673 leader_election.cc:304] T 4985008a357642fa8821d1a4c8314279 P 108d5efbc6e2434688e13487b12ee9c3 [CANDIDATE]: Term 1 pre-election: Election decided. Result: candidate lost. Election summary: received 3 responses out of 3 voters: 1 yes votes; 2 no votes. yes voters: 108d5efbc6e2434688e13487b12ee9c3; no voters: 61c61024beb846379561b8497039ae6b, fc9cbe231f3d4026a2d13449db96a042
I20260608 10:02:54.363087 24835 leader_election.cc:290] T 44d4382d83aa4bdf928d2f929753d6b3 P fc9cbe231f3d4026a2d13449db96a042 [CANDIDATE]: Term 1 pre-election: Requested pre-vote from peers 61c61024beb846379561b8497039ae6b (127.19.167.129:39317), 108d5efbc6e2434688e13487b12ee9c3 (127.19.167.130:34635)
I20260608 10:02:54.363564 24864 raft_consensus.cc:2804] T 343fa676621c4a9199c97e227ffb1360 P 108d5efbc6e2434688e13487b12ee9c3 [term 1 FOLLOWER]: Leader election won for term 1
I20260608 10:02:54.363683 24631 tablet_service.cc:1917] Received RequestConsensusVote() RPC: tablet_id: "44d4382d83aa4bdf928d2f929753d6b3" candidate_uuid: "fc9cbe231f3d4026a2d13449db96a042" candidate_term: 1 candidate_status { last_received { term: 0 index: 0 } } ignore_live_leader: false dest_uuid: "61c61024beb846379561b8497039ae6b" is_pre_election: true
I20260608 10:02:54.364042 24834 raft_consensus.cc:2749] T 52ca07afadee47419a374dd987219d72 P 108d5efbc6e2434688e13487b12ee9c3 [term 1 FOLLOWER]: Leader pre-election lost for term 1. Reason: could not achieve majority
I20260608 10:02:54.364413 24631 raft_consensus.cc:2468] T 44d4382d83aa4bdf928d2f929753d6b3 P 61c61024beb846379561b8497039ae6b [term 0 FOLLOWER]: Leader pre-election vote request: Granting yes vote for candidate fc9cbe231f3d4026a2d13449db96a042 in term 0.
I20260608 10:02:54.364676 24708 tablet_service.cc:1917] Received RequestConsensusVote() RPC: tablet_id: "44d4382d83aa4bdf928d2f929753d6b3" candidate_uuid: "fc9cbe231f3d4026a2d13449db96a042" candidate_term: 1 candidate_status { last_received { term: 0 index: 0 } } ignore_live_leader: false dest_uuid: "108d5efbc6e2434688e13487b12ee9c3" is_pre_election: true
I20260608 10:02:54.365550 24708 raft_consensus.cc:2468] T 44d4382d83aa4bdf928d2f929753d6b3 P 108d5efbc6e2434688e13487b12ee9c3 [term 0 FOLLOWER]: Leader pre-election vote request: Granting yes vote for candidate fc9cbe231f3d4026a2d13449db96a042 in term 0.
I20260608 10:02:54.365849 24745 leader_election.cc:304] T 44d4382d83aa4bdf928d2f929753d6b3 P fc9cbe231f3d4026a2d13449db96a042 [CANDIDATE]: Term 1 pre-election: Election decided. Result: candidate won. Election summary: received 2 responses out of 3 voters: 2 yes votes; 0 no votes. yes voters: 61c61024beb846379561b8497039ae6b, fc9cbe231f3d4026a2d13449db96a042; no voters: 
I20260608 10:02:54.367532 24836 raft_consensus.cc:493] T bbb00db8acbf4d6bb2246b2249d6ff80 P 61c61024beb846379561b8497039ae6b [term 0 FOLLOWER]: Starting pre-election (no leader contacted us within the election timeout)
I20260608 10:02:54.368674 24836 raft_consensus.cc:515] T bbb00db8acbf4d6bb2246b2249d6ff80 P 61c61024beb846379561b8497039ae6b [term 0 FOLLOWER]: Starting pre-election with config: opid_index: -1 OBSOLETE_local: false peers { permanent_uuid: "61c61024beb846379561b8497039ae6b" member_type: VOTER last_known_addr { host: "127.19.167.129" port: 39317 } } peers { permanent_uuid: "108d5efbc6e2434688e13487b12ee9c3" member_type: VOTER last_known_addr { host: "127.19.167.130" port: 34635 } } peers { permanent_uuid: "fc9cbe231f3d4026a2d13449db96a042" member_type: VOTER last_known_addr { host: "127.19.167.131" port: 36251 } }
I20260608 10:02:54.371989 24707 raft_consensus.cc:2468] T 52ca07afadee47419a374dd987219d72 P 108d5efbc6e2434688e13487b12ee9c3 [term 1 FOLLOWER]: Leader election vote request: Granting yes vote for candidate 61c61024beb846379561b8497039ae6b in term 1.
I20260608 10:02:54.367035 24632 tablet_service.cc:1917] Received RequestConsensusVote() RPC: tablet_id: "4985008a357642fa8821d1a4c8314279" candidate_uuid: "fc9cbe231f3d4026a2d13449db96a042" candidate_term: 1 candidate_status { last_received { term: 0 index: 0 } } ignore_live_leader: false dest_uuid: "61c61024beb846379561b8497039ae6b"
I20260608 10:02:54.370747 24835 raft_consensus.cc:2804] T 44d4382d83aa4bdf928d2f929753d6b3 P fc9cbe231f3d4026a2d13449db96a042 [term 0 FOLLOWER]: Leader pre-election won for term 1
W20260608 10:02:54.375602 24745 leader_election.cc:343] T 4985008a357642fa8821d1a4c8314279 P fc9cbe231f3d4026a2d13449db96a042 [CANDIDATE]: Term 1 election: Tablet error from VoteRequest() call to peer 61c61024beb846379561b8497039ae6b (127.19.167.129:39317): Illegal state: must be running to vote when last-logged opid is not known
I20260608 10:02:54.375753 24862 raft_consensus.cc:3060] T 4985008a357642fa8821d1a4c8314279 P 108d5efbc6e2434688e13487b12ee9c3 [term 0 FOLLOWER]: Advancing to term 1
I20260608 10:02:54.374658 24835 raft_consensus.cc:493] T 44d4382d83aa4bdf928d2f929753d6b3 P fc9cbe231f3d4026a2d13449db96a042 [term 0 FOLLOWER]: Starting leader election (no leader contacted us within the election timeout)
I20260608 10:02:54.376320 24835 raft_consensus.cc:3060] T 44d4382d83aa4bdf928d2f929753d6b3 P fc9cbe231f3d4026a2d13449db96a042 [term 0 FOLLOWER]: Advancing to term 1
I20260608 10:02:54.377271 24834 raft_consensus.cc:493] T 8be168d6ae90417b8bc14fa2aa1c68bb P 108d5efbc6e2434688e13487b12ee9c3 [term 0 FOLLOWER]: Starting pre-election (no leader contacted us within the election timeout)
I20260608 10:02:54.379547 24782 tablet_service.cc:1917] Received RequestConsensusVote() RPC: tablet_id: "bbb00db8acbf4d6bb2246b2249d6ff80" candidate_uuid: "61c61024beb846379561b8497039ae6b" candidate_term: 1 candidate_status { last_received { term: 0 index: 0 } } ignore_live_leader: false dest_uuid: "fc9cbe231f3d4026a2d13449db96a042" is_pre_election: true
W20260608 10:02:54.381187 24598 leader_election.cc:343] T bbb00db8acbf4d6bb2246b2249d6ff80 P 61c61024beb846379561b8497039ae6b [CANDIDATE]: Term 1 pre-election: Tablet error from VoteRequest() call to peer fc9cbe231f3d4026a2d13449db96a042 (127.19.167.131:36251): Illegal state: must be running to vote when last-logged opid is not known
I20260608 10:02:54.383749 24835 raft_consensus.cc:515] T 44d4382d83aa4bdf928d2f929753d6b3 P fc9cbe231f3d4026a2d13449db96a042 [term 1 FOLLOWER]: Starting leader election with config: opid_index: -1 OBSOLETE_local: false peers { permanent_uuid: "61c61024beb846379561b8497039ae6b" member_type: VOTER last_known_addr { host: "127.19.167.129" port: 39317 } } peers { permanent_uuid: "108d5efbc6e2434688e13487b12ee9c3" member_type: VOTER last_known_addr { host: "127.19.167.130" port: 34635 } } peers { permanent_uuid: "fc9cbe231f3d4026a2d13449db96a042" member_type: VOTER last_known_addr { host: "127.19.167.131" port: 36251 } }
I20260608 10:02:54.385030 24596 leader_election.cc:304] T 52ca07afadee47419a374dd987219d72 P 61c61024beb846379561b8497039ae6b [CANDIDATE]: Term 1 election: Election decided. Result: candidate won. Election summary: received 3 responses out of 3 voters: 2 yes votes; 1 no votes. yes voters: 108d5efbc6e2434688e13487b12ee9c3, 61c61024beb846379561b8497039ae6b; no voters: fc9cbe231f3d4026a2d13449db96a042
I20260608 10:02:54.386183 24862 raft_consensus.cc:2749] T 4985008a357642fa8821d1a4c8314279 P 108d5efbc6e2434688e13487b12ee9c3 [term 1 FOLLOWER]: Leader pre-election lost for term 1. Reason: could not achieve majority
I20260608 10:02:54.386444 24851 raft_consensus.cc:2804] T 52ca07afadee47419a374dd987219d72 P 61c61024beb846379561b8497039ae6b [term 1 FOLLOWER]: Leader election won for term 1
I20260608 10:02:54.378369 24836 leader_election.cc:290] T bbb00db8acbf4d6bb2246b2249d6ff80 P 61c61024beb846379561b8497039ae6b [CANDIDATE]: Term 1 pre-election: Requested pre-vote from peers 108d5efbc6e2434688e13487b12ee9c3 (127.19.167.130:34635), fc9cbe231f3d4026a2d13449db96a042 (127.19.167.131:36251)
I20260608 10:02:54.386807 24632 tablet_service.cc:1917] Received RequestConsensusVote() RPC: tablet_id: "44d4382d83aa4bdf928d2f929753d6b3" candidate_uuid: "fc9cbe231f3d4026a2d13449db96a042" candidate_term: 1 candidate_status { last_received { term: 0 index: 0 } } ignore_live_leader: false dest_uuid: "61c61024beb846379561b8497039ae6b"
I20260608 10:02:54.378839 24834 raft_consensus.cc:515] T 8be168d6ae90417b8bc14fa2aa1c68bb P 108d5efbc6e2434688e13487b12ee9c3 [term 0 FOLLOWER]: Starting pre-election with config: opid_index: -1 OBSOLETE_local: false peers { permanent_uuid: "108d5efbc6e2434688e13487b12ee9c3" member_type: VOTER last_known_addr { host: "127.19.167.130" port: 34635 } } peers { permanent_uuid: "61c61024beb846379561b8497039ae6b" member_type: VOTER last_known_addr { host: "127.19.167.129" port: 39317 } } peers { permanent_uuid: "fc9cbe231f3d4026a2d13449db96a042" member_type: VOTER last_known_addr { host: "127.19.167.131" port: 36251 } }
I20260608 10:02:54.387610 24632 raft_consensus.cc:3060] T 44d4382d83aa4bdf928d2f929753d6b3 P 61c61024beb846379561b8497039ae6b [term 0 FOLLOWER]: Advancing to term 1
I20260608 10:02:54.390256 24631 tablet_service.cc:1917] Received RequestConsensusVote() RPC: tablet_id: "8be168d6ae90417b8bc14fa2aa1c68bb" candidate_uuid: "108d5efbc6e2434688e13487b12ee9c3" candidate_term: 1 candidate_status { last_received { term: 0 index: 0 } } ignore_live_leader: false dest_uuid: "61c61024beb846379561b8497039ae6b" is_pre_election: true
I20260608 10:02:54.390681 24834 leader_election.cc:290] T 8be168d6ae90417b8bc14fa2aa1c68bb P 108d5efbc6e2434688e13487b12ee9c3 [CANDIDATE]: Term 1 pre-election: Requested pre-vote from peers 61c61024beb846379561b8497039ae6b (127.19.167.129:39317), fc9cbe231f3d4026a2d13449db96a042 (127.19.167.131:36251)
W20260608 10:02:54.391781 24670 leader_election.cc:343] T 8be168d6ae90417b8bc14fa2aa1c68bb P 108d5efbc6e2434688e13487b12ee9c3 [CANDIDATE]: Term 1 pre-election: Tablet error from VoteRequest() call to peer 61c61024beb846379561b8497039ae6b (127.19.167.129:39317): Illegal state: must be running to vote when last-logged opid is not known
I20260608 10:02:54.391933 24828 ts_tablet_manager.cc:1434] T 8be168d6ae90417b8bc14fa2aa1c68bb P fc9cbe231f3d4026a2d13449db96a042: Time spent starting tablet: real 0.083s	user 0.016s	sys 0.002s
I20260608 10:02:54.392828 24828 tablet_bootstrap.cc:492] T d8b12ce9f6ad4f96851497d875cbf94e P fc9cbe231f3d4026a2d13449db96a042: Bootstrap starting.
I20260608 10:02:54.371649 24866 leader_election.cc:290] T 4985008a357642fa8821d1a4c8314279 P fc9cbe231f3d4026a2d13449db96a042 [CANDIDATE]: Term 1 election: Requested vote from peers 61c61024beb846379561b8497039ae6b (127.19.167.129:39317), 108d5efbc6e2434688e13487b12ee9c3 (127.19.167.130:34635)
I20260608 10:02:54.395840 24707 tablet_service.cc:1917] Received RequestConsensusVote() RPC: tablet_id: "bbb00db8acbf4d6bb2246b2249d6ff80" candidate_uuid: "61c61024beb846379561b8497039ae6b" candidate_term: 1 candidate_status { last_received { term: 0 index: 0 } } ignore_live_leader: false dest_uuid: "108d5efbc6e2434688e13487b12ee9c3" is_pre_election: true
I20260608 10:02:54.396736 24782 tablet_service.cc:1917] Received RequestConsensusVote() RPC: tablet_id: "8be168d6ae90417b8bc14fa2aa1c68bb" candidate_uuid: "108d5efbc6e2434688e13487b12ee9c3" candidate_term: 1 candidate_status { last_received { term: 0 index: 0 } } ignore_live_leader: false dest_uuid: "fc9cbe231f3d4026a2d13449db96a042" is_pre_election: true
I20260608 10:02:54.397647 24782 raft_consensus.cc:2468] T 8be168d6ae90417b8bc14fa2aa1c68bb P fc9cbe231f3d4026a2d13449db96a042 [term 0 FOLLOWER]: Leader pre-election vote request: Granting yes vote for candidate 108d5efbc6e2434688e13487b12ee9c3 in term 0.
I20260608 10:02:54.398803 24708 tablet_service.cc:1917] Received RequestConsensusVote() RPC: tablet_id: "4985008a357642fa8821d1a4c8314279" candidate_uuid: "fc9cbe231f3d4026a2d13449db96a042" candidate_term: 1 candidate_status { last_received { term: 0 index: 0 } } ignore_live_leader: false dest_uuid: "108d5efbc6e2434688e13487b12ee9c3"
I20260608 10:02:54.399356 24864 raft_consensus.cc:697] T 343fa676621c4a9199c97e227ffb1360 P 108d5efbc6e2434688e13487b12ee9c3 [term 1 LEADER]: Becoming Leader. State: Replica: 108d5efbc6e2434688e13487b12ee9c3, State: Running, Role: LEADER
I20260608 10:02:54.400288 24864 consensus_queue.cc:237] T 343fa676621c4a9199c97e227ffb1360 P 108d5efbc6e2434688e13487b12ee9c3 [LEADER]: Queue going to LEADER mode. State: All replicated index: 0, Majority replicated index: 0, Committed index: 0, Last appended: 0.0, Last appended by leader: 0, Current term: 1, Majority size: 2, State: 0, Mode: LEADER, active raft config: opid_index: -1 OBSOLETE_local: false peers { permanent_uuid: "61c61024beb846379561b8497039ae6b" member_type: VOTER last_known_addr { host: "127.19.167.129" port: 39317 } } peers { permanent_uuid: "108d5efbc6e2434688e13487b12ee9c3" member_type: VOTER last_known_addr { host: "127.19.167.130" port: 34635 } } peers { permanent_uuid: "fc9cbe231f3d4026a2d13449db96a042" member_type: VOTER last_known_addr { host: "127.19.167.131" port: 36251 } }
I20260608 10:02:54.403097 24851 raft_consensus.cc:697] T 52ca07afadee47419a374dd987219d72 P 61c61024beb846379561b8497039ae6b [term 1 LEADER]: Becoming Leader. State: Replica: 61c61024beb846379561b8497039ae6b, State: Running, Role: LEADER
I20260608 10:02:54.403383 24632 raft_consensus.cc:2468] T 44d4382d83aa4bdf928d2f929753d6b3 P 61c61024beb846379561b8497039ae6b [term 1 FOLLOWER]: Leader election vote request: Granting yes vote for candidate fc9cbe231f3d4026a2d13449db96a042 in term 1.
I20260608 10:02:54.404125 24851 consensus_queue.cc:237] T 52ca07afadee47419a374dd987219d72 P 61c61024beb846379561b8497039ae6b [LEADER]: Queue going to LEADER mode. State: All replicated index: 0, Majority replicated index: 0, Committed index: 0, Last appended: 0.0, Last appended by leader: 0, Current term: 1, Majority size: 2, State: 0, Mode: LEADER, active raft config: opid_index: -1 OBSOLETE_local: false peers { permanent_uuid: "61c61024beb846379561b8497039ae6b" member_type: VOTER last_known_addr { host: "127.19.167.129" port: 39317 } } peers { permanent_uuid: "108d5efbc6e2434688e13487b12ee9c3" member_type: VOTER last_known_addr { host: "127.19.167.130" port: 34635 } } peers { permanent_uuid: "fc9cbe231f3d4026a2d13449db96a042" member_type: VOTER last_known_addr { host: "127.19.167.131" port: 36251 } }
I20260608 10:02:54.404639 24745 leader_election.cc:304] T 44d4382d83aa4bdf928d2f929753d6b3 P fc9cbe231f3d4026a2d13449db96a042 [CANDIDATE]: Term 1 election: Election decided. Result: candidate won. Election summary: received 2 responses out of 3 voters: 2 yes votes; 0 no votes. yes voters: 61c61024beb846379561b8497039ae6b, fc9cbe231f3d4026a2d13449db96a042; no voters: 
I20260608 10:02:54.405753 24870 raft_consensus.cc:2804] T 44d4382d83aa4bdf928d2f929753d6b3 P fc9cbe231f3d4026a2d13449db96a042 [term 1 FOLLOWER]: Leader election won for term 1
I20260608 10:02:54.405872 24835 leader_election.cc:290] T 44d4382d83aa4bdf928d2f929753d6b3 P fc9cbe231f3d4026a2d13449db96a042 [CANDIDATE]: Term 1 election: Requested vote from peers 61c61024beb846379561b8497039ae6b (127.19.167.129:39317), 108d5efbc6e2434688e13487b12ee9c3 (127.19.167.130:34635)
I20260608 10:02:54.406354 24870 raft_consensus.cc:697] T 44d4382d83aa4bdf928d2f929753d6b3 P fc9cbe231f3d4026a2d13449db96a042 [term 1 LEADER]: Becoming Leader. State: Replica: fc9cbe231f3d4026a2d13449db96a042, State: Running, Role: LEADER
I20260608 10:02:54.407146 24708 raft_consensus.cc:2468] T 4985008a357642fa8821d1a4c8314279 P 108d5efbc6e2434688e13487b12ee9c3 [term 1 FOLLOWER]: Leader election vote request: Granting yes vote for candidate fc9cbe231f3d4026a2d13449db96a042 in term 1.
W20260608 10:02:54.408068 24596 leader_election.cc:343] T bbb00db8acbf4d6bb2246b2249d6ff80 P 61c61024beb846379561b8497039ae6b [CANDIDATE]: Term 1 pre-election: Tablet error from VoteRequest() call to peer 108d5efbc6e2434688e13487b12ee9c3 (127.19.167.130:34635): Illegal state: must be running to vote when last-logged opid is not known
I20260608 10:02:54.409355 24596 leader_election.cc:304] T bbb00db8acbf4d6bb2246b2249d6ff80 P 61c61024beb846379561b8497039ae6b [CANDIDATE]: Term 1 pre-election: Election decided. Result: candidate lost. Election summary: received 3 responses out of 3 voters: 1 yes votes; 2 no votes. yes voters: 61c61024beb846379561b8497039ae6b; no voters: 108d5efbc6e2434688e13487b12ee9c3, fc9cbe231f3d4026a2d13449db96a042
I20260608 10:02:54.411875 24707 tablet_service.cc:1917] Received RequestConsensusVote() RPC: tablet_id: "44d4382d83aa4bdf928d2f929753d6b3" candidate_uuid: "fc9cbe231f3d4026a2d13449db96a042" candidate_term: 1 candidate_status { last_received { term: 0 index: 0 } } ignore_live_leader: false dest_uuid: "108d5efbc6e2434688e13487b12ee9c3"
I20260608 10:02:54.412690 24707 raft_consensus.cc:3060] T 44d4382d83aa4bdf928d2f929753d6b3 P 108d5efbc6e2434688e13487b12ee9c3 [term 0 FOLLOWER]: Advancing to term 1
I20260608 10:02:54.408028 24870 consensus_queue.cc:237] T 44d4382d83aa4bdf928d2f929753d6b3 P fc9cbe231f3d4026a2d13449db96a042 [LEADER]: Queue going to LEADER mode. State: All replicated index: 0, Majority replicated index: 0, Committed index: 0, Last appended: 0.0, Last appended by leader: 0, Current term: 1, Majority size: 2, State: 0, Mode: LEADER, active raft config: opid_index: -1 OBSOLETE_local: false peers { permanent_uuid: "61c61024beb846379561b8497039ae6b" member_type: VOTER last_known_addr { host: "127.19.167.129" port: 39317 } } peers { permanent_uuid: "108d5efbc6e2434688e13487b12ee9c3" member_type: VOTER last_known_addr { host: "127.19.167.130" port: 34635 } } peers { permanent_uuid: "fc9cbe231f3d4026a2d13449db96a042" member_type: VOTER last_known_addr { host: "127.19.167.131" port: 36251 } }
I20260608 10:02:54.411132 24875 raft_consensus.cc:2749] T bbb00db8acbf4d6bb2246b2249d6ff80 P 61c61024beb846379561b8497039ae6b [term 0 FOLLOWER]: Leader pre-election lost for term 1. Reason: could not achieve majority
I20260608 10:02:54.421535 24707 raft_consensus.cc:2468] T 44d4382d83aa4bdf928d2f929753d6b3 P 108d5efbc6e2434688e13487b12ee9c3 [term 1 FOLLOWER]: Leader election vote request: Granting yes vote for candidate fc9cbe231f3d4026a2d13449db96a042 in term 1.
I20260608 10:02:54.422003 24673 leader_election.cc:304] T 8be168d6ae90417b8bc14fa2aa1c68bb P 108d5efbc6e2434688e13487b12ee9c3 [CANDIDATE]: Term 1 pre-election: Election decided. Result: candidate won. Election summary: received 3 responses out of 3 voters: 2 yes votes; 1 no votes. yes voters: 108d5efbc6e2434688e13487b12ee9c3, fc9cbe231f3d4026a2d13449db96a042; no voters: 61c61024beb846379561b8497039ae6b
I20260608 10:02:54.398821 24828 tablet_bootstrap.cc:654] T d8b12ce9f6ad4f96851497d875cbf94e P fc9cbe231f3d4026a2d13449db96a042: Neither blocks nor log segments found. Creating new log.
I20260608 10:02:54.428193 24873 raft_consensus.cc:2804] T 8be168d6ae90417b8bc14fa2aa1c68bb P 108d5efbc6e2434688e13487b12ee9c3 [term 0 FOLLOWER]: Leader pre-election won for term 1
I20260608 10:02:54.428638 24873 raft_consensus.cc:493] T 8be168d6ae90417b8bc14fa2aa1c68bb P 108d5efbc6e2434688e13487b12ee9c3 [term 0 FOLLOWER]: Starting leader election (no leader contacted us within the election timeout)
I20260608 10:02:54.429028 24873 raft_consensus.cc:3060] T 8be168d6ae90417b8bc14fa2aa1c68bb P 108d5efbc6e2434688e13487b12ee9c3 [term 0 FOLLOWER]: Advancing to term 1
I20260608 10:02:54.435972 24827 tablet_bootstrap.cc:492] T e25ed84fed3b4b30bc8bd0d9b47e5e98 P 108d5efbc6e2434688e13487b12ee9c3: No bootstrap required, opened a new log
I20260608 10:02:54.436228 24829 tablet_bootstrap.cc:492] T 8be168d6ae90417b8bc14fa2aa1c68bb P 61c61024beb846379561b8497039ae6b: No bootstrap required, opened a new log
I20260608 10:02:54.436764 24827 ts_tablet_manager.cc:1403] T e25ed84fed3b4b30bc8bd0d9b47e5e98 P 108d5efbc6e2434688e13487b12ee9c3: Time spent bootstrapping tablet: real 0.197s	user 0.028s	sys 0.021s
I20260608 10:02:54.438143 24746 leader_election.cc:304] T 4985008a357642fa8821d1a4c8314279 P fc9cbe231f3d4026a2d13449db96a042 [CANDIDATE]: Term 1 election: Election decided. Result: candidate won. Election summary: received 3 responses out of 3 voters: 2 yes votes; 1 no votes. yes voters: 108d5efbc6e2434688e13487b12ee9c3, fc9cbe231f3d4026a2d13449db96a042; no voters: 61c61024beb846379561b8497039ae6b
I20260608 10:02:54.439457 24835 raft_consensus.cc:2804] T 4985008a357642fa8821d1a4c8314279 P fc9cbe231f3d4026a2d13449db96a042 [term 1 FOLLOWER]: Leader election won for term 1
I20260608 10:02:54.439954 24835 raft_consensus.cc:697] T 4985008a357642fa8821d1a4c8314279 P fc9cbe231f3d4026a2d13449db96a042 [term 1 LEADER]: Becoming Leader. State: Replica: fc9cbe231f3d4026a2d13449db96a042, State: Running, Role: LEADER
I20260608 10:02:54.440835 24835 consensus_queue.cc:237] T 4985008a357642fa8821d1a4c8314279 P fc9cbe231f3d4026a2d13449db96a042 [LEADER]: Queue going to LEADER mode. State: All replicated index: 0, Majority replicated index: 0, Committed index: 0, Last appended: 0.0, Last appended by leader: 0, Current term: 1, Majority size: 2, State: 0, Mode: LEADER, active raft config: opid_index: -1 OBSOLETE_local: false peers { permanent_uuid: "61c61024beb846379561b8497039ae6b" member_type: VOTER last_known_addr { host: "127.19.167.129" port: 39317 } } peers { permanent_uuid: "108d5efbc6e2434688e13487b12ee9c3" member_type: VOTER last_known_addr { host: "127.19.167.130" port: 34635 } } peers { permanent_uuid: "fc9cbe231f3d4026a2d13449db96a042" member_type: VOTER last_known_addr { host: "127.19.167.131" port: 36251 } }
I20260608 10:02:54.441198 24827 raft_consensus.cc:359] T e25ed84fed3b4b30bc8bd0d9b47e5e98 P 108d5efbc6e2434688e13487b12ee9c3 [term 0 FOLLOWER]: Replica starting. Triggering 0 pending ops. Active config: opid_index: -1 OBSOLETE_local: false peers { permanent_uuid: "61c61024beb846379561b8497039ae6b" member_type: VOTER last_known_addr { host: "127.19.167.129" port: 39317 } } peers { permanent_uuid: "108d5efbc6e2434688e13487b12ee9c3" member_type: VOTER last_known_addr { host: "127.19.167.130" port: 34635 } } peers { permanent_uuid: "fc9cbe231f3d4026a2d13449db96a042" member_type: VOTER last_known_addr { host: "127.19.167.131" port: 36251 } }
I20260608 10:02:54.442205 24827 raft_consensus.cc:385] T e25ed84fed3b4b30bc8bd0d9b47e5e98 P 108d5efbc6e2434688e13487b12ee9c3 [term 0 FOLLOWER]: Consensus starting up: Expiring failure detector timer to make a prompt election more likely
I20260608 10:02:54.442582 24827 raft_consensus.cc:740] T e25ed84fed3b4b30bc8bd0d9b47e5e98 P 108d5efbc6e2434688e13487b12ee9c3 [term 0 FOLLOWER]: Becoming Follower/Learner. State: Replica: 108d5efbc6e2434688e13487b12ee9c3, State: Initialized, Role: FOLLOWER
I20260608 10:02:54.436790 24829 ts_tablet_manager.cc:1403] T 8be168d6ae90417b8bc14fa2aa1c68bb P 61c61024beb846379561b8497039ae6b: Time spent bootstrapping tablet: real 0.112s	user 0.026s	sys 0.017s
I20260608 10:02:54.447149 24873 raft_consensus.cc:515] T 8be168d6ae90417b8bc14fa2aa1c68bb P 108d5efbc6e2434688e13487b12ee9c3 [term 1 FOLLOWER]: Starting leader election with config: opid_index: -1 OBSOLETE_local: false peers { permanent_uuid: "108d5efbc6e2434688e13487b12ee9c3" member_type: VOTER last_known_addr { host: "127.19.167.130" port: 34635 } } peers { permanent_uuid: "61c61024beb846379561b8497039ae6b" member_type: VOTER last_known_addr { host: "127.19.167.129" port: 39317 } } peers { permanent_uuid: "fc9cbe231f3d4026a2d13449db96a042" member_type: VOTER last_known_addr { host: "127.19.167.131" port: 36251 } }
I20260608 10:02:54.452407 24873 leader_election.cc:290] T 8be168d6ae90417b8bc14fa2aa1c68bb P 108d5efbc6e2434688e13487b12ee9c3 [CANDIDATE]: Term 1 election: Requested vote from peers 61c61024beb846379561b8497039ae6b (127.19.167.129:39317), fc9cbe231f3d4026a2d13449db96a042 (127.19.167.131:36251)
I20260608 10:02:54.448527 24827 consensus_queue.cc:260] T e25ed84fed3b4b30bc8bd0d9b47e5e98 P 108d5efbc6e2434688e13487b12ee9c3 [NON_LEADER]: Queue going to NON_LEADER mode. State: All replicated index: 0, Majority replicated index: 0, Committed index: 0, Last appended: 0.0, Last appended by leader: 0, Current term: 0, Majority size: -1, State: 0, Mode: NON_LEADER, active raft config: opid_index: -1 OBSOLETE_local: false peers { permanent_uuid: "61c61024beb846379561b8497039ae6b" member_type: VOTER last_known_addr { host: "127.19.167.129" port: 39317 } } peers { permanent_uuid: "108d5efbc6e2434688e13487b12ee9c3" member_type: VOTER last_known_addr { host: "127.19.167.130" port: 34635 } } peers { permanent_uuid: "fc9cbe231f3d4026a2d13449db96a042" member_type: VOTER last_known_addr { host: "127.19.167.131" port: 36251 } }
I20260608 10:02:54.447409 24829 raft_consensus.cc:359] T 8be168d6ae90417b8bc14fa2aa1c68bb P 61c61024beb846379561b8497039ae6b [term 0 FOLLOWER]: Replica starting. Triggering 0 pending ops. Active config: opid_index: -1 OBSOLETE_local: false peers { permanent_uuid: "108d5efbc6e2434688e13487b12ee9c3" member_type: VOTER last_known_addr { host: "127.19.167.130" port: 34635 } } peers { permanent_uuid: "61c61024beb846379561b8497039ae6b" member_type: VOTER last_known_addr { host: "127.19.167.129" port: 39317 } } peers { permanent_uuid: "fc9cbe231f3d4026a2d13449db96a042" member_type: VOTER last_known_addr { host: "127.19.167.131" port: 36251 } }
I20260608 10:02:54.453258 24632 tablet_service.cc:1917] Received RequestConsensusVote() RPC: tablet_id: "8be168d6ae90417b8bc14fa2aa1c68bb" candidate_uuid: "108d5efbc6e2434688e13487b12ee9c3" candidate_term: 1 candidate_status { last_received { term: 0 index: 0 } } ignore_live_leader: false dest_uuid: "61c61024beb846379561b8497039ae6b"
I20260608 10:02:54.453953 24782 tablet_service.cc:1917] Received RequestConsensusVote() RPC: tablet_id: "8be168d6ae90417b8bc14fa2aa1c68bb" candidate_uuid: "108d5efbc6e2434688e13487b12ee9c3" candidate_term: 1 candidate_status { last_received { term: 0 index: 0 } } ignore_live_leader: false dest_uuid: "fc9cbe231f3d4026a2d13449db96a042"
I20260608 10:02:54.457619 24782 raft_consensus.cc:3060] T 8be168d6ae90417b8bc14fa2aa1c68bb P fc9cbe231f3d4026a2d13449db96a042 [term 0 FOLLOWER]: Advancing to term 1
I20260608 10:02:54.463284 24828 tablet_bootstrap.cc:492] T d8b12ce9f6ad4f96851497d875cbf94e P fc9cbe231f3d4026a2d13449db96a042: No bootstrap required, opened a new log
I20260608 10:02:54.463845 24828 ts_tablet_manager.cc:1403] T d8b12ce9f6ad4f96851497d875cbf94e P fc9cbe231f3d4026a2d13449db96a042: Time spent bootstrapping tablet: real 0.071s	user 0.005s	sys 0.010s
I20260608 10:02:54.462898 24525 catalog_manager.cc:5696] T 52ca07afadee47419a374dd987219d72 P 61c61024beb846379561b8497039ae6b reported cstate change: term changed from 0 to 1, leader changed from <none> to 61c61024beb846379561b8497039ae6b (127.19.167.129). New cstate: current_term: 1 leader_uuid: "61c61024beb846379561b8497039ae6b" committed_config { opid_index: -1 OBSOLETE_local: false peers { permanent_uuid: "61c61024beb846379561b8497039ae6b" member_type: VOTER last_known_addr { host: "127.19.167.129" port: 39317 } health_report { overall_health: HEALTHY } } peers { permanent_uuid: "108d5efbc6e2434688e13487b12ee9c3" member_type: VOTER last_known_addr { host: "127.19.167.130" port: 34635 } health_report { overall_health: UNKNOWN } } peers { permanent_uuid: "fc9cbe231f3d4026a2d13449db96a042" member_type: VOTER last_known_addr { host: "127.19.167.131" port: 36251 } health_report { overall_health: UNKNOWN } } }
I20260608 10:02:54.464912 24782 raft_consensus.cc:2468] T 8be168d6ae90417b8bc14fa2aa1c68bb P fc9cbe231f3d4026a2d13449db96a042 [term 1 FOLLOWER]: Leader election vote request: Granting yes vote for candidate 108d5efbc6e2434688e13487b12ee9c3 in term 1.
I20260608 10:02:54.465868 24829 raft_consensus.cc:385] T 8be168d6ae90417b8bc14fa2aa1c68bb P 61c61024beb846379561b8497039ae6b [term 0 FOLLOWER]: Consensus starting up: Expiring failure detector timer to make a prompt election more likely
I20260608 10:02:54.466187 24829 raft_consensus.cc:740] T 8be168d6ae90417b8bc14fa2aa1c68bb P 61c61024beb846379561b8497039ae6b [term 0 FOLLOWER]: Becoming Follower/Learner. State: Replica: 61c61024beb846379561b8497039ae6b, State: Initialized, Role: FOLLOWER
I20260608 10:02:54.466929 24829 consensus_queue.cc:260] T 8be168d6ae90417b8bc14fa2aa1c68bb P 61c61024beb846379561b8497039ae6b [NON_LEADER]: Queue going to NON_LEADER mode. State: All replicated index: 0, Majority replicated index: 0, Committed index: 0, Last appended: 0.0, Last appended by leader: 0, Current term: 0, Majority size: -1, State: 0, Mode: NON_LEADER, active raft config: opid_index: -1 OBSOLETE_local: false peers { permanent_uuid: "108d5efbc6e2434688e13487b12ee9c3" member_type: VOTER last_known_addr { host: "127.19.167.130" port: 34635 } } peers { permanent_uuid: "61c61024beb846379561b8497039ae6b" member_type: VOTER last_known_addr { host: "127.19.167.129" port: 39317 } } peers { permanent_uuid: "fc9cbe231f3d4026a2d13449db96a042" member_type: VOTER last_known_addr { host: "127.19.167.131" port: 36251 } }
I20260608 10:02:54.467547 24673 leader_election.cc:304] T 8be168d6ae90417b8bc14fa2aa1c68bb P 108d5efbc6e2434688e13487b12ee9c3 [CANDIDATE]: Term 1 election: Election decided. Result: candidate won. Election summary: received 2 responses out of 3 voters: 2 yes votes; 0 no votes. yes voters: 108d5efbc6e2434688e13487b12ee9c3, fc9cbe231f3d4026a2d13449db96a042; no voters: 
I20260608 10:02:54.467816 24632 raft_consensus.cc:3060] T 8be168d6ae90417b8bc14fa2aa1c68bb P 61c61024beb846379561b8497039ae6b [term 0 FOLLOWER]: Advancing to term 1
I20260608 10:02:54.468441 24873 raft_consensus.cc:2804] T 8be168d6ae90417b8bc14fa2aa1c68bb P 108d5efbc6e2434688e13487b12ee9c3 [term 1 FOLLOWER]: Leader election won for term 1
I20260608 10:02:54.468132 24828 raft_consensus.cc:359] T d8b12ce9f6ad4f96851497d875cbf94e P fc9cbe231f3d4026a2d13449db96a042 [term 0 FOLLOWER]: Replica starting. Triggering 0 pending ops. Active config: opid_index: -1 OBSOLETE_local: false peers { permanent_uuid: "61c61024beb846379561b8497039ae6b" member_type: VOTER last_known_addr { host: "127.19.167.129" port: 39317 } } peers { permanent_uuid: "108d5efbc6e2434688e13487b12ee9c3" member_type: VOTER last_known_addr { host: "127.19.167.130" port: 34635 } } peers { permanent_uuid: "fc9cbe231f3d4026a2d13449db96a042" member_type: VOTER last_known_addr { host: "127.19.167.131" port: 36251 } }
I20260608 10:02:54.468923 24828 raft_consensus.cc:385] T d8b12ce9f6ad4f96851497d875cbf94e P fc9cbe231f3d4026a2d13449db96a042 [term 0 FOLLOWER]: Consensus starting up: Expiring failure detector timer to make a prompt election more likely
I20260608 10:02:54.469254 24828 raft_consensus.cc:740] T d8b12ce9f6ad4f96851497d875cbf94e P fc9cbe231f3d4026a2d13449db96a042 [term 0 FOLLOWER]: Becoming Follower/Learner. State: Replica: fc9cbe231f3d4026a2d13449db96a042, State: Initialized, Role: FOLLOWER
I20260608 10:02:54.468981 24873 raft_consensus.cc:697] T 8be168d6ae90417b8bc14fa2aa1c68bb P 108d5efbc6e2434688e13487b12ee9c3 [term 1 LEADER]: Becoming Leader. State: Replica: 108d5efbc6e2434688e13487b12ee9c3, State: Running, Role: LEADER
I20260608 10:02:54.470158 24873 consensus_queue.cc:237] T 8be168d6ae90417b8bc14fa2aa1c68bb P 108d5efbc6e2434688e13487b12ee9c3 [LEADER]: Queue going to LEADER mode. State: All replicated index: 0, Majority replicated index: 0, Committed index: 0, Last appended: 0.0, Last appended by leader: 0, Current term: 1, Majority size: 2, State: 0, Mode: LEADER, active raft config: opid_index: -1 OBSOLETE_local: false peers { permanent_uuid: "108d5efbc6e2434688e13487b12ee9c3" member_type: VOTER last_known_addr { host: "127.19.167.130" port: 34635 } } peers { permanent_uuid: "61c61024beb846379561b8497039ae6b" member_type: VOTER last_known_addr { host: "127.19.167.129" port: 39317 } } peers { permanent_uuid: "fc9cbe231f3d4026a2d13449db96a042" member_type: VOTER last_known_addr { host: "127.19.167.131" port: 36251 } }
I20260608 10:02:54.470500 24526 catalog_manager.cc:5696] T 343fa676621c4a9199c97e227ffb1360 P 108d5efbc6e2434688e13487b12ee9c3 reported cstate change: term changed from 0 to 1, leader changed from <none> to 108d5efbc6e2434688e13487b12ee9c3 (127.19.167.130). New cstate: current_term: 1 leader_uuid: "108d5efbc6e2434688e13487b12ee9c3" committed_config { opid_index: -1 OBSOLETE_local: false peers { permanent_uuid: "61c61024beb846379561b8497039ae6b" member_type: VOTER last_known_addr { host: "127.19.167.129" port: 39317 } health_report { overall_health: UNKNOWN } } peers { permanent_uuid: "108d5efbc6e2434688e13487b12ee9c3" member_type: VOTER last_known_addr { host: "127.19.167.130" port: 34635 } health_report { overall_health: HEALTHY } } peers { permanent_uuid: "fc9cbe231f3d4026a2d13449db96a042" member_type: VOTER last_known_addr { host: "127.19.167.131" port: 36251 } health_report { overall_health: UNKNOWN } } }
I20260608 10:02:54.472251 24828 consensus_queue.cc:260] T d8b12ce9f6ad4f96851497d875cbf94e P fc9cbe231f3d4026a2d13449db96a042 [NON_LEADER]: Queue going to NON_LEADER mode. State: All replicated index: 0, Majority replicated index: 0, Committed index: 0, Last appended: 0.0, Last appended by leader: 0, Current term: 0, Majority size: -1, State: 0, Mode: NON_LEADER, active raft config: opid_index: -1 OBSOLETE_local: false peers { permanent_uuid: "61c61024beb846379561b8497039ae6b" member_type: VOTER last_known_addr { host: "127.19.167.129" port: 39317 } } peers { permanent_uuid: "108d5efbc6e2434688e13487b12ee9c3" member_type: VOTER last_known_addr { host: "127.19.167.130" port: 34635 } } peers { permanent_uuid: "fc9cbe231f3d4026a2d13449db96a042" member_type: VOTER last_known_addr { host: "127.19.167.131" port: 36251 } }
I20260608 10:02:54.474193 24828 ts_tablet_manager.cc:1434] T d8b12ce9f6ad4f96851497d875cbf94e P fc9cbe231f3d4026a2d13449db96a042: Time spent starting tablet: real 0.010s	user 0.004s	sys 0.002s
I20260608 10:02:54.475274 24632 raft_consensus.cc:2468] T 8be168d6ae90417b8bc14fa2aa1c68bb P 61c61024beb846379561b8497039ae6b [term 1 FOLLOWER]: Leader election vote request: Granting yes vote for candidate 108d5efbc6e2434688e13487b12ee9c3 in term 1.
I20260608 10:02:54.477161 24828 tablet_bootstrap.cc:492] T bbb00db8acbf4d6bb2246b2249d6ff80 P fc9cbe231f3d4026a2d13449db96a042: Bootstrap starting.
I20260608 10:02:54.480010 24829 ts_tablet_manager.cc:1434] T 8be168d6ae90417b8bc14fa2aa1c68bb P 61c61024beb846379561b8497039ae6b: Time spent starting tablet: real 0.036s	user 0.010s	sys 0.000s
I20260608 10:02:54.480997 24829 tablet_bootstrap.cc:492] T 4985008a357642fa8821d1a4c8314279 P 61c61024beb846379561b8497039ae6b: Bootstrap starting.
I20260608 10:02:54.482467 24529 catalog_manager.cc:5696] T 44d4382d83aa4bdf928d2f929753d6b3 P fc9cbe231f3d4026a2d13449db96a042 reported cstate change: term changed from 0 to 1, leader changed from <none> to fc9cbe231f3d4026a2d13449db96a042 (127.19.167.131). New cstate: current_term: 1 leader_uuid: "fc9cbe231f3d4026a2d13449db96a042" committed_config { opid_index: -1 OBSOLETE_local: false peers { permanent_uuid: "61c61024beb846379561b8497039ae6b" member_type: VOTER last_known_addr { host: "127.19.167.129" port: 39317 } health_report { overall_health: UNKNOWN } } peers { permanent_uuid: "108d5efbc6e2434688e13487b12ee9c3" member_type: VOTER last_known_addr { host: "127.19.167.130" port: 34635 } health_report { overall_health: UNKNOWN } } peers { permanent_uuid: "fc9cbe231f3d4026a2d13449db96a042" member_type: VOTER last_known_addr { host: "127.19.167.131" port: 36251 } health_report { overall_health: HEALTHY } } }
I20260608 10:02:54.485195 24827 ts_tablet_manager.cc:1434] T e25ed84fed3b4b30bc8bd0d9b47e5e98 P 108d5efbc6e2434688e13487b12ee9c3: Time spent starting tablet: real 0.048s	user 0.008s	sys 0.000s
I20260608 10:02:54.484527 24529 catalog_manager.cc:5696] T 4985008a357642fa8821d1a4c8314279 P fc9cbe231f3d4026a2d13449db96a042 reported cstate change: term changed from 0 to 1, leader changed from <none> to fc9cbe231f3d4026a2d13449db96a042 (127.19.167.131). New cstate: current_term: 1 leader_uuid: "fc9cbe231f3d4026a2d13449db96a042" committed_config { opid_index: -1 OBSOLETE_local: false peers { permanent_uuid: "61c61024beb846379561b8497039ae6b" member_type: VOTER last_known_addr { host: "127.19.167.129" port: 39317 } health_report { overall_health: UNKNOWN } } peers { permanent_uuid: "108d5efbc6e2434688e13487b12ee9c3" member_type: VOTER last_known_addr { host: "127.19.167.130" port: 34635 } health_report { overall_health: UNKNOWN } } peers { permanent_uuid: "fc9cbe231f3d4026a2d13449db96a042" member_type: VOTER last_known_addr { host: "127.19.167.131" port: 36251 } health_report { overall_health: HEALTHY } } }
I20260608 10:02:54.486282 24827 tablet_bootstrap.cc:492] T bbb00db8acbf4d6bb2246b2249d6ff80 P 108d5efbc6e2434688e13487b12ee9c3: Bootstrap starting.
I20260608 10:02:54.486296 24828 tablet_bootstrap.cc:654] T bbb00db8acbf4d6bb2246b2249d6ff80 P fc9cbe231f3d4026a2d13449db96a042: Neither blocks nor log segments found. Creating new log.
I20260608 10:02:54.491874 24829 tablet_bootstrap.cc:654] T 4985008a357642fa8821d1a4c8314279 P 61c61024beb846379561b8497039ae6b: Neither blocks nor log segments found. Creating new log.
I20260608 10:02:54.495167 24827 tablet_bootstrap.cc:654] T bbb00db8acbf4d6bb2246b2249d6ff80 P 108d5efbc6e2434688e13487b12ee9c3: Neither blocks nor log segments found. Creating new log.
I20260608 10:02:54.503618 24828 tablet_bootstrap.cc:492] T bbb00db8acbf4d6bb2246b2249d6ff80 P fc9cbe231f3d4026a2d13449db96a042: No bootstrap required, opened a new log
I20260608 10:02:54.504119 24828 ts_tablet_manager.cc:1403] T bbb00db8acbf4d6bb2246b2249d6ff80 P fc9cbe231f3d4026a2d13449db96a042: Time spent bootstrapping tablet: real 0.027s	user 0.019s	sys 0.001s
I20260608 10:02:54.504549 24829 tablet_bootstrap.cc:492] T 4985008a357642fa8821d1a4c8314279 P 61c61024beb846379561b8497039ae6b: No bootstrap required, opened a new log
I20260608 10:02:54.505192 24829 ts_tablet_manager.cc:1403] T 4985008a357642fa8821d1a4c8314279 P 61c61024beb846379561b8497039ae6b: Time spent bootstrapping tablet: real 0.024s	user 0.012s	sys 0.007s
I20260608 10:02:54.506950 24828 raft_consensus.cc:359] T bbb00db8acbf4d6bb2246b2249d6ff80 P fc9cbe231f3d4026a2d13449db96a042 [term 0 FOLLOWER]: Replica starting. Triggering 0 pending ops. Active config: opid_index: -1 OBSOLETE_local: false peers { permanent_uuid: "61c61024beb846379561b8497039ae6b" member_type: VOTER last_known_addr { host: "127.19.167.129" port: 39317 } } peers { permanent_uuid: "108d5efbc6e2434688e13487b12ee9c3" member_type: VOTER last_known_addr { host: "127.19.167.130" port: 34635 } } peers { permanent_uuid: "fc9cbe231f3d4026a2d13449db96a042" member_type: VOTER last_known_addr { host: "127.19.167.131" port: 36251 } }
I20260608 10:02:54.507685 24828 raft_consensus.cc:385] T bbb00db8acbf4d6bb2246b2249d6ff80 P fc9cbe231f3d4026a2d13449db96a042 [term 0 FOLLOWER]: Consensus starting up: Expiring failure detector timer to make a prompt election more likely
I20260608 10:02:54.507972 24828 raft_consensus.cc:740] T bbb00db8acbf4d6bb2246b2249d6ff80 P fc9cbe231f3d4026a2d13449db96a042 [term 0 FOLLOWER]: Becoming Follower/Learner. State: Replica: fc9cbe231f3d4026a2d13449db96a042, State: Initialized, Role: FOLLOWER
I20260608 10:02:54.507906 24829 raft_consensus.cc:359] T 4985008a357642fa8821d1a4c8314279 P 61c61024beb846379561b8497039ae6b [term 0 FOLLOWER]: Replica starting. Triggering 0 pending ops. Active config: opid_index: -1 OBSOLETE_local: false peers { permanent_uuid: "61c61024beb846379561b8497039ae6b" member_type: VOTER last_known_addr { host: "127.19.167.129" port: 39317 } } peers { permanent_uuid: "108d5efbc6e2434688e13487b12ee9c3" member_type: VOTER last_known_addr { host: "127.19.167.130" port: 34635 } } peers { permanent_uuid: "fc9cbe231f3d4026a2d13449db96a042" member_type: VOTER last_known_addr { host: "127.19.167.131" port: 36251 } }
I20260608 10:02:54.508658 24829 raft_consensus.cc:385] T 4985008a357642fa8821d1a4c8314279 P 61c61024beb846379561b8497039ae6b [term 0 FOLLOWER]: Consensus starting up: Expiring failure detector timer to make a prompt election more likely
I20260608 10:02:54.508973 24829 raft_consensus.cc:740] T 4985008a357642fa8821d1a4c8314279 P 61c61024beb846379561b8497039ae6b [term 0 FOLLOWER]: Becoming Follower/Learner. State: Replica: 61c61024beb846379561b8497039ae6b, State: Initialized, Role: FOLLOWER
I20260608 10:02:54.509019 24828 consensus_queue.cc:260] T bbb00db8acbf4d6bb2246b2249d6ff80 P fc9cbe231f3d4026a2d13449db96a042 [NON_LEADER]: Queue going to NON_LEADER mode. State: All replicated index: 0, Majority replicated index: 0, Committed index: 0, Last appended: 0.0, Last appended by leader: 0, Current term: 0, Majority size: -1, State: 0, Mode: NON_LEADER, active raft config: opid_index: -1 OBSOLETE_local: false peers { permanent_uuid: "61c61024beb846379561b8497039ae6b" member_type: VOTER last_known_addr { host: "127.19.167.129" port: 39317 } } peers { permanent_uuid: "108d5efbc6e2434688e13487b12ee9c3" member_type: VOTER last_known_addr { host: "127.19.167.130" port: 34635 } } peers { permanent_uuid: "fc9cbe231f3d4026a2d13449db96a042" member_type: VOTER last_known_addr { host: "127.19.167.131" port: 36251 } }
I20260608 10:02:54.509819 24829 consensus_queue.cc:260] T 4985008a357642fa8821d1a4c8314279 P 61c61024beb846379561b8497039ae6b [NON_LEADER]: Queue going to NON_LEADER mode. State: All replicated index: 0, Majority replicated index: 0, Committed index: 0, Last appended: 0.0, Last appended by leader: 0, Current term: 0, Majority size: -1, State: 0, Mode: NON_LEADER, active raft config: opid_index: -1 OBSOLETE_local: false peers { permanent_uuid: "61c61024beb846379561b8497039ae6b" member_type: VOTER last_known_addr { host: "127.19.167.129" port: 39317 } } peers { permanent_uuid: "108d5efbc6e2434688e13487b12ee9c3" member_type: VOTER last_known_addr { host: "127.19.167.130" port: 34635 } } peers { permanent_uuid: "fc9cbe231f3d4026a2d13449db96a042" member_type: VOTER last_known_addr { host: "127.19.167.131" port: 36251 } }
I20260608 10:02:54.511206 24828 ts_tablet_manager.cc:1434] T bbb00db8acbf4d6bb2246b2249d6ff80 P fc9cbe231f3d4026a2d13449db96a042: Time spent starting tablet: real 0.007s	user 0.005s	sys 0.000s
I20260608 10:02:54.512446 24828 tablet_bootstrap.cc:492] T 52ca07afadee47419a374dd987219d72 P fc9cbe231f3d4026a2d13449db96a042: Bootstrap starting.
I20260608 10:02:54.515825 24827 tablet_bootstrap.cc:492] T bbb00db8acbf4d6bb2246b2249d6ff80 P 108d5efbc6e2434688e13487b12ee9c3: No bootstrap required, opened a new log
I20260608 10:02:54.516340 24827 ts_tablet_manager.cc:1403] T bbb00db8acbf4d6bb2246b2249d6ff80 P 108d5efbc6e2434688e13487b12ee9c3: Time spent bootstrapping tablet: real 0.030s	user 0.013s	sys 0.001s
I20260608 10:02:54.518617 24828 tablet_bootstrap.cc:654] T 52ca07afadee47419a374dd987219d72 P fc9cbe231f3d4026a2d13449db96a042: Neither blocks nor log segments found. Creating new log.
I20260608 10:02:54.519130 24827 raft_consensus.cc:359] T bbb00db8acbf4d6bb2246b2249d6ff80 P 108d5efbc6e2434688e13487b12ee9c3 [term 0 FOLLOWER]: Replica starting. Triggering 0 pending ops. Active config: opid_index: -1 OBSOLETE_local: false peers { permanent_uuid: "61c61024beb846379561b8497039ae6b" member_type: VOTER last_known_addr { host: "127.19.167.129" port: 39317 } } peers { permanent_uuid: "108d5efbc6e2434688e13487b12ee9c3" member_type: VOTER last_known_addr { host: "127.19.167.130" port: 34635 } } peers { permanent_uuid: "fc9cbe231f3d4026a2d13449db96a042" member_type: VOTER last_known_addr { host: "127.19.167.131" port: 36251 } }
I20260608 10:02:54.520079 24829 ts_tablet_manager.cc:1434] T 4985008a357642fa8821d1a4c8314279 P 61c61024beb846379561b8497039ae6b: Time spent starting tablet: real 0.015s	user 0.007s	sys 0.000s
I20260608 10:02:54.520285 24827 raft_consensus.cc:385] T bbb00db8acbf4d6bb2246b2249d6ff80 P 108d5efbc6e2434688e13487b12ee9c3 [term 0 FOLLOWER]: Consensus starting up: Expiring failure detector timer to make a prompt election more likely
I20260608 10:02:54.520658 24827 raft_consensus.cc:740] T bbb00db8acbf4d6bb2246b2249d6ff80 P 108d5efbc6e2434688e13487b12ee9c3 [term 0 FOLLOWER]: Becoming Follower/Learner. State: Replica: 108d5efbc6e2434688e13487b12ee9c3, State: Initialized, Role: FOLLOWER
I20260608 10:02:54.521335 24829 tablet_bootstrap.cc:492] T 6c8a60cfafc84fafb7a7f52c3001d149 P 61c61024beb846379561b8497039ae6b: Bootstrap starting.
I20260608 10:02:54.521590 24827 consensus_queue.cc:260] T bbb00db8acbf4d6bb2246b2249d6ff80 P 108d5efbc6e2434688e13487b12ee9c3 [NON_LEADER]: Queue going to NON_LEADER mode. State: All replicated index: 0, Majority replicated index: 0, Committed index: 0, Last appended: 0.0, Last appended by leader: 0, Current term: 0, Majority size: -1, State: 0, Mode: NON_LEADER, active raft config: opid_index: -1 OBSOLETE_local: false peers { permanent_uuid: "61c61024beb846379561b8497039ae6b" member_type: VOTER last_known_addr { host: "127.19.167.129" port: 39317 } } peers { permanent_uuid: "108d5efbc6e2434688e13487b12ee9c3" member_type: VOTER last_known_addr { host: "127.19.167.130" port: 34635 } } peers { permanent_uuid: "fc9cbe231f3d4026a2d13449db96a042" member_type: VOTER last_known_addr { host: "127.19.167.131" port: 36251 } }
I20260608 10:02:54.525013 24827 ts_tablet_manager.cc:1434] T bbb00db8acbf4d6bb2246b2249d6ff80 P 108d5efbc6e2434688e13487b12ee9c3: Time spent starting tablet: real 0.008s	user 0.007s	sys 0.000s
I20260608 10:02:54.526298 24827 tablet_bootstrap.cc:492] T 6b25a7985c354e478980371245f52cd8 P 108d5efbc6e2434688e13487b12ee9c3: Bootstrap starting.
I20260608 10:02:54.528151 24851 raft_consensus.cc:493] T 4985008a357642fa8821d1a4c8314279 P 61c61024beb846379561b8497039ae6b [term 0 FOLLOWER]: Starting pre-election (no leader contacted us within the election timeout)
I20260608 10:02:54.528679 24851 raft_consensus.cc:515] T 4985008a357642fa8821d1a4c8314279 P 61c61024beb846379561b8497039ae6b [term 0 FOLLOWER]: Starting pre-election with config: opid_index: -1 OBSOLETE_local: false peers { permanent_uuid: "61c61024beb846379561b8497039ae6b" member_type: VOTER last_known_addr { host: "127.19.167.129" port: 39317 } } peers { permanent_uuid: "108d5efbc6e2434688e13487b12ee9c3" member_type: VOTER last_known_addr { host: "127.19.167.130" port: 34635 } } peers { permanent_uuid: "fc9cbe231f3d4026a2d13449db96a042" member_type: VOTER last_known_addr { host: "127.19.167.131" port: 36251 } }
I20260608 10:02:54.531000 24851 leader_election.cc:290] T 4985008a357642fa8821d1a4c8314279 P 61c61024beb846379561b8497039ae6b [CANDIDATE]: Term 1 pre-election: Requested pre-vote from peers 108d5efbc6e2434688e13487b12ee9c3 (127.19.167.130:34635), fc9cbe231f3d4026a2d13449db96a042 (127.19.167.131:36251)
I20260608 10:02:54.531654 24829 tablet_bootstrap.cc:654] T 6c8a60cfafc84fafb7a7f52c3001d149 P 61c61024beb846379561b8497039ae6b: Neither blocks nor log segments found. Creating new log.
I20260608 10:02:54.534642 24827 tablet_bootstrap.cc:654] T 6b25a7985c354e478980371245f52cd8 P 108d5efbc6e2434688e13487b12ee9c3: Neither blocks nor log segments found. Creating new log.
I20260608 10:02:54.536526 24707 tablet_service.cc:1917] Received RequestConsensusVote() RPC: tablet_id: "4985008a357642fa8821d1a4c8314279" candidate_uuid: "61c61024beb846379561b8497039ae6b" candidate_term: 1 candidate_status { last_received { term: 0 index: 0 } } ignore_live_leader: false dest_uuid: "108d5efbc6e2434688e13487b12ee9c3" is_pre_election: true
I20260608 10:02:54.537719 24707 raft_consensus.cc:2393] T 4985008a357642fa8821d1a4c8314279 P 108d5efbc6e2434688e13487b12ee9c3 [term 1 FOLLOWER]: Leader pre-election vote request: Denying vote to candidate 61c61024beb846379561b8497039ae6b in current term 1: Already voted for candidate fc9cbe231f3d4026a2d13449db96a042 in this term.
I20260608 10:02:54.537477 24782 tablet_service.cc:1917] Received RequestConsensusVote() RPC: tablet_id: "4985008a357642fa8821d1a4c8314279" candidate_uuid: "61c61024beb846379561b8497039ae6b" candidate_term: 1 candidate_status { last_received { term: 0 index: 0 } } ignore_live_leader: false dest_uuid: "fc9cbe231f3d4026a2d13449db96a042" is_pre_election: true
I20260608 10:02:54.541365 24598 leader_election.cc:304] T 4985008a357642fa8821d1a4c8314279 P 61c61024beb846379561b8497039ae6b [CANDIDATE]: Term 1 pre-election: Election decided. Result: candidate lost. Election summary: received 3 responses out of 3 voters: 1 yes votes; 2 no votes. yes voters: 61c61024beb846379561b8497039ae6b; no voters: 108d5efbc6e2434688e13487b12ee9c3, fc9cbe231f3d4026a2d13449db96a042
I20260608 10:02:54.542659 24851 raft_consensus.cc:3060] T 4985008a357642fa8821d1a4c8314279 P 61c61024beb846379561b8497039ae6b [term 0 FOLLOWER]: Advancing to term 1
I20260608 10:02:54.552497 24851 raft_consensus.cc:2749] T 4985008a357642fa8821d1a4c8314279 P 61c61024beb846379561b8497039ae6b [term 1 FOLLOWER]: Leader pre-election lost for term 1. Reason: could not achieve majority
