I20260608 10:02:11.083142  4757 raft_consensus.cc:3060] T ec5684a97c5d4cd5af58256e1f30ef05 P 56f1d75468254a8485d0f7233cb3d4f3 [term 0 FOLLOWER]: Advancing to term 1
I20260608 10:02:11.085381  4960 ts_tablet_manager.cc:1434] T 1218e160d53a4b50ba3d6b1d763f7c31 P 62e6b0c9b48e4375b1a32434abb3b187: Time spent starting tablet: real 0.014s	user 0.007s	sys 0.001s
I20260608 10:02:11.087286  4960 tablet_bootstrap.cc:492] T 7b69f6250c4941aba964250c5b22c244 P 62e6b0c9b48e4375b1a32434abb3b187: Bootstrap starting.
I20260608 10:02:11.091310  4757 raft_consensus.cc:2468] T ec5684a97c5d4cd5af58256e1f30ef05 P 56f1d75468254a8485d0f7233cb3d4f3 [term 1 FOLLOWER]: Leader election vote request: Granting yes vote for candidate 62e6b0c9b48e4375b1a32434abb3b187 in term 1.
I20260608 10:02:11.093263  4871 leader_election.cc:304] T ec5684a97c5d4cd5af58256e1f30ef05 P 62e6b0c9b48e4375b1a32434abb3b187 [CANDIDATE]: Term 1 election: Election decided. Result: candidate won. Election summary: received 2 responses out of 3 voters: 2 yes votes; 0 no votes. yes voters: 56f1d75468254a8485d0f7233cb3d4f3, 62e6b0c9b48e4375b1a32434abb3b187; no voters: 
I20260608 10:02:11.094515  5003 raft_consensus.cc:2804] T ec5684a97c5d4cd5af58256e1f30ef05 P 62e6b0c9b48e4375b1a32434abb3b187 [term 1 FOLLOWER]: Leader election won for term 1
I20260608 10:02:11.095129  5003 raft_consensus.cc:697] T ec5684a97c5d4cd5af58256e1f30ef05 P 62e6b0c9b48e4375b1a32434abb3b187 [term 1 LEADER]: Becoming Leader. State: Replica: 62e6b0c9b48e4375b1a32434abb3b187, State: Running, Role: LEADER
I20260608 10:02:11.095815  4954 tablet_bootstrap.cc:492] T 1218e160d53a4b50ba3d6b1d763f7c31 P b28a361df7d74f06a571119fc905e263: No bootstrap required, opened a new log
I20260608 10:02:11.095778  4843 raft_consensus.cc:515] T e18d31e133c24673b513040a04e50db8 P b28a361df7d74f06a571119fc905e263 [term 1 FOLLOWER]: Starting leader election with config: opid_index: -1 OBSOLETE_local: false peers { permanent_uuid: "56f1d75468254a8485d0f7233cb3d4f3" member_type: VOTER last_known_addr { host: "127.1.144.3" port: 45201 } } peers { permanent_uuid: "62e6b0c9b48e4375b1a32434abb3b187" member_type: VOTER last_known_addr { host: "127.1.144.4" port: 37663 } } peers { permanent_uuid: "b28a361df7d74f06a571119fc905e263" member_type: VOTER last_known_addr { host: "127.1.144.1" port: 45637 } }
I20260608 10:02:11.096601  4954 ts_tablet_manager.cc:1403] T 1218e160d53a4b50ba3d6b1d763f7c31 P b28a361df7d74f06a571119fc905e263: Time spent bootstrapping tablet: real 0.144s	user 0.022s	sys 0.016s
I20260608 10:02:11.096153  5003 consensus_queue.cc:237] T ec5684a97c5d4cd5af58256e1f30ef05 P 62e6b0c9b48e4375b1a32434abb3b187 [LEADER]: Queue going to LEADER mode. State: All replicated index: 0, Majority replicated index: 0, Committed index: 0, Last appended: 0.0, Last appended by leader: 0, Current term: 1, Majority size: 2, State: 0, Mode: LEADER, active raft config: opid_index: -1 OBSOLETE_local: false peers { permanent_uuid: "56f1d75468254a8485d0f7233cb3d4f3" member_type: VOTER last_known_addr { host: "127.1.144.3" port: 45201 } } peers { permanent_uuid: "62e6b0c9b48e4375b1a32434abb3b187" member_type: VOTER last_known_addr { host: "127.1.144.4" port: 37663 } } peers { permanent_uuid: "b28a361df7d74f06a571119fc905e263" member_type: VOTER last_known_addr { host: "127.1.144.1" port: 45637 } }
I20260608 10:02:11.098574  4843 leader_election.cc:290] T e18d31e133c24673b513040a04e50db8 P b28a361df7d74f06a571119fc905e263 [CANDIDATE]: Term 1 election: Requested vote from peers 56f1d75468254a8485d0f7233cb3d4f3 (127.1.144.3:45201), 62e6b0c9b48e4375b1a32434abb3b187 (127.1.144.4:37663)
I20260608 10:02:11.099684  4756 tablet_service.cc:1917] Received RequestConsensusVote() RPC: tablet_id: "e18d31e133c24673b513040a04e50db8" candidate_uuid: "b28a361df7d74f06a571119fc905e263" candidate_term: 1 candidate_status { last_received { term: 0 index: 0 } } ignore_live_leader: false dest_uuid: "56f1d75468254a8485d0f7233cb3d4f3"
I20260608 10:02:11.100728  4756 raft_consensus.cc:3060] T e18d31e133c24673b513040a04e50db8 P 56f1d75468254a8485d0f7233cb3d4f3 [term 0 FOLLOWER]: Advancing to term 1
I20260608 10:02:11.103152  4999 leader_election.cc:290] T ec5684a97c5d4cd5af58256e1f30ef05 P 62e6b0c9b48e4375b1a32434abb3b187 [CANDIDATE]: Term 1 election: Requested vote from peers 56f1d75468254a8485d0f7233cb3d4f3 (127.1.144.3:45201), b28a361df7d74f06a571119fc905e263 (127.1.144.1:45637)
I20260608 10:02:11.104626  4905 tablet_service.cc:1917] Received RequestConsensusVote() RPC: tablet_id: "e18d31e133c24673b513040a04e50db8" candidate_uuid: "b28a361df7d74f06a571119fc905e263" candidate_term: 1 candidate_status { last_received { term: 0 index: 0 } } ignore_live_leader: false dest_uuid: "62e6b0c9b48e4375b1a32434abb3b187"
I20260608 10:02:11.104736  4608 tablet_service.cc:1917] Received RequestConsensusVote() RPC: tablet_id: "ec5684a97c5d4cd5af58256e1f30ef05" candidate_uuid: "62e6b0c9b48e4375b1a32434abb3b187" candidate_term: 1 candidate_status { last_received { term: 0 index: 0 } } ignore_live_leader: false dest_uuid: "b28a361df7d74f06a571119fc905e263"
I20260608 10:02:11.105607  4608 raft_consensus.cc:3060] T ec5684a97c5d4cd5af58256e1f30ef05 P b28a361df7d74f06a571119fc905e263 [term 0 FOLLOWER]: Advancing to term 1
W20260608 10:02:11.108109  4573 leader_election.cc:343] T e18d31e133c24673b513040a04e50db8 P b28a361df7d74f06a571119fc905e263 [CANDIDATE]: Term 1 election: Tablet error from VoteRequest() call to peer 62e6b0c9b48e4375b1a32434abb3b187 (127.1.144.4:37663): Illegal state: must be running to vote when last-logged opid is not known
I20260608 10:02:11.129526  4960 tablet_bootstrap.cc:654] T 7b69f6250c4941aba964250c5b22c244 P 62e6b0c9b48e4375b1a32434abb3b187: Neither blocks nor log segments found. Creating new log.
I20260608 10:02:11.130156  4954 raft_consensus.cc:359] T 1218e160d53a4b50ba3d6b1d763f7c31 P b28a361df7d74f06a571119fc905e263 [term 0 FOLLOWER]: Replica starting. Triggering 0 pending ops. Active config: opid_index: -1 OBSOLETE_local: false peers { permanent_uuid: "62e6b0c9b48e4375b1a32434abb3b187" member_type: VOTER last_known_addr { host: "127.1.144.4" port: 37663 } } peers { permanent_uuid: "0b65e8a4f0cc41cd97a3f96181959e11" member_type: VOTER last_known_addr { host: "127.1.144.2" port: 43047 } } peers { permanent_uuid: "b28a361df7d74f06a571119fc905e263" member_type: VOTER last_known_addr { host: "127.1.144.1" port: 45637 } }
I20260608 10:02:11.131016  4954 raft_consensus.cc:385] T 1218e160d53a4b50ba3d6b1d763f7c31 P b28a361df7d74f06a571119fc905e263 [term 0 FOLLOWER]: Consensus starting up: Expiring failure detector timer to make a prompt election more likely
I20260608 10:02:11.131419  4954 raft_consensus.cc:740] T 1218e160d53a4b50ba3d6b1d763f7c31 P b28a361df7d74f06a571119fc905e263 [term 0 FOLLOWER]: Becoming Follower/Learner. State: Replica: b28a361df7d74f06a571119fc905e263, State: Initialized, Role: FOLLOWER
I20260608 10:02:11.133018  4954 consensus_queue.cc:260] T 1218e160d53a4b50ba3d6b1d763f7c31 P b28a361df7d74f06a571119fc905e263 [NON_LEADER]: Queue going to NON_LEADER mode. State: All replicated index: 0, Majority replicated index: 0, Committed index: 0, Last appended: 0.0, Last appended by leader: 0, Current term: 0, Majority size: -1, State: 0, Mode: NON_LEADER, active raft config: opid_index: -1 OBSOLETE_local: false peers { permanent_uuid: "62e6b0c9b48e4375b1a32434abb3b187" member_type: VOTER last_known_addr { host: "127.1.144.4" port: 37663 } } peers { permanent_uuid: "0b65e8a4f0cc41cd97a3f96181959e11" member_type: VOTER last_known_addr { host: "127.1.144.2" port: 43047 } } peers { permanent_uuid: "b28a361df7d74f06a571119fc905e263" member_type: VOTER last_known_addr { host: "127.1.144.1" port: 45637 } }
I20260608 10:02:11.135515  4506 catalog_manager.cc:5696] T ec5684a97c5d4cd5af58256e1f30ef05 P 62e6b0c9b48e4375b1a32434abb3b187 reported cstate change: term changed from 0 to 1, leader changed from <none> to 62e6b0c9b48e4375b1a32434abb3b187 (127.1.144.4). New cstate: current_term: 1 leader_uuid: "62e6b0c9b48e4375b1a32434abb3b187" committed_config { opid_index: -1 OBSOLETE_local: false peers { permanent_uuid: "56f1d75468254a8485d0f7233cb3d4f3" member_type: VOTER last_known_addr { host: "127.1.144.3" port: 45201 } health_report { overall_health: UNKNOWN } } peers { permanent_uuid: "62e6b0c9b48e4375b1a32434abb3b187" member_type: VOTER last_known_addr { host: "127.1.144.4" port: 37663 } health_report { overall_health: HEALTHY } } peers { permanent_uuid: "b28a361df7d74f06a571119fc905e263" member_type: VOTER last_known_addr { host: "127.1.144.1" port: 45637 } health_report { overall_health: UNKNOWN } } }
W20260608 10:02:11.136502  4573 consensus_peers.cc:597] T 7b69f6250c4941aba964250c5b22c244 P b28a361df7d74f06a571119fc905e263 -> Peer 62e6b0c9b48e4375b1a32434abb3b187 (127.1.144.4:37663): Couldn't send request to peer 62e6b0c9b48e4375b1a32434abb3b187. Error code: TABLET_NOT_RUNNING (12). Status: Illegal state: Tablet not RUNNING: BOOTSTRAPPING. This is attempt 1: this message will repeat every 5th retry.
I20260608 10:02:11.136817  4954 ts_tablet_manager.cc:1434] T 1218e160d53a4b50ba3d6b1d763f7c31 P b28a361df7d74f06a571119fc905e263: Time spent starting tablet: real 0.040s	user 0.010s	sys 0.000s
I20260608 10:02:11.142464  4682 tablet_service.cc:1917] Received RequestConsensusVote() RPC: tablet_id: "075133b40de24817a0c120f2d97bd32f" candidate_uuid: "62e6b0c9b48e4375b1a32434abb3b187" candidate_term: 1 candidate_status { last_received { term: 0 index: 0 } } ignore_live_leader: false dest_uuid: "0b65e8a4f0cc41cd97a3f96181959e11" is_pre_election: true
I20260608 10:02:11.143787  4682 raft_consensus.cc:2393] T 075133b40de24817a0c120f2d97bd32f P 0b65e8a4f0cc41cd97a3f96181959e11 [term 1 FOLLOWER]: Leader pre-election vote request: Denying vote to candidate 62e6b0c9b48e4375b1a32434abb3b187 in current term 1: Already voted for candidate 56f1d75468254a8485d0f7233cb3d4f3 in this term.
I20260608 10:02:11.145346  4870 leader_election.cc:304] T 075133b40de24817a0c120f2d97bd32f P 62e6b0c9b48e4375b1a32434abb3b187 [CANDIDATE]: Term 1 pre-election: Election decided. Result: candidate lost. Election summary: received 3 responses out of 3 voters: 1 yes votes; 2 no votes. yes voters: 62e6b0c9b48e4375b1a32434abb3b187; no voters: 0b65e8a4f0cc41cd97a3f96181959e11, 56f1d75468254a8485d0f7233cb3d4f3
I20260608 10:02:11.146497  5003 raft_consensus.cc:3060] T 075133b40de24817a0c120f2d97bd32f P 62e6b0c9b48e4375b1a32434abb3b187 [term 0 FOLLOWER]: Advancing to term 1
I20260608 10:02:11.154053  4952 consensus_queue.cc:1048] T d7cbbd2763634467b8da7f5f3a2a0c48 P b28a361df7d74f06a571119fc905e263 [LEADER]: Connected to new peer: Peer: permanent_uuid: "62e6b0c9b48e4375b1a32434abb3b187" member_type: VOTER last_known_addr { host: "127.1.144.4" port: 37663 }, Status: LMP_MISMATCH, Last received: 0.0, Next index: 1, Last known committed idx: 0, Time since last communication: 0.001s
I20260608 10:02:11.156838  4756 raft_consensus.cc:2468] T e18d31e133c24673b513040a04e50db8 P 56f1d75468254a8485d0f7233cb3d4f3 [term 1 FOLLOWER]: Leader election vote request: Granting yes vote for candidate b28a361df7d74f06a571119fc905e263 in term 1.
I20260608 10:02:11.158352  5003 raft_consensus.cc:2749] T 075133b40de24817a0c120f2d97bd32f P 62e6b0c9b48e4375b1a32434abb3b187 [term 1 FOLLOWER]: Leader pre-election lost for term 1. Reason: could not achieve majority
I20260608 10:02:11.158609  4575 leader_election.cc:304] T e18d31e133c24673b513040a04e50db8 P b28a361df7d74f06a571119fc905e263 [CANDIDATE]: Term 1 election: Election decided. Result: candidate won. Election summary: received 3 responses out of 3 voters: 2 yes votes; 1 no votes. yes voters: 56f1d75468254a8485d0f7233cb3d4f3, b28a361df7d74f06a571119fc905e263; no voters: 62e6b0c9b48e4375b1a32434abb3b187
I20260608 10:02:11.160079  4952 raft_consensus.cc:2804] T e18d31e133c24673b513040a04e50db8 P b28a361df7d74f06a571119fc905e263 [term 1 FOLLOWER]: Leader election won for term 1
I20260608 10:02:11.160807  4960 tablet_bootstrap.cc:492] T 7b69f6250c4941aba964250c5b22c244 P 62e6b0c9b48e4375b1a32434abb3b187: No bootstrap required, opened a new log
I20260608 10:02:11.161494  4960 ts_tablet_manager.cc:1403] T 7b69f6250c4941aba964250c5b22c244 P 62e6b0c9b48e4375b1a32434abb3b187: Time spent bootstrapping tablet: real 0.075s	user 0.018s	sys 0.013s
I20260608 10:02:11.160754  4952 raft_consensus.cc:697] T e18d31e133c24673b513040a04e50db8 P b28a361df7d74f06a571119fc905e263 [term 1 LEADER]: Becoming Leader. State: Replica: b28a361df7d74f06a571119fc905e263, State: Running, Role: LEADER
I20260608 10:02:11.165455  4952 consensus_queue.cc:237] T e18d31e133c24673b513040a04e50db8 P b28a361df7d74f06a571119fc905e263 [LEADER]: Queue going to LEADER mode. State: All replicated index: 0, Majority replicated index: 0, Committed index: 0, Last appended: 0.0, Last appended by leader: 0, Current term: 1, Majority size: 2, State: 0, Mode: LEADER, active raft config: opid_index: -1 OBSOLETE_local: false peers { permanent_uuid: "56f1d75468254a8485d0f7233cb3d4f3" member_type: VOTER last_known_addr { host: "127.1.144.3" port: 45201 } } peers { permanent_uuid: "62e6b0c9b48e4375b1a32434abb3b187" member_type: VOTER last_known_addr { host: "127.1.144.4" port: 37663 } } peers { permanent_uuid: "b28a361df7d74f06a571119fc905e263" member_type: VOTER last_known_addr { host: "127.1.144.1" port: 45637 } }
I20260608 10:02:11.166069  4960 raft_consensus.cc:359] T 7b69f6250c4941aba964250c5b22c244 P 62e6b0c9b48e4375b1a32434abb3b187 [term 0 FOLLOWER]: Replica starting. Triggering 0 pending ops. Active config: opid_index: -1 OBSOLETE_local: false peers { permanent_uuid: "62e6b0c9b48e4375b1a32434abb3b187" member_type: VOTER last_known_addr { host: "127.1.144.4" port: 37663 } } peers { permanent_uuid: "b28a361df7d74f06a571119fc905e263" member_type: VOTER last_known_addr { host: "127.1.144.1" port: 45637 } } peers { permanent_uuid: "56f1d75468254a8485d0f7233cb3d4f3" member_type: VOTER last_known_addr { host: "127.1.144.3" port: 45201 } }
I20260608 10:02:11.167163  4960 raft_consensus.cc:385] T 7b69f6250c4941aba964250c5b22c244 P 62e6b0c9b48e4375b1a32434abb3b187 [term 0 FOLLOWER]: Consensus starting up: Expiring failure detector timer to make a prompt election more likely
I20260608 10:02:11.167560  4960 raft_consensus.cc:740] T 7b69f6250c4941aba964250c5b22c244 P 62e6b0c9b48e4375b1a32434abb3b187 [term 0 FOLLOWER]: Becoming Follower/Learner. State: Replica: 62e6b0c9b48e4375b1a32434abb3b187, State: Initialized, Role: FOLLOWER
I20260608 10:02:11.168505  4960 consensus_queue.cc:260] T 7b69f6250c4941aba964250c5b22c244 P 62e6b0c9b48e4375b1a32434abb3b187 [NON_LEADER]: Queue going to NON_LEADER mode. State: All replicated index: 0, Majority replicated index: 0, Committed index: 0, Last appended: 0.0, Last appended by leader: 0, Current term: 0, Majority size: -1, State: 0, Mode: NON_LEADER, active raft config: opid_index: -1 OBSOLETE_local: false peers { permanent_uuid: "62e6b0c9b48e4375b1a32434abb3b187" member_type: VOTER last_known_addr { host: "127.1.144.4" port: 37663 } } peers { permanent_uuid: "b28a361df7d74f06a571119fc905e263" member_type: VOTER last_known_addr { host: "127.1.144.1" port: 45637 } } peers { permanent_uuid: "56f1d75468254a8485d0f7233cb3d4f3" member_type: VOTER last_known_addr { host: "127.1.144.3" port: 45201 } }
I20260608 10:02:11.172080  4960 ts_tablet_manager.cc:1434] T 7b69f6250c4941aba964250c5b22c244 P 62e6b0c9b48e4375b1a32434abb3b187: Time spent starting tablet: real 0.010s	user 0.010s	sys 0.001s
I20260608 10:02:11.173367  4960 tablet_bootstrap.cc:492] T e18d31e133c24673b513040a04e50db8 P 62e6b0c9b48e4375b1a32434abb3b187: Bootstrap starting.
I20260608 10:02:11.174484  4608 raft_consensus.cc:2468] T ec5684a97c5d4cd5af58256e1f30ef05 P b28a361df7d74f06a571119fc905e263 [term 1 FOLLOWER]: Leader election vote request: Granting yes vote for candidate 62e6b0c9b48e4375b1a32434abb3b187 in term 1.
I20260608 10:02:11.184051  4960 tablet_bootstrap.cc:654] T e18d31e133c24673b513040a04e50db8 P 62e6b0c9b48e4375b1a32434abb3b187: Neither blocks nor log segments found. Creating new log.
I20260608 10:02:11.187659  4949 raft_consensus.cc:493] T 734522d5d55f43a9834c8fe3b905c344 P 0b65e8a4f0cc41cd97a3f96181959e11 [term 0 FOLLOWER]: Starting pre-election (no leader contacted us within the election timeout)
I20260608 10:02:11.188449  4949 raft_consensus.cc:515] T 734522d5d55f43a9834c8fe3b905c344 P 0b65e8a4f0cc41cd97a3f96181959e11 [term 0 FOLLOWER]: Starting pre-election with config: opid_index: -1 OBSOLETE_local: false peers { permanent_uuid: "0b65e8a4f0cc41cd97a3f96181959e11" member_type: VOTER last_known_addr { host: "127.1.144.2" port: 43047 } } peers { permanent_uuid: "56f1d75468254a8485d0f7233cb3d4f3" member_type: VOTER last_known_addr { host: "127.1.144.3" port: 45201 } } peers { permanent_uuid: "62e6b0c9b48e4375b1a32434abb3b187" member_type: VOTER last_known_addr { host: "127.1.144.4" port: 37663 } }
I20260608 10:02:11.193697  4756 tablet_service.cc:1917] Received RequestConsensusVote() RPC: tablet_id: "734522d5d55f43a9834c8fe3b905c344" candidate_uuid: "0b65e8a4f0cc41cd97a3f96181959e11" candidate_term: 1 candidate_status { last_received { term: 0 index: 0 } } ignore_live_leader: false dest_uuid: "56f1d75468254a8485d0f7233cb3d4f3" is_pre_election: true
I20260608 10:02:11.194537  4843 consensus_queue.cc:1048] T d7cbbd2763634467b8da7f5f3a2a0c48 P b28a361df7d74f06a571119fc905e263 [LEADER]: Connected to new peer: Peer: permanent_uuid: "0b65e8a4f0cc41cd97a3f96181959e11" member_type: VOTER last_known_addr { host: "127.1.144.2" port: 43047 }, Status: LMP_MISMATCH, Last received: 0.0, Next index: 1, Last known committed idx: 0, Time since last communication: 0.001s
I20260608 10:02:11.193131  4949 leader_election.cc:290] T 734522d5d55f43a9834c8fe3b905c344 P 0b65e8a4f0cc41cd97a3f96181959e11 [CANDIDATE]: Term 1 pre-election: Requested pre-vote from peers 56f1d75468254a8485d0f7233cb3d4f3 (127.1.144.3:45201), 62e6b0c9b48e4375b1a32434abb3b187 (127.1.144.4:37663)
I20260608 10:02:11.194799  4756 raft_consensus.cc:2468] T 734522d5d55f43a9834c8fe3b905c344 P 56f1d75468254a8485d0f7233cb3d4f3 [term 0 FOLLOWER]: Leader pre-election vote request: Granting yes vote for candidate 0b65e8a4f0cc41cd97a3f96181959e11 in term 0.
I20260608 10:02:11.202054  4904 tablet_service.cc:1917] Received RequestConsensusVote() RPC: tablet_id: "734522d5d55f43a9834c8fe3b905c344" candidate_uuid: "0b65e8a4f0cc41cd97a3f96181959e11" candidate_term: 1 candidate_status { last_received { term: 0 index: 0 } } ignore_live_leader: false dest_uuid: "62e6b0c9b48e4375b1a32434abb3b187" is_pre_election: true
W20260608 10:02:11.204514  4648 leader_election.cc:343] T 734522d5d55f43a9834c8fe3b905c344 P 0b65e8a4f0cc41cd97a3f96181959e11 [CANDIDATE]: Term 1 pre-election: Tablet error from VoteRequest() call to peer 62e6b0c9b48e4375b1a32434abb3b187 (127.1.144.4:37663): Illegal state: must be running to vote when last-logged opid is not known
I20260608 10:02:11.205485  4650 leader_election.cc:304] T 734522d5d55f43a9834c8fe3b905c344 P 0b65e8a4f0cc41cd97a3f96181959e11 [CANDIDATE]: Term 1 pre-election: Election decided. Result: candidate won. Election summary: received 3 responses out of 3 voters: 2 yes votes; 1 no votes. yes voters: 0b65e8a4f0cc41cd97a3f96181959e11, 56f1d75468254a8485d0f7233cb3d4f3; no voters: 62e6b0c9b48e4375b1a32434abb3b187
I20260608 10:02:11.210033  4949 raft_consensus.cc:2804] T 734522d5d55f43a9834c8fe3b905c344 P 0b65e8a4f0cc41cd97a3f96181959e11 [term 0 FOLLOWER]: Leader pre-election won for term 1
I20260608 10:02:11.210742  4949 raft_consensus.cc:493] T 734522d5d55f43a9834c8fe3b905c344 P 0b65e8a4f0cc41cd97a3f96181959e11 [term 0 FOLLOWER]: Starting leader election (no leader contacted us within the election timeout)
I20260608 10:02:11.211849  4949 raft_consensus.cc:3060] T 734522d5d55f43a9834c8fe3b905c344 P 0b65e8a4f0cc41cd97a3f96181959e11 [term 0 FOLLOWER]: Advancing to term 1
I20260608 10:02:11.213260  5003 raft_consensus.cc:493] T 7b69f6250c4941aba964250c5b22c244 P 62e6b0c9b48e4375b1a32434abb3b187 [term 0 FOLLOWER]: Starting pre-election (no leader contacted us within the election timeout)
I20260608 10:02:11.213789  5003 raft_consensus.cc:515] T 7b69f6250c4941aba964250c5b22c244 P 62e6b0c9b48e4375b1a32434abb3b187 [term 0 FOLLOWER]: Starting pre-election with config: opid_index: -1 OBSOLETE_local: false peers { permanent_uuid: "62e6b0c9b48e4375b1a32434abb3b187" member_type: VOTER last_known_addr { host: "127.1.144.4" port: 37663 } } peers { permanent_uuid: "b28a361df7d74f06a571119fc905e263" member_type: VOTER last_known_addr { host: "127.1.144.1" port: 45637 } } peers { permanent_uuid: "56f1d75468254a8485d0f7233cb3d4f3" member_type: VOTER last_known_addr { host: "127.1.144.3" port: 45201 } }
I20260608 10:02:11.217823  4608 tablet_service.cc:1917] Received RequestConsensusVote() RPC: tablet_id: "7b69f6250c4941aba964250c5b22c244" candidate_uuid: "62e6b0c9b48e4375b1a32434abb3b187" candidate_term: 1 candidate_status { last_received { term: 0 index: 0 } } ignore_live_leader: false dest_uuid: "b28a361df7d74f06a571119fc905e263" is_pre_election: true
I20260608 10:02:11.218223  4757 tablet_service.cc:1917] Received RequestConsensusVote() RPC: tablet_id: "7b69f6250c4941aba964250c5b22c244" candidate_uuid: "62e6b0c9b48e4375b1a32434abb3b187" candidate_term: 1 candidate_status { last_received { term: 0 index: 0 } } ignore_live_leader: false dest_uuid: "56f1d75468254a8485d0f7233cb3d4f3" is_pre_election: true
I20260608 10:02:11.219029  4757 raft_consensus.cc:2393] T 7b69f6250c4941aba964250c5b22c244 P 56f1d75468254a8485d0f7233cb3d4f3 [term 1 FOLLOWER]: Leader pre-election vote request: Denying vote to candidate 62e6b0c9b48e4375b1a32434abb3b187 in current term 1: Already voted for candidate b28a361df7d74f06a571119fc905e263 in this term.
I20260608 10:02:11.220523  4871 leader_election.cc:304] T 7b69f6250c4941aba964250c5b22c244 P 62e6b0c9b48e4375b1a32434abb3b187 [CANDIDATE]: Term 1 pre-election: Election decided. Result: candidate lost. Election summary: received 3 responses out of 3 voters: 1 yes votes; 2 no votes. yes voters: 62e6b0c9b48e4375b1a32434abb3b187; no voters: 56f1d75468254a8485d0f7233cb3d4f3, b28a361df7d74f06a571119fc905e263
I20260608 10:02:11.221542  4999 raft_consensus.cc:3060] T 7b69f6250c4941aba964250c5b22c244 P 62e6b0c9b48e4375b1a32434abb3b187 [term 0 FOLLOWER]: Advancing to term 1
I20260608 10:02:11.227316  5003 leader_election.cc:290] T 7b69f6250c4941aba964250c5b22c244 P 62e6b0c9b48e4375b1a32434abb3b187 [CANDIDATE]: Term 1 pre-election: Requested pre-vote from peers b28a361df7d74f06a571119fc905e263 (127.1.144.1:45637), 56f1d75468254a8485d0f7233cb3d4f3 (127.1.144.3:45201)
I20260608 10:02:11.229195  4843 consensus_queue.cc:1048] T 7b69f6250c4941aba964250c5b22c244 P b28a361df7d74f06a571119fc905e263 [LEADER]: Connected to new peer: Peer: permanent_uuid: "56f1d75468254a8485d0f7233cb3d4f3" member_type: VOTER last_known_addr { host: "127.1.144.3" port: 45201 }, Status: LMP_MISMATCH, Last received: 0.0, Next index: 1, Last known committed idx: 0, Time since last communication: 0.000s
I20260608 10:02:11.229939  4999 raft_consensus.cc:2749] T 7b69f6250c4941aba964250c5b22c244 P 62e6b0c9b48e4375b1a32434abb3b187 [term 1 FOLLOWER]: Leader pre-election lost for term 1. Reason: could not achieve majority
I20260608 10:02:11.239008  4949 raft_consensus.cc:515] T 734522d5d55f43a9834c8fe3b905c344 P 0b65e8a4f0cc41cd97a3f96181959e11 [term 1 FOLLOWER]: Starting leader election with config: opid_index: -1 OBSOLETE_local: false peers { permanent_uuid: "0b65e8a4f0cc41cd97a3f96181959e11" member_type: VOTER last_known_addr { host: "127.1.144.2" port: 43047 } } peers { permanent_uuid: "56f1d75468254a8485d0f7233cb3d4f3" member_type: VOTER last_known_addr { host: "127.1.144.3" port: 45201 } } peers { permanent_uuid: "62e6b0c9b48e4375b1a32434abb3b187" member_type: VOTER last_known_addr { host: "127.1.144.4" port: 37663 } }
I20260608 10:02:11.225806  4506 catalog_manager.cc:5696] T e18d31e133c24673b513040a04e50db8 P b28a361df7d74f06a571119fc905e263 reported cstate change: term changed from 0 to 1, leader changed from <none> to b28a361df7d74f06a571119fc905e263 (127.1.144.1). New cstate: current_term: 1 leader_uuid: "b28a361df7d74f06a571119fc905e263" committed_config { opid_index: -1 OBSOLETE_local: false peers { permanent_uuid: "56f1d75468254a8485d0f7233cb3d4f3" member_type: VOTER last_known_addr { host: "127.1.144.3" port: 45201 } health_report { overall_health: UNKNOWN } } peers { permanent_uuid: "62e6b0c9b48e4375b1a32434abb3b187" member_type: VOTER last_known_addr { host: "127.1.144.4" port: 37663 } health_report { overall_health: UNKNOWN } } peers { permanent_uuid: "b28a361df7d74f06a571119fc905e263" member_type: VOTER last_known_addr { host: "127.1.144.1" port: 45637 } health_report { overall_health: HEALTHY } } }
I20260608 10:02:11.242484  4949 leader_election.cc:290] T 734522d5d55f43a9834c8fe3b905c344 P 0b65e8a4f0cc41cd97a3f96181959e11 [CANDIDATE]: Term 1 election: Requested vote from peers 56f1d75468254a8485d0f7233cb3d4f3 (127.1.144.3:45201), 62e6b0c9b48e4375b1a32434abb3b187 (127.1.144.4:37663)
I20260608 10:02:11.244791  4756 tablet_service.cc:1917] Received RequestConsensusVote() RPC: tablet_id: "734522d5d55f43a9834c8fe3b905c344" candidate_uuid: "0b65e8a4f0cc41cd97a3f96181959e11" candidate_term: 1 candidate_status { last_received { term: 0 index: 0 } } ignore_live_leader: false dest_uuid: "56f1d75468254a8485d0f7233cb3d4f3"
I20260608 10:02:11.245055  4905 tablet_service.cc:1917] Received RequestConsensusVote() RPC: tablet_id: "734522d5d55f43a9834c8fe3b905c344" candidate_uuid: "0b65e8a4f0cc41cd97a3f96181959e11" candidate_term: 1 candidate_status { last_received { term: 0 index: 0 } } ignore_live_leader: false dest_uuid: "62e6b0c9b48e4375b1a32434abb3b187"
I20260608 10:02:11.245543  4756 raft_consensus.cc:3060] T 734522d5d55f43a9834c8fe3b905c344 P 56f1d75468254a8485d0f7233cb3d4f3 [term 0 FOLLOWER]: Advancing to term 1
W20260608 10:02:11.246935  4648 leader_election.cc:343] T 734522d5d55f43a9834c8fe3b905c344 P 0b65e8a4f0cc41cd97a3f96181959e11 [CANDIDATE]: Term 1 election: Tablet error from VoteRequest() call to peer 62e6b0c9b48e4375b1a32434abb3b187 (127.1.144.4:37663): Illegal state: must be running to vote when last-logged opid is not known
I20260608 10:02:11.271878  4960 tablet_bootstrap.cc:492] T e18d31e133c24673b513040a04e50db8 P 62e6b0c9b48e4375b1a32434abb3b187: No bootstrap required, opened a new log
I20260608 10:02:11.272593  4960 ts_tablet_manager.cc:1403] T e18d31e133c24673b513040a04e50db8 P 62e6b0c9b48e4375b1a32434abb3b187: Time spent bootstrapping tablet: real 0.099s	user 0.029s	sys 0.025s
I20260608 10:02:11.274840  4756 raft_consensus.cc:2468] T 734522d5d55f43a9834c8fe3b905c344 P 56f1d75468254a8485d0f7233cb3d4f3 [term 1 FOLLOWER]: Leader election vote request: Granting yes vote for candidate 0b65e8a4f0cc41cd97a3f96181959e11 in term 1.
I20260608 10:02:11.278234  4650 leader_election.cc:304] T 734522d5d55f43a9834c8fe3b905c344 P 0b65e8a4f0cc41cd97a3f96181959e11 [CANDIDATE]: Term 1 election: Election decided. Result: candidate won. Election summary: received 3 responses out of 3 voters: 2 yes votes; 1 no votes. yes voters: 0b65e8a4f0cc41cd97a3f96181959e11, 56f1d75468254a8485d0f7233cb3d4f3; no voters: 62e6b0c9b48e4375b1a32434abb3b187
I20260608 10:02:11.279582  4836 raft_consensus.cc:2804] T 734522d5d55f43a9834c8fe3b905c344 P 0b65e8a4f0cc41cd97a3f96181959e11 [term 1 FOLLOWER]: Leader election won for term 1
I20260608 10:02:11.280128  4836 raft_consensus.cc:697] T 734522d5d55f43a9834c8fe3b905c344 P 0b65e8a4f0cc41cd97a3f96181959e11 [term 1 LEADER]: Becoming Leader. State: Replica: 0b65e8a4f0cc41cd97a3f96181959e11, State: Running, Role: LEADER
I20260608 10:02:11.280413  4960 raft_consensus.cc:359] T e18d31e133c24673b513040a04e50db8 P 62e6b0c9b48e4375b1a32434abb3b187 [term 0 FOLLOWER]: Replica starting. Triggering 0 pending ops. Active config: opid_index: -1 OBSOLETE_local: false peers { permanent_uuid: "56f1d75468254a8485d0f7233cb3d4f3" member_type: VOTER last_known_addr { host: "127.1.144.3" port: 45201 } } peers { permanent_uuid: "62e6b0c9b48e4375b1a32434abb3b187" member_type: VOTER last_known_addr { host: "127.1.144.4" port: 37663 } } peers { permanent_uuid: "b28a361df7d74f06a571119fc905e263" member_type: VOTER last_known_addr { host: "127.1.144.1" port: 45637 } }
I20260608 10:02:11.281567  4960 raft_consensus.cc:385] T e18d31e133c24673b513040a04e50db8 P 62e6b0c9b48e4375b1a32434abb3b187 [term 0 FOLLOWER]: Consensus starting up: Expiring failure detector timer to make a prompt election more likely
I20260608 10:02:11.282020  4960 raft_consensus.cc:740] T e18d31e133c24673b513040a04e50db8 P 62e6b0c9b48e4375b1a32434abb3b187 [term 0 FOLLOWER]: Becoming Follower/Learner. State: Replica: 62e6b0c9b48e4375b1a32434abb3b187, State: Initialized, Role: FOLLOWER
I20260608 10:02:11.281047  4836 consensus_queue.cc:237] T 734522d5d55f43a9834c8fe3b905c344 P 0b65e8a4f0cc41cd97a3f96181959e11 [LEADER]: Queue going to LEADER mode. State: All replicated index: 0, Majority replicated index: 0, Committed index: 0, Last appended: 0.0, Last appended by leader: 0, Current term: 1, Majority size: 2, State: 0, Mode: LEADER, active raft config: opid_index: -1 OBSOLETE_local: false peers { permanent_uuid: "0b65e8a4f0cc41cd97a3f96181959e11" member_type: VOTER last_known_addr { host: "127.1.144.2" port: 43047 } } peers { permanent_uuid: "56f1d75468254a8485d0f7233cb3d4f3" member_type: VOTER last_known_addr { host: "127.1.144.3" port: 45201 } } peers { permanent_uuid: "62e6b0c9b48e4375b1a32434abb3b187" member_type: VOTER last_known_addr { host: "127.1.144.4" port: 37663 } }
I20260608 10:02:11.283563  4960 consensus_queue.cc:260] T e18d31e133c24673b513040a04e50db8 P 62e6b0c9b48e4375b1a32434abb3b187 [NON_LEADER]: Queue going to NON_LEADER mode. State: All replicated index: 0, Majority replicated index: 0, Committed index: 0, Last appended: 0.0, Last appended by leader: 0, Current term: 0, Majority size: -1, State: 0, Mode: NON_LEADER, active raft config: opid_index: -1 OBSOLETE_local: false peers { permanent_uuid: "56f1d75468254a8485d0f7233cb3d4f3" member_type: VOTER last_known_addr { host: "127.1.144.3" port: 45201 } } peers { permanent_uuid: "62e6b0c9b48e4375b1a32434abb3b187" member_type: VOTER last_known_addr { host: "127.1.144.4" port: 37663 } } peers { permanent_uuid: "b28a361df7d74f06a571119fc905e263" member_type: VOTER last_known_addr { host: "127.1.144.1" port: 45637 } }
I20260608 10:02:11.291340  4960 ts_tablet_manager.cc:1434] T e18d31e133c24673b513040a04e50db8 P 62e6b0c9b48e4375b1a32434abb3b187: Time spent starting tablet: real 0.014s	user 0.006s	sys 0.004s
I20260608 10:02:11.292778  4960 tablet_bootstrap.cc:492] T 734522d5d55f43a9834c8fe3b905c344 P 62e6b0c9b48e4375b1a32434abb3b187: Bootstrap starting.
I20260608 10:02:11.297482  4842 consensus_queue.cc:1048] T 075133b40de24817a0c120f2d97bd32f P 56f1d75468254a8485d0f7233cb3d4f3 [LEADER]: Connected to new peer: Peer: permanent_uuid: "0b65e8a4f0cc41cd97a3f96181959e11" member_type: VOTER last_known_addr { host: "127.1.144.2" port: 43047 }, Status: LMP_MISMATCH, Last received: 0.0, Next index: 1, Last known committed idx: 0, Time since last communication: 0.001s
I20260608 10:02:11.300982  4960 tablet_bootstrap.cc:654] T 734522d5d55f43a9834c8fe3b905c344 P 62e6b0c9b48e4375b1a32434abb3b187: Neither blocks nor log segments found. Creating new log.
I20260608 10:02:11.304563  4504 catalog_manager.cc:5696] T 734522d5d55f43a9834c8fe3b905c344 P 0b65e8a4f0cc41cd97a3f96181959e11 reported cstate change: term changed from 0 to 1, leader changed from <none> to 0b65e8a4f0cc41cd97a3f96181959e11 (127.1.144.2). New cstate: current_term: 1 leader_uuid: "0b65e8a4f0cc41cd97a3f96181959e11" committed_config { opid_index: -1 OBSOLETE_local: false peers { permanent_uuid: "0b65e8a4f0cc41cd97a3f96181959e11" member_type: VOTER last_known_addr { host: "127.1.144.2" port: 43047 } health_report { overall_health: HEALTHY } } peers { permanent_uuid: "56f1d75468254a8485d0f7233cb3d4f3" member_type: VOTER last_known_addr { host: "127.1.144.3" port: 45201 } health_report { overall_health: UNKNOWN } } peers { permanent_uuid: "62e6b0c9b48e4375b1a32434abb3b187" member_type: VOTER last_known_addr { host: "127.1.144.4" port: 37663 } health_report { overall_health: UNKNOWN } } }
I20260608 10:02:11.309762  4960 tablet_bootstrap.cc:492] T 734522d5d55f43a9834c8fe3b905c344 P 62e6b0c9b48e4375b1a32434abb3b187: No bootstrap required, opened a new log
I20260608 10:02:11.310302  4960 ts_tablet_manager.cc:1403] T 734522d5d55f43a9834c8fe3b905c344 P 62e6b0c9b48e4375b1a32434abb3b187: Time spent bootstrapping tablet: real 0.018s	user 0.013s	sys 0.000s
I20260608 10:02:11.312923  4999 raft_consensus.cc:493] T e18d31e133c24673b513040a04e50db8 P 62e6b0c9b48e4375b1a32434abb3b187 [term 0 FOLLOWER]: Starting pre-election (no leader contacted us within the election timeout)
I20260608 10:02:11.313899  4999 raft_consensus.cc:515] T e18d31e133c24673b513040a04e50db8 P 62e6b0c9b48e4375b1a32434abb3b187 [term 0 FOLLOWER]: Starting pre-election with config: opid_index: -1 OBSOLETE_local: false peers { permanent_uuid: "56f1d75468254a8485d0f7233cb3d4f3" member_type: VOTER last_known_addr { host: "127.1.144.3" port: 45201 } } peers { permanent_uuid: "62e6b0c9b48e4375b1a32434abb3b187" member_type: VOTER last_known_addr { host: "127.1.144.4" port: 37663 } } peers { permanent_uuid: "b28a361df7d74f06a571119fc905e263" member_type: VOTER last_known_addr { host: "127.1.144.1" port: 45637 } }
I20260608 10:02:11.314788  4960 raft_consensus.cc:359] T 734522d5d55f43a9834c8fe3b905c344 P 62e6b0c9b48e4375b1a32434abb3b187 [term 0 FOLLOWER]: Replica starting. Triggering 0 pending ops. Active config: opid_index: -1 OBSOLETE_local: false peers { permanent_uuid: "0b65e8a4f0cc41cd97a3f96181959e11" member_type: VOTER last_known_addr { host: "127.1.144.2" port: 43047 } } peers { permanent_uuid: "56f1d75468254a8485d0f7233cb3d4f3" member_type: VOTER last_known_addr { host: "127.1.144.3" port: 45201 } } peers { permanent_uuid: "62e6b0c9b48e4375b1a32434abb3b187" member_type: VOTER last_known_addr { host: "127.1.144.4" port: 37663 } }
I20260608 10:02:11.315784  4960 raft_consensus.cc:385] T 734522d5d55f43a9834c8fe3b905c344 P 62e6b0c9b48e4375b1a32434abb3b187 [term 0 FOLLOWER]: Consensus starting up: Expiring failure detector timer to make a prompt election more likely
I20260608 10:02:11.316291  4960 raft_consensus.cc:740] T 734522d5d55f43a9834c8fe3b905c344 P 62e6b0c9b48e4375b1a32434abb3b187 [term 0 FOLLOWER]: Becoming Follower/Learner. State: Replica: 62e6b0c9b48e4375b1a32434abb3b187, State: Initialized, Role: FOLLOWER
I20260608 10:02:11.317926  4999 leader_election.cc:290] T e18d31e133c24673b513040a04e50db8 P 62e6b0c9b48e4375b1a32434abb3b187 [CANDIDATE]: Term 1 pre-election: Requested pre-vote from peers 56f1d75468254a8485d0f7233cb3d4f3 (127.1.144.3:45201), b28a361df7d74f06a571119fc905e263 (127.1.144.1:45637)
I20260608 10:02:11.317269  4960 consensus_queue.cc:260] T 734522d5d55f43a9834c8fe3b905c344 P 62e6b0c9b48e4375b1a32434abb3b187 [NON_LEADER]: Queue going to NON_LEADER mode. State: All replicated index: 0, Majority replicated index: 0, Committed index: 0, Last appended: 0.0, Last appended by leader: 0, Current term: 0, Majority size: -1, State: 0, Mode: NON_LEADER, active raft config: opid_index: -1 OBSOLETE_local: false peers { permanent_uuid: "0b65e8a4f0cc41cd97a3f96181959e11" member_type: VOTER last_known_addr { host: "127.1.144.2" port: 43047 } } peers { permanent_uuid: "56f1d75468254a8485d0f7233cb3d4f3" member_type: VOTER last_known_addr { host: "127.1.144.3" port: 45201 } } peers { permanent_uuid: "62e6b0c9b48e4375b1a32434abb3b187" member_type: VOTER last_known_addr { host: "127.1.144.4" port: 37663 } }
I20260608 10:02:11.317286  4758 tablet_service.cc:1917] Received RequestConsensusVote() RPC: tablet_id: "e18d31e133c24673b513040a04e50db8" candidate_uuid: "62e6b0c9b48e4375b1a32434abb3b187" candidate_term: 1 candidate_status { last_received { term: 0 index: 0 } } ignore_live_leader: false dest_uuid: "56f1d75468254a8485d0f7233cb3d4f3" is_pre_election: true
I20260608 10:02:11.319379  4758 raft_consensus.cc:2393] T e18d31e133c24673b513040a04e50db8 P 56f1d75468254a8485d0f7233cb3d4f3 [term 1 FOLLOWER]: Leader pre-election vote request: Denying vote to candidate 62e6b0c9b48e4375b1a32434abb3b187 in current term 1: Already voted for candidate b28a361df7d74f06a571119fc905e263 in this term.
I20260608 10:02:11.320726  4960 ts_tablet_manager.cc:1434] T 734522d5d55f43a9834c8fe3b905c344 P 62e6b0c9b48e4375b1a32434abb3b187: Time spent starting tablet: real 0.010s	user 0.008s	sys 0.000s
I20260608 10:02:11.323455  4608 tablet_service.cc:1917] Received RequestConsensusVote() RPC: tablet_id: "e18d31e133c24673b513040a04e50db8" candidate_uuid: "62e6b0c9b48e4375b1a32434abb3b187" candidate_term: 1 candidate_status { last_received { term: 0 index: 0 } } ignore_live_leader: false dest_uuid: "b28a361df7d74f06a571119fc905e263" is_pre_election: true
I20260608 10:02:11.325698  4870 leader_election.cc:304] T e18d31e133c24673b513040a04e50db8 P 62e6b0c9b48e4375b1a32434abb3b187 [CANDIDATE]: Term 1 pre-election: Election decided. Result: candidate lost. Election summary: received 3 responses out of 3 voters: 1 yes votes; 2 no votes. yes voters: 62e6b0c9b48e4375b1a32434abb3b187; no voters: 56f1d75468254a8485d0f7233cb3d4f3, b28a361df7d74f06a571119fc905e263
I20260608 10:02:11.326853  4999 raft_consensus.cc:3060] T e18d31e133c24673b513040a04e50db8 P 62e6b0c9b48e4375b1a32434abb3b187 [term 0 FOLLOWER]: Advancing to term 1
I20260608 10:02:11.332684  4842 consensus_queue.cc:1048] T 075133b40de24817a0c120f2d97bd32f P 56f1d75468254a8485d0f7233cb3d4f3 [LEADER]: Connected to new peer: Peer: permanent_uuid: "62e6b0c9b48e4375b1a32434abb3b187" member_type: VOTER last_known_addr { host: "127.1.144.4" port: 37663 }, Status: LMP_MISMATCH, Last received: 0.0, Next index: 1, Last known committed idx: 0, Time since last communication: 0.001s
I20260608 10:02:11.335812  4999 raft_consensus.cc:2749] T e18d31e133c24673b513040a04e50db8 P 62e6b0c9b48e4375b1a32434abb3b187 [term 1 FOLLOWER]: Leader pre-election lost for term 1. Reason: could not achieve majority
I20260608 10:02:11.342249  5003 raft_consensus.cc:493] T 1218e160d53a4b50ba3d6b1d763f7c31 P 62e6b0c9b48e4375b1a32434abb3b187 [term 0 FOLLOWER]: Starting pre-election (no leader contacted us within the election timeout)
I20260608 10:02:11.343549  5003 raft_consensus.cc:515] T 1218e160d53a4b50ba3d6b1d763f7c31 P 62e6b0c9b48e4375b1a32434abb3b187 [term 0 FOLLOWER]: Starting pre-election with config: opid_index: -1 OBSOLETE_local: false peers { permanent_uuid: "62e6b0c9b48e4375b1a32434abb3b187" member_type: VOTER last_known_addr { host: "127.1.144.4" port: 37663 } } peers { permanent_uuid: "0b65e8a4f0cc41cd97a3f96181959e11" member_type: VOTER last_known_addr { host: "127.1.144.2" port: 43047 } } peers { permanent_uuid: "b28a361df7d74f06a571119fc905e263" member_type: VOTER last_known_addr { host: "127.1.144.1" port: 45637 } }
I20260608 10:02:11.346024  5003 leader_election.cc:290] T 1218e160d53a4b50ba3d6b1d763f7c31 P 62e6b0c9b48e4375b1a32434abb3b187 [CANDIDATE]: Term 1 pre-election: Requested pre-vote from peers 0b65e8a4f0cc41cd97a3f96181959e11 (127.1.144.2:43047), b28a361df7d74f06a571119fc905e263 (127.1.144.1:45637)
I20260608 10:02:11.350178  4682 tablet_service.cc:1917] Received RequestConsensusVote() RPC: tablet_id: "1218e160d53a4b50ba3d6b1d763f7c31" candidate_uuid: "62e6b0c9b48e4375b1a32434abb3b187" candidate_term: 1 candidate_status { last_received { term: 0 index: 0 } } ignore_live_leader: false dest_uuid: "0b65e8a4f0cc41cd97a3f96181959e11" is_pre_election: true
I20260608 10:02:11.351328  4682 raft_consensus.cc:2468] T 1218e160d53a4b50ba3d6b1d763f7c31 P 0b65e8a4f0cc41cd97a3f96181959e11 [term 0 FOLLOWER]: Leader pre-election vote request: Granting yes vote for candidate 62e6b0c9b48e4375b1a32434abb3b187 in term 0.
I20260608 10:02:11.352584  4870 leader_election.cc:304] T 1218e160d53a4b50ba3d6b1d763f7c31 P 62e6b0c9b48e4375b1a32434abb3b187 [CANDIDATE]: Term 1 pre-election: Election decided. Result: candidate won. Election summary: received 2 responses out of 3 voters: 2 yes votes; 0 no votes. yes voters: 0b65e8a4f0cc41cd97a3f96181959e11, 62e6b0c9b48e4375b1a32434abb3b187; no voters: 
I20260608 10:02:11.352530  4608 tablet_service.cc:1917] Received RequestConsensusVote() RPC: tablet_id: "1218e160d53a4b50ba3d6b1d763f7c31" candidate_uuid: "62e6b0c9b48e4375b1a32434abb3b187" candidate_term: 1 candidate_status { last_received { term: 0 index: 0 } } ignore_live_leader: false dest_uuid: "b28a361df7d74f06a571119fc905e263" is_pre_election: true
I20260608 10:02:11.354527  4608 raft_consensus.cc:2468] T 1218e160d53a4b50ba3d6b1d763f7c31 P b28a361df7d74f06a571119fc905e263 [term 0 FOLLOWER]: Leader pre-election vote request: Granting yes vote for candidate 62e6b0c9b48e4375b1a32434abb3b187 in term 0.
I20260608 10:02:11.355710  5003 raft_consensus.cc:2804] T 1218e160d53a4b50ba3d6b1d763f7c31 P 62e6b0c9b48e4375b1a32434abb3b187 [term 0 FOLLOWER]: Leader pre-election won for term 1
I20260608 10:02:11.356156  5003 raft_consensus.cc:493] T 1218e160d53a4b50ba3d6b1d763f7c31 P 62e6b0c9b48e4375b1a32434abb3b187 [term 0 FOLLOWER]: Starting leader election (no leader contacted us within the election timeout)
I20260608 10:02:11.356494  5003 raft_consensus.cc:3060] T 1218e160d53a4b50ba3d6b1d763f7c31 P 62e6b0c9b48e4375b1a32434abb3b187 [term 0 FOLLOWER]: Advancing to term 1
I20260608 10:02:11.366585  5003 raft_consensus.cc:515] T 1218e160d53a4b50ba3d6b1d763f7c31 P 62e6b0c9b48e4375b1a32434abb3b187 [term 1 FOLLOWER]: Starting leader election with config: opid_index: -1 OBSOLETE_local: false peers { permanent_uuid: "62e6b0c9b48e4375b1a32434abb3b187" member_type: VOTER last_known_addr { host: "127.1.144.4" port: 37663 } } peers { permanent_uuid: "0b65e8a4f0cc41cd97a3f96181959e11" member_type: VOTER last_known_addr { host: "127.1.144.2" port: 43047 } } peers { permanent_uuid: "b28a361df7d74f06a571119fc905e263" member_type: VOTER last_known_addr { host: "127.1.144.1" port: 45637 } }
I20260608 10:02:11.369318  5003 leader_election.cc:290] T 1218e160d53a4b50ba3d6b1d763f7c31 P 62e6b0c9b48e4375b1a32434abb3b187 [CANDIDATE]: Term 1 election: Requested vote from peers 0b65e8a4f0cc41cd97a3f96181959e11 (127.1.144.2:43047), b28a361df7d74f06a571119fc905e263 (127.1.144.1:45637)
I20260608 10:02:11.370594  4682 tablet_service.cc:1917] Received RequestConsensusVote() RPC: tablet_id: "1218e160d53a4b50ba3d6b1d763f7c31" candidate_uuid: "62e6b0c9b48e4375b1a32434abb3b187" candidate_term: 1 candidate_status { last_received { term: 0 index: 0 } } ignore_live_leader: false dest_uuid: "0b65e8a4f0cc41cd97a3f96181959e11"
I20260608 10:02:11.370959  4608 tablet_service.cc:1917] Received RequestConsensusVote() RPC: tablet_id: "1218e160d53a4b50ba3d6b1d763f7c31" candidate_uuid: "62e6b0c9b48e4375b1a32434abb3b187" candidate_term: 1 candidate_status { last_received { term: 0 index: 0 } } ignore_live_leader: false dest_uuid: "b28a361df7d74f06a571119fc905e263"
I20260608 10:02:11.371294  4682 raft_consensus.cc:3060] T 1218e160d53a4b50ba3d6b1d763f7c31 P 0b65e8a4f0cc41cd97a3f96181959e11 [term 0 FOLLOWER]: Advancing to term 1
I20260608 10:02:11.371826  4608 raft_consensus.cc:3060] T 1218e160d53a4b50ba3d6b1d763f7c31 P b28a361df7d74f06a571119fc905e263 [term 0 FOLLOWER]: Advancing to term 1
I20260608 10:02:11.377724  4608 raft_consensus.cc:2468] T 1218e160d53a4b50ba3d6b1d763f7c31 P b28a361df7d74f06a571119fc905e263 [term 1 FOLLOWER]: Leader election vote request: Granting yes vote for candidate 62e6b0c9b48e4375b1a32434abb3b187 in term 1.
I20260608 10:02:11.378779  4682 raft_consensus.cc:2468] T 1218e160d53a4b50ba3d6b1d763f7c31 P 0b65e8a4f0cc41cd97a3f96181959e11 [term 1 FOLLOWER]: Leader election vote request: Granting yes vote for candidate 62e6b0c9b48e4375b1a32434abb3b187 in term 1.
I20260608 10:02:11.379398  4870 leader_election.cc:304] T 1218e160d53a4b50ba3d6b1d763f7c31 P 62e6b0c9b48e4375b1a32434abb3b187 [CANDIDATE]: Term 1 election: Election decided. Result: candidate won. Election summary: received 2 responses out of 3 voters: 2 yes votes; 0 no votes. yes voters: 62e6b0c9b48e4375b1a32434abb3b187, b28a361df7d74f06a571119fc905e263; no voters: 
I20260608 10:02:11.380425  5003 raft_consensus.cc:2804] T 1218e160d53a4b50ba3d6b1d763f7c31 P 62e6b0c9b48e4375b1a32434abb3b187 [term 1 FOLLOWER]: Leader election won for term 1
I20260608 10:02:11.381009  5003 raft_consensus.cc:697] T 1218e160d53a4b50ba3d6b1d763f7c31 P 62e6b0c9b48e4375b1a32434abb3b187 [term 1 LEADER]: Becoming Leader. State: Replica: 62e6b0c9b48e4375b1a32434abb3b187, State: Running, Role: LEADER
I20260608 10:02:11.382019  5003 consensus_queue.cc:237] T 1218e160d53a4b50ba3d6b1d763f7c31 P 62e6b0c9b48e4375b1a32434abb3b187 [LEADER]: Queue going to LEADER mode. State: All replicated index: 0, Majority replicated index: 0, Committed index: 0, Last appended: 0.0, Last appended by leader: 0, Current term: 1, Majority size: 2, State: 0, Mode: LEADER, active raft config: opid_index: -1 OBSOLETE_local: false peers { permanent_uuid: "62e6b0c9b48e4375b1a32434abb3b187" member_type: VOTER last_known_addr { host: "127.1.144.4" port: 37663 } } peers { permanent_uuid: "0b65e8a4f0cc41cd97a3f96181959e11" member_type: VOTER last_known_addr { host: "127.1.144.2" port: 43047 } } peers { permanent_uuid: "b28a361df7d74f06a571119fc905e263" member_type: VOTER last_known_addr { host: "127.1.144.1" port: 45637 } }
I20260608 10:02:11.394403  4507 catalog_manager.cc:5696] T 1218e160d53a4b50ba3d6b1d763f7c31 P 62e6b0c9b48e4375b1a32434abb3b187 reported cstate change: term changed from 0 to 1, leader changed from <none> to 62e6b0c9b48e4375b1a32434abb3b187 (127.1.144.4). New cstate: current_term: 1 leader_uuid: "62e6b0c9b48e4375b1a32434abb3b187" committed_config { opid_index: -1 OBSOLETE_local: false peers { permanent_uuid: "62e6b0c9b48e4375b1a32434abb3b187" member_type: VOTER last_known_addr { host: "127.1.144.4" port: 37663 } health_report { overall_health: HEALTHY } } peers { permanent_uuid: "0b65e8a4f0cc41cd97a3f96181959e11" member_type: VOTER last_known_addr { host: "127.1.144.2" port: 43047 } health_report { overall_health: UNKNOWN } } peers { permanent_uuid: "b28a361df7d74f06a571119fc905e263" member_type: VOTER last_known_addr { host: "127.1.144.1" port: 45637 } health_report { overall_health: UNKNOWN } } }
I20260608 10:02:11.399776  4949 consensus_queue.cc:1048] T 19eaad4dfdca4a9eafae9a58a8ed8eaa P 0b65e8a4f0cc41cd97a3f96181959e11 [LEADER]: Connected to new peer: Peer: permanent_uuid: "62e6b0c9b48e4375b1a32434abb3b187" member_type: VOTER last_known_addr { host: "127.1.144.4" port: 37663 }, Status: LMP_MISMATCH, Last received: 0.0, Next index: 1, Last known committed idx: 0, Time since last communication: 0.000s
I20260608 10:02:11.415910  4949 consensus_queue.cc:1048] T 19eaad4dfdca4a9eafae9a58a8ed8eaa P 0b65e8a4f0cc41cd97a3f96181959e11 [LEADER]: Connected to new peer: Peer: permanent_uuid: "b28a361df7d74f06a571119fc905e263" member_type: VOTER last_known_addr { host: "127.1.144.1" port: 45637 }, Status: LMP_MISMATCH, Last received: 0.0, Next index: 1, Last known committed idx: 0, Time since last communication: 0.001s
I20260608 10:02:11.482060  5003 consensus_queue.cc:1048] T ec5684a97c5d4cd5af58256e1f30ef05 P 62e6b0c9b48e4375b1a32434abb3b187 [LEADER]: Connected to new peer: Peer: permanent_uuid: "b28a361df7d74f06a571119fc905e263" member_type: VOTER last_known_addr { host: "127.1.144.1" port: 45637 }, Status: LMP_MISMATCH, Last received: 0.0, Next index: 1, Last known committed idx: 0, Time since last communication: 0.001s
I20260608 10:02:11.496435  4999 consensus_queue.cc:1048] T ec5684a97c5d4cd5af58256e1f30ef05 P 62e6b0c9b48e4375b1a32434abb3b187 [LEADER]: Connected to new peer: Peer: permanent_uuid: "56f1d75468254a8485d0f7233cb3d4f3" member_type: VOTER last_known_addr { host: "127.1.144.3" port: 45201 }, Status: LMP_MISMATCH, Last received: 0.0, Next index: 1, Last known committed idx: 0, Time since last communication: 0.000s
I20260608 10:02:11.498783  4560 auto_leader_rebalancer.cc:140] leader rebalance for table range_aware_rebalance_new_range
I20260608 10:02:11.538996  4608 tablet_service.cc:2072] Received LeaderStepDown RPC: tablet_id: "7b69f6250c4941aba964250c5b22c244"
dest_uuid: "b28a361df7d74f06a571119fc905e263"
mode: GRACEFUL
new_leader_uuid: "62e6b0c9b48e4375b1a32434abb3b187"
 from {username='slave'} at 127.0.0.1:33722
I20260608 10:02:11.539897  4608 raft_consensus.cc:606] T 7b69f6250c4941aba964250c5b22c244 P b28a361df7d74f06a571119fc905e263 [term 1 LEADER]: Received request to transfer leadership to TS 62e6b0c9b48e4375b1a32434abb3b187
I20260608 10:02:11.543555  4608 tablet_service.cc:2072] Received LeaderStepDown RPC: tablet_id: "c67f32fd2f73462bb6f2d0b870bb0aad"
dest_uuid: "b28a361df7d74f06a571119fc905e263"
mode: GRACEFUL
new_leader_uuid: "0b65e8a4f0cc41cd97a3f96181959e11"
 from {username='slave'} at 127.0.0.1:33722
I20260608 10:02:11.544243  4608 raft_consensus.cc:606] T c67f32fd2f73462bb6f2d0b870bb0aad P b28a361df7d74f06a571119fc905e263 [term 1 LEADER]: Received request to transfer leadership to TS 0b65e8a4f0cc41cd97a3f96181959e11
I20260608 10:02:11.545720  4560 auto_leader_rebalancer.cc:388] table: range_aware_rebalance_new_range, leader rebalance finish, leader transfer count: 2
I20260608 10:02:11.546769  4560 auto_leader_rebalancer.cc:451] All tables' leader rebalancing finished this round
