I20260608 10:02:09.376915  4682 tablet_service.cc:1917] Received RequestConsensusVote() RPC: tablet_id: "a431ef960dad429f9cf4f8e59df5d688" candidate_uuid: "b28a361df7d74f06a571119fc905e263" candidate_term: 1 candidate_status { last_received { term: 0 index: 0 } } ignore_live_leader: false dest_uuid: "0b65e8a4f0cc41cd97a3f96181959e11"
I20260608 10:02:09.378611  4756 raft_consensus.cc:2393] T 8bb9d878877241e4b2b0cdc1c57b072f P 56f1d75468254a8485d0f7233cb3d4f3 [term 1 FOLLOWER]: Leader pre-election vote request: Denying vote to candidate b28a361df7d74f06a571119fc905e263 in current term 1: Already voted for candidate 56f1d75468254a8485d0f7233cb3d4f3 in this term.
I20260608 10:02:09.378738  4804 tablet_bootstrap.cc:492] T 99bd95c0decc4b81a23b9551aefaf4c4 P b28a361df7d74f06a571119fc905e263: No bootstrap required, opened a new log
I20260608 10:02:09.378643  4650 leader_election.cc:304] T a431ef960dad429f9cf4f8e59df5d688 P 0b65e8a4f0cc41cd97a3f96181959e11 [CANDIDATE]: Term 1 election: Election decided. Result: candidate won. Election summary: received 3 responses out of 3 voters: 2 yes votes; 1 no votes. yes voters: 0b65e8a4f0cc41cd97a3f96181959e11, 56f1d75468254a8485d0f7233cb3d4f3; no voters: b28a361df7d74f06a571119fc905e263
I20260608 10:02:09.381492  4804 ts_tablet_manager.cc:1403] T 99bd95c0decc4b81a23b9551aefaf4c4 P b28a361df7d74f06a571119fc905e263: Time spent bootstrapping tablet: real 0.144s	user 0.022s	sys 0.019s
I20260608 10:02:09.380384  4682 raft_consensus.cc:2393] T a431ef960dad429f9cf4f8e59df5d688 P 0b65e8a4f0cc41cd97a3f96181959e11 [term 1 FOLLOWER]: Leader election vote request: Denying vote to candidate b28a361df7d74f06a571119fc905e263 in current term 1: Already voted for candidate 0b65e8a4f0cc41cd97a3f96181959e11 in this term.
I20260608 10:02:09.382925  4807 raft_consensus.cc:2804] T a431ef960dad429f9cf4f8e59df5d688 P 0b65e8a4f0cc41cd97a3f96181959e11 [term 1 FOLLOWER]: Leader election won for term 1
I20260608 10:02:09.383559  4807 raft_consensus.cc:697] T a431ef960dad429f9cf4f8e59df5d688 P 0b65e8a4f0cc41cd97a3f96181959e11 [term 1 LEADER]: Becoming Leader. State: Replica: 0b65e8a4f0cc41cd97a3f96181959e11, State: Running, Role: LEADER
I20260608 10:02:09.384078  4837 leader_election.cc:290] T 8bb9d878877241e4b2b0cdc1c57b072f P 56f1d75468254a8485d0f7233cb3d4f3 [CANDIDATE]: Term 1 election: Requested vote from peers 0b65e8a4f0cc41cd97a3f96181959e11 (127.1.144.2:43047), b28a361df7d74f06a571119fc905e263 (127.1.144.1:45637)
I20260608 10:02:09.385040  4805 ts_tablet_manager.cc:1403] T c67f32fd2f73462bb6f2d0b870bb0aad P 56f1d75468254a8485d0f7233cb3d4f3: Time spent bootstrapping tablet: real 0.117s	user 0.032s	sys 0.025s
I20260608 10:02:09.384580  4807 consensus_queue.cc:237] T a431ef960dad429f9cf4f8e59df5d688 P 0b65e8a4f0cc41cd97a3f96181959e11 [LEADER]: Queue going to LEADER mode. State: All replicated index: 0, Majority replicated index: 0, Committed index: 0, Last appended: 0.0, Last appended by leader: 0, Current term: 1, Majority size: 2, State: 0, Mode: LEADER, active raft config: opid_index: -1 OBSOLETE_local: false peers { permanent_uuid: "b28a361df7d74f06a571119fc905e263" member_type: VOTER last_known_addr { host: "127.1.144.1" port: 45637 } } peers { permanent_uuid: "0b65e8a4f0cc41cd97a3f96181959e11" member_type: VOTER last_known_addr { host: "127.1.144.2" port: 43047 } } peers { permanent_uuid: "56f1d75468254a8485d0f7233cb3d4f3" member_type: VOTER last_known_addr { host: "127.1.144.3" port: 45201 } }
I20260608 10:02:09.386893  4608 tablet_service.cc:1917] Received RequestConsensusVote() RPC: tablet_id: "8bb9d878877241e4b2b0cdc1c57b072f" candidate_uuid: "56f1d75468254a8485d0f7233cb3d4f3" candidate_term: 1 candidate_status { last_received { term: 0 index: 0 } } ignore_live_leader: false dest_uuid: "b28a361df7d74f06a571119fc905e263"
I20260608 10:02:09.386260  4684 tablet_service.cc:1917] Received RequestConsensusVote() RPC: tablet_id: "8bb9d878877241e4b2b0cdc1c57b072f" candidate_uuid: "56f1d75468254a8485d0f7233cb3d4f3" candidate_term: 1 candidate_status { last_received { term: 0 index: 0 } } ignore_live_leader: false dest_uuid: "0b65e8a4f0cc41cd97a3f96181959e11"
I20260608 10:02:09.388518  4684 raft_consensus.cc:3060] T 8bb9d878877241e4b2b0cdc1c57b072f P 0b65e8a4f0cc41cd97a3f96181959e11 [term 0 FOLLOWER]: Advancing to term 1
I20260608 10:02:09.386166  4815 consensus_queue.cc:237] T 3ab8c1285ba140219ee4ebacc2b9c5d8 P 56f1d75468254a8485d0f7233cb3d4f3 [LEADER]: Queue going to LEADER mode. State: All replicated index: 0, Majority replicated index: 0, Committed index: 0, Last appended: 0.0, Last appended by leader: 0, Current term: 1, Majority size: 2, State: 0, Mode: LEADER, active raft config: opid_index: -1 OBSOLETE_local: false peers { permanent_uuid: "b28a361df7d74f06a571119fc905e263" member_type: VOTER last_known_addr { host: "127.1.144.1" port: 45637 } } peers { permanent_uuid: "56f1d75468254a8485d0f7233cb3d4f3" member_type: VOTER last_known_addr { host: "127.1.144.3" port: 45201 } } peers { permanent_uuid: "0b65e8a4f0cc41cd97a3f96181959e11" member_type: VOTER last_known_addr { host: "127.1.144.2" port: 43047 } }
I20260608 10:02:09.392367  4574 leader_election.cc:304] T a431ef960dad429f9cf4f8e59df5d688 P b28a361df7d74f06a571119fc905e263 [CANDIDATE]: Term 1 election: Election decided. Result: candidate lost. Election summary: received 3 responses out of 3 voters: 1 yes votes; 2 no votes. yes voters: b28a361df7d74f06a571119fc905e263; no voters: 0b65e8a4f0cc41cd97a3f96181959e11, 56f1d75468254a8485d0f7233cb3d4f3
I20260608 10:02:09.393827  4843 raft_consensus.cc:2749] T a431ef960dad429f9cf4f8e59df5d688 P b28a361df7d74f06a571119fc905e263 [term 1 FOLLOWER]: Leader election lost for term 1. Reason: could not achieve majority
I20260608 10:02:09.393878  4839 raft_consensus.cc:515] T 8bb9d878877241e4b2b0cdc1c57b072f P b28a361df7d74f06a571119fc905e263 [term 1 FOLLOWER]: Starting leader election with config: opid_index: -1 OBSOLETE_local: false peers { permanent_uuid: "0b65e8a4f0cc41cd97a3f96181959e11" member_type: VOTER last_known_addr { host: "127.1.144.2" port: 43047 } } peers { permanent_uuid: "b28a361df7d74f06a571119fc905e263" member_type: VOTER last_known_addr { host: "127.1.144.1" port: 45637 } } peers { permanent_uuid: "56f1d75468254a8485d0f7233cb3d4f3" member_type: VOTER last_known_addr { host: "127.1.144.3" port: 45201 } }
I20260608 10:02:09.394254  4804 raft_consensus.cc:359] T 99bd95c0decc4b81a23b9551aefaf4c4 P b28a361df7d74f06a571119fc905e263 [term 0 FOLLOWER]: Replica starting. Triggering 0 pending ops. Active config: opid_index: -1 OBSOLETE_local: false peers { permanent_uuid: "b28a361df7d74f06a571119fc905e263" member_type: VOTER last_known_addr { host: "127.1.144.1" port: 45637 } } peers { permanent_uuid: "0b65e8a4f0cc41cd97a3f96181959e11" member_type: VOTER last_known_addr { host: "127.1.144.2" port: 43047 } } peers { permanent_uuid: "56f1d75468254a8485d0f7233cb3d4f3" member_type: VOTER last_known_addr { host: "127.1.144.3" port: 45201 } }
I20260608 10:02:09.401492  4804 raft_consensus.cc:385] T 99bd95c0decc4b81a23b9551aefaf4c4 P b28a361df7d74f06a571119fc905e263 [term 0 FOLLOWER]: Consensus starting up: Expiring failure detector timer to make a prompt election more likely
I20260608 10:02:09.401906  4804 raft_consensus.cc:740] T 99bd95c0decc4b81a23b9551aefaf4c4 P b28a361df7d74f06a571119fc905e263 [term 0 FOLLOWER]: Becoming Follower/Learner. State: Replica: b28a361df7d74f06a571119fc905e263, State: Initialized, Role: FOLLOWER
I20260608 10:02:09.389806  4805 raft_consensus.cc:359] T c67f32fd2f73462bb6f2d0b870bb0aad P 56f1d75468254a8485d0f7233cb3d4f3 [term 0 FOLLOWER]: Replica starting. Triggering 0 pending ops. Active config: opid_index: -1 OBSOLETE_local: false peers { permanent_uuid: "b28a361df7d74f06a571119fc905e263" member_type: VOTER last_known_addr { host: "127.1.144.1" port: 45637 } } peers { permanent_uuid: "0b65e8a4f0cc41cd97a3f96181959e11" member_type: VOTER last_known_addr { host: "127.1.144.2" port: 43047 } } peers { permanent_uuid: "56f1d75468254a8485d0f7233cb3d4f3" member_type: VOTER last_known_addr { host: "127.1.144.3" port: 45201 } }
I20260608 10:02:09.403090  4805 raft_consensus.cc:385] T c67f32fd2f73462bb6f2d0b870bb0aad P 56f1d75468254a8485d0f7233cb3d4f3 [term 0 FOLLOWER]: Consensus starting up: Expiring failure detector timer to make a prompt election more likely
I20260608 10:02:09.402832  4804 consensus_queue.cc:260] T 99bd95c0decc4b81a23b9551aefaf4c4 P b28a361df7d74f06a571119fc905e263 [NON_LEADER]: Queue going to NON_LEADER mode. State: All replicated index: 0, Majority replicated index: 0, Committed index: 0, Last appended: 0.0, Last appended by leader: 0, Current term: 0, Majority size: -1, State: 0, Mode: NON_LEADER, active raft config: opid_index: -1 OBSOLETE_local: false peers { permanent_uuid: "b28a361df7d74f06a571119fc905e263" member_type: VOTER last_known_addr { host: "127.1.144.1" port: 45637 } } peers { permanent_uuid: "0b65e8a4f0cc41cd97a3f96181959e11" member_type: VOTER last_known_addr { host: "127.1.144.2" port: 43047 } } peers { permanent_uuid: "56f1d75468254a8485d0f7233cb3d4f3" member_type: VOTER last_known_addr { host: "127.1.144.3" port: 45201 } }
I20260608 10:02:09.403617  4805 raft_consensus.cc:740] T c67f32fd2f73462bb6f2d0b870bb0aad P 56f1d75468254a8485d0f7233cb3d4f3 [term 0 FOLLOWER]: Becoming Follower/Learner. State: Replica: 56f1d75468254a8485d0f7233cb3d4f3, State: Initialized, Role: FOLLOWER
I20260608 10:02:09.404781  4805 consensus_queue.cc:260] T c67f32fd2f73462bb6f2d0b870bb0aad P 56f1d75468254a8485d0f7233cb3d4f3 [NON_LEADER]: Queue going to NON_LEADER mode. State: All replicated index: 0, Majority replicated index: 0, Committed index: 0, Last appended: 0.0, Last appended by leader: 0, Current term: 0, Majority size: -1, State: 0, Mode: NON_LEADER, active raft config: opid_index: -1 OBSOLETE_local: false peers { permanent_uuid: "b28a361df7d74f06a571119fc905e263" member_type: VOTER last_known_addr { host: "127.1.144.1" port: 45637 } } peers { permanent_uuid: "0b65e8a4f0cc41cd97a3f96181959e11" member_type: VOTER last_known_addr { host: "127.1.144.2" port: 43047 } } peers { permanent_uuid: "56f1d75468254a8485d0f7233cb3d4f3" member_type: VOTER last_known_addr { host: "127.1.144.3" port: 45201 } }
I20260608 10:02:09.405588  4804 ts_tablet_manager.cc:1434] T 99bd95c0decc4b81a23b9551aefaf4c4 P b28a361df7d74f06a571119fc905e263: Time spent starting tablet: real 0.024s	user 0.009s	sys 0.000s
I20260608 10:02:09.408084  4805 ts_tablet_manager.cc:1434] T c67f32fd2f73462bb6f2d0b870bb0aad P 56f1d75468254a8485d0f7233cb3d4f3: Time spent starting tablet: real 0.023s	user 0.008s	sys 0.002s
I20260608 10:02:09.408264  4804 tablet_bootstrap.cc:492] T 89ed5b4719464dce9bd6eda526376f17 P b28a361df7d74f06a571119fc905e263: Bootstrap starting.
I20260608 10:02:09.409577  4805 tablet_bootstrap.cc:492] T 99bd95c0decc4b81a23b9551aefaf4c4 P 56f1d75468254a8485d0f7233cb3d4f3: Bootstrap starting.
I20260608 10:02:09.408790  4507 catalog_manager.cc:5696] T 6daadb6a686047a4b04dec1731096ac7 P b28a361df7d74f06a571119fc905e263 reported cstate change: term changed from 0 to 1, leader changed from <none> to b28a361df7d74f06a571119fc905e263 (127.1.144.1). New cstate: current_term: 1 leader_uuid: "b28a361df7d74f06a571119fc905e263" committed_config { opid_index: -1 OBSOLETE_local: false peers { permanent_uuid: "b28a361df7d74f06a571119fc905e263" member_type: VOTER last_known_addr { host: "127.1.144.1" port: 45637 } health_report { overall_health: HEALTHY } } peers { permanent_uuid: "0b65e8a4f0cc41cd97a3f96181959e11" member_type: VOTER last_known_addr { host: "127.1.144.2" port: 43047 } health_report { overall_health: UNKNOWN } } peers { permanent_uuid: "56f1d75468254a8485d0f7233cb3d4f3" member_type: VOTER last_known_addr { host: "127.1.144.3" port: 45201 } health_report { overall_health: UNKNOWN } } }
I20260608 10:02:09.409480  4506 catalog_manager.cc:5696] T 3ab8c1285ba140219ee4ebacc2b9c5d8 P 56f1d75468254a8485d0f7233cb3d4f3 reported cstate change: term changed from 0 to 1, leader changed from <none> to 56f1d75468254a8485d0f7233cb3d4f3 (127.1.144.3). New cstate: current_term: 1 leader_uuid: "56f1d75468254a8485d0f7233cb3d4f3" committed_config { opid_index: -1 OBSOLETE_local: false peers { permanent_uuid: "b28a361df7d74f06a571119fc905e263" member_type: VOTER last_known_addr { host: "127.1.144.1" port: 45637 } health_report { overall_health: UNKNOWN } } peers { permanent_uuid: "56f1d75468254a8485d0f7233cb3d4f3" member_type: VOTER last_known_addr { host: "127.1.144.3" port: 45201 } health_report { overall_health: HEALTHY } } peers { permanent_uuid: "0b65e8a4f0cc41cd97a3f96181959e11" member_type: VOTER last_known_addr { host: "127.1.144.2" port: 43047 } health_report { overall_health: UNKNOWN } } }
I20260608 10:02:09.417855  4608 raft_consensus.cc:2393] T 8bb9d878877241e4b2b0cdc1c57b072f P b28a361df7d74f06a571119fc905e263 [term 1 FOLLOWER]: Leader election vote request: Denying vote to candidate 56f1d75468254a8485d0f7233cb3d4f3 in current term 1: Already voted for candidate b28a361df7d74f06a571119fc905e263 in this term.
I20260608 10:02:09.418535  4682 tablet_service.cc:1917] Received RequestConsensusVote() RPC: tablet_id: "8bb9d878877241e4b2b0cdc1c57b072f" candidate_uuid: "b28a361df7d74f06a571119fc905e263" candidate_term: 1 candidate_status { last_received { term: 0 index: 0 } } ignore_live_leader: false dest_uuid: "0b65e8a4f0cc41cd97a3f96181959e11"
I20260608 10:02:09.400741  4684 raft_consensus.cc:2468] T 8bb9d878877241e4b2b0cdc1c57b072f P 0b65e8a4f0cc41cd97a3f96181959e11 [term 1 FOLLOWER]: Leader election vote request: Granting yes vote for candidate 56f1d75468254a8485d0f7233cb3d4f3 in term 1.
I20260608 10:02:09.421662  4723 leader_election.cc:304] T 8bb9d878877241e4b2b0cdc1c57b072f P 56f1d75468254a8485d0f7233cb3d4f3 [CANDIDATE]: Term 1 election: Election decided. Result: candidate won. Election summary: received 3 responses out of 3 voters: 2 yes votes; 1 no votes. yes voters: 0b65e8a4f0cc41cd97a3f96181959e11, 56f1d75468254a8485d0f7233cb3d4f3; no voters: b28a361df7d74f06a571119fc905e263
I20260608 10:02:09.422362  4843 raft_consensus.cc:493] T 42a4a1e48d054bd5b327801ee7ef9145 P b28a361df7d74f06a571119fc905e263 [term 0 FOLLOWER]: Starting pre-election (no leader contacted us within the election timeout)
I20260608 10:02:09.423100  4839 leader_election.cc:290] T 8bb9d878877241e4b2b0cdc1c57b072f P b28a361df7d74f06a571119fc905e263 [CANDIDATE]: Term 1 election: Requested vote from peers 0b65e8a4f0cc41cd97a3f96181959e11 (127.1.144.2:43047), 56f1d75468254a8485d0f7233cb3d4f3 (127.1.144.3:45201)
I20260608 10:02:09.423641  4805 tablet_bootstrap.cc:654] T 99bd95c0decc4b81a23b9551aefaf4c4 P 56f1d75468254a8485d0f7233cb3d4f3: Neither blocks nor log segments found. Creating new log.
I20260608 10:02:09.423039  4843 raft_consensus.cc:515] T 42a4a1e48d054bd5b327801ee7ef9145 P b28a361df7d74f06a571119fc905e263 [term 0 FOLLOWER]: Starting pre-election with config: opid_index: -1 OBSOLETE_local: false peers { permanent_uuid: "0b65e8a4f0cc41cd97a3f96181959e11" member_type: VOTER last_known_addr { host: "127.1.144.2" port: 43047 } } peers { permanent_uuid: "b28a361df7d74f06a571119fc905e263" member_type: VOTER last_known_addr { host: "127.1.144.1" port: 45637 } } peers { permanent_uuid: "56f1d75468254a8485d0f7233cb3d4f3" member_type: VOTER last_known_addr { host: "127.1.144.3" port: 45201 } }
I20260608 10:02:09.425642  4804 tablet_bootstrap.cc:654] T 89ed5b4719464dce9bd6eda526376f17 P b28a361df7d74f06a571119fc905e263: Neither blocks nor log segments found. Creating new log.
I20260608 10:02:09.425732  4756 tablet_service.cc:1917] Received RequestConsensusVote() RPC: tablet_id: "8bb9d878877241e4b2b0cdc1c57b072f" candidate_uuid: "b28a361df7d74f06a571119fc905e263" candidate_term: 1 candidate_status { last_received { term: 0 index: 0 } } ignore_live_leader: false dest_uuid: "56f1d75468254a8485d0f7233cb3d4f3"
I20260608 10:02:09.426672  4756 raft_consensus.cc:2393] T 8bb9d878877241e4b2b0cdc1c57b072f P 56f1d75468254a8485d0f7233cb3d4f3 [term 1 FOLLOWER]: Leader election vote request: Denying vote to candidate b28a361df7d74f06a571119fc905e263 in current term 1: Already voted for candidate 56f1d75468254a8485d0f7233cb3d4f3 in this term.
I20260608 10:02:09.427672  4815 raft_consensus.cc:2804] T 8bb9d878877241e4b2b0cdc1c57b072f P 56f1d75468254a8485d0f7233cb3d4f3 [term 1 FOLLOWER]: Leader election won for term 1
I20260608 10:02:09.427937  4684 tablet_service.cc:1917] Received RequestConsensusVote() RPC: tablet_id: "42a4a1e48d054bd5b327801ee7ef9145" candidate_uuid: "b28a361df7d74f06a571119fc905e263" candidate_term: 1 candidate_status { last_received { term: 0 index: 0 } } ignore_live_leader: false dest_uuid: "0b65e8a4f0cc41cd97a3f96181959e11" is_pre_election: true
I20260608 10:02:09.428256  4843 leader_election.cc:290] T 42a4a1e48d054bd5b327801ee7ef9145 P b28a361df7d74f06a571119fc905e263 [CANDIDATE]: Term 1 pre-election: Requested pre-vote from peers 0b65e8a4f0cc41cd97a3f96181959e11 (127.1.144.2:43047), 56f1d75468254a8485d0f7233cb3d4f3 (127.1.144.3:45201)
I20260608 10:02:09.428902  4684 raft_consensus.cc:2468] T 42a4a1e48d054bd5b327801ee7ef9145 P 0b65e8a4f0cc41cd97a3f96181959e11 [term 0 FOLLOWER]: Leader pre-election vote request: Granting yes vote for candidate b28a361df7d74f06a571119fc905e263 in term 0.
I20260608 10:02:09.430893  4575 leader_election.cc:304] T 8bb9d878877241e4b2b0cdc1c57b072f P b28a361df7d74f06a571119fc905e263 [CANDIDATE]: Term 1 election: Election decided. Result: candidate lost. Election summary: received 3 responses out of 3 voters: 1 yes votes; 2 no votes. yes voters: b28a361df7d74f06a571119fc905e263; no voters: 0b65e8a4f0cc41cd97a3f96181959e11, 56f1d75468254a8485d0f7233cb3d4f3
I20260608 10:02:09.432627  4574 leader_election.cc:304] T 42a4a1e48d054bd5b327801ee7ef9145 P b28a361df7d74f06a571119fc905e263 [CANDIDATE]: Term 1 pre-election: Election decided. Result: candidate won. Election summary: received 2 responses out of 3 voters: 2 yes votes; 0 no votes. yes voters: 0b65e8a4f0cc41cd97a3f96181959e11, b28a361df7d74f06a571119fc905e263; no voters: 
I20260608 10:02:09.428292  4815 raft_consensus.cc:697] T 8bb9d878877241e4b2b0cdc1c57b072f P 56f1d75468254a8485d0f7233cb3d4f3 [term 1 LEADER]: Becoming Leader. State: Replica: 56f1d75468254a8485d0f7233cb3d4f3, State: Running, Role: LEADER
I20260608 10:02:09.437058  4839 raft_consensus.cc:2804] T 42a4a1e48d054bd5b327801ee7ef9145 P b28a361df7d74f06a571119fc905e263 [term 0 FOLLOWER]: Leader pre-election won for term 1
I20260608 10:02:09.437537  4839 raft_consensus.cc:493] T 42a4a1e48d054bd5b327801ee7ef9145 P b28a361df7d74f06a571119fc905e263 [term 0 FOLLOWER]: Starting leader election (no leader contacted us within the election timeout)
I20260608 10:02:09.437412  4756 tablet_service.cc:1917] Received RequestConsensusVote() RPC: tablet_id: "42a4a1e48d054bd5b327801ee7ef9145" candidate_uuid: "b28a361df7d74f06a571119fc905e263" candidate_term: 1 candidate_status { last_received { term: 0 index: 0 } } ignore_live_leader: false dest_uuid: "56f1d75468254a8485d0f7233cb3d4f3" is_pre_election: true
I20260608 10:02:09.438134  4839 raft_consensus.cc:3060] T 42a4a1e48d054bd5b327801ee7ef9145 P b28a361df7d74f06a571119fc905e263 [term 0 FOLLOWER]: Advancing to term 1
I20260608 10:02:09.438647  4756 raft_consensus.cc:2468] T 42a4a1e48d054bd5b327801ee7ef9145 P 56f1d75468254a8485d0f7233cb3d4f3 [term 0 FOLLOWER]: Leader pre-election vote request: Granting yes vote for candidate b28a361df7d74f06a571119fc905e263 in term 0.
I20260608 10:02:09.439692  4504 catalog_manager.cc:5696] T a431ef960dad429f9cf4f8e59df5d688 P 0b65e8a4f0cc41cd97a3f96181959e11 reported cstate change: term changed from 0 to 1, leader changed from <none> to 0b65e8a4f0cc41cd97a3f96181959e11 (127.1.144.2). New cstate: current_term: 1 leader_uuid: "0b65e8a4f0cc41cd97a3f96181959e11" committed_config { opid_index: -1 OBSOLETE_local: false peers { permanent_uuid: "b28a361df7d74f06a571119fc905e263" member_type: VOTER last_known_addr { host: "127.1.144.1" port: 45637 } health_report { overall_health: UNKNOWN } } peers { permanent_uuid: "0b65e8a4f0cc41cd97a3f96181959e11" member_type: VOTER last_known_addr { host: "127.1.144.2" port: 43047 } health_report { overall_health: HEALTHY } } peers { permanent_uuid: "56f1d75468254a8485d0f7233cb3d4f3" member_type: VOTER last_known_addr { host: "127.1.144.3" port: 45201 } health_report { overall_health: UNKNOWN } } }
I20260608 10:02:09.444041  4815 consensus_queue.cc:237] T 8bb9d878877241e4b2b0cdc1c57b072f P 56f1d75468254a8485d0f7233cb3d4f3 [LEADER]: Queue going to LEADER mode. State: All replicated index: 0, Majority replicated index: 0, Committed index: 0, Last appended: 0.0, Last appended by leader: 0, Current term: 1, Majority size: 2, State: 0, Mode: LEADER, active raft config: opid_index: -1 OBSOLETE_local: false peers { permanent_uuid: "0b65e8a4f0cc41cd97a3f96181959e11" member_type: VOTER last_known_addr { host: "127.1.144.2" port: 43047 } } peers { permanent_uuid: "b28a361df7d74f06a571119fc905e263" member_type: VOTER last_known_addr { host: "127.1.144.1" port: 45637 } } peers { permanent_uuid: "56f1d75468254a8485d0f7233cb3d4f3" member_type: VOTER last_known_addr { host: "127.1.144.3" port: 45201 } }
I20260608 10:02:09.434945  4843 raft_consensus.cc:2749] T 8bb9d878877241e4b2b0cdc1c57b072f P b28a361df7d74f06a571119fc905e263 [term 1 FOLLOWER]: Leader election lost for term 1. Reason: could not achieve majority
I20260608 10:02:09.446547  4811 raft_consensus.cc:493] T c67f32fd2f73462bb6f2d0b870bb0aad P b28a361df7d74f06a571119fc905e263 [term 0 FOLLOWER]: Starting pre-election (no leader contacted us within the election timeout)
I20260608 10:02:09.447757  4811 raft_consensus.cc:515] T c67f32fd2f73462bb6f2d0b870bb0aad P b28a361df7d74f06a571119fc905e263 [term 0 FOLLOWER]: Starting pre-election with config: opid_index: -1 OBSOLETE_local: false peers { permanent_uuid: "b28a361df7d74f06a571119fc905e263" member_type: VOTER last_known_addr { host: "127.1.144.1" port: 45637 } } peers { permanent_uuid: "0b65e8a4f0cc41cd97a3f96181959e11" member_type: VOTER last_known_addr { host: "127.1.144.2" port: 43047 } } peers { permanent_uuid: "56f1d75468254a8485d0f7233cb3d4f3" member_type: VOTER last_known_addr { host: "127.1.144.3" port: 45201 } }
I20260608 10:02:09.451651  4839 raft_consensus.cc:515] T 42a4a1e48d054bd5b327801ee7ef9145 P b28a361df7d74f06a571119fc905e263 [term 1 FOLLOWER]: Starting leader election with config: opid_index: -1 OBSOLETE_local: false peers { permanent_uuid: "0b65e8a4f0cc41cd97a3f96181959e11" member_type: VOTER last_known_addr { host: "127.1.144.2" port: 43047 } } peers { permanent_uuid: "b28a361df7d74f06a571119fc905e263" member_type: VOTER last_known_addr { host: "127.1.144.1" port: 45637 } } peers { permanent_uuid: "56f1d75468254a8485d0f7233cb3d4f3" member_type: VOTER last_known_addr { host: "127.1.144.3" port: 45201 } }
I20260608 10:02:09.452711  4805 tablet_bootstrap.cc:492] T 99bd95c0decc4b81a23b9551aefaf4c4 P 56f1d75468254a8485d0f7233cb3d4f3: No bootstrap required, opened a new log
I20260608 10:02:09.453361  4805 ts_tablet_manager.cc:1403] T 99bd95c0decc4b81a23b9551aefaf4c4 P 56f1d75468254a8485d0f7233cb3d4f3: Time spent bootstrapping tablet: real 0.044s	user 0.021s	sys 0.004s
I20260608 10:02:09.453294  4756 tablet_service.cc:1917] Received RequestConsensusVote() RPC: tablet_id: "c67f32fd2f73462bb6f2d0b870bb0aad" candidate_uuid: "b28a361df7d74f06a571119fc905e263" candidate_term: 1 candidate_status { last_received { term: 0 index: 0 } } ignore_live_leader: false dest_uuid: "56f1d75468254a8485d0f7233cb3d4f3" is_pre_election: true
I20260608 10:02:09.454160  4756 raft_consensus.cc:2468] T c67f32fd2f73462bb6f2d0b870bb0aad P 56f1d75468254a8485d0f7233cb3d4f3 [term 0 FOLLOWER]: Leader pre-election vote request: Granting yes vote for candidate b28a361df7d74f06a571119fc905e263 in term 0.
I20260608 10:02:09.454715  4839 leader_election.cc:290] T 42a4a1e48d054bd5b327801ee7ef9145 P b28a361df7d74f06a571119fc905e263 [CANDIDATE]: Term 1 election: Requested vote from peers 0b65e8a4f0cc41cd97a3f96181959e11 (127.1.144.2:43047), 56f1d75468254a8485d0f7233cb3d4f3 (127.1.144.3:45201)
I20260608 10:02:09.456369  4575 leader_election.cc:304] T c67f32fd2f73462bb6f2d0b870bb0aad P b28a361df7d74f06a571119fc905e263 [CANDIDATE]: Term 1 pre-election: Election decided. Result: candidate won. Election summary: received 2 responses out of 3 voters: 2 yes votes; 0 no votes. yes voters: 56f1d75468254a8485d0f7233cb3d4f3, b28a361df7d74f06a571119fc905e263; no voters: 
I20260608 10:02:09.457234  4805 raft_consensus.cc:359] T 99bd95c0decc4b81a23b9551aefaf4c4 P 56f1d75468254a8485d0f7233cb3d4f3 [term 0 FOLLOWER]: Replica starting. Triggering 0 pending ops. Active config: opid_index: -1 OBSOLETE_local: false peers { permanent_uuid: "b28a361df7d74f06a571119fc905e263" member_type: VOTER last_known_addr { host: "127.1.144.1" port: 45637 } } peers { permanent_uuid: "0b65e8a4f0cc41cd97a3f96181959e11" member_type: VOTER last_known_addr { host: "127.1.144.2" port: 43047 } } peers { permanent_uuid: "56f1d75468254a8485d0f7233cb3d4f3" member_type: VOTER last_known_addr { host: "127.1.144.3" port: 45201 } }
I20260608 10:02:09.457816  4804 tablet_bootstrap.cc:492] T 89ed5b4719464dce9bd6eda526376f17 P b28a361df7d74f06a571119fc905e263: No bootstrap required, opened a new log
I20260608 10:02:09.458209  4805 raft_consensus.cc:385] T 99bd95c0decc4b81a23b9551aefaf4c4 P 56f1d75468254a8485d0f7233cb3d4f3 [term 0 FOLLOWER]: Consensus starting up: Expiring failure detector timer to make a prompt election more likely
I20260608 10:02:09.459158  4684 tablet_service.cc:1917] Received RequestConsensusVote() RPC: tablet_id: "c67f32fd2f73462bb6f2d0b870bb0aad" candidate_uuid: "b28a361df7d74f06a571119fc905e263" candidate_term: 1 candidate_status { last_received { term: 0 index: 0 } } ignore_live_leader: false dest_uuid: "0b65e8a4f0cc41cd97a3f96181959e11" is_pre_election: true
I20260608 10:02:09.461051  4804 ts_tablet_manager.cc:1403] T 89ed5b4719464dce9bd6eda526376f17 P b28a361df7d74f06a571119fc905e263: Time spent bootstrapping tablet: real 0.053s	user 0.018s	sys 0.004s
I20260608 10:02:09.461429  4684 raft_consensus.cc:2468] T c67f32fd2f73462bb6f2d0b870bb0aad P 0b65e8a4f0cc41cd97a3f96181959e11 [term 0 FOLLOWER]: Leader pre-election vote request: Granting yes vote for candidate b28a361df7d74f06a571119fc905e263 in term 0.
I20260608 10:02:09.462112  4839 raft_consensus.cc:2804] T c67f32fd2f73462bb6f2d0b870bb0aad P b28a361df7d74f06a571119fc905e263 [term 0 FOLLOWER]: Leader pre-election won for term 1
I20260608 10:02:09.462571  4839 raft_consensus.cc:493] T c67f32fd2f73462bb6f2d0b870bb0aad P b28a361df7d74f06a571119fc905e263 [term 0 FOLLOWER]: Starting leader election (no leader contacted us within the election timeout)
I20260608 10:02:09.451673  4811 leader_election.cc:290] T c67f32fd2f73462bb6f2d0b870bb0aad P b28a361df7d74f06a571119fc905e263 [CANDIDATE]: Term 1 pre-election: Requested pre-vote from peers 0b65e8a4f0cc41cd97a3f96181959e11 (127.1.144.2:43047), 56f1d75468254a8485d0f7233cb3d4f3 (127.1.144.3:45201)
I20260608 10:02:09.459127  4756 tablet_service.cc:1917] Received RequestConsensusVote() RPC: tablet_id: "42a4a1e48d054bd5b327801ee7ef9145" candidate_uuid: "b28a361df7d74f06a571119fc905e263" candidate_term: 1 candidate_status { last_received { term: 0 index: 0 } } ignore_live_leader: false dest_uuid: "56f1d75468254a8485d0f7233cb3d4f3"
I20260608 10:02:09.460048  4682 tablet_service.cc:1917] Received RequestConsensusVote() RPC: tablet_id: "42a4a1e48d054bd5b327801ee7ef9145" candidate_uuid: "b28a361df7d74f06a571119fc905e263" candidate_term: 1 candidate_status { last_received { term: 0 index: 0 } } ignore_live_leader: false dest_uuid: "0b65e8a4f0cc41cd97a3f96181959e11"
I20260608 10:02:09.463827  4756 raft_consensus.cc:3060] T 42a4a1e48d054bd5b327801ee7ef9145 P 56f1d75468254a8485d0f7233cb3d4f3 [term 0 FOLLOWER]: Advancing to term 1
I20260608 10:02:09.463915  4682 raft_consensus.cc:3060] T 42a4a1e48d054bd5b327801ee7ef9145 P 0b65e8a4f0cc41cd97a3f96181959e11 [term 0 FOLLOWER]: Advancing to term 1
I20260608 10:02:09.466583  4805 raft_consensus.cc:740] T 99bd95c0decc4b81a23b9551aefaf4c4 P 56f1d75468254a8485d0f7233cb3d4f3 [term 0 FOLLOWER]: Becoming Follower/Learner. State: Replica: 56f1d75468254a8485d0f7233cb3d4f3, State: Initialized, Role: FOLLOWER
I20260608 10:02:09.473174  4682 raft_consensus.cc:2468] T 42a4a1e48d054bd5b327801ee7ef9145 P 0b65e8a4f0cc41cd97a3f96181959e11 [term 1 FOLLOWER]: Leader election vote request: Granting yes vote for candidate b28a361df7d74f06a571119fc905e263 in term 1.
I20260608 10:02:09.474282  4805 consensus_queue.cc:260] T 99bd95c0decc4b81a23b9551aefaf4c4 P 56f1d75468254a8485d0f7233cb3d4f3 [NON_LEADER]: Queue going to NON_LEADER mode. State: All replicated index: 0, Majority replicated index: 0, Committed index: 0, Last appended: 0.0, Last appended by leader: 0, Current term: 0, Majority size: -1, State: 0, Mode: NON_LEADER, active raft config: opid_index: -1 OBSOLETE_local: false peers { permanent_uuid: "b28a361df7d74f06a571119fc905e263" member_type: VOTER last_known_addr { host: "127.1.144.1" port: 45637 } } peers { permanent_uuid: "0b65e8a4f0cc41cd97a3f96181959e11" member_type: VOTER last_known_addr { host: "127.1.144.2" port: 43047 } } peers { permanent_uuid: "56f1d75468254a8485d0f7233cb3d4f3" member_type: VOTER last_known_addr { host: "127.1.144.3" port: 45201 } }
I20260608 10:02:09.475335  4574 leader_election.cc:304] T 42a4a1e48d054bd5b327801ee7ef9145 P b28a361df7d74f06a571119fc905e263 [CANDIDATE]: Term 1 election: Election decided. Result: candidate won. Election summary: received 2 responses out of 3 voters: 2 yes votes; 0 no votes. yes voters: 0b65e8a4f0cc41cd97a3f96181959e11, b28a361df7d74f06a571119fc905e263; no voters: 
I20260608 10:02:09.476480  4811 raft_consensus.cc:2804] T 42a4a1e48d054bd5b327801ee7ef9145 P b28a361df7d74f06a571119fc905e263 [term 1 FOLLOWER]: Leader election won for term 1
I20260608 10:02:09.477252  4811 raft_consensus.cc:697] T 42a4a1e48d054bd5b327801ee7ef9145 P b28a361df7d74f06a571119fc905e263 [term 1 LEADER]: Becoming Leader. State: Replica: b28a361df7d74f06a571119fc905e263, State: Running, Role: LEADER
I20260608 10:02:09.478320  4811 consensus_queue.cc:237] T 42a4a1e48d054bd5b327801ee7ef9145 P b28a361df7d74f06a571119fc905e263 [LEADER]: Queue going to LEADER mode. State: All replicated index: 0, Majority replicated index: 0, Committed index: 0, Last appended: 0.0, Last appended by leader: 0, Current term: 1, Majority size: 2, State: 0, Mode: LEADER, active raft config: opid_index: -1 OBSOLETE_local: false peers { permanent_uuid: "0b65e8a4f0cc41cd97a3f96181959e11" member_type: VOTER last_known_addr { host: "127.1.144.2" port: 43047 } } peers { permanent_uuid: "b28a361df7d74f06a571119fc905e263" member_type: VOTER last_known_addr { host: "127.1.144.1" port: 45637 } } peers { permanent_uuid: "56f1d75468254a8485d0f7233cb3d4f3" member_type: VOTER last_known_addr { host: "127.1.144.3" port: 45201 } }
I20260608 10:02:09.463083  4839 raft_consensus.cc:3060] T c67f32fd2f73462bb6f2d0b870bb0aad P b28a361df7d74f06a571119fc905e263 [term 0 FOLLOWER]: Advancing to term 1
I20260608 10:02:09.483553  4756 raft_consensus.cc:2468] T 42a4a1e48d054bd5b327801ee7ef9145 P 56f1d75468254a8485d0f7233cb3d4f3 [term 1 FOLLOWER]: Leader election vote request: Granting yes vote for candidate b28a361df7d74f06a571119fc905e263 in term 1.
I20260608 10:02:09.484225  4805 ts_tablet_manager.cc:1434] T 99bd95c0decc4b81a23b9551aefaf4c4 P 56f1d75468254a8485d0f7233cb3d4f3: Time spent starting tablet: real 0.030s	user 0.009s	sys 0.000s
I20260608 10:02:09.486218  4805 tablet_bootstrap.cc:492] T 89ed5b4719464dce9bd6eda526376f17 P 56f1d75468254a8485d0f7233cb3d4f3: Bootstrap starting.
I20260608 10:02:09.490358  4560 auto_leader_rebalancer.cc:140] leader rebalance for table range_aware_rebalance_new_range
W20260608 10:02:09.488971  4555 auto_rebalancer.cc:259] Could not retrieve cluster info: Service unavailable: Tablet not running
I20260608 10:02:09.494248  4805 tablet_bootstrap.cc:654] T 89ed5b4719464dce9bd6eda526376f17 P 56f1d75468254a8485d0f7233cb3d4f3: Neither blocks nor log segments found. Creating new log.
W20260608 10:02:09.496100  4560 auto_leader_rebalancer.cc:460] the master instance isn't leader: Service unavailable: Tablet not running
I20260608 10:02:09.496250  4804 raft_consensus.cc:359] T 89ed5b4719464dce9bd6eda526376f17 P b28a361df7d74f06a571119fc905e263 [term 0 FOLLOWER]: Replica starting. Triggering 0 pending ops. Active config: opid_index: -1 OBSOLETE_local: false peers { permanent_uuid: "b28a361df7d74f06a571119fc905e263" member_type: VOTER last_known_addr { host: "127.1.144.1" port: 45637 } } peers { permanent_uuid: "0b65e8a4f0cc41cd97a3f96181959e11" member_type: VOTER last_known_addr { host: "127.1.144.2" port: 43047 } } peers { permanent_uuid: "56f1d75468254a8485d0f7233cb3d4f3" member_type: VOTER last_known_addr { host: "127.1.144.3" port: 45201 } }
I20260608 10:02:09.497076  4804 raft_consensus.cc:385] T 89ed5b4719464dce9bd6eda526376f17 P b28a361df7d74f06a571119fc905e263 [term 0 FOLLOWER]: Consensus starting up: Expiring failure detector timer to make a prompt election more likely
I20260608 10:02:09.497372  4804 raft_consensus.cc:740] T 89ed5b4719464dce9bd6eda526376f17 P b28a361df7d74f06a571119fc905e263 [term 0 FOLLOWER]: Becoming Follower/Learner. State: Replica: b28a361df7d74f06a571119fc905e263, State: Initialized, Role: FOLLOWER
I20260608 10:02:09.498471  4804 consensus_queue.cc:260] T 89ed5b4719464dce9bd6eda526376f17 P b28a361df7d74f06a571119fc905e263 [NON_LEADER]: Queue going to NON_LEADER mode. State: All replicated index: 0, Majority replicated index: 0, Committed index: 0, Last appended: 0.0, Last appended by leader: 0, Current term: 0, Majority size: -1, State: 0, Mode: NON_LEADER, active raft config: opid_index: -1 OBSOLETE_local: false peers { permanent_uuid: "b28a361df7d74f06a571119fc905e263" member_type: VOTER last_known_addr { host: "127.1.144.1" port: 45637 } } peers { permanent_uuid: "0b65e8a4f0cc41cd97a3f96181959e11" member_type: VOTER last_known_addr { host: "127.1.144.2" port: 43047 } } peers { permanent_uuid: "56f1d75468254a8485d0f7233cb3d4f3" member_type: VOTER last_known_addr { host: "127.1.144.3" port: 45201 } }
I20260608 10:02:09.500983  4804 ts_tablet_manager.cc:1434] T 89ed5b4719464dce9bd6eda526376f17 P b28a361df7d74f06a571119fc905e263: Time spent starting tablet: real 0.039s	user 0.007s	sys 0.000s
I20260608 10:02:09.501472  4839 raft_consensus.cc:515] T c67f32fd2f73462bb6f2d0b870bb0aad P b28a361df7d74f06a571119fc905e263 [term 1 FOLLOWER]: Starting leader election with config: opid_index: -1 OBSOLETE_local: false peers { permanent_uuid: "b28a361df7d74f06a571119fc905e263" member_type: VOTER last_known_addr { host: "127.1.144.1" port: 45637 } } peers { permanent_uuid: "0b65e8a4f0cc41cd97a3f96181959e11" member_type: VOTER last_known_addr { host: "127.1.144.2" port: 43047 } } peers { permanent_uuid: "56f1d75468254a8485d0f7233cb3d4f3" member_type: VOTER last_known_addr { host: "127.1.144.3" port: 45201 } }
I20260608 10:02:09.503744  4839 leader_election.cc:290] T c67f32fd2f73462bb6f2d0b870bb0aad P b28a361df7d74f06a571119fc905e263 [CANDIDATE]: Term 1 election: Requested vote from peers 0b65e8a4f0cc41cd97a3f96181959e11 (127.1.144.2:43047), 56f1d75468254a8485d0f7233cb3d4f3 (127.1.144.3:45201)
I20260608 10:02:09.504683  4682 tablet_service.cc:1917] Received RequestConsensusVote() RPC: tablet_id: "c67f32fd2f73462bb6f2d0b870bb0aad" candidate_uuid: "b28a361df7d74f06a571119fc905e263" candidate_term: 1 candidate_status { last_received { term: 0 index: 0 } } ignore_live_leader: false dest_uuid: "0b65e8a4f0cc41cd97a3f96181959e11"
I20260608 10:02:09.505451  4682 raft_consensus.cc:3060] T c67f32fd2f73462bb6f2d0b870bb0aad P 0b65e8a4f0cc41cd97a3f96181959e11 [term 0 FOLLOWER]: Advancing to term 1
I20260608 10:02:09.505649  4756 tablet_service.cc:1917] Received RequestConsensusVote() RPC: tablet_id: "c67f32fd2f73462bb6f2d0b870bb0aad" candidate_uuid: "b28a361df7d74f06a571119fc905e263" candidate_term: 1 candidate_status { last_received { term: 0 index: 0 } } ignore_live_leader: false dest_uuid: "56f1d75468254a8485d0f7233cb3d4f3"
I20260608 10:02:09.506295  4756 raft_consensus.cc:3060] T c67f32fd2f73462bb6f2d0b870bb0aad P 56f1d75468254a8485d0f7233cb3d4f3 [term 0 FOLLOWER]: Advancing to term 1
I20260608 10:02:09.506203  4504 catalog_manager.cc:5696] T 8bb9d878877241e4b2b0cdc1c57b072f P 56f1d75468254a8485d0f7233cb3d4f3 reported cstate change: term changed from 0 to 1, leader changed from <none> to 56f1d75468254a8485d0f7233cb3d4f3 (127.1.144.3). New cstate: current_term: 1 leader_uuid: "56f1d75468254a8485d0f7233cb3d4f3" committed_config { opid_index: -1 OBSOLETE_local: false peers { permanent_uuid: "0b65e8a4f0cc41cd97a3f96181959e11" member_type: VOTER last_known_addr { host: "127.1.144.2" port: 43047 } health_report { overall_health: UNKNOWN } } peers { permanent_uuid: "b28a361df7d74f06a571119fc905e263" member_type: VOTER last_known_addr { host: "127.1.144.1" port: 45637 } health_report { overall_health: UNKNOWN } } peers { permanent_uuid: "56f1d75468254a8485d0f7233cb3d4f3" member_type: VOTER last_known_addr { host: "127.1.144.3" port: 45201 } health_report { overall_health: HEALTHY } } }
I20260608 10:02:09.513317  4815 raft_consensus.cc:493] T 99bd95c0decc4b81a23b9551aefaf4c4 P 56f1d75468254a8485d0f7233cb3d4f3 [term 0 FOLLOWER]: Starting pre-election (no leader contacted us within the election timeout)
I20260608 10:02:09.513870  4682 raft_consensus.cc:2468] T c67f32fd2f73462bb6f2d0b870bb0aad P 0b65e8a4f0cc41cd97a3f96181959e11 [term 1 FOLLOWER]: Leader election vote request: Granting yes vote for candidate b28a361df7d74f06a571119fc905e263 in term 1.
I20260608 10:02:09.514029  4756 raft_consensus.cc:2468] T c67f32fd2f73462bb6f2d0b870bb0aad P 56f1d75468254a8485d0f7233cb3d4f3 [term 1 FOLLOWER]: Leader election vote request: Granting yes vote for candidate b28a361df7d74f06a571119fc905e263 in term 1.
I20260608 10:02:09.513978  4815 raft_consensus.cc:515] T 99bd95c0decc4b81a23b9551aefaf4c4 P 56f1d75468254a8485d0f7233cb3d4f3 [term 0 FOLLOWER]: Starting pre-election with config: opid_index: -1 OBSOLETE_local: false peers { permanent_uuid: "b28a361df7d74f06a571119fc905e263" member_type: VOTER last_known_addr { host: "127.1.144.1" port: 45637 } } peers { permanent_uuid: "0b65e8a4f0cc41cd97a3f96181959e11" member_type: VOTER last_known_addr { host: "127.1.144.2" port: 43047 } } peers { permanent_uuid: "56f1d75468254a8485d0f7233cb3d4f3" member_type: VOTER last_known_addr { host: "127.1.144.3" port: 45201 } }
I20260608 10:02:09.515559  4574 leader_election.cc:304] T c67f32fd2f73462bb6f2d0b870bb0aad P b28a361df7d74f06a571119fc905e263 [CANDIDATE]: Term 1 election: Election decided. Result: candidate won. Election summary: received 2 responses out of 3 voters: 2 yes votes; 0 no votes. yes voters: 0b65e8a4f0cc41cd97a3f96181959e11, b28a361df7d74f06a571119fc905e263; no voters: 
I20260608 10:02:09.516271  4839 raft_consensus.cc:2804] T c67f32fd2f73462bb6f2d0b870bb0aad P b28a361df7d74f06a571119fc905e263 [term 1 FOLLOWER]: Leader election won for term 1
I20260608 10:02:09.516834  4839 raft_consensus.cc:697] T c67f32fd2f73462bb6f2d0b870bb0aad P b28a361df7d74f06a571119fc905e263 [term 1 LEADER]: Becoming Leader. State: Replica: b28a361df7d74f06a571119fc905e263, State: Running, Role: LEADER
I20260608 10:02:09.516971  4815 leader_election.cc:290] T 99bd95c0decc4b81a23b9551aefaf4c4 P 56f1d75468254a8485d0f7233cb3d4f3 [CANDIDATE]: Term 1 pre-election: Requested pre-vote from peers b28a361df7d74f06a571119fc905e263 (127.1.144.1:45637), 0b65e8a4f0cc41cd97a3f96181959e11 (127.1.144.2:43047)
I20260608 10:02:09.517724  4839 consensus_queue.cc:237] T c67f32fd2f73462bb6f2d0b870bb0aad P b28a361df7d74f06a571119fc905e263 [LEADER]: Queue going to LEADER mode. State: All replicated index: 0, Majority replicated index: 0, Committed index: 0, Last appended: 0.0, Last appended by leader: 0, Current term: 1, Majority size: 2, State: 0, Mode: LEADER, active raft config: opid_index: -1 OBSOLETE_local: false peers { permanent_uuid: "b28a361df7d74f06a571119fc905e263" member_type: VOTER last_known_addr { host: "127.1.144.1" port: 45637 } } peers { permanent_uuid: "0b65e8a4f0cc41cd97a3f96181959e11" member_type: VOTER last_known_addr { host: "127.1.144.2" port: 43047 } } peers { permanent_uuid: "56f1d75468254a8485d0f7233cb3d4f3" member_type: VOTER last_known_addr { host: "127.1.144.3" port: 45201 } }
I20260608 10:02:09.519220  4682 tablet_service.cc:1917] Received RequestConsensusVote() RPC: tablet_id: "99bd95c0decc4b81a23b9551aefaf4c4" candidate_uuid: "56f1d75468254a8485d0f7233cb3d4f3" candidate_term: 1 candidate_status { last_received { term: 0 index: 0 } } ignore_live_leader: false dest_uuid: "0b65e8a4f0cc41cd97a3f96181959e11" is_pre_election: true
I20260608 10:02:09.519735  4608 tablet_service.cc:1917] Received RequestConsensusVote() RPC: tablet_id: "99bd95c0decc4b81a23b9551aefaf4c4" candidate_uuid: "56f1d75468254a8485d0f7233cb3d4f3" candidate_term: 1 candidate_status { last_received { term: 0 index: 0 } } ignore_live_leader: false dest_uuid: "b28a361df7d74f06a571119fc905e263" is_pre_election: true
I20260608 10:02:09.520015  4682 raft_consensus.cc:2468] T 99bd95c0decc4b81a23b9551aefaf4c4 P 0b65e8a4f0cc41cd97a3f96181959e11 [term 0 FOLLOWER]: Leader pre-election vote request: Granting yes vote for candidate 56f1d75468254a8485d0f7233cb3d4f3 in term 0.
I20260608 10:02:09.520401  4608 raft_consensus.cc:2468] T 99bd95c0decc4b81a23b9551aefaf4c4 P b28a361df7d74f06a571119fc905e263 [term 0 FOLLOWER]: Leader pre-election vote request: Granting yes vote for candidate 56f1d75468254a8485d0f7233cb3d4f3 in term 0.
I20260608 10:02:09.522008  4723 leader_election.cc:304] T 99bd95c0decc4b81a23b9551aefaf4c4 P 56f1d75468254a8485d0f7233cb3d4f3 [CANDIDATE]: Term 1 pre-election: Election decided. Result: candidate won. Election summary: received 2 responses out of 3 voters: 2 yes votes; 0 no votes. yes voters: 56f1d75468254a8485d0f7233cb3d4f3, b28a361df7d74f06a571119fc905e263; no voters: 
I20260608 10:02:09.524310  4815 raft_consensus.cc:2804] T 99bd95c0decc4b81a23b9551aefaf4c4 P 56f1d75468254a8485d0f7233cb3d4f3 [term 0 FOLLOWER]: Leader pre-election won for term 1
I20260608 10:02:09.524732  4815 raft_consensus.cc:493] T 99bd95c0decc4b81a23b9551aefaf4c4 P 56f1d75468254a8485d0f7233cb3d4f3 [term 0 FOLLOWER]: Starting leader election (no leader contacted us within the election timeout)
I20260608 10:02:09.525063  4506 catalog_manager.cc:5696] T 42a4a1e48d054bd5b327801ee7ef9145 P b28a361df7d74f06a571119fc905e263 reported cstate change: term changed from 0 to 1, leader changed from <none> to b28a361df7d74f06a571119fc905e263 (127.1.144.1). New cstate: current_term: 1 leader_uuid: "b28a361df7d74f06a571119fc905e263" committed_config { opid_index: -1 OBSOLETE_local: false peers { permanent_uuid: "0b65e8a4f0cc41cd97a3f96181959e11" member_type: VOTER last_known_addr { host: "127.1.144.2" port: 43047 } health_report { overall_health: UNKNOWN } } peers { permanent_uuid: "b28a361df7d74f06a571119fc905e263" member_type: VOTER last_known_addr { host: "127.1.144.1" port: 45637 } health_report { overall_health: HEALTHY } } peers { permanent_uuid: "56f1d75468254a8485d0f7233cb3d4f3" member_type: VOTER last_known_addr { host: "127.1.144.3" port: 45201 } health_report { overall_health: UNKNOWN } } }
I20260608 10:02:09.525074  4815 raft_consensus.cc:3060] T 99bd95c0decc4b81a23b9551aefaf4c4 P 56f1d75468254a8485d0f7233cb3d4f3 [term 0 FOLLOWER]: Advancing to term 1
I20260608 10:02:09.536185  4807 raft_consensus.cc:493] T 89ed5b4719464dce9bd6eda526376f17 P 0b65e8a4f0cc41cd97a3f96181959e11 [term 0 FOLLOWER]: Starting pre-election (no leader contacted us within the election timeout)
I20260608 10:02:09.536873  4807 raft_consensus.cc:515] T 89ed5b4719464dce9bd6eda526376f17 P 0b65e8a4f0cc41cd97a3f96181959e11 [term 0 FOLLOWER]: Starting pre-election with config: opid_index: -1 OBSOLETE_local: false peers { permanent_uuid: "b28a361df7d74f06a571119fc905e263" member_type: VOTER last_known_addr { host: "127.1.144.1" port: 45637 } } peers { permanent_uuid: "0b65e8a4f0cc41cd97a3f96181959e11" member_type: VOTER last_known_addr { host: "127.1.144.2" port: 43047 } } peers { permanent_uuid: "56f1d75468254a8485d0f7233cb3d4f3" member_type: VOTER last_known_addr { host: "127.1.144.3" port: 45201 } }
I20260608 10:02:09.538424  4805 tablet_bootstrap.cc:492] T 89ed5b4719464dce9bd6eda526376f17 P 56f1d75468254a8485d0f7233cb3d4f3: No bootstrap required, opened a new log
I20260608 10:02:09.539069  4805 ts_tablet_manager.cc:1403] T 89ed5b4719464dce9bd6eda526376f17 P 56f1d75468254a8485d0f7233cb3d4f3: Time spent bootstrapping tablet: real 0.053s	user 0.012s	sys 0.030s
I20260608 10:02:09.540058  4815 raft_consensus.cc:515] T 99bd95c0decc4b81a23b9551aefaf4c4 P 56f1d75468254a8485d0f7233cb3d4f3 [term 1 FOLLOWER]: Starting leader election with config: opid_index: -1 OBSOLETE_local: false peers { permanent_uuid: "b28a361df7d74f06a571119fc905e263" member_type: VOTER last_known_addr { host: "127.1.144.1" port: 45637 } } peers { permanent_uuid: "0b65e8a4f0cc41cd97a3f96181959e11" member_type: VOTER last_known_addr { host: "127.1.144.2" port: 43047 } } peers { permanent_uuid: "56f1d75468254a8485d0f7233cb3d4f3" member_type: VOTER last_known_addr { host: "127.1.144.3" port: 45201 } }
I20260608 10:02:09.542006  4608 tablet_service.cc:1917] Received RequestConsensusVote() RPC: tablet_id: "89ed5b4719464dce9bd6eda526376f17" candidate_uuid: "0b65e8a4f0cc41cd97a3f96181959e11" candidate_term: 1 candidate_status { last_received { term: 0 index: 0 } } ignore_live_leader: false dest_uuid: "b28a361df7d74f06a571119fc905e263" is_pre_election: true
I20260608 10:02:09.542683  4805 raft_consensus.cc:359] T 89ed5b4719464dce9bd6eda526376f17 P 56f1d75468254a8485d0f7233cb3d4f3 [term 0 FOLLOWER]: Replica starting. Triggering 0 pending ops. Active config: opid_index: -1 OBSOLETE_local: false peers { permanent_uuid: "b28a361df7d74f06a571119fc905e263" member_type: VOTER last_known_addr { host: "127.1.144.1" port: 45637 } } peers { permanent_uuid: "0b65e8a4f0cc41cd97a3f96181959e11" member_type: VOTER last_known_addr { host: "127.1.144.2" port: 43047 } } peers { permanent_uuid: "56f1d75468254a8485d0f7233cb3d4f3" member_type: VOTER last_known_addr { host: "127.1.144.3" port: 45201 } }
I20260608 10:02:09.543285  4608 raft_consensus.cc:2468] T 89ed5b4719464dce9bd6eda526376f17 P b28a361df7d74f06a571119fc905e263 [term 0 FOLLOWER]: Leader pre-election vote request: Granting yes vote for candidate 0b65e8a4f0cc41cd97a3f96181959e11 in term 0.
I20260608 10:02:09.543362  4807 leader_election.cc:290] T 89ed5b4719464dce9bd6eda526376f17 P 0b65e8a4f0cc41cd97a3f96181959e11 [CANDIDATE]: Term 1 pre-election: Requested pre-vote from peers b28a361df7d74f06a571119fc905e263 (127.1.144.1:45637), 56f1d75468254a8485d0f7233cb3d4f3 (127.1.144.3:45201)
I20260608 10:02:09.541945  4756 tablet_service.cc:1917] Received RequestConsensusVote() RPC: tablet_id: "89ed5b4719464dce9bd6eda526376f17" candidate_uuid: "0b65e8a4f0cc41cd97a3f96181959e11" candidate_term: 1 candidate_status { last_received { term: 0 index: 0 } } ignore_live_leader: false dest_uuid: "56f1d75468254a8485d0f7233cb3d4f3" is_pre_election: true
I20260608 10:02:09.543718  4805 raft_consensus.cc:385] T 89ed5b4719464dce9bd6eda526376f17 P 56f1d75468254a8485d0f7233cb3d4f3 [term 0 FOLLOWER]: Consensus starting up: Expiring failure detector timer to make a prompt election more likely
I20260608 10:02:09.544281  4805 raft_consensus.cc:740] T 89ed5b4719464dce9bd6eda526376f17 P 56f1d75468254a8485d0f7233cb3d4f3 [term 0 FOLLOWER]: Becoming Follower/Learner. State: Replica: 56f1d75468254a8485d0f7233cb3d4f3, State: Initialized, Role: FOLLOWER
I20260608 10:02:09.544952  4649 leader_election.cc:304] T 89ed5b4719464dce9bd6eda526376f17 P 0b65e8a4f0cc41cd97a3f96181959e11 [CANDIDATE]: Term 1 pre-election: Election decided. Result: candidate won. Election summary: received 2 responses out of 3 voters: 2 yes votes; 0 no votes. yes voters: 0b65e8a4f0cc41cd97a3f96181959e11, b28a361df7d74f06a571119fc905e263; no voters: 
I20260608 10:02:09.545285  4805 consensus_queue.cc:260] T 89ed5b4719464dce9bd6eda526376f17 P 56f1d75468254a8485d0f7233cb3d4f3 [NON_LEADER]: Queue going to NON_LEADER mode. State: All replicated index: 0, Majority replicated index: 0, Committed index: 0, Last appended: 0.0, Last appended by leader: 0, Current term: 0, Majority size: -1, State: 0, Mode: NON_LEADER, active raft config: opid_index: -1 OBSOLETE_local: false peers { permanent_uuid: "b28a361df7d74f06a571119fc905e263" member_type: VOTER last_known_addr { host: "127.1.144.1" port: 45637 } } peers { permanent_uuid: "0b65e8a4f0cc41cd97a3f96181959e11" member_type: VOTER last_known_addr { host: "127.1.144.2" port: 43047 } } peers { permanent_uuid: "56f1d75468254a8485d0f7233cb3d4f3" member_type: VOTER last_known_addr { host: "127.1.144.3" port: 45201 } }
I20260608 10:02:09.546391  4756 raft_consensus.cc:2468] T 89ed5b4719464dce9bd6eda526376f17 P 56f1d75468254a8485d0f7233cb3d4f3 [term 0 FOLLOWER]: Leader pre-election vote request: Granting yes vote for candidate 0b65e8a4f0cc41cd97a3f96181959e11 in term 0.
I20260608 10:02:09.546631  4608 tablet_service.cc:1917] Received RequestConsensusVote() RPC: tablet_id: "99bd95c0decc4b81a23b9551aefaf4c4" candidate_uuid: "56f1d75468254a8485d0f7233cb3d4f3" candidate_term: 1 candidate_status { last_received { term: 0 index: 0 } } ignore_live_leader: false dest_uuid: "b28a361df7d74f06a571119fc905e263"
I20260608 10:02:09.547410  4608 raft_consensus.cc:3060] T 99bd95c0decc4b81a23b9551aefaf4c4 P b28a361df7d74f06a571119fc905e263 [term 0 FOLLOWER]: Advancing to term 1
