I20260608 09:48:39.776607 10874 leader_election.cc:304] T ef596d8e7da94d1c949d7fddb472ccb3 P 34587121a9874fdd8bdf38d1c5b5585f [CANDIDATE]: Term 1 pre-election: Election decided. Result: candidate won. Election summary: received 2 responses out of 3 voters: 2 yes votes; 0 no votes. yes voters: 34587121a9874fdd8bdf38d1c5b5585f, a04aceef1ad4412aad0c5c1aea4fa782; no voters: 
I20260608 09:48:39.777186 10986 raft_consensus.cc:2468] T ef596d8e7da94d1c949d7fddb472ccb3 P 9ac4af87adce441ba46522cfe08e1e11 [term 0 FOLLOWER]: Leader pre-election vote request: Granting yes vote for candidate 34587121a9874fdd8bdf38d1c5b5585f in term 0.
I20260608 09:48:39.777416 10985 tablet_service.cc:1917] Received RequestConsensusVote() RPC: tablet_id: "a8bdef226be247afb30f3bcdf9072df8" candidate_uuid: "a04aceef1ad4412aad0c5c1aea4fa782" candidate_term: 1 candidate_status { last_received { term: 0 index: 0 } } ignore_live_leader: false dest_uuid: "9ac4af87adce441ba46522cfe08e1e11" is_pre_election: true
I20260608 09:48:39.777619 11113 raft_consensus.cc:2804] T ef596d8e7da94d1c949d7fddb472ccb3 P 34587121a9874fdd8bdf38d1c5b5585f [term 0 FOLLOWER]: Leader pre-election won for term 1
I20260608 09:48:39.778081 11113 raft_consensus.cc:493] T ef596d8e7da94d1c949d7fddb472ccb3 P 34587121a9874fdd8bdf38d1c5b5585f [term 0 FOLLOWER]: Starting leader election (no leader contacted us within the election timeout)
I20260608 09:48:39.778167 10985 raft_consensus.cc:2468] T a8bdef226be247afb30f3bcdf9072df8 P 9ac4af87adce441ba46522cfe08e1e11 [term 0 FOLLOWER]: Leader pre-election vote request: Granting yes vote for candidate a04aceef1ad4412aad0c5c1aea4fa782 in term 0.
I20260608 09:48:39.778450 11113 raft_consensus.cc:3060] T ef596d8e7da94d1c949d7fddb472ccb3 P 34587121a9874fdd8bdf38d1c5b5585f [term 0 FOLLOWER]: Advancing to term 1
I20260608 09:48:39.778201 11023 leader_election.cc:304] T a8bdef226be247afb30f3bcdf9072df8 P a04aceef1ad4412aad0c5c1aea4fa782 [CANDIDATE]: Term 1 pre-election: Election decided. Result: candidate won. Election summary: received 2 responses out of 3 voters: 2 yes votes; 0 no votes. yes voters: 34587121a9874fdd8bdf38d1c5b5585f, a04aceef1ad4412aad0c5c1aea4fa782; no voters: 
I20260608 09:48:39.779765 11112 raft_consensus.cc:2804] T a8bdef226be247afb30f3bcdf9072df8 P a04aceef1ad4412aad0c5c1aea4fa782 [term 0 FOLLOWER]: Leader pre-election won for term 1
I20260608 09:48:39.780095 11112 raft_consensus.cc:493] T a8bdef226be247afb30f3bcdf9072df8 P a04aceef1ad4412aad0c5c1aea4fa782 [term 0 FOLLOWER]: Starting leader election (no leader contacted us within the election timeout)
I20260608 09:48:39.780360 11112 raft_consensus.cc:3060] T a8bdef226be247afb30f3bcdf9072df8 P a04aceef1ad4412aad0c5c1aea4fa782 [term 0 FOLLOWER]: Advancing to term 1
I20260608 09:48:39.783782 11113 raft_consensus.cc:515] T ef596d8e7da94d1c949d7fddb472ccb3 P 34587121a9874fdd8bdf38d1c5b5585f [term 1 FOLLOWER]: Starting leader election with config: opid_index: -1 OBSOLETE_local: false peers { permanent_uuid: "34587121a9874fdd8bdf38d1c5b5585f" member_type: VOTER last_known_addr { host: "127.8.20.129" port: 35163 } } peers { permanent_uuid: "9ac4af87adce441ba46522cfe08e1e11" member_type: VOTER last_known_addr { host: "127.8.20.130" port: 36585 } } peers { permanent_uuid: "a04aceef1ad4412aad0c5c1aea4fa782" member_type: VOTER last_known_addr { host: "127.8.20.131" port: 44357 } }
I20260608 09:48:39.785153 11112 raft_consensus.cc:515] T a8bdef226be247afb30f3bcdf9072df8 P a04aceef1ad4412aad0c5c1aea4fa782 [term 1 FOLLOWER]: Starting leader election with config: opid_index: -1 OBSOLETE_local: false peers { permanent_uuid: "34587121a9874fdd8bdf38d1c5b5585f" member_type: VOTER last_known_addr { host: "127.8.20.129" port: 35163 } } peers { permanent_uuid: "9ac4af87adce441ba46522cfe08e1e11" member_type: VOTER last_known_addr { host: "127.8.20.130" port: 36585 } } peers { permanent_uuid: "a04aceef1ad4412aad0c5c1aea4fa782" member_type: VOTER last_known_addr { host: "127.8.20.131" port: 44357 } }
I20260608 09:48:39.785545 11113 leader_election.cc:290] T ef596d8e7da94d1c949d7fddb472ccb3 P 34587121a9874fdd8bdf38d1c5b5585f [CANDIDATE]: Term 1 election: Requested vote from peers 9ac4af87adce441ba46522cfe08e1e11 (127.8.20.130:36585), a04aceef1ad4412aad0c5c1aea4fa782 (127.8.20.131:44357)
I20260608 09:48:39.786274 10985 tablet_service.cc:1917] Received RequestConsensusVote() RPC: tablet_id: "ef596d8e7da94d1c949d7fddb472ccb3" candidate_uuid: "34587121a9874fdd8bdf38d1c5b5585f" candidate_term: 1 candidate_status { last_received { term: 0 index: 0 } } ignore_live_leader: false dest_uuid: "9ac4af87adce441ba46522cfe08e1e11"
I20260608 09:48:39.786746 10985 raft_consensus.cc:3060] T ef596d8e7da94d1c949d7fddb472ccb3 P 9ac4af87adce441ba46522cfe08e1e11 [term 0 FOLLOWER]: Advancing to term 1
I20260608 09:48:39.786593 11060 tablet_service.cc:1917] Received RequestConsensusVote() RPC: tablet_id: "ef596d8e7da94d1c949d7fddb472ccb3" candidate_uuid: "34587121a9874fdd8bdf38d1c5b5585f" candidate_term: 1 candidate_status { last_received { term: 0 index: 0 } } ignore_live_leader: false dest_uuid: "a04aceef1ad4412aad0c5c1aea4fa782"
I20260608 09:48:39.787251 11060 raft_consensus.cc:3060] T ef596d8e7da94d1c949d7fddb472ccb3 P a04aceef1ad4412aad0c5c1aea4fa782 [term 0 FOLLOWER]: Advancing to term 1
I20260608 09:48:39.788689 10911 tablet_service.cc:1917] Received RequestConsensusVote() RPC: tablet_id: "a8bdef226be247afb30f3bcdf9072df8" candidate_uuid: "a04aceef1ad4412aad0c5c1aea4fa782" candidate_term: 1 candidate_status { last_received { term: 0 index: 0 } } ignore_live_leader: false dest_uuid: "34587121a9874fdd8bdf38d1c5b5585f"
I20260608 09:48:39.789126 10986 tablet_service.cc:1917] Received RequestConsensusVote() RPC: tablet_id: "a8bdef226be247afb30f3bcdf9072df8" candidate_uuid: "a04aceef1ad4412aad0c5c1aea4fa782" candidate_term: 1 candidate_status { last_received { term: 0 index: 0 } } ignore_live_leader: false dest_uuid: "9ac4af87adce441ba46522cfe08e1e11"
I20260608 09:48:39.789256 10911 raft_consensus.cc:3060] T a8bdef226be247afb30f3bcdf9072df8 P 34587121a9874fdd8bdf38d1c5b5585f [term 0 FOLLOWER]: Advancing to term 1
I20260608 09:48:39.789688 10986 raft_consensus.cc:3060] T a8bdef226be247afb30f3bcdf9072df8 P 9ac4af87adce441ba46522cfe08e1e11 [term 0 FOLLOWER]: Advancing to term 1
I20260608 09:48:39.793967 11060 raft_consensus.cc:2468] T ef596d8e7da94d1c949d7fddb472ccb3 P a04aceef1ad4412aad0c5c1aea4fa782 [term 1 FOLLOWER]: Leader election vote request: Granting yes vote for candidate 34587121a9874fdd8bdf38d1c5b5585f in term 1.
I20260608 09:48:39.793972 10985 raft_consensus.cc:2468] T ef596d8e7da94d1c949d7fddb472ccb3 P 9ac4af87adce441ba46522cfe08e1e11 [term 1 FOLLOWER]: Leader election vote request: Granting yes vote for candidate 34587121a9874fdd8bdf38d1c5b5585f in term 1.
I20260608 09:48:39.795058 11112 leader_election.cc:290] T a8bdef226be247afb30f3bcdf9072df8 P a04aceef1ad4412aad0c5c1aea4fa782 [CANDIDATE]: Term 1 election: Requested vote from peers 34587121a9874fdd8bdf38d1c5b5585f (127.8.20.129:35163), 9ac4af87adce441ba46522cfe08e1e11 (127.8.20.130:36585)
I20260608 09:48:39.795754 10874 leader_election.cc:304] T ef596d8e7da94d1c949d7fddb472ccb3 P 34587121a9874fdd8bdf38d1c5b5585f [CANDIDATE]: Term 1 election: Election decided. Result: candidate won. Election summary: received 2 responses out of 3 voters: 2 yes votes; 0 no votes. yes voters: 34587121a9874fdd8bdf38d1c5b5585f, a04aceef1ad4412aad0c5c1aea4fa782; no voters: 
I20260608 09:48:39.796576 10911 raft_consensus.cc:2468] T a8bdef226be247afb30f3bcdf9072df8 P 34587121a9874fdd8bdf38d1c5b5585f [term 1 FOLLOWER]: Leader election vote request: Granting yes vote for candidate a04aceef1ad4412aad0c5c1aea4fa782 in term 1.
I20260608 09:48:39.796718 11113 raft_consensus.cc:2804] T ef596d8e7da94d1c949d7fddb472ccb3 P 34587121a9874fdd8bdf38d1c5b5585f [term 1 FOLLOWER]: Leader election won for term 1
I20260608 09:48:39.797501 10986 raft_consensus.cc:2468] T a8bdef226be247afb30f3bcdf9072df8 P 9ac4af87adce441ba46522cfe08e1e11 [term 1 FOLLOWER]: Leader election vote request: Granting yes vote for candidate a04aceef1ad4412aad0c5c1aea4fa782 in term 1.
I20260608 09:48:39.798066 11113 raft_consensus.cc:697] T ef596d8e7da94d1c949d7fddb472ccb3 P 34587121a9874fdd8bdf38d1c5b5585f [term 1 LEADER]: Becoming Leader. State: Replica: 34587121a9874fdd8bdf38d1c5b5585f, State: Running, Role: LEADER
I20260608 09:48:39.798910 11026 leader_election.cc:304] T a8bdef226be247afb30f3bcdf9072df8 P a04aceef1ad4412aad0c5c1aea4fa782 [CANDIDATE]: Term 1 election: Election decided. Result: candidate won. Election summary: received 2 responses out of 3 voters: 2 yes votes; 0 no votes. yes voters: 9ac4af87adce441ba46522cfe08e1e11, a04aceef1ad4412aad0c5c1aea4fa782; no voters: 
I20260608 09:48:39.799794 11112 raft_consensus.cc:2804] T a8bdef226be247afb30f3bcdf9072df8 P a04aceef1ad4412aad0c5c1aea4fa782 [term 1 FOLLOWER]: Leader election won for term 1
I20260608 09:48:39.799988 11113 consensus_queue.cc:237] T ef596d8e7da94d1c949d7fddb472ccb3 P 34587121a9874fdd8bdf38d1c5b5585f [LEADER]: Queue going to LEADER mode. State: All replicated index: 0, Majority replicated index: 0, Committed index: 0, Last appended: 0.0, Last appended by leader: 0, Current term: 1, Majority size: 2, State: 0, Mode: LEADER, active raft config: opid_index: -1 OBSOLETE_local: false peers { permanent_uuid: "34587121a9874fdd8bdf38d1c5b5585f" member_type: VOTER last_known_addr { host: "127.8.20.129" port: 35163 } } peers { permanent_uuid: "9ac4af87adce441ba46522cfe08e1e11" member_type: VOTER last_known_addr { host: "127.8.20.130" port: 36585 } } peers { permanent_uuid: "a04aceef1ad4412aad0c5c1aea4fa782" member_type: VOTER last_known_addr { host: "127.8.20.131" port: 44357 } }
I20260608 09:48:39.800953 11112 raft_consensus.cc:697] T a8bdef226be247afb30f3bcdf9072df8 P a04aceef1ad4412aad0c5c1aea4fa782 [term 1 LEADER]: Becoming Leader. State: Replica: a04aceef1ad4412aad0c5c1aea4fa782, State: Running, Role: LEADER
I20260608 09:48:39.802007 11112 consensus_queue.cc:237] T a8bdef226be247afb30f3bcdf9072df8 P a04aceef1ad4412aad0c5c1aea4fa782 [LEADER]: Queue going to LEADER mode. State: All replicated index: 0, Majority replicated index: 0, Committed index: 0, Last appended: 0.0, Last appended by leader: 0, Current term: 1, Majority size: 2, State: 0, Mode: LEADER, active raft config: opid_index: -1 OBSOLETE_local: false peers { permanent_uuid: "34587121a9874fdd8bdf38d1c5b5585f" member_type: VOTER last_known_addr { host: "127.8.20.129" port: 35163 } } peers { permanent_uuid: "9ac4af87adce441ba46522cfe08e1e11" member_type: VOTER last_known_addr { host: "127.8.20.130" port: 36585 } } peers { permanent_uuid: "a04aceef1ad4412aad0c5c1aea4fa782" member_type: VOTER last_known_addr { host: "127.8.20.131" port: 44357 } }
I20260608 09:48:39.808642 10807 catalog_manager.cc:5696] T ef596d8e7da94d1c949d7fddb472ccb3 P 34587121a9874fdd8bdf38d1c5b5585f reported cstate change: term changed from 0 to 1, leader changed from <none> to 34587121a9874fdd8bdf38d1c5b5585f (127.8.20.129). New cstate: current_term: 1 leader_uuid: "34587121a9874fdd8bdf38d1c5b5585f" committed_config { opid_index: -1 OBSOLETE_local: false peers { permanent_uuid: "34587121a9874fdd8bdf38d1c5b5585f" member_type: VOTER last_known_addr { host: "127.8.20.129" port: 35163 } health_report { overall_health: HEALTHY } } peers { permanent_uuid: "9ac4af87adce441ba46522cfe08e1e11" member_type: VOTER last_known_addr { host: "127.8.20.130" port: 36585 } health_report { overall_health: UNKNOWN } } peers { permanent_uuid: "a04aceef1ad4412aad0c5c1aea4fa782" member_type: VOTER last_known_addr { host: "127.8.20.131" port: 44357 } health_report { overall_health: UNKNOWN } } }
I20260608 09:48:39.809756 10808 catalog_manager.cc:5696] T a8bdef226be247afb30f3bcdf9072df8 P a04aceef1ad4412aad0c5c1aea4fa782 reported cstate change: term changed from 0 to 1, leader changed from <none> to a04aceef1ad4412aad0c5c1aea4fa782 (127.8.20.131). New cstate: current_term: 1 leader_uuid: "a04aceef1ad4412aad0c5c1aea4fa782" committed_config { opid_index: -1 OBSOLETE_local: false peers { permanent_uuid: "34587121a9874fdd8bdf38d1c5b5585f" member_type: VOTER last_known_addr { host: "127.8.20.129" port: 35163 } health_report { overall_health: UNKNOWN } } peers { permanent_uuid: "9ac4af87adce441ba46522cfe08e1e11" member_type: VOTER last_known_addr { host: "127.8.20.130" port: 36585 } health_report { overall_health: UNKNOWN } } peers { permanent_uuid: "a04aceef1ad4412aad0c5c1aea4fa782" member_type: VOTER last_known_addr { host: "127.8.20.131" port: 44357 } health_report { overall_health: HEALTHY } } }
I20260608 09:48:39.908977  8274 tablet_server.cc:179] TabletServer@127.8.20.129:0 shutting down...
I20260608 09:48:39.928470  8274 ts_tablet_manager.cc:1507] Shutting down tablet manager...
I20260608 09:48:39.929322  8274 tablet_replica.cc:333] T 1b2c9de016c64aa086406e5a8a0321ed P 34587121a9874fdd8bdf38d1c5b5585f: stopping tablet replica
I20260608 09:48:39.930022  8274 raft_consensus.cc:2243] T 1b2c9de016c64aa086406e5a8a0321ed P 34587121a9874fdd8bdf38d1c5b5585f [term 1 LEADER]: Raft consensus shutting down.
I20260608 09:48:39.930647  8274 pending_rounds.cc:70] T 1b2c9de016c64aa086406e5a8a0321ed P 34587121a9874fdd8bdf38d1c5b5585f: Trying to abort 1 pending ops.
I20260608 09:48:39.930872  8274 pending_rounds.cc:77] T 1b2c9de016c64aa086406e5a8a0321ed P 34587121a9874fdd8bdf38d1c5b5585f: Aborting op as it isn't in flight: id { term: 1 index: 1 } timestamp: 7294616041355767808 op_type: NO_OP noop_request { }
I20260608 09:48:39.931183  8274 raft_consensus.cc:2889] T 1b2c9de016c64aa086406e5a8a0321ed P 34587121a9874fdd8bdf38d1c5b5585f [term 1 LEADER]: NO_OP replication failed: Aborted: Op aborted
I20260608 09:48:39.931476  8274 raft_consensus.cc:2272] T 1b2c9de016c64aa086406e5a8a0321ed P 34587121a9874fdd8bdf38d1c5b5585f [term 1 FOLLOWER]: Raft consensus is shut down!
I20260608 09:48:39.933730  8274 tablet_replica.cc:333] T a3f95e9b319c4245bc0c1613005e7e24 P 34587121a9874fdd8bdf38d1c5b5585f: stopping tablet replica
I20260608 09:48:39.934259  8274 raft_consensus.cc:2243] T a3f95e9b319c4245bc0c1613005e7e24 P 34587121a9874fdd8bdf38d1c5b5585f [term 1 LEADER]: Raft consensus shutting down.
I20260608 09:48:39.934893  8274 pending_rounds.cc:70] T a3f95e9b319c4245bc0c1613005e7e24 P 34587121a9874fdd8bdf38d1c5b5585f: Trying to abort 1 pending ops.
I20260608 09:48:39.935096  8274 pending_rounds.cc:77] T a3f95e9b319c4245bc0c1613005e7e24 P 34587121a9874fdd8bdf38d1c5b5585f: Aborting op as it isn't in flight: id { term: 1 index: 1 } timestamp: 7294616042035220480 op_type: NO_OP noop_request { }
I20260608 09:48:39.935364  8274 raft_consensus.cc:2889] T a3f95e9b319c4245bc0c1613005e7e24 P 34587121a9874fdd8bdf38d1c5b5585f [term 1 LEADER]: NO_OP replication failed: Aborted: Op aborted
I20260608 09:48:39.935637  8274 raft_consensus.cc:2272] T a3f95e9b319c4245bc0c1613005e7e24 P 34587121a9874fdd8bdf38d1c5b5585f [term 1 FOLLOWER]: Raft consensus is shut down!
I20260608 09:48:39.937901  8274 tablet_replica.cc:333] T ef596d8e7da94d1c949d7fddb472ccb3 P 34587121a9874fdd8bdf38d1c5b5585f: stopping tablet replica
I20260608 09:48:39.938408  8274 raft_consensus.cc:2243] T ef596d8e7da94d1c949d7fddb472ccb3 P 34587121a9874fdd8bdf38d1c5b5585f [term 1 LEADER]: Raft consensus shutting down.
I20260608 09:48:39.938980  8274 pending_rounds.cc:70] T ef596d8e7da94d1c949d7fddb472ccb3 P 34587121a9874fdd8bdf38d1c5b5585f: Trying to abort 1 pending ops.
I20260608 09:48:39.939205  8274 pending_rounds.cc:77] T ef596d8e7da94d1c949d7fddb472ccb3 P 34587121a9874fdd8bdf38d1c5b5585f: Aborting op as it isn't in flight: id { term: 1 index: 1 } timestamp: 7294616042711080960 op_type: NO_OP noop_request { }
I20260608 09:48:39.939469  8274 raft_consensus.cc:2889] T ef596d8e7da94d1c949d7fddb472ccb3 P 34587121a9874fdd8bdf38d1c5b5585f [term 1 LEADER]: NO_OP replication failed: Aborted: Op aborted
I20260608 09:48:39.939745  8274 raft_consensus.cc:2272] T ef596d8e7da94d1c949d7fddb472ccb3 P 34587121a9874fdd8bdf38d1c5b5585f [term 1 FOLLOWER]: Raft consensus is shut down!
I20260608 09:48:39.941951  8274 tablet_replica.cc:333] T a8bdef226be247afb30f3bcdf9072df8 P 34587121a9874fdd8bdf38d1c5b5585f: stopping tablet replica
I20260608 09:48:39.942438  8274 raft_consensus.cc:2243] T a8bdef226be247afb30f3bcdf9072df8 P 34587121a9874fdd8bdf38d1c5b5585f [term 1 FOLLOWER]: Raft consensus shutting down.
I20260608 09:48:39.942801  8274 raft_consensus.cc:2272] T a8bdef226be247afb30f3bcdf9072df8 P 34587121a9874fdd8bdf38d1c5b5585f [term 1 FOLLOWER]: Raft consensus is shut down!
I20260608 09:48:39.964605  8274 tablet_server.cc:196] TabletServer@127.8.20.129:0 shutdown complete.
I20260608 09:48:39.976675  8274 tablet_server.cc:179] TabletServer@127.8.20.130:0 shutting down...
I20260608 09:48:39.995258  8274 ts_tablet_manager.cc:1507] Shutting down tablet manager...
I20260608 09:48:39.995945  8274 tablet_replica.cc:333] T a8bdef226be247afb30f3bcdf9072df8 P 9ac4af87adce441ba46522cfe08e1e11: stopping tablet replica
I20260608 09:48:39.996498  8274 raft_consensus.cc:2243] T a8bdef226be247afb30f3bcdf9072df8 P 9ac4af87adce441ba46522cfe08e1e11 [term 1 FOLLOWER]: Raft consensus shutting down.
I20260608 09:48:39.996905  8274 raft_consensus.cc:2272] T a8bdef226be247afb30f3bcdf9072df8 P 9ac4af87adce441ba46522cfe08e1e11 [term 1 FOLLOWER]: Raft consensus is shut down!
I20260608 09:48:39.998709  8274 tablet_replica.cc:333] T ef596d8e7da94d1c949d7fddb472ccb3 P 9ac4af87adce441ba46522cfe08e1e11: stopping tablet replica
I20260608 09:48:39.999231  8274 raft_consensus.cc:2243] T ef596d8e7da94d1c949d7fddb472ccb3 P 9ac4af87adce441ba46522cfe08e1e11 [term 1 FOLLOWER]: Raft consensus shutting down.
I20260608 09:48:39.999614  8274 raft_consensus.cc:2272] T ef596d8e7da94d1c949d7fddb472ccb3 P 9ac4af87adce441ba46522cfe08e1e11 [term 1 FOLLOWER]: Raft consensus is shut down!
I20260608 09:48:40.001430  8274 tablet_replica.cc:333] T 1b2c9de016c64aa086406e5a8a0321ed P 9ac4af87adce441ba46522cfe08e1e11: stopping tablet replica
I20260608 09:48:40.001941  8274 raft_consensus.cc:2243] T 1b2c9de016c64aa086406e5a8a0321ed P 9ac4af87adce441ba46522cfe08e1e11 [term 1 FOLLOWER]: Raft consensus shutting down.
I20260608 09:48:40.002336  8274 raft_consensus.cc:2272] T 1b2c9de016c64aa086406e5a8a0321ed P 9ac4af87adce441ba46522cfe08e1e11 [term 1 FOLLOWER]: Raft consensus is shut down!
I20260608 09:48:40.003894  8274 tablet_replica.cc:333] T a3f95e9b319c4245bc0c1613005e7e24 P 9ac4af87adce441ba46522cfe08e1e11: stopping tablet replica
I20260608 09:48:40.004362  8274 raft_consensus.cc:2243] T a3f95e9b319c4245bc0c1613005e7e24 P 9ac4af87adce441ba46522cfe08e1e11 [term 1 FOLLOWER]: Raft consensus shutting down.
I20260608 09:48:40.004925  8274 raft_consensus.cc:2272] T a3f95e9b319c4245bc0c1613005e7e24 P 9ac4af87adce441ba46522cfe08e1e11 [term 1 FOLLOWER]: Raft consensus is shut down!
I20260608 09:48:40.028890  8274 tablet_server.cc:196] TabletServer@127.8.20.130:0 shutdown complete.
I20260608 09:48:40.040468  8274 tablet_server.cc:179] TabletServer@127.8.20.131:0 shutting down...
I20260608 09:48:40.057171  8274 ts_tablet_manager.cc:1507] Shutting down tablet manager...
I20260608 09:48:40.057783  8274 tablet_replica.cc:333] T a3f95e9b319c4245bc0c1613005e7e24 P a04aceef1ad4412aad0c5c1aea4fa782: stopping tablet replica
I20260608 09:48:40.058363  8274 raft_consensus.cc:2243] T a3f95e9b319c4245bc0c1613005e7e24 P a04aceef1ad4412aad0c5c1aea4fa782 [term 1 FOLLOWER]: Raft consensus shutting down.
I20260608 09:48:40.058736  8274 raft_consensus.cc:2272] T a3f95e9b319c4245bc0c1613005e7e24 P a04aceef1ad4412aad0c5c1aea4fa782 [term 1 FOLLOWER]: Raft consensus is shut down!
I20260608 09:48:40.060392  8274 tablet_replica.cc:333] T ef596d8e7da94d1c949d7fddb472ccb3 P a04aceef1ad4412aad0c5c1aea4fa782: stopping tablet replica
I20260608 09:48:40.060855  8274 raft_consensus.cc:2243] T ef596d8e7da94d1c949d7fddb472ccb3 P a04aceef1ad4412aad0c5c1aea4fa782 [term 1 FOLLOWER]: Raft consensus shutting down.
I20260608 09:48:40.061266  8274 raft_consensus.cc:2272] T ef596d8e7da94d1c949d7fddb472ccb3 P a04aceef1ad4412aad0c5c1aea4fa782 [term 1 FOLLOWER]: Raft consensus is shut down!
I20260608 09:48:40.062868  8274 tablet_replica.cc:333] T a8bdef226be247afb30f3bcdf9072df8 P a04aceef1ad4412aad0c5c1aea4fa782: stopping tablet replica
I20260608 09:48:40.063323  8274 raft_consensus.cc:2243] T a8bdef226be247afb30f3bcdf9072df8 P a04aceef1ad4412aad0c5c1aea4fa782 [term 1 LEADER]: Raft consensus shutting down.
I20260608 09:48:40.063830  8274 pending_rounds.cc:70] T a8bdef226be247afb30f3bcdf9072df8 P a04aceef1ad4412aad0c5c1aea4fa782: Trying to abort 1 pending ops.
I20260608 09:48:40.063989  8274 pending_rounds.cc:77] T a8bdef226be247afb30f3bcdf9072df8 P a04aceef1ad4412aad0c5c1aea4fa782: Aborting op as it isn't in flight: id { term: 1 index: 1 } timestamp: 7294616042717642752 op_type: NO_OP noop_request { }
I20260608 09:48:40.064224  8274 raft_consensus.cc:2889] T a8bdef226be247afb30f3bcdf9072df8 P a04aceef1ad4412aad0c5c1aea4fa782 [term 1 LEADER]: NO_OP replication failed: Aborted: Op aborted
I20260608 09:48:40.064495  8274 raft_consensus.cc:2272] T a8bdef226be247afb30f3bcdf9072df8 P a04aceef1ad4412aad0c5c1aea4fa782 [term 1 FOLLOWER]: Raft consensus is shut down!
I20260608 09:48:40.066627  8274 tablet_replica.cc:333] T 1b2c9de016c64aa086406e5a8a0321ed P a04aceef1ad4412aad0c5c1aea4fa782: stopping tablet replica
I20260608 09:48:40.067061  8274 raft_consensus.cc:2243] T 1b2c9de016c64aa086406e5a8a0321ed P a04aceef1ad4412aad0c5c1aea4fa782 [term 1 FOLLOWER]: Raft consensus shutting down.
I20260608 09:48:40.067404  8274 raft_consensus.cc:2272] T 1b2c9de016c64aa086406e5a8a0321ed P a04aceef1ad4412aad0c5c1aea4fa782 [term 1 FOLLOWER]: Raft consensus is shut down!
I20260608 09:48:40.089545  8274 tablet_server.cc:196] TabletServer@127.8.20.131:0 shutdown complete.
I20260608 09:48:40.100894  8274 master.cc:562] Master@127.8.20.190:45403 shutting down...
I20260608 09:48:40.116056  8274 raft_consensus.cc:2243] T 00000000000000000000000000000000 P 7462ce80d7bc41c3b58e6f4b8dfb85d5 [term 1 LEADER]: Raft consensus shutting down.
I20260608 09:48:40.116560  8274 raft_consensus.cc:2272] T 00000000000000000000000000000000 P 7462ce80d7bc41c3b58e6f4b8dfb85d5 [term 1 FOLLOWER]: Raft consensus is shut down!
I20260608 09:48:40.116827  8274 tablet_replica.cc:333] T 00000000000000000000000000000000 P 7462ce80d7bc41c3b58e6f4b8dfb85d5: stopping tablet replica
I20260608 09:48:40.135105  8274 master.cc:584] Master@127.8.20.190:45403 shutdown complete.
[       OK ] AutoRebalancerTest.RangeAwareBuildClusterInfoGroupsByRange (2730 ms)
[ RUN      ] AutoRebalancerTest.RangeAwareRebalancesNewRangeReplicas
I20260608 09:48:40.167910  8274 internal_mini_cluster.cc:156] Creating distributed mini masters. Addrs: 127.8.20.190:36901
I20260608 09:48:40.168964  8274 file_cache.cc:492] Constructed file cache file cache with capacity 419430
W20260608 09:48:40.174065 11134 instance_detector.cc:116] could not retrieve AWS instance metadata: Network error: curl error: HTTP response code said error: The requested URL returned error: 404
W20260608 09:48:40.175614 11137 instance_detector.cc:116] could not retrieve OpenStack instance metadata: Network error: curl error: HTTP response code said error: The requested URL returned error: 404
W20260608 09:48:40.175628 11135 instance_detector.cc:116] could not retrieve Azure instance metadata: Network error: curl error: HTTP response code said error: The requested URL returned error: 404
I20260608 09:48:40.176432  8274 server_base.cc:1061] running on GCE node
I20260608 09:48:40.177563  8274 hybrid_clock.cc:584] initializing the hybrid clock with 'system_unsync' time source
W20260608 09:48:40.177738  8274 system_unsync_time.cc:38] NTP support is disabled. Clock error bounds will not be accurate. This configuration is not suitable for distributed clusters.
I20260608 09:48:40.177853  8274 hybrid_clock.cc:648] HybridClock initialized: now 1780912120177842 us; error 0 us; skew 500 ppm
I20260608 09:48:40.178354  8274 server_base.cc:861] Flag tcmalloc_max_total_thread_cache_bytes is not working since tcmalloc is not enabled.
I20260608 09:48:40.180691  8274 webserver.cc:533] Webserver started at http://127.8.20.190:41103/ using document root <none> and password file <none>
I20260608 09:48:40.181342  8274 fs_manager.cc:362] Metadata directory not provided
I20260608 09:48:40.181507  8274 fs_manager.cc:368] Using write-ahead log directory (fs_wal_dir) as metadata directory
I20260608 09:48:40.181740  8274 server_base.cc:909] This appears to be a new deployment of Kudu; creating new FS layout
I20260608 09:48:40.182803  8274 fs_manager.cc:1068] Generated new instance metadata in path /tmp/dist-test-task3E7sHt/test-tmp/auto_rebalancer-test.0.AutoRebalancerTest.RangeAwareRebalancesNewRangeReplicas.1780912041469283-8274-0/minicluster-data/master-0-root/instance:
uuid: "8c9bde79f80c408fa83adf249ff66cd3"
format_stamp: "Formatted at 2026-06-08 09:48:40 on dist-test-slave-vrpb"
I20260608 09:48:40.187300  8274 fs_manager.cc:696] Time spent creating directory manager: real 0.004s	user 0.002s	sys 0.004s
I20260608 09:48:40.190690 11142 log_block_manager.cc:4031] Time spent loading block containers with low live blocks: real 0.000s	user 0.000s	sys 0.000s
I20260608 09:48:40.191618  8274 fs_manager.cc:730] Time spent opening block manager: real 0.002s	user 0.001s	sys 0.000s
I20260608 09:48:40.191887  8274 fs_manager.cc:647] Opened local filesystem: /tmp/dist-test-task3E7sHt/test-tmp/auto_rebalancer-test.0.AutoRebalancerTest.RangeAwareRebalancesNewRangeReplicas.1780912041469283-8274-0/minicluster-data/master-0-root
uuid: "8c9bde79f80c408fa83adf249ff66cd3"
format_stamp: "Formatted at 2026-06-08 09:48:40 on dist-test-slave-vrpb"
I20260608 09:48:40.192124  8274 fs_report.cc:389] FS layout report
--------------------
wal directory: /tmp/dist-test-task3E7sHt/test-tmp/auto_rebalancer-test.0.AutoRebalancerTest.RangeAwareRebalancesNewRangeReplicas.1780912041469283-8274-0/minicluster-data/master-0-root
metadata directory: /tmp/dist-test-task3E7sHt/test-tmp/auto_rebalancer-test.0.AutoRebalancerTest.RangeAwareRebalancesNewRangeReplicas.1780912041469283-8274-0/minicluster-data/master-0-root
1 data directories: /tmp/dist-test-task3E7sHt/test-tmp/auto_rebalancer-test.0.AutoRebalancerTest.RangeAwareRebalancesNewRangeReplicas.1780912041469283-8274-0/minicluster-data/master-0-root/data
Total live blocks: 0
Total live bytes: 0
Total live bytes (after alignment): 0
Total number of LBM containers: 0 (0 full)
Did not check for missing blocks
Did not check for orphaned blocks
Total full LBM containers with extra space: 0 (0 repaired)
Total full LBM container extra space in bytes: 0 (0 repaired)
Total incomplete LBM containers: 0 (0 repaired)
Total LBM partial records: 0 (0 repaired)
Total corrupted LBM metadata records in RocksDB: 0 (0 repaired)
I20260608 09:48:40.207183  8274 rpc_server.cc:225] running with OpenSSL 1.1.1  11 Sep 2018
I20260608 09:48:40.208182  8274 kserver.cc:163] Server-wide thread pool size limit: 3276
I20260608 09:48:40.244527  8274 rpc_server.cc:307] RPC server started. Bound to: 127.8.20.190:36901
I20260608 09:48:40.244661 11193 acceptor_pool.cc:272] collecting diagnostics on the listening RPC socket 127.8.20.190:36901 every 8 connection(s)
I20260608 09:48:40.248714 11194 data_dirs.cc:400] Could only allocate 1 dirs of requested 3 for tablet 00000000000000000000000000000000. 1 dirs total, 0 dirs full, 0 dirs failed
I20260608 09:48:40.258608 11194 tablet_bootstrap.cc:492] T 00000000000000000000000000000000 P 8c9bde79f80c408fa83adf249ff66cd3: Bootstrap starting.
I20260608 09:48:40.262946 11194 tablet_bootstrap.cc:654] T 00000000000000000000000000000000 P 8c9bde79f80c408fa83adf249ff66cd3: Neither blocks nor log segments found. Creating new log.
I20260608 09:48:40.266956 11194 tablet_bootstrap.cc:492] T 00000000000000000000000000000000 P 8c9bde79f80c408fa83adf249ff66cd3: No bootstrap required, opened a new log
I20260608 09:48:40.268955 11194 raft_consensus.cc:359] T 00000000000000000000000000000000 P 8c9bde79f80c408fa83adf249ff66cd3 [term 0 FOLLOWER]: Replica starting. Triggering 0 pending ops. Active config: opid_index: -1 OBSOLETE_local: true peers { permanent_uuid: "8c9bde79f80c408fa83adf249ff66cd3" member_type: VOTER }
I20260608 09:48:40.269415 11194 raft_consensus.cc:385] T 00000000000000000000000000000000 P 8c9bde79f80c408fa83adf249ff66cd3 [term 0 FOLLOWER]: Consensus starting up: Expiring failure detector timer to make a prompt election more likely
I20260608 09:48:40.269605 11194 raft_consensus.cc:740] T 00000000000000000000000000000000 P 8c9bde79f80c408fa83adf249ff66cd3 [term 0 FOLLOWER]: Becoming Follower/Learner. State: Replica: 8c9bde79f80c408fa83adf249ff66cd3, State: Initialized, Role: FOLLOWER
I20260608 09:48:40.270117 11194 consensus_queue.cc:260] T 00000000000000000000000000000000 P 8c9bde79f80c408fa83adf249ff66cd3 [NON_LEADER]: Queue going to NON_LEADER mode. State: All replicated index: 0, Majority replicated index: 0, Committed index: 0, Last appended: 0.0, Last appended by leader: 0, Current term: 0, Majority size: -1, State: 0, Mode: NON_LEADER, active raft config: opid_index: -1 OBSOLETE_local: true peers { permanent_uuid: "8c9bde79f80c408fa83adf249ff66cd3" member_type: VOTER }
I20260608 09:48:40.270530 11194 raft_consensus.cc:399] T 00000000000000000000000000000000 P 8c9bde79f80c408fa83adf249ff66cd3 [term 0 FOLLOWER]: Only one voter in the Raft config. Triggering election immediately
I20260608 09:48:40.270718 11194 raft_consensus.cc:493] T 00000000000000000000000000000000 P 8c9bde79f80c408fa83adf249ff66cd3 [term 0 FOLLOWER]: Starting leader election (initial election of a single-replica configuration)
I20260608 09:48:40.270936 11194 raft_consensus.cc:3060] T 00000000000000000000000000000000 P 8c9bde79f80c408fa83adf249ff66cd3 [term 0 FOLLOWER]: Advancing to term 1
I20260608 09:48:40.275225 11194 raft_consensus.cc:515] T 00000000000000000000000000000000 P 8c9bde79f80c408fa83adf249ff66cd3 [term 1 FOLLOWER]: Starting leader election with config: opid_index: -1 OBSOLETE_local: true peers { permanent_uuid: "8c9bde79f80c408fa83adf249ff66cd3" member_type: VOTER }
I20260608 09:48:40.275725 11194 leader_election.cc:304] T 00000000000000000000000000000000 P 8c9bde79f80c408fa83adf249ff66cd3 [CANDIDATE]: Term 1 election: Election decided. Result: candidate won. Election summary: received 1 responses out of 1 voters: 1 yes votes; 0 no votes. yes voters: 8c9bde79f80c408fa83adf249ff66cd3; no voters: 
I20260608 09:48:40.276871 11194 leader_election.cc:290] T 00000000000000000000000000000000 P 8c9bde79f80c408fa83adf249ff66cd3 [CANDIDATE]: Term 1 election: Requested vote from peers 
I20260608 09:48:40.277446 11197 raft_consensus.cc:2804] T 00000000000000000000000000000000 P 8c9bde79f80c408fa83adf249ff66cd3 [term 1 FOLLOWER]: Leader election won for term 1
I20260608 09:48:40.278936 11197 raft_consensus.cc:697] T 00000000000000000000000000000000 P 8c9bde79f80c408fa83adf249ff66cd3 [term 1 LEADER]: Becoming Leader. State: Replica: 8c9bde79f80c408fa83adf249ff66cd3, State: Running, Role: LEADER
I20260608 09:48:40.279878 11194 sys_catalog.cc:565] T 00000000000000000000000000000000 P 8c9bde79f80c408fa83adf249ff66cd3 [sys.catalog]: configured and running, proceeding with master startup.
I20260608 09:48:40.279733 11197 consensus_queue.cc:237] T 00000000000000000000000000000000 P 8c9bde79f80c408fa83adf249ff66cd3 [LEADER]: Queue going to LEADER mode. State: All replicated index: 0, Majority replicated index: 0, Committed index: 0, Last appended: 0.0, Last appended by leader: 0, Current term: 1, Majority size: 1, State: 0, Mode: LEADER, active raft config: opid_index: -1 OBSOLETE_local: true peers { permanent_uuid: "8c9bde79f80c408fa83adf249ff66cd3" member_type: VOTER }
I20260608 09:48:40.283248 11199 sys_catalog.cc:455] T 00000000000000000000000000000000 P 8c9bde79f80c408fa83adf249ff66cd3 [sys.catalog]: SysCatalogTable state changed. Reason: New leader 8c9bde79f80c408fa83adf249ff66cd3. Latest consensus state: current_term: 1 leader_uuid: "8c9bde79f80c408fa83adf249ff66cd3" committed_config { opid_index: -1 OBSOLETE_local: true peers { permanent_uuid: "8c9bde79f80c408fa83adf249ff66cd3" member_type: VOTER } }
I20260608 09:48:40.283887 11199 sys_catalog.cc:458] T 00000000000000000000000000000000 P 8c9bde79f80c408fa83adf249ff66cd3 [sys.catalog]: This master's current role is: LEADER
I20260608 09:48:40.285436 11198 sys_catalog.cc:455] T 00000000000000000000000000000000 P 8c9bde79f80c408fa83adf249ff66cd3 [sys.catalog]: SysCatalogTable state changed. Reason: RaftConsensus started. Latest consensus state: current_term: 1 leader_uuid: "8c9bde79f80c408fa83adf249ff66cd3" committed_config { opid_index: -1 OBSOLETE_local: true peers { permanent_uuid: "8c9bde79f80c408fa83adf249ff66cd3" member_type: VOTER } }
I20260608 09:48:40.286168 11198 sys_catalog.cc:458] T 00000000000000000000000000000000 P 8c9bde79f80c408fa83adf249ff66cd3 [sys.catalog]: This master's current role is: LEADER
I20260608 09:48:40.289482 11203 catalog_manager.cc:1510] Loading table and tablet metadata into memory...
I20260608 09:48:40.297827 11203 catalog_manager.cc:1519] Initializing Kudu cluster ID...
I20260608 09:48:40.298913  8274 internal_mini_cluster.cc:184] Waiting to initialize catalog manager on master 0
I20260608 09:48:40.307452 11203 catalog_manager.cc:1382] Generated new cluster ID: 9c0740e537ff486e9b5be534ead58bed
I20260608 09:48:40.307731 11203 catalog_manager.cc:1530] Initializing Kudu internal certificate authority...
I20260608 09:48:40.322134 11203 catalog_manager.cc:1405] Generated new certificate authority record
I20260608 09:48:40.323508 11203 catalog_manager.cc:1539] Loading token signing keys...
I20260608 09:48:40.337807 11203 catalog_manager.cc:6069] T 00000000000000000000000000000000 P 8c9bde79f80c408fa83adf249ff66cd3: Generated new TSK 0
I20260608 09:48:40.338414 11203 catalog_manager.cc:1549] Initializing in-progress tserver states...
I20260608 09:48:40.365972  8274 file_cache.cc:492] Constructed file cache file cache with capacity 419430
W20260608 09:48:40.372352 11215 instance_detector.cc:116] could not retrieve AWS instance metadata: Network error: curl error: HTTP response code said error: The requested URL returned error: 404
W20260608 09:48:40.373364 11216 instance_detector.cc:116] could not retrieve Azure instance metadata: Network error: curl error: HTTP response code said error: The requested URL returned error: 404
W20260608 09:48:40.375330 11218 instance_detector.cc:116] could not retrieve OpenStack instance metadata: Network error: curl error: HTTP response code said error: The requested URL returned error: 404
I20260608 09:48:40.375905  8274 server_base.cc:1061] running on GCE node
I20260608 09:48:40.376775  8274 hybrid_clock.cc:584] initializing the hybrid clock with 'system_unsync' time source
W20260608 09:48:40.377036  8274 system_unsync_time.cc:38] NTP support is disabled. Clock error bounds will not be accurate. This configuration is not suitable for distributed clusters.
I20260608 09:48:40.377210  8274 hybrid_clock.cc:648] HybridClock initialized: now 1780912120377194 us; error 0 us; skew 500 ppm
I20260608 09:48:40.377794  8274 server_base.cc:861] Flag tcmalloc_max_total_thread_cache_bytes is not working since tcmalloc is not enabled.
I20260608 09:48:40.380204  8274 webserver.cc:533] Webserver started at http://127.8.20.129:40733/ using document root <none> and password file <none>
I20260608 09:48:40.380707  8274 fs_manager.cc:362] Metadata directory not provided
I20260608 09:48:40.380915  8274 fs_manager.cc:368] Using write-ahead log directory (fs_wal_dir) as metadata directory
I20260608 09:48:40.381237  8274 server_base.cc:909] This appears to be a new deployment of Kudu; creating new FS layout
I20260608 09:48:40.382503  8274 fs_manager.cc:1068] Generated new instance metadata in path /tmp/dist-test-task3E7sHt/test-tmp/auto_rebalancer-test.0.AutoRebalancerTest.RangeAwareRebalancesNewRangeReplicas.1780912041469283-8274-0/minicluster-data/ts-0-root/instance:
uuid: "a63234b50b414f91b31252daa775e678"
format_stamp: "Formatted at 2026-06-08 09:48:40 on dist-test-slave-vrpb"
I20260608 09:48:40.387485  8274 fs_manager.cc:696] Time spent creating directory manager: real 0.004s	user 0.006s	sys 0.000s
I20260608 09:48:40.391088 11223 log_block_manager.cc:4031] Time spent loading block containers with low live blocks: real 0.000s	user 0.000s	sys 0.000s
I20260608 09:48:40.392225  8274 fs_manager.cc:730] Time spent opening block manager: real 0.003s	user 0.002s	sys 0.000s
I20260608 09:48:40.392535  8274 fs_manager.cc:647] Opened local filesystem: /tmp/dist-test-task3E7sHt/test-tmp/auto_rebalancer-test.0.AutoRebalancerTest.RangeAwareRebalancesNewRangeReplicas.1780912041469283-8274-0/minicluster-data/ts-0-root
uuid: "a63234b50b414f91b31252daa775e678"
format_stamp: "Formatted at 2026-06-08 09:48:40 on dist-test-slave-vrpb"
I20260608 09:48:40.392792  8274 fs_report.cc:389] FS layout report
--------------------
wal directory: /tmp/dist-test-task3E7sHt/test-tmp/auto_rebalancer-test.0.AutoRebalancerTest.RangeAwareRebalancesNewRangeReplicas.1780912041469283-8274-0/minicluster-data/ts-0-root
metadata directory: /tmp/dist-test-task3E7sHt/test-tmp/auto_rebalancer-test.0.AutoRebalancerTest.RangeAwareRebalancesNewRangeReplicas.1780912041469283-8274-0/minicluster-data/ts-0-root
1 data directories: /tmp/dist-test-task3E7sHt/test-tmp/auto_rebalancer-test.0.AutoRebalancerTest.RangeAwareRebalancesNewRangeReplicas.1780912041469283-8274-0/minicluster-data/ts-0-root/data
Total live blocks: 0
Total live bytes: 0
Total live bytes (after alignment): 0
Total number of LBM containers: 0 (0 full)
Did not check for missing blocks
Did not check for orphaned blocks
Total full LBM containers with extra space: 0 (0 repaired)
Total full LBM container extra space in bytes: 0 (0 repaired)
Total incomplete LBM containers: 0 (0 repaired)
Total LBM partial records: 0 (0 repaired)
Total corrupted LBM metadata records in RocksDB: 0 (0 repaired)
I20260608 09:48:40.416579  8274 rpc_server.cc:225] running with OpenSSL 1.1.1  11 Sep 2018
I20260608 09:48:40.417716  8274 kserver.cc:163] Server-wide thread pool size limit: 3276
I20260608 09:48:40.419265  8274 txn_system_client.cc:432] TxnSystemClient initialization is disabled...
I20260608 09:48:40.421838  8274 ts_tablet_manager.cc:585] Loaded tablet metadata (0 total tablets, 0 live tablets)
I20260608 09:48:40.422048  8274 ts_tablet_manager.cc:531] Time spent load tablet metadata: real 0.000s	user 0.000s	sys 0.000s
I20260608 09:48:40.422417  8274 ts_tablet_manager.cc:616] Registered 0 tablets
I20260608 09:48:40.422603  8274 ts_tablet_manager.cc:595] Time spent register tablets: real 0.000s	user 0.000s	sys 0.000s
I20260608 09:48:40.465282  8274 rpc_server.cc:307] RPC server started. Bound to: 127.8.20.129:33229
I20260608 09:48:40.465401 11285 acceptor_pool.cc:272] collecting diagnostics on the listening RPC socket 127.8.20.129:33229 every 8 connection(s)
I20260608 09:48:40.470928  8274 file_cache.cc:492] Constructed file cache file cache with capacity 419430
W20260608 09:48:40.478215 11290 instance_detector.cc:116] could not retrieve AWS instance metadata: Network error: curl error: HTTP response code said error: The requested URL returned error: 404
W20260608 09:48:40.479713 11291 instance_detector.cc:116] could not retrieve Azure instance metadata: Network error: curl error: HTTP response code said error: The requested URL returned error: 404
W20260608 09:48:40.483893 11293 instance_detector.cc:116] could not retrieve OpenStack instance metadata: Network error: curl error: HTTP response code said error: The requested URL returned error: 404
I20260608 09:48:40.484942  8274 server_base.cc:1061] running on GCE node
I20260608 09:48:40.485833 11286 heartbeater.cc:344] Connected to a master server at 127.8.20.190:36901
I20260608 09:48:40.486104  8274 hybrid_clock.cc:584] initializing the hybrid clock with 'system_unsync' time source
I20260608 09:48:40.486284 11286 heartbeater.cc:461] Registering TS with master...
W20260608 09:48:40.486425  8274 system_unsync_time.cc:38] NTP support is disabled. Clock error bounds will not be accurate. This configuration is not suitable for distributed clusters.
I20260608 09:48:40.486696  8274 hybrid_clock.cc:648] HybridClock initialized: now 1780912120486676 us; error 0 us; skew 500 ppm
I20260608 09:48:40.487344 11286 heartbeater.cc:507] Master 127.8.20.190:36901 requested a full tablet report, sending...
I20260608 09:48:40.487658  8274 server_base.cc:861] Flag tcmalloc_max_total_thread_cache_bytes is not working since tcmalloc is not enabled.
I20260608 09:48:40.490358 11159 ts_manager.cc:194] Registered new tserver with Master: a63234b50b414f91b31252daa775e678 (127.8.20.129:33229)
I20260608 09:48:40.491117  8274 webserver.cc:533] Webserver started at http://127.8.20.130:41383/ using document root <none> and password file <none>
I20260608 09:48:40.491761  8274 fs_manager.cc:362] Metadata directory not provided
I20260608 09:48:40.492003  8274 fs_manager.cc:368] Using write-ahead log directory (fs_wal_dir) as metadata directory
I20260608 09:48:40.492396  8274 server_base.cc:909] This appears to be a new deployment of Kudu; creating new FS layout
I20260608 09:48:40.492920 11159 master_service.cc:502] Signed X509 certificate for tserver {username='slave'} at 127.0.0.1:38160
I20260608 09:48:40.493902  8274 fs_manager.cc:1068] Generated new instance metadata in path /tmp/dist-test-task3E7sHt/test-tmp/auto_rebalancer-test.0.AutoRebalancerTest.RangeAwareRebalancesNewRangeReplicas.1780912041469283-8274-0/minicluster-data/ts-1-root/instance:
uuid: "0c801f5877714a20b61f5c457eddb95d"
format_stamp: "Formatted at 2026-06-08 09:48:40 on dist-test-slave-vrpb"
I20260608 09:48:40.499353  8274 fs_manager.cc:696] Time spent creating directory manager: real 0.005s	user 0.006s	sys 0.000s
I20260608 09:48:40.503079 11298 log_block_manager.cc:4031] Time spent loading block containers with low live blocks: real 0.000s	user 0.000s	sys 0.000s
I20260608 09:48:40.503916  8274 fs_manager.cc:730] Time spent opening block manager: real 0.002s	user 0.002s	sys 0.000s
I20260608 09:48:40.504221  8274 fs_manager.cc:647] Opened local filesystem: /tmp/dist-test-task3E7sHt/test-tmp/auto_rebalancer-test.0.AutoRebalancerTest.RangeAwareRebalancesNewRangeReplicas.1780912041469283-8274-0/minicluster-data/ts-1-root
uuid: "0c801f5877714a20b61f5c457eddb95d"
format_stamp: "Formatted at 2026-06-08 09:48:40 on dist-test-slave-vrpb"
I20260608 09:48:40.504565  8274 fs_report.cc:389] FS layout report
--------------------
wal directory: /tmp/dist-test-task3E7sHt/test-tmp/auto_rebalancer-test.0.AutoRebalancerTest.RangeAwareRebalancesNewRangeReplicas.1780912041469283-8274-0/minicluster-data/ts-1-root
metadata directory: /tmp/dist-test-task3E7sHt/test-tmp/auto_rebalancer-test.0.AutoRebalancerTest.RangeAwareRebalancesNewRangeReplicas.1780912041469283-8274-0/minicluster-data/ts-1-root
1 data directories: /tmp/dist-test-task3E7sHt/test-tmp/auto_rebalancer-test.0.AutoRebalancerTest.RangeAwareRebalancesNewRangeReplicas.1780912041469283-8274-0/minicluster-data/ts-1-root/data
Total live blocks: 0
Total live bytes: 0
Total live bytes (after alignment): 0
Total number of LBM containers: 0 (0 full)
Did not check for missing blocks
Did not check for orphaned blocks
Total full LBM containers with extra space: 0 (0 repaired)
Total full LBM container extra space in bytes: 0 (0 repaired)
Total incomplete LBM containers: 0 (0 repaired)
Total LBM partial records: 0 (0 repaired)
Total corrupted LBM metadata records in RocksDB: 0 (0 repaired)
I20260608 09:48:40.518424  8274 rpc_server.cc:225] running with OpenSSL 1.1.1  11 Sep 2018
I20260608 09:48:40.519621  8274 kserver.cc:163] Server-wide thread pool size limit: 3276
I20260608 09:48:40.521369  8274 txn_system_client.cc:432] TxnSystemClient initialization is disabled...
I20260608 09:48:40.523955  8274 ts_tablet_manager.cc:585] Loaded tablet metadata (0 total tablets, 0 live tablets)
I20260608 09:48:40.524207  8274 ts_tablet_manager.cc:531] Time spent load tablet metadata: real 0.000s	user 0.000s	sys 0.000s
I20260608 09:48:40.524488  8274 ts_tablet_manager.cc:616] Registered 0 tablets
I20260608 09:48:40.524691  8274 ts_tablet_manager.cc:595] Time spent register tablets: real 0.000s	user 0.000s	sys 0.000s
I20260608 09:48:40.569839  8274 rpc_server.cc:307] RPC server started. Bound to: 127.8.20.130:37145
I20260608 09:48:40.569991 11360 acceptor_pool.cc:272] collecting diagnostics on the listening RPC socket 127.8.20.130:37145 every 8 connection(s)
I20260608 09:48:40.574972  8274 file_cache.cc:492] Constructed file cache file cache with capacity 419430
W20260608 09:48:40.582154 11364 instance_detector.cc:116] could not retrieve AWS instance metadata: Network error: curl error: HTTP response code said error: The requested URL returned error: 404
W20260608 09:48:40.583125 11365 instance_detector.cc:116] could not retrieve Azure instance metadata: Network error: curl error: HTTP response code said error: The requested URL returned error: 404
I20260608 09:48:40.586429  8274 server_base.cc:1061] running on GCE node
W20260608 09:48:40.586453 11368 instance_detector.cc:116] could not retrieve OpenStack instance metadata: Network error: curl error: HTTP response code said error: The requested URL returned error: 404
I20260608 09:48:40.587708  8274 hybrid_clock.cc:584] initializing the hybrid clock with 'system_unsync' time source
I20260608 09:48:40.587901 11361 heartbeater.cc:344] Connected to a master server at 127.8.20.190:36901
W20260608 09:48:40.587996  8274 system_unsync_time.cc:38] NTP support is disabled. Clock error bounds will not be accurate. This configuration is not suitable for distributed clusters.
I20260608 09:48:40.588357  8274 hybrid_clock.cc:648] HybridClock initialized: now 1780912120588338 us; error 0 us; skew 500 ppm
I20260608 09:48:40.588478 11361 heartbeater.cc:461] Registering TS with master...
I20260608 09:48:40.589090  8274 server_base.cc:861] Flag tcmalloc_max_total_thread_cache_bytes is not working since tcmalloc is not enabled.
I20260608 09:48:40.589339 11361 heartbeater.cc:507] Master 127.8.20.190:36901 requested a full tablet report, sending...
I20260608 09:48:40.592016  8274 webserver.cc:533] Webserver started at http://127.8.20.131:43843/ using document root <none> and password file <none>
I20260608 09:48:40.591986 11159 ts_manager.cc:194] Registered new tserver with Master: 0c801f5877714a20b61f5c457eddb95d (127.8.20.130:37145)
I20260608 09:48:40.592957  8274 fs_manager.cc:362] Metadata directory not provided
I20260608 09:48:40.593330  8274 fs_manager.cc:368] Using write-ahead log directory (fs_wal_dir) as metadata directory
I20260608 09:48:40.593721  8274 server_base.cc:909] This appears to be a new deployment of Kudu; creating new FS layout
I20260608 09:48:40.594080 11159 master_service.cc:502] Signed X509 certificate for tserver {username='slave'} at 127.0.0.1:38172
I20260608 09:48:40.595328  8274 fs_manager.cc:1068] Generated new instance metadata in path /tmp/dist-test-task3E7sHt/test-tmp/auto_rebalancer-test.0.AutoRebalancerTest.RangeAwareRebalancesNewRangeReplicas.1780912041469283-8274-0/minicluster-data/ts-2-root/instance:
uuid: "5118bf993f68485f817dc2872cafea49"
format_stamp: "Formatted at 2026-06-08 09:48:40 on dist-test-slave-vrpb"
I20260608 09:48:40.600382  8274 fs_manager.cc:696] Time spent creating directory manager: real 0.004s	user 0.005s	sys 0.000s
I20260608 09:48:40.604131 11372 log_block_manager.cc:4031] Time spent loading block containers with low live blocks: real 0.000s	user 0.000s	sys 0.000s
I20260608 09:48:40.605167  8274 fs_manager.cc:730] Time spent opening block manager: real 0.003s	user 0.003s	sys 0.000s
I20260608 09:48:40.605502  8274 fs_manager.cc:647] Opened local filesystem: /tmp/dist-test-task3E7sHt/test-tmp/auto_rebalancer-test.0.AutoRebalancerTest.RangeAwareRebalancesNewRangeReplicas.1780912041469283-8274-0/minicluster-data/ts-2-root
uuid: "5118bf993f68485f817dc2872cafea49"
format_stamp: "Formatted at 2026-06-08 09:48:40 on dist-test-slave-vrpb"
I20260608 09:48:40.605767  8274 fs_report.cc:389] FS layout report
--------------------
wal directory: /tmp/dist-test-task3E7sHt/test-tmp/auto_rebalancer-test.0.AutoRebalancerTest.RangeAwareRebalancesNewRangeReplicas.1780912041469283-8274-0/minicluster-data/ts-2-root
metadata directory: /tmp/dist-test-task3E7sHt/test-tmp/auto_rebalancer-test.0.AutoRebalancerTest.RangeAwareRebalancesNewRangeReplicas.1780912041469283-8274-0/minicluster-data/ts-2-root
1 data directories: /tmp/dist-test-task3E7sHt/test-tmp/auto_rebalancer-test.0.AutoRebalancerTest.RangeAwareRebalancesNewRangeReplicas.1780912041469283-8274-0/minicluster-data/ts-2-root/data
Total live blocks: 0
Total live bytes: 0
Total live bytes (after alignment): 0
Total number of LBM containers: 0 (0 full)
Did not check for missing blocks
Did not check for orphaned blocks
Total full LBM containers with extra space: 0 (0 repaired)
Total full LBM container extra space in bytes: 0 (0 repaired)
Total incomplete LBM containers: 0 (0 repaired)
Total LBM partial records: 0 (0 repaired)
Total corrupted LBM metadata records in RocksDB: 0 (0 repaired)
I20260608 09:48:40.632550  8274 rpc_server.cc:225] running with OpenSSL 1.1.1  11 Sep 2018
I20260608 09:48:40.633822  8274 kserver.cc:163] Server-wide thread pool size limit: 3276
I20260608 09:48:40.635632  8274 txn_system_client.cc:432] TxnSystemClient initialization is disabled...
I20260608 09:48:40.638177  8274 ts_tablet_manager.cc:585] Loaded tablet metadata (0 total tablets, 0 live tablets)
I20260608 09:48:40.638382  8274 ts_tablet_manager.cc:531] Time spent load tablet metadata: real 0.000s	user 0.000s	sys 0.000s
I20260608 09:48:40.638716  8274 ts_tablet_manager.cc:616] Registered 0 tablets
I20260608 09:48:40.638911  8274 ts_tablet_manager.cc:595] Time spent register tablets: real 0.000s	user 0.000s	sys 0.000s
