I20260608 10:01:55.914956 20507 fs_manager.cc:362] Metadata directory not provided
I20260608 10:01:55.915280 20507 fs_manager.cc:368] Using write-ahead log directory (fs_wal_dir) as metadata directory
I20260608 10:01:55.915481 23424 ts_manager.cc:194] Registered new tserver with Master: 1246b412fd28458d8afa89560de93ded (127.20.6.193:46041)
I20260608 10:01:55.915776 20507 server_base.cc:909] This appears to be a new deployment of Kudu; creating new FS layout
I20260608 10:01:55.918321 20507 fs_manager.cc:1068] Generated new instance metadata in path /tmp/dist-test-task66EWrc/test-tmp/auto_rebalancer-test.0.AutoRebalancerTest.RangeAwareRebalancesNewRangeReplicas.1780912834926414-20507-0/minicluster-data/ts-1-root/instance:
uuid: "498432d300294fc493cdf9a01cba9143"
format_stamp: "Formatted at 2026-06-08 10:01:55 on dist-test-slave-6rrk"
I20260608 10:01:55.919204 23424 master_service.cc:502] Signed X509 certificate for tserver {username='slave'} at 127.0.0.1:56166
I20260608 10:01:55.925676 20507 fs_manager.cc:696] Time spent creating directory manager: real 0.006s	user 0.006s	sys 0.000s
I20260608 10:01:55.930387 23565 log_block_manager.cc:4031] Time spent loading block containers with low live blocks: real 0.000s	user 0.000s	sys 0.000s
I20260608 10:01:55.931594 20507 fs_manager.cc:730] Time spent opening block manager: real 0.003s	user 0.002s	sys 0.000s
I20260608 10:01:55.931916 20507 fs_manager.cc:647] Opened local filesystem: /tmp/dist-test-task66EWrc/test-tmp/auto_rebalancer-test.0.AutoRebalancerTest.RangeAwareRebalancesNewRangeReplicas.1780912834926414-20507-0/minicluster-data/ts-1-root
uuid: "498432d300294fc493cdf9a01cba9143"
format_stamp: "Formatted at 2026-06-08 10:01:55 on dist-test-slave-6rrk"
I20260608 10:01:55.932200 20507 fs_report.cc:389] FS layout report
--------------------
wal directory: /tmp/dist-test-task66EWrc/test-tmp/auto_rebalancer-test.0.AutoRebalancerTest.RangeAwareRebalancesNewRangeReplicas.1780912834926414-20507-0/minicluster-data/ts-1-root
metadata directory: /tmp/dist-test-task66EWrc/test-tmp/auto_rebalancer-test.0.AutoRebalancerTest.RangeAwareRebalancesNewRangeReplicas.1780912834926414-20507-0/minicluster-data/ts-1-root
1 data directories: /tmp/dist-test-task66EWrc/test-tmp/auto_rebalancer-test.0.AutoRebalancerTest.RangeAwareRebalancesNewRangeReplicas.1780912834926414-20507-0/minicluster-data/ts-1-root/data
Total live blocks: 0
Total live bytes: 0
Total live bytes (after alignment): 0
Total number of LBM containers: 0 (0 full)
Did not check for missing blocks
Did not check for orphaned blocks
Total full LBM containers with extra space: 0 (0 repaired)
Total full LBM container extra space in bytes: 0 (0 repaired)
Total incomplete LBM containers: 0 (0 repaired)
Total LBM partial records: 0 (0 repaired)
Total corrupted LBM metadata records in RocksDB: 0 (0 repaired)
I20260608 10:01:55.952068 20507 rpc_server.cc:225] running with OpenSSL 1.1.1  11 Sep 2018
I20260608 10:01:55.953598 20507 kserver.cc:163] Server-wide thread pool size limit: 3276
I20260608 10:01:55.955399 20507 txn_system_client.cc:432] TxnSystemClient initialization is disabled...
I20260608 10:01:55.958199 20507 ts_tablet_manager.cc:585] Loaded tablet metadata (0 total tablets, 0 live tablets)
I20260608 10:01:55.958403 20507 ts_tablet_manager.cc:531] Time spent load tablet metadata: real 0.000s	user 0.000s	sys 0.000s
I20260608 10:01:55.958735 20507 ts_tablet_manager.cc:616] Registered 0 tablets
I20260608 10:01:55.958942 20507 ts_tablet_manager.cc:595] Time spent register tablets: real 0.000s	user 0.000s	sys 0.000s
I20260608 10:01:56.008258 20507 rpc_server.cc:307] RPC server started. Bound to: 127.20.6.194:34199
I20260608 10:01:56.008392 23628 acceptor_pool.cc:272] collecting diagnostics on the listening RPC socket 127.20.6.194:34199 every 8 connection(s)
I20260608 10:01:56.014608 20507 file_cache.cc:492] Constructed file cache file cache with capacity 419430
W20260608 10:01:56.025077 23632 instance_detector.cc:116] could not retrieve AWS instance metadata: Network error: curl error: HTTP response code said error: The requested URL returned error: 404
W20260608 10:01:56.028363 23633 instance_detector.cc:116] could not retrieve Azure instance metadata: Network error: curl error: HTTP response code said error: The requested URL returned error: 404
W20260608 10:01:56.029544 23635 instance_detector.cc:116] could not retrieve OpenStack instance metadata: Network error: curl error: HTTP response code said error: The requested URL returned error: 404
I20260608 10:01:56.031324 20507 server_base.cc:1061] running on GCE node
I20260608 10:01:56.032637 20507 hybrid_clock.cc:584] initializing the hybrid clock with 'system_unsync' time source
W20260608 10:01:56.032919 20507 system_unsync_time.cc:38] NTP support is disabled. Clock error bounds will not be accurate. This configuration is not suitable for distributed clusters.
I20260608 10:01:56.033171 20507 hybrid_clock.cc:648] HybridClock initialized: now 1780912916033148 us; error 0 us; skew 500 ppm
I20260608 10:01:56.033341 23629 heartbeater.cc:344] Connected to a master server at 127.20.6.254:37261
I20260608 10:01:56.033859 23629 heartbeater.cc:461] Registering TS with master...
I20260608 10:01:56.034019 20507 server_base.cc:861] Flag tcmalloc_max_total_thread_cache_bytes is not working since tcmalloc is not enabled.
I20260608 10:01:56.035112 23629 heartbeater.cc:507] Master 127.20.6.254:37261 requested a full tablet report, sending...
I20260608 10:01:56.037559 20507 webserver.cc:533] Webserver started at http://127.20.6.195:34813/ using document root <none> and password file <none>
I20260608 10:01:56.038300 20507 fs_manager.cc:362] Metadata directory not provided
I20260608 10:01:56.038342 23424 ts_manager.cc:194] Registered new tserver with Master: 498432d300294fc493cdf9a01cba9143 (127.20.6.194:34199)
I20260608 10:01:56.038671 20507 fs_manager.cc:368] Using write-ahead log directory (fs_wal_dir) as metadata directory
I20260608 10:01:56.039108 20507 server_base.cc:909] This appears to be a new deployment of Kudu; creating new FS layout
I20260608 10:01:56.040264 23424 master_service.cc:502] Signed X509 certificate for tserver {username='slave'} at 127.0.0.1:56182
I20260608 10:01:56.040728 20507 fs_manager.cc:1068] Generated new instance metadata in path /tmp/dist-test-task66EWrc/test-tmp/auto_rebalancer-test.0.AutoRebalancerTest.RangeAwareRebalancesNewRangeReplicas.1780912834926414-20507-0/minicluster-data/ts-2-root/instance:
uuid: "9dd39ff722664a3bb085319b531c4132"
format_stamp: "Formatted at 2026-06-08 10:01:56 on dist-test-slave-6rrk"
I20260608 10:01:56.046979 20507 fs_manager.cc:696] Time spent creating directory manager: real 0.005s	user 0.004s	sys 0.003s
I20260608 10:01:56.051800 23640 log_block_manager.cc:4031] Time spent loading block containers with low live blocks: real 0.000s	user 0.000s	sys 0.000s
I20260608 10:01:56.052920 20507 fs_manager.cc:730] Time spent opening block manager: real 0.003s	user 0.003s	sys 0.000s
I20260608 10:01:56.053326 20507 fs_manager.cc:647] Opened local filesystem: /tmp/dist-test-task66EWrc/test-tmp/auto_rebalancer-test.0.AutoRebalancerTest.RangeAwareRebalancesNewRangeReplicas.1780912834926414-20507-0/minicluster-data/ts-2-root
uuid: "9dd39ff722664a3bb085319b531c4132"
format_stamp: "Formatted at 2026-06-08 10:01:56 on dist-test-slave-6rrk"
I20260608 10:01:56.053701 20507 fs_report.cc:389] FS layout report
--------------------
wal directory: /tmp/dist-test-task66EWrc/test-tmp/auto_rebalancer-test.0.AutoRebalancerTest.RangeAwareRebalancesNewRangeReplicas.1780912834926414-20507-0/minicluster-data/ts-2-root
metadata directory: /tmp/dist-test-task66EWrc/test-tmp/auto_rebalancer-test.0.AutoRebalancerTest.RangeAwareRebalancesNewRangeReplicas.1780912834926414-20507-0/minicluster-data/ts-2-root
1 data directories: /tmp/dist-test-task66EWrc/test-tmp/auto_rebalancer-test.0.AutoRebalancerTest.RangeAwareRebalancesNewRangeReplicas.1780912834926414-20507-0/minicluster-data/ts-2-root/data
Total live blocks: 0
Total live bytes: 0
Total live bytes (after alignment): 0
Total number of LBM containers: 0 (0 full)
Did not check for missing blocks
Did not check for orphaned blocks
Total full LBM containers with extra space: 0 (0 repaired)
Total full LBM container extra space in bytes: 0 (0 repaired)
Total incomplete LBM containers: 0 (0 repaired)
Total LBM partial records: 0 (0 repaired)
Total corrupted LBM metadata records in RocksDB: 0 (0 repaired)
I20260608 10:01:56.070691 20507 rpc_server.cc:225] running with OpenSSL 1.1.1  11 Sep 2018
I20260608 10:01:56.072494 20507 kserver.cc:163] Server-wide thread pool size limit: 3276
I20260608 10:01:56.074106 20507 txn_system_client.cc:432] TxnSystemClient initialization is disabled...
I20260608 10:01:56.076982 20507 ts_tablet_manager.cc:585] Loaded tablet metadata (0 total tablets, 0 live tablets)
I20260608 10:01:56.077239 20507 ts_tablet_manager.cc:531] Time spent load tablet metadata: real 0.000s	user 0.000s	sys 0.000s
I20260608 10:01:56.077499 20507 ts_tablet_manager.cc:616] Registered 0 tablets
I20260608 10:01:56.077690 20507 ts_tablet_manager.cc:595] Time spent register tablets: real 0.000s	user 0.000s	sys 0.000s
I20260608 10:01:56.130326 20507 rpc_server.cc:307] RPC server started. Bound to: 127.20.6.195:39553
I20260608 10:01:56.130497 23702 acceptor_pool.cc:272] collecting diagnostics on the listening RPC socket 127.20.6.195:39553 every 8 connection(s)
I20260608 10:01:56.148005 23703 heartbeater.cc:344] Connected to a master server at 127.20.6.254:37261
I20260608 10:01:56.148533 23703 heartbeater.cc:461] Registering TS with master...
I20260608 10:01:56.149458 23703 heartbeater.cc:507] Master 127.20.6.254:37261 requested a full tablet report, sending...
I20260608 10:01:56.152144 23424 ts_manager.cc:194] Registered new tserver with Master: 9dd39ff722664a3bb085319b531c4132 (127.20.6.195:39553)
I20260608 10:01:56.152688 20507 internal_mini_cluster.cc:371] 3 TS(s) registered with all masters after 0.018081541s
I20260608 10:01:56.153892 23424 master_service.cc:502] Signed X509 certificate for tserver {username='slave'} at 127.0.0.1:56198
I20260608 10:01:56.923797 23553 heartbeater.cc:499] Master 127.20.6.254:37261 was elected leader, sending a full tablet report...
I20260608 10:01:57.043496 23629 heartbeater.cc:499] Master 127.20.6.254:37261 was elected leader, sending a full tablet report...
I20260608 10:01:57.157495 23703 heartbeater.cc:499] Master 127.20.6.254:37261 was elected leader, sending a full tablet report...
I20260608 10:01:57.215175 23424 catalog_manager.cc:2282] Servicing CreateTable request from {username='slave'} at 127.0.0.1:43640:
name: "range_aware_rebalance_new_range"
schema {
  columns {
    name: "key"
    type: INT32
    is_key: true
    is_nullable: false
    encoding: AUTO_ENCODING
    compression: DEFAULT_COMPRESSION
    cfile_block_size: 0
    immutable: false
  }
}
num_replicas: 3
split_rows_range_bounds {
  rows: "\006\001\000\000\000\000\007\001\n\000\000\000""\006\001\000\000\000\000\007\001\n\000\000\000"
  indirect_data: """"
}
partition_schema {
  hash_schema {
    columns {
      name: "key"
    }
    num_buckets: 8
    seed: 0
  }
  range_schema {
    columns {
      name: "key"
    }
  }
}
W20260608 10:01:57.218293 23424 catalog_manager.cc:7076] The number of live tablet servers is not enough to re-replicate a tablet replica of the newly created table range_aware_rebalance_new_range in case of a server failure: 4 tablet servers would be needed, 3 are available. Consider bringing up more tablet servers.
I20260608 10:01:57.314184 23518 tablet_service.cc:1511] Processing CreateTablet for tablet f37467dde1604936ab0e1547fb178168 (DEFAULT_TABLE table=range_aware_rebalance_new_range [id=7f774a22e5fc4508a8a432360d1b7710]), partition=HASH (key) PARTITION 0, RANGE (key) PARTITION 0 <= VALUES < 10
I20260608 10:01:57.316278 23518 data_dirs.cc:400] Could only allocate 1 dirs of requested 3 for tablet f37467dde1604936ab0e1547fb178168. 1 dirs total, 0 dirs full, 0 dirs failed
I20260608 10:01:57.317483 23516 tablet_service.cc:1511] Processing CreateTablet for tablet bfe54353ac4e433fb0e3336531934bde (DEFAULT_TABLE table=range_aware_rebalance_new_range [id=7f774a22e5fc4508a8a432360d1b7710]), partition=HASH (key) PARTITION 2, RANGE (key) PARTITION 0 <= VALUES < 10
I20260608 10:01:57.319198 23516 data_dirs.cc:400] Could only allocate 1 dirs of requested 3 for tablet bfe54353ac4e433fb0e3336531934bde. 1 dirs total, 0 dirs full, 0 dirs failed
I20260608 10:01:57.320730 23515 tablet_service.cc:1511] Processing CreateTablet for tablet a5a71e828698465595d876345330cd5e (DEFAULT_TABLE table=range_aware_rebalance_new_range [id=7f774a22e5fc4508a8a432360d1b7710]), partition=HASH (key) PARTITION 3, RANGE (key) PARTITION 0 <= VALUES < 10
I20260608 10:01:57.323271 23514 tablet_service.cc:1511] Processing CreateTablet for tablet 36bfd6543f754622a56f623487c37932 (DEFAULT_TABLE table=range_aware_rebalance_new_range [id=7f774a22e5fc4508a8a432360d1b7710]), partition=HASH (key) PARTITION 4, RANGE (key) PARTITION 0 <= VALUES < 10
I20260608 10:01:57.323926 23668 tablet_service.cc:1511] Processing CreateTablet for tablet f37467dde1604936ab0e1547fb178168 (DEFAULT_TABLE table=range_aware_rebalance_new_range [id=7f774a22e5fc4508a8a432360d1b7710]), partition=HASH (key) PARTITION 0, RANGE (key) PARTITION 0 <= VALUES < 10
I20260608 10:01:57.316308 23517 tablet_service.cc:1511] Processing CreateTablet for tablet cc04c309114d457b9d5c1e0ee6f3103a (DEFAULT_TABLE table=range_aware_rebalance_new_range [id=7f774a22e5fc4508a8a432360d1b7710]), partition=HASH (key) PARTITION 1, RANGE (key) PARTITION 0 <= VALUES < 10
I20260608 10:01:57.325693 23668 data_dirs.cc:400] Could only allocate 1 dirs of requested 3 for tablet f37467dde1604936ab0e1547fb178168. 1 dirs total, 0 dirs full, 0 dirs failed
I20260608 10:01:57.326763 23590 tablet_service.cc:1511] Processing CreateTablet for tablet a5a71e828698465595d876345330cd5e (DEFAULT_TABLE table=range_aware_rebalance_new_range [id=7f774a22e5fc4508a8a432360d1b7710]), partition=HASH (key) PARTITION 3, RANGE (key) PARTITION 0 <= VALUES < 10
I20260608 10:01:57.328444 23590 data_dirs.cc:400] Could only allocate 1 dirs of requested 3 for tablet a5a71e828698465595d876345330cd5e. 1 dirs total, 0 dirs full, 0 dirs failed
I20260608 10:01:57.328881 23592 tablet_service.cc:1511] Processing CreateTablet for tablet cc04c309114d457b9d5c1e0ee6f3103a (DEFAULT_TABLE table=range_aware_rebalance_new_range [id=7f774a22e5fc4508a8a432360d1b7710]), partition=HASH (key) PARTITION 1, RANGE (key) PARTITION 0 <= VALUES < 10
I20260608 10:01:57.330427 23592 data_dirs.cc:400] Could only allocate 1 dirs of requested 3 for tablet cc04c309114d457b9d5c1e0ee6f3103a. 1 dirs total, 0 dirs full, 0 dirs failed
I20260608 10:01:57.331055 23514 data_dirs.cc:400] Could only allocate 1 dirs of requested 3 for tablet 36bfd6543f754622a56f623487c37932. 1 dirs total, 0 dirs full, 0 dirs failed
I20260608 10:01:57.328470 23513 tablet_service.cc:1511] Processing CreateTablet for tablet 63306b05710d4350927538aa21d90bca (DEFAULT_TABLE table=range_aware_rebalance_new_range [id=7f774a22e5fc4508a8a432360d1b7710]), partition=HASH (key) PARTITION 5, RANGE (key) PARTITION 0 <= VALUES < 10
I20260608 10:01:57.332942 23591 tablet_service.cc:1511] Processing CreateTablet for tablet bfe54353ac4e433fb0e3336531934bde (DEFAULT_TABLE table=range_aware_rebalance_new_range [id=7f774a22e5fc4508a8a432360d1b7710]), partition=HASH (key) PARTITION 2, RANGE (key) PARTITION 0 <= VALUES < 10
I20260608 10:01:57.335000 23589 tablet_service.cc:1511] Processing CreateTablet for tablet 36bfd6543f754622a56f623487c37932 (DEFAULT_TABLE table=range_aware_rebalance_new_range [id=7f774a22e5fc4508a8a432360d1b7710]), partition=HASH (key) PARTITION 4, RANGE (key) PARTITION 0 <= VALUES < 10
I20260608 10:01:57.335492 23511 tablet_service.cc:1511] Processing CreateTablet for tablet 35969f32a7eb49ff8e02b1277081d0e4 (DEFAULT_TABLE table=range_aware_rebalance_new_range [id=7f774a22e5fc4508a8a432360d1b7710]), partition=HASH (key) PARTITION 7, RANGE (key) PARTITION 0 <= VALUES < 10
I20260608 10:01:57.335669 23512 tablet_service.cc:1511] Processing CreateTablet for tablet f742d783928545599ea40707df0f42ef (DEFAULT_TABLE table=range_aware_rebalance_new_range [id=7f774a22e5fc4508a8a432360d1b7710]), partition=HASH (key) PARTITION 6, RANGE (key) PARTITION 0 <= VALUES < 10
I20260608 10:01:57.323926 23593 tablet_service.cc:1511] Processing CreateTablet for tablet f37467dde1604936ab0e1547fb178168 (DEFAULT_TABLE table=range_aware_rebalance_new_range [id=7f774a22e5fc4508a8a432360d1b7710]), partition=HASH (key) PARTITION 0, RANGE (key) PARTITION 0 <= VALUES < 10
I20260608 10:01:57.332856 23517 data_dirs.cc:400] Could only allocate 1 dirs of requested 3 for tablet cc04c309114d457b9d5c1e0ee6f3103a. 1 dirs total, 0 dirs full, 0 dirs failed
I20260608 10:01:57.339732 23588 tablet_service.cc:1511] Processing CreateTablet for tablet 63306b05710d4350927538aa21d90bca (DEFAULT_TABLE table=range_aware_rebalance_new_range [id=7f774a22e5fc4508a8a432360d1b7710]), partition=HASH (key) PARTITION 5, RANGE (key) PARTITION 0 <= VALUES < 10
I20260608 10:01:57.340476 23512 data_dirs.cc:400] Could only allocate 1 dirs of requested 3 for tablet f742d783928545599ea40707df0f42ef. 1 dirs total, 0 dirs full, 0 dirs failed
I20260608 10:01:57.342618 23513 data_dirs.cc:400] Could only allocate 1 dirs of requested 3 for tablet 63306b05710d4350927538aa21d90bca. 1 dirs total, 0 dirs full, 0 dirs failed
I20260608 10:01:57.344012 23511 data_dirs.cc:400] Could only allocate 1 dirs of requested 3 for tablet 35969f32a7eb49ff8e02b1277081d0e4. 1 dirs total, 0 dirs full, 0 dirs failed
I20260608 10:01:57.343837 23587 tablet_service.cc:1511] Processing CreateTablet for tablet f742d783928545599ea40707df0f42ef (DEFAULT_TABLE table=range_aware_rebalance_new_range [id=7f774a22e5fc4508a8a432360d1b7710]), partition=HASH (key) PARTITION 6, RANGE (key) PARTITION 0 <= VALUES < 10
I20260608 10:01:57.339670 23591 data_dirs.cc:400] Could only allocate 1 dirs of requested 3 for tablet bfe54353ac4e433fb0e3336531934bde. 1 dirs total, 0 dirs full, 0 dirs failed
I20260608 10:01:57.345558 23587 data_dirs.cc:400] Could only allocate 1 dirs of requested 3 for tablet f742d783928545599ea40707df0f42ef. 1 dirs total, 0 dirs full, 0 dirs failed
I20260608 10:01:57.345890 23515 data_dirs.cc:400] Could only allocate 1 dirs of requested 3 for tablet a5a71e828698465595d876345330cd5e. 1 dirs total, 0 dirs full, 0 dirs failed
I20260608 10:01:57.346637 23588 data_dirs.cc:400] Could only allocate 1 dirs of requested 3 for tablet 63306b05710d4350927538aa21d90bca. 1 dirs total, 0 dirs full, 0 dirs failed
I20260608 10:01:57.347406 23593 data_dirs.cc:400] Could only allocate 1 dirs of requested 3 for tablet f37467dde1604936ab0e1547fb178168. 1 dirs total, 0 dirs full, 0 dirs failed
I20260608 10:01:57.348830 23589 data_dirs.cc:400] Could only allocate 1 dirs of requested 3 for tablet 36bfd6543f754622a56f623487c37932. 1 dirs total, 0 dirs full, 0 dirs failed
I20260608 10:01:57.352514 23667 tablet_service.cc:1511] Processing CreateTablet for tablet cc04c309114d457b9d5c1e0ee6f3103a (DEFAULT_TABLE table=range_aware_rebalance_new_range [id=7f774a22e5fc4508a8a432360d1b7710]), partition=HASH (key) PARTITION 1, RANGE (key) PARTITION 0 <= VALUES < 10
I20260608 10:01:57.354838 23667 data_dirs.cc:400] Could only allocate 1 dirs of requested 3 for tablet cc04c309114d457b9d5c1e0ee6f3103a. 1 dirs total, 0 dirs full, 0 dirs failed
I20260608 10:01:57.359799 23586 tablet_service.cc:1511] Processing CreateTablet for tablet 35969f32a7eb49ff8e02b1277081d0e4 (DEFAULT_TABLE table=range_aware_rebalance_new_range [id=7f774a22e5fc4508a8a432360d1b7710]), partition=HASH (key) PARTITION 7, RANGE (key) PARTITION 0 <= VALUES < 10
I20260608 10:01:57.362178 23586 data_dirs.cc:400] Could only allocate 1 dirs of requested 3 for tablet 35969f32a7eb49ff8e02b1277081d0e4. 1 dirs total, 0 dirs full, 0 dirs failed
I20260608 10:01:57.385251 23723 tablet_bootstrap.cc:492] T f37467dde1604936ab0e1547fb178168 P 1246b412fd28458d8afa89560de93ded: Bootstrap starting.
I20260608 10:01:57.408900 23723 tablet_bootstrap.cc:654] T f37467dde1604936ab0e1547fb178168 P 1246b412fd28458d8afa89560de93ded: Neither blocks nor log segments found. Creating new log.
I20260608 10:01:57.437191 23666 tablet_service.cc:1511] Processing CreateTablet for tablet bfe54353ac4e433fb0e3336531934bde (DEFAULT_TABLE table=range_aware_rebalance_new_range [id=7f774a22e5fc4508a8a432360d1b7710]), partition=HASH (key) PARTITION 2, RANGE (key) PARTITION 0 <= VALUES < 10
I20260608 10:01:57.439023 23666 data_dirs.cc:400] Could only allocate 1 dirs of requested 3 for tablet bfe54353ac4e433fb0e3336531934bde. 1 dirs total, 0 dirs full, 0 dirs failed
I20260608 10:01:57.441032 23664 tablet_service.cc:1511] Processing CreateTablet for tablet 36bfd6543f754622a56f623487c37932 (DEFAULT_TABLE table=range_aware_rebalance_new_range [id=7f774a22e5fc4508a8a432360d1b7710]), partition=HASH (key) PARTITION 4, RANGE (key) PARTITION 0 <= VALUES < 10
I20260608 10:01:57.442922 23664 data_dirs.cc:400] Could only allocate 1 dirs of requested 3 for tablet 36bfd6543f754622a56f623487c37932. 1 dirs total, 0 dirs full, 0 dirs failed
I20260608 10:01:57.445001 23663 tablet_service.cc:1511] Processing CreateTablet for tablet 63306b05710d4350927538aa21d90bca (DEFAULT_TABLE table=range_aware_rebalance_new_range [id=7f774a22e5fc4508a8a432360d1b7710]), partition=HASH (key) PARTITION 5, RANGE (key) PARTITION 0 <= VALUES < 10
I20260608 10:01:57.448426 23661 tablet_service.cc:1511] Processing CreateTablet for tablet 35969f32a7eb49ff8e02b1277081d0e4 (DEFAULT_TABLE table=range_aware_rebalance_new_range [id=7f774a22e5fc4508a8a432360d1b7710]), partition=HASH (key) PARTITION 7, RANGE (key) PARTITION 0 <= VALUES < 10
I20260608 10:01:57.450147 23661 data_dirs.cc:400] Could only allocate 1 dirs of requested 3 for tablet 35969f32a7eb49ff8e02b1277081d0e4. 1 dirs total, 0 dirs full, 0 dirs failed
I20260608 10:01:57.453267 23662 tablet_service.cc:1511] Processing CreateTablet for tablet f742d783928545599ea40707df0f42ef (DEFAULT_TABLE table=range_aware_rebalance_new_range [id=7f774a22e5fc4508a8a432360d1b7710]), partition=HASH (key) PARTITION 6, RANGE (key) PARTITION 0 <= VALUES < 10
I20260608 10:01:57.455016 23662 data_dirs.cc:400] Could only allocate 1 dirs of requested 3 for tablet f742d783928545599ea40707df0f42ef. 1 dirs total, 0 dirs full, 0 dirs failed
I20260608 10:01:57.457378 23723 tablet_bootstrap.cc:492] T f37467dde1604936ab0e1547fb178168 P 1246b412fd28458d8afa89560de93ded: No bootstrap required, opened a new log
I20260608 10:01:57.458006 23723 ts_tablet_manager.cc:1403] T f37467dde1604936ab0e1547fb178168 P 1246b412fd28458d8afa89560de93ded: Time spent bootstrapping tablet: real 0.073s	user 0.015s	sys 0.008s
I20260608 10:01:57.441032 23665 tablet_service.cc:1511] Processing CreateTablet for tablet a5a71e828698465595d876345330cd5e (DEFAULT_TABLE table=range_aware_rebalance_new_range [id=7f774a22e5fc4508a8a432360d1b7710]), partition=HASH (key) PARTITION 3, RANGE (key) PARTITION 0 <= VALUES < 10
I20260608 10:01:57.461223 23665 data_dirs.cc:400] Could only allocate 1 dirs of requested 3 for tablet a5a71e828698465595d876345330cd5e. 1 dirs total, 0 dirs full, 0 dirs failed
I20260608 10:01:57.461848 23723 raft_consensus.cc:359] T f37467dde1604936ab0e1547fb178168 P 1246b412fd28458d8afa89560de93ded [term 0 FOLLOWER]: Replica starting. Triggering 0 pending ops. Active config: opid_index: -1 OBSOLETE_local: false peers { permanent_uuid: "1246b412fd28458d8afa89560de93ded" member_type: VOTER last_known_addr { host: "127.20.6.193" port: 46041 } } peers { permanent_uuid: "9dd39ff722664a3bb085319b531c4132" member_type: VOTER last_known_addr { host: "127.20.6.195" port: 39553 } } peers { permanent_uuid: "498432d300294fc493cdf9a01cba9143" member_type: VOTER last_known_addr { host: "127.20.6.194" port: 34199 } }
I20260608 10:01:57.462692 23723 raft_consensus.cc:385] T f37467dde1604936ab0e1547fb178168 P 1246b412fd28458d8afa89560de93ded [term 0 FOLLOWER]: Consensus starting up: Expiring failure detector timer to make a prompt election more likely
I20260608 10:01:57.463027 23723 raft_consensus.cc:740] T f37467dde1604936ab0e1547fb178168 P 1246b412fd28458d8afa89560de93ded [term 0 FOLLOWER]: Becoming Follower/Learner. State: Replica: 1246b412fd28458d8afa89560de93ded, State: Initialized, Role: FOLLOWER
I20260608 10:01:57.464015 23663 data_dirs.cc:400] Could only allocate 1 dirs of requested 3 for tablet 63306b05710d4350927538aa21d90bca. 1 dirs total, 0 dirs full, 0 dirs failed
I20260608 10:01:57.474797 23723 consensus_queue.cc:260] T f37467dde1604936ab0e1547fb178168 P 1246b412fd28458d8afa89560de93ded [NON_LEADER]: Queue going to NON_LEADER mode. State: All replicated index: 0, Majority replicated index: 0, Committed index: 0, Last appended: 0.0, Last appended by leader: 0, Current term: 0, Majority size: -1, State: 0, Mode: NON_LEADER, active raft config: opid_index: -1 OBSOLETE_local: false peers { permanent_uuid: "1246b412fd28458d8afa89560de93ded" member_type: VOTER last_known_addr { host: "127.20.6.193" port: 46041 } } peers { permanent_uuid: "9dd39ff722664a3bb085319b531c4132" member_type: VOTER last_known_addr { host: "127.20.6.195" port: 39553 } } peers { permanent_uuid: "498432d300294fc493cdf9a01cba9143" member_type: VOTER last_known_addr { host: "127.20.6.194" port: 34199 } }
I20260608 10:01:57.506587 23725 tablet_bootstrap.cc:492] T f742d783928545599ea40707df0f42ef P 498432d300294fc493cdf9a01cba9143: Bootstrap starting.
I20260608 10:01:57.545374 23723 ts_tablet_manager.cc:1434] T f37467dde1604936ab0e1547fb178168 P 1246b412fd28458d8afa89560de93ded: Time spent starting tablet: real 0.087s	user 0.013s	sys 0.002s
I20260608 10:01:57.546839 23723 tablet_bootstrap.cc:492] T 63306b05710d4350927538aa21d90bca P 1246b412fd28458d8afa89560de93ded: Bootstrap starting.
I20260608 10:01:57.553334 23725 tablet_bootstrap.cc:654] T f742d783928545599ea40707df0f42ef P 498432d300294fc493cdf9a01cba9143: Neither blocks nor log segments found. Creating new log.
I20260608 10:01:57.561002 23723 tablet_bootstrap.cc:654] T 63306b05710d4350927538aa21d90bca P 1246b412fd28458d8afa89560de93ded: Neither blocks nor log segments found. Creating new log.
I20260608 10:01:57.566375 23727 tablet_bootstrap.cc:492] T f37467dde1604936ab0e1547fb178168 P 9dd39ff722664a3bb085319b531c4132: Bootstrap starting.
I20260608 10:01:57.570395 23725 tablet_bootstrap.cc:492] T f742d783928545599ea40707df0f42ef P 498432d300294fc493cdf9a01cba9143: No bootstrap required, opened a new log
I20260608 10:01:57.570938 23725 ts_tablet_manager.cc:1403] T f742d783928545599ea40707df0f42ef P 498432d300294fc493cdf9a01cba9143: Time spent bootstrapping tablet: real 0.065s	user 0.014s	sys 0.005s
I20260608 10:01:57.571094 23723 tablet_bootstrap.cc:492] T 63306b05710d4350927538aa21d90bca P 1246b412fd28458d8afa89560de93ded: No bootstrap required, opened a new log
I20260608 10:01:57.571853 23723 ts_tablet_manager.cc:1403] T 63306b05710d4350927538aa21d90bca P 1246b412fd28458d8afa89560de93ded: Time spent bootstrapping tablet: real 0.025s	user 0.017s	sys 0.000s
I20260608 10:01:57.574023 23725 raft_consensus.cc:359] T f742d783928545599ea40707df0f42ef P 498432d300294fc493cdf9a01cba9143 [term 0 FOLLOWER]: Replica starting. Triggering 0 pending ops. Active config: opid_index: -1 OBSOLETE_local: false peers { permanent_uuid: "1246b412fd28458d8afa89560de93ded" member_type: VOTER last_known_addr { host: "127.20.6.193" port: 46041 } } peers { permanent_uuid: "498432d300294fc493cdf9a01cba9143" member_type: VOTER last_known_addr { host: "127.20.6.194" port: 34199 } } peers { permanent_uuid: "9dd39ff722664a3bb085319b531c4132" member_type: VOTER last_known_addr { host: "127.20.6.195" port: 39553 } }
I20260608 10:01:57.574668 23725 raft_consensus.cc:385] T f742d783928545599ea40707df0f42ef P 498432d300294fc493cdf9a01cba9143 [term 0 FOLLOWER]: Consensus starting up: Expiring failure detector timer to make a prompt election more likely
I20260608 10:01:57.574935 23725 raft_consensus.cc:740] T f742d783928545599ea40707df0f42ef P 498432d300294fc493cdf9a01cba9143 [term 0 FOLLOWER]: Becoming Follower/Learner. State: Replica: 498432d300294fc493cdf9a01cba9143, State: Initialized, Role: FOLLOWER
I20260608 10:01:57.575354 23727 tablet_bootstrap.cc:654] T f37467dde1604936ab0e1547fb178168 P 9dd39ff722664a3bb085319b531c4132: Neither blocks nor log segments found. Creating new log.
I20260608 10:01:57.575264 23723 raft_consensus.cc:359] T 63306b05710d4350927538aa21d90bca P 1246b412fd28458d8afa89560de93ded [term 0 FOLLOWER]: Replica starting. Triggering 0 pending ops. Active config: opid_index: -1 OBSOLETE_local: false peers { permanent_uuid: "1246b412fd28458d8afa89560de93ded" member_type: VOTER last_known_addr { host: "127.20.6.193" port: 46041 } } peers { permanent_uuid: "498432d300294fc493cdf9a01cba9143" member_type: VOTER last_known_addr { host: "127.20.6.194" port: 34199 } } peers { permanent_uuid: "9dd39ff722664a3bb085319b531c4132" member_type: VOTER last_known_addr { host: "127.20.6.195" port: 39553 } }
I20260608 10:01:57.575768 23725 consensus_queue.cc:260] T f742d783928545599ea40707df0f42ef P 498432d300294fc493cdf9a01cba9143 [NON_LEADER]: Queue going to NON_LEADER mode. State: All replicated index: 0, Majority replicated index: 0, Committed index: 0, Last appended: 0.0, Last appended by leader: 0, Current term: 0, Majority size: -1, State: 0, Mode: NON_LEADER, active raft config: opid_index: -1 OBSOLETE_local: false peers { permanent_uuid: "1246b412fd28458d8afa89560de93ded" member_type: VOTER last_known_addr { host: "127.20.6.193" port: 46041 } } peers { permanent_uuid: "498432d300294fc493cdf9a01cba9143" member_type: VOTER last_known_addr { host: "127.20.6.194" port: 34199 } } peers { permanent_uuid: "9dd39ff722664a3bb085319b531c4132" member_type: VOTER last_known_addr { host: "127.20.6.195" port: 39553 } }
I20260608 10:01:57.576229 23723 raft_consensus.cc:385] T 63306b05710d4350927538aa21d90bca P 1246b412fd28458d8afa89560de93ded [term 0 FOLLOWER]: Consensus starting up: Expiring failure detector timer to make a prompt election more likely
I20260608 10:01:57.576643 23723 raft_consensus.cc:740] T 63306b05710d4350927538aa21d90bca P 1246b412fd28458d8afa89560de93ded [term 0 FOLLOWER]: Becoming Follower/Learner. State: Replica: 1246b412fd28458d8afa89560de93ded, State: Initialized, Role: FOLLOWER
I20260608 10:01:57.577572 23723 consensus_queue.cc:260] T 63306b05710d4350927538aa21d90bca P 1246b412fd28458d8afa89560de93ded [NON_LEADER]: Queue going to NON_LEADER mode. State: All replicated index: 0, Majority replicated index: 0, Committed index: 0, Last appended: 0.0, Last appended by leader: 0, Current term: 0, Majority size: -1, State: 0, Mode: NON_LEADER, active raft config: opid_index: -1 OBSOLETE_local: false peers { permanent_uuid: "1246b412fd28458d8afa89560de93ded" member_type: VOTER last_known_addr { host: "127.20.6.193" port: 46041 } } peers { permanent_uuid: "498432d300294fc493cdf9a01cba9143" member_type: VOTER last_known_addr { host: "127.20.6.194" port: 34199 } } peers { permanent_uuid: "9dd39ff722664a3bb085319b531c4132" member_type: VOTER last_known_addr { host: "127.20.6.195" port: 39553 } }
I20260608 10:01:57.579237 23725 ts_tablet_manager.cc:1434] T f742d783928545599ea40707df0f42ef P 498432d300294fc493cdf9a01cba9143: Time spent starting tablet: real 0.008s	user 0.009s	sys 0.000s
I20260608 10:01:57.580567 23723 ts_tablet_manager.cc:1434] T 63306b05710d4350927538aa21d90bca P 1246b412fd28458d8afa89560de93ded: Time spent starting tablet: real 0.008s	user 0.008s	sys 0.000s
I20260608 10:01:57.582033 23723 tablet_bootstrap.cc:492] T 36bfd6543f754622a56f623487c37932 P 1246b412fd28458d8afa89560de93ded: Bootstrap starting.
I20260608 10:01:57.586289 23725 tablet_bootstrap.cc:492] T 35969f32a7eb49ff8e02b1277081d0e4 P 498432d300294fc493cdf9a01cba9143: Bootstrap starting.
I20260608 10:01:57.593063 23723 tablet_bootstrap.cc:654] T 36bfd6543f754622a56f623487c37932 P 1246b412fd28458d8afa89560de93ded: Neither blocks nor log segments found. Creating new log.
I20260608 10:01:57.594736 23725 tablet_bootstrap.cc:654] T 35969f32a7eb49ff8e02b1277081d0e4 P 498432d300294fc493cdf9a01cba9143: Neither blocks nor log segments found. Creating new log.
I20260608 10:01:57.605185 23725 tablet_bootstrap.cc:492] T 35969f32a7eb49ff8e02b1277081d0e4 P 498432d300294fc493cdf9a01cba9143: No bootstrap required, opened a new log
I20260608 10:01:57.605880 23725 ts_tablet_manager.cc:1403] T 35969f32a7eb49ff8e02b1277081d0e4 P 498432d300294fc493cdf9a01cba9143: Time spent bootstrapping tablet: real 0.020s	user 0.013s	sys 0.003s
I20260608 10:01:57.609741 23725 raft_consensus.cc:359] T 35969f32a7eb49ff8e02b1277081d0e4 P 498432d300294fc493cdf9a01cba9143 [term 0 FOLLOWER]: Replica starting. Triggering 0 pending ops. Active config: opid_index: -1 OBSOLETE_local: false peers { permanent_uuid: "498432d300294fc493cdf9a01cba9143" member_type: VOTER last_known_addr { host: "127.20.6.194" port: 34199 } } peers { permanent_uuid: "1246b412fd28458d8afa89560de93ded" member_type: VOTER last_known_addr { host: "127.20.6.193" port: 46041 } } peers { permanent_uuid: "9dd39ff722664a3bb085319b531c4132" member_type: VOTER last_known_addr { host: "127.20.6.195" port: 39553 } }
I20260608 10:01:57.610574 23725 raft_consensus.cc:385] T 35969f32a7eb49ff8e02b1277081d0e4 P 498432d300294fc493cdf9a01cba9143 [term 0 FOLLOWER]: Consensus starting up: Expiring failure detector timer to make a prompt election more likely
I20260608 10:01:57.610908 23725 raft_consensus.cc:740] T 35969f32a7eb49ff8e02b1277081d0e4 P 498432d300294fc493cdf9a01cba9143 [term 0 FOLLOWER]: Becoming Follower/Learner. State: Replica: 498432d300294fc493cdf9a01cba9143, State: Initialized, Role: FOLLOWER
I20260608 10:01:57.613416 23725 consensus_queue.cc:260] T 35969f32a7eb49ff8e02b1277081d0e4 P 498432d300294fc493cdf9a01cba9143 [NON_LEADER]: Queue going to NON_LEADER mode. State: All replicated index: 0, Majority replicated index: 0, Committed index: 0, Last appended: 0.0, Last appended by leader: 0, Current term: 0, Majority size: -1, State: 0, Mode: NON_LEADER, active raft config: opid_index: -1 OBSOLETE_local: false peers { permanent_uuid: "498432d300294fc493cdf9a01cba9143" member_type: VOTER last_known_addr { host: "127.20.6.194" port: 34199 } } peers { permanent_uuid: "1246b412fd28458d8afa89560de93ded" member_type: VOTER last_known_addr { host: "127.20.6.193" port: 46041 } } peers { permanent_uuid: "9dd39ff722664a3bb085319b531c4132" member_type: VOTER last_known_addr { host: "127.20.6.195" port: 39553 } }
I20260608 10:01:57.615500 23723 tablet_bootstrap.cc:492] T 36bfd6543f754622a56f623487c37932 P 1246b412fd28458d8afa89560de93ded: No bootstrap required, opened a new log
I20260608 10:01:57.616372 23723 ts_tablet_manager.cc:1403] T 36bfd6543f754622a56f623487c37932 P 1246b412fd28458d8afa89560de93ded: Time spent bootstrapping tablet: real 0.035s	user 0.010s	sys 0.022s
I20260608 10:01:57.621191 23723 raft_consensus.cc:359] T 36bfd6543f754622a56f623487c37932 P 1246b412fd28458d8afa89560de93ded [term 0 FOLLOWER]: Replica starting. Triggering 0 pending ops. Active config: opid_index: -1 OBSOLETE_local: false peers { permanent_uuid: "1246b412fd28458d8afa89560de93ded" member_type: VOTER last_known_addr { host: "127.20.6.193" port: 46041 } } peers { permanent_uuid: "498432d300294fc493cdf9a01cba9143" member_type: VOTER last_known_addr { host: "127.20.6.194" port: 34199 } } peers { permanent_uuid: "9dd39ff722664a3bb085319b531c4132" member_type: VOTER last_known_addr { host: "127.20.6.195" port: 39553 } }
I20260608 10:01:57.622395 23723 raft_consensus.cc:385] T 36bfd6543f754622a56f623487c37932 P 1246b412fd28458d8afa89560de93ded [term 0 FOLLOWER]: Consensus starting up: Expiring failure detector timer to make a prompt election more likely
I20260608 10:01:57.622814 23723 raft_consensus.cc:740] T 36bfd6543f754622a56f623487c37932 P 1246b412fd28458d8afa89560de93ded [term 0 FOLLOWER]: Becoming Follower/Learner. State: Replica: 1246b412fd28458d8afa89560de93ded, State: Initialized, Role: FOLLOWER
I20260608 10:01:57.623965 23723 consensus_queue.cc:260] T 36bfd6543f754622a56f623487c37932 P 1246b412fd28458d8afa89560de93ded [NON_LEADER]: Queue going to NON_LEADER mode. State: All replicated index: 0, Majority replicated index: 0, Committed index: 0, Last appended: 0.0, Last appended by leader: 0, Current term: 0, Majority size: -1, State: 0, Mode: NON_LEADER, active raft config: opid_index: -1 OBSOLETE_local: false peers { permanent_uuid: "1246b412fd28458d8afa89560de93ded" member_type: VOTER last_known_addr { host: "127.20.6.193" port: 46041 } } peers { permanent_uuid: "498432d300294fc493cdf9a01cba9143" member_type: VOTER last_known_addr { host: "127.20.6.194" port: 34199 } } peers { permanent_uuid: "9dd39ff722664a3bb085319b531c4132" member_type: VOTER last_known_addr { host: "127.20.6.195" port: 39553 } }
I20260608 10:01:57.627403 23723 ts_tablet_manager.cc:1434] T 36bfd6543f754622a56f623487c37932 P 1246b412fd28458d8afa89560de93ded: Time spent starting tablet: real 0.011s	user 0.004s	sys 0.004s
I20260608 10:01:57.630535 23723 tablet_bootstrap.cc:492] T cc04c309114d457b9d5c1e0ee6f3103a P 1246b412fd28458d8afa89560de93ded: Bootstrap starting.
I20260608 10:01:57.641407 23723 tablet_bootstrap.cc:654] T cc04c309114d457b9d5c1e0ee6f3103a P 1246b412fd28458d8afa89560de93ded: Neither blocks nor log segments found. Creating new log.
I20260608 10:01:57.658744 23725 ts_tablet_manager.cc:1434] T 35969f32a7eb49ff8e02b1277081d0e4 P 498432d300294fc493cdf9a01cba9143: Time spent starting tablet: real 0.052s	user 0.023s	sys 0.028s
I20260608 10:01:57.659992 23727 tablet_bootstrap.cc:492] T f37467dde1604936ab0e1547fb178168 P 9dd39ff722664a3bb085319b531c4132: No bootstrap required, opened a new log
I20260608 10:01:57.659991 23723 tablet_bootstrap.cc:492] T cc04c309114d457b9d5c1e0ee6f3103a P 1246b412fd28458d8afa89560de93ded: No bootstrap required, opened a new log
I20260608 10:01:57.660069 23725 tablet_bootstrap.cc:492] T a5a71e828698465595d876345330cd5e P 498432d300294fc493cdf9a01cba9143: Bootstrap starting.
I20260608 10:01:57.660940 23727 ts_tablet_manager.cc:1403] T f37467dde1604936ab0e1547fb178168 P 9dd39ff722664a3bb085319b531c4132: Time spent bootstrapping tablet: real 0.095s	user 0.042s	sys 0.045s
I20260608 10:01:57.661031 23723 ts_tablet_manager.cc:1403] T cc04c309114d457b9d5c1e0ee6f3103a P 1246b412fd28458d8afa89560de93ded: Time spent bootstrapping tablet: real 0.031s	user 0.013s	sys 0.012s
I20260608 10:01:57.664777 23723 raft_consensus.cc:359] T cc04c309114d457b9d5c1e0ee6f3103a P 1246b412fd28458d8afa89560de93ded [term 0 FOLLOWER]: Replica starting. Triggering 0 pending ops. Active config: opid_index: -1 OBSOLETE_local: false peers { permanent_uuid: "498432d300294fc493cdf9a01cba9143" member_type: VOTER last_known_addr { host: "127.20.6.194" port: 34199 } } peers { permanent_uuid: "1246b412fd28458d8afa89560de93ded" member_type: VOTER last_known_addr { host: "127.20.6.193" port: 46041 } } peers { permanent_uuid: "9dd39ff722664a3bb085319b531c4132" member_type: VOTER last_known_addr { host: "127.20.6.195" port: 39553 } }
I20260608 10:01:57.665654 23723 raft_consensus.cc:385] T cc04c309114d457b9d5c1e0ee6f3103a P 1246b412fd28458d8afa89560de93ded [term 0 FOLLOWER]: Consensus starting up: Expiring failure detector timer to make a prompt election more likely
I20260608 10:01:57.665257 23727 raft_consensus.cc:359] T f37467dde1604936ab0e1547fb178168 P 9dd39ff722664a3bb085319b531c4132 [term 0 FOLLOWER]: Replica starting. Triggering 0 pending ops. Active config: opid_index: -1 OBSOLETE_local: false peers { permanent_uuid: "1246b412fd28458d8afa89560de93ded" member_type: VOTER last_known_addr { host: "127.20.6.193" port: 46041 } } peers { permanent_uuid: "9dd39ff722664a3bb085319b531c4132" member_type: VOTER last_known_addr { host: "127.20.6.195" port: 39553 } } peers { permanent_uuid: "498432d300294fc493cdf9a01cba9143" member_type: VOTER last_known_addr { host: "127.20.6.194" port: 34199 } }
I20260608 10:01:57.665993 23723 raft_consensus.cc:740] T cc04c309114d457b9d5c1e0ee6f3103a P 1246b412fd28458d8afa89560de93ded [term 0 FOLLOWER]: Becoming Follower/Learner. State: Replica: 1246b412fd28458d8afa89560de93ded, State: Initialized, Role: FOLLOWER
I20260608 10:01:57.666143 23727 raft_consensus.cc:385] T f37467dde1604936ab0e1547fb178168 P 9dd39ff722664a3bb085319b531c4132 [term 0 FOLLOWER]: Consensus starting up: Expiring failure detector timer to make a prompt election more likely
I20260608 10:01:57.666594 23727 raft_consensus.cc:740] T f37467dde1604936ab0e1547fb178168 P 9dd39ff722664a3bb085319b531c4132 [term 0 FOLLOWER]: Becoming Follower/Learner. State: Replica: 9dd39ff722664a3bb085319b531c4132, State: Initialized, Role: FOLLOWER
I20260608 10:01:57.666996 23723 consensus_queue.cc:260] T cc04c309114d457b9d5c1e0ee6f3103a P 1246b412fd28458d8afa89560de93ded [NON_LEADER]: Queue going to NON_LEADER mode. State: All replicated index: 0, Majority replicated index: 0, Committed index: 0, Last appended: 0.0, Last appended by leader: 0, Current term: 0, Majority size: -1, State: 0, Mode: NON_LEADER, active raft config: opid_index: -1 OBSOLETE_local: false peers { permanent_uuid: "498432d300294fc493cdf9a01cba9143" member_type: VOTER last_known_addr { host: "127.20.6.194" port: 34199 } } peers { permanent_uuid: "1246b412fd28458d8afa89560de93ded" member_type: VOTER last_known_addr { host: "127.20.6.193" port: 46041 } } peers { permanent_uuid: "9dd39ff722664a3bb085319b531c4132" member_type: VOTER last_known_addr { host: "127.20.6.195" port: 39553 } }
I20260608 10:01:57.667654 23727 consensus_queue.cc:260] T f37467dde1604936ab0e1547fb178168 P 9dd39ff722664a3bb085319b531c4132 [NON_LEADER]: Queue going to NON_LEADER mode. State: All replicated index: 0, Majority replicated index: 0, Committed index: 0, Last appended: 0.0, Last appended by leader: 0, Current term: 0, Majority size: -1, State: 0, Mode: NON_LEADER, active raft config: opid_index: -1 OBSOLETE_local: false peers { permanent_uuid: "1246b412fd28458d8afa89560de93ded" member_type: VOTER last_known_addr { host: "127.20.6.193" port: 46041 } } peers { permanent_uuid: "9dd39ff722664a3bb085319b531c4132" member_type: VOTER last_known_addr { host: "127.20.6.195" port: 39553 } } peers { permanent_uuid: "498432d300294fc493cdf9a01cba9143" member_type: VOTER last_known_addr { host: "127.20.6.194" port: 34199 } }
I20260608 10:01:57.669018 23725 tablet_bootstrap.cc:654] T a5a71e828698465595d876345330cd5e P 498432d300294fc493cdf9a01cba9143: Neither blocks nor log segments found. Creating new log.
I20260608 10:01:57.669680 23723 ts_tablet_manager.cc:1434] T cc04c309114d457b9d5c1e0ee6f3103a P 1246b412fd28458d8afa89560de93ded: Time spent starting tablet: real 0.008s	user 0.007s	sys 0.000s
I20260608 10:01:57.670909 23723 tablet_bootstrap.cc:492] T bfe54353ac4e433fb0e3336531934bde P 1246b412fd28458d8afa89560de93ded: Bootstrap starting.
I20260608 10:01:57.677873 23723 tablet_bootstrap.cc:654] T bfe54353ac4e433fb0e3336531934bde P 1246b412fd28458d8afa89560de93ded: Neither blocks nor log segments found. Creating new log.
I20260608 10:01:57.681218 23727 ts_tablet_manager.cc:1434] T f37467dde1604936ab0e1547fb178168 P 9dd39ff722664a3bb085319b531c4132: Time spent starting tablet: real 0.020s	user 0.009s	sys 0.007s
I20260608 10:01:57.684777 23726 raft_consensus.cc:493] T 63306b05710d4350927538aa21d90bca P 1246b412fd28458d8afa89560de93ded [term 0 FOLLOWER]: Starting pre-election (no leader contacted us within the election timeout)
I20260608 10:01:57.685636 23726 raft_consensus.cc:515] T 63306b05710d4350927538aa21d90bca P 1246b412fd28458d8afa89560de93ded [term 0 FOLLOWER]: Starting pre-election with config: opid_index: -1 OBSOLETE_local: false peers { permanent_uuid: "1246b412fd28458d8afa89560de93ded" member_type: VOTER last_known_addr { host: "127.20.6.193" port: 46041 } } peers { permanent_uuid: "498432d300294fc493cdf9a01cba9143" member_type: VOTER last_known_addr { host: "127.20.6.194" port: 34199 } } peers { permanent_uuid: "9dd39ff722664a3bb085319b531c4132" member_type: VOTER last_known_addr { host: "127.20.6.195" port: 39553 } }
I20260608 10:01:57.686882 23727 tablet_bootstrap.cc:492] T cc04c309114d457b9d5c1e0ee6f3103a P 9dd39ff722664a3bb085319b531c4132: Bootstrap starting.
I20260608 10:01:57.699080 23727 tablet_bootstrap.cc:654] T cc04c309114d457b9d5c1e0ee6f3103a P 9dd39ff722664a3bb085319b531c4132: Neither blocks nor log segments found. Creating new log.
W20260608 10:01:57.703383 23472 auto_rebalancer.cc:259] Could not retrieve cluster info: Service unavailable: Tablet not running
I20260608 10:01:57.706548 23723 tablet_bootstrap.cc:492] T bfe54353ac4e433fb0e3336531934bde P 1246b412fd28458d8afa89560de93ded: No bootstrap required, opened a new log
I20260608 10:01:57.706719 23725 tablet_bootstrap.cc:492] T a5a71e828698465595d876345330cd5e P 498432d300294fc493cdf9a01cba9143: No bootstrap required, opened a new log
I20260608 10:01:57.707381 23723 ts_tablet_manager.cc:1403] T bfe54353ac4e433fb0e3336531934bde P 1246b412fd28458d8afa89560de93ded: Time spent bootstrapping tablet: real 0.037s	user 0.016s	sys 0.016s
I20260608 10:01:57.707592 23725 ts_tablet_manager.cc:1403] T a5a71e828698465595d876345330cd5e P 498432d300294fc493cdf9a01cba9143: Time spent bootstrapping tablet: real 0.048s	user 0.024s	sys 0.011s
I20260608 10:01:57.708691 23478 auto_leader_rebalancer.cc:140] leader rebalance for table range_aware_rebalance_new_range
W20260608 10:01:57.709870 23478 auto_leader_rebalancer.cc:460] the master instance isn't leader: Service unavailable: Tablet not running
I20260608 10:01:57.711839 23723 raft_consensus.cc:359] T bfe54353ac4e433fb0e3336531934bde P 1246b412fd28458d8afa89560de93ded [term 0 FOLLOWER]: Replica starting. Triggering 0 pending ops. Active config: opid_index: -1 OBSOLETE_local: false peers { permanent_uuid: "1246b412fd28458d8afa89560de93ded" member_type: VOTER last_known_addr { host: "127.20.6.193" port: 46041 } } peers { permanent_uuid: "498432d300294fc493cdf9a01cba9143" member_type: VOTER last_known_addr { host: "127.20.6.194" port: 34199 } } peers { permanent_uuid: "9dd39ff722664a3bb085319b531c4132" member_type: VOTER last_known_addr { host: "127.20.6.195" port: 39553 } }
I20260608 10:01:57.713349 23723 raft_consensus.cc:385] T bfe54353ac4e433fb0e3336531934bde P 1246b412fd28458d8afa89560de93ded [term 0 FOLLOWER]: Consensus starting up: Expiring failure detector timer to make a prompt election more likely
I20260608 10:01:57.714128 23726 leader_election.cc:290] T 63306b05710d4350927538aa21d90bca P 1246b412fd28458d8afa89560de93ded [CANDIDATE]: Term 1 pre-election: Requested pre-vote from peers 498432d300294fc493cdf9a01cba9143 (127.20.6.194:34199), 9dd39ff722664a3bb085319b531c4132 (127.20.6.195:39553)
I20260608 10:01:57.713722 23723 raft_consensus.cc:740] T bfe54353ac4e433fb0e3336531934bde P 1246b412fd28458d8afa89560de93ded [term 0 FOLLOWER]: Becoming Follower/Learner. State: Replica: 1246b412fd28458d8afa89560de93ded, State: Initialized, Role: FOLLOWER
I20260608 10:01:57.718271 23723 consensus_queue.cc:260] T bfe54353ac4e433fb0e3336531934bde P 1246b412fd28458d8afa89560de93ded [NON_LEADER]: Queue going to NON_LEADER mode. State: All replicated index: 0, Majority replicated index: 0, Committed index: 0, Last appended: 0.0, Last appended by leader: 0, Current term: 0, Majority size: -1, State: 0, Mode: NON_LEADER, active raft config: opid_index: -1 OBSOLETE_local: false peers { permanent_uuid: "1246b412fd28458d8afa89560de93ded" member_type: VOTER last_known_addr { host: "127.20.6.193" port: 46041 } } peers { permanent_uuid: "498432d300294fc493cdf9a01cba9143" member_type: VOTER last_known_addr { host: "127.20.6.194" port: 34199 } } peers { permanent_uuid: "9dd39ff722664a3bb085319b531c4132" member_type: VOTER last_known_addr { host: "127.20.6.195" port: 39553 } }
I20260608 10:01:57.721606 23723 ts_tablet_manager.cc:1434] T bfe54353ac4e433fb0e3336531934bde P 1246b412fd28458d8afa89560de93ded: Time spent starting tablet: real 0.014s	user 0.008s	sys 0.000s
I20260608 10:01:57.724282 23723 tablet_bootstrap.cc:492] T 35969f32a7eb49ff8e02b1277081d0e4 P 1246b412fd28458d8afa89560de93ded: Bootstrap starting.
I20260608 10:01:57.718529 23725 raft_consensus.cc:359] T a5a71e828698465595d876345330cd5e P 498432d300294fc493cdf9a01cba9143 [term 0 FOLLOWER]: Replica starting. Triggering 0 pending ops. Active config: opid_index: -1 OBSOLETE_local: false peers { permanent_uuid: "1246b412fd28458d8afa89560de93ded" member_type: VOTER last_known_addr { host: "127.20.6.193" port: 46041 } } peers { permanent_uuid: "498432d300294fc493cdf9a01cba9143" member_type: VOTER last_known_addr { host: "127.20.6.194" port: 34199 } } peers { permanent_uuid: "9dd39ff722664a3bb085319b531c4132" member_type: VOTER last_known_addr { host: "127.20.6.195" port: 39553 } }
I20260608 10:01:57.725579 23725 raft_consensus.cc:385] T a5a71e828698465595d876345330cd5e P 498432d300294fc493cdf9a01cba9143 [term 0 FOLLOWER]: Consensus starting up: Expiring failure detector timer to make a prompt election more likely
I20260608 10:01:57.725980 23725 raft_consensus.cc:740] T a5a71e828698465595d876345330cd5e P 498432d300294fc493cdf9a01cba9143 [term 0 FOLLOWER]: Becoming Follower/Learner. State: Replica: 498432d300294fc493cdf9a01cba9143, State: Initialized, Role: FOLLOWER
