I20260608 10:01:09.367777 22560 acceptor_pool.cc:272] collecting diagnostics on the listening RPC socket 127.20.6.196:37113 every 8 connection(s)
I20260608 10:01:09.397866 22561 heartbeater.cc:344] Connected to a master server at 127.20.6.254:42305
I20260608 10:01:09.398470 22561 heartbeater.cc:461] Registering TS with master...
I20260608 10:01:09.399451 22561 heartbeater.cc:507] Master 127.20.6.254:42305 requested a full tablet report, sending...
I20260608 10:01:09.402312 22145 ts_manager.cc:194] Registered new tserver with Master: e67c373f3acb46df8cf39507ba5978ff (127.20.6.196:37113)
I20260608 10:01:09.405213 22145 master_service.cc:502] Signed X509 certificate for tserver {username='slave'} at 127.0.0.1:52924
I20260608 10:01:09.601172 22247 consensus_queue.cc:237] T 39d2c5f7f9ae4a3893583c12a70b5dd7 P a0bb606ce3014cdcab6955f7c5c2dd82 [LEADER]: Queue going to LEADER mode. State: All replicated index: 0, Majority replicated index: 2, Committed index: 2, Last appended: 2.2, Last appended by leader: 1, Current term: 2, Majority size: 2, State: 0, Mode: LEADER, active raft config: opid_index: 3 OBSOLETE_local: false peers { permanent_uuid: "a0bb606ce3014cdcab6955f7c5c2dd82" member_type: VOTER last_known_addr { host: "127.20.6.193" port: 46797 } } peers { permanent_uuid: "ec1f8ffe0f3c479da5fd84eecce5330e" member_type: VOTER last_known_addr { host: "127.20.6.194" port: 42095 } attrs { replace: true } } peers { permanent_uuid: "4daeea8c49ab417798641d47be3558e0" member_type: VOTER last_known_addr { host: "127.20.6.195" port: 39325 } } peers { permanent_uuid: "e67c373f3acb46df8cf39507ba5978ff" member_type: NON_VOTER last_known_addr { host: "127.20.6.196" port: 37113 } attrs { promote: true } }
I20260608 10:01:09.618690 22397 raft_consensus.cc:1275] T 39d2c5f7f9ae4a3893583c12a70b5dd7 P 4daeea8c49ab417798641d47be3558e0 [term 2 FOLLOWER]: Refusing update from remote peer a0bb606ce3014cdcab6955f7c5c2dd82: Log matching property violated. Preceding OpId in replica: term: 2 index: 2. Preceding OpId from leader: term: 2 index: 3. (index mismatch)
I20260608 10:01:09.621371 22480 consensus_queue.cc:1048] T 39d2c5f7f9ae4a3893583c12a70b5dd7 P a0bb606ce3014cdcab6955f7c5c2dd82 [LEADER]: Connected to new peer: Peer: permanent_uuid: "4daeea8c49ab417798641d47be3558e0" member_type: VOTER last_known_addr { host: "127.20.6.195" port: 39325 }, Status: LMP_MISMATCH, Last received: 0.0, Next index: 3, Last known committed idx: 2, Time since last communication: 0.001s
I20260608 10:01:09.627521 22323 raft_consensus.cc:1275] T 39d2c5f7f9ae4a3893583c12a70b5dd7 P ec1f8ffe0f3c479da5fd84eecce5330e [term 2 FOLLOWER]: Refusing update from remote peer a0bb606ce3014cdcab6955f7c5c2dd82: Log matching property violated. Preceding OpId in replica: term: 2 index: 2. Preceding OpId from leader: term: 2 index: 3. (index mismatch)
I20260608 10:01:09.629770 22568 consensus_queue.cc:1048] T 39d2c5f7f9ae4a3893583c12a70b5dd7 P a0bb606ce3014cdcab6955f7c5c2dd82 [LEADER]: Connected to new peer: Peer: permanent_uuid: "ec1f8ffe0f3c479da5fd84eecce5330e" member_type: VOTER last_known_addr { host: "127.20.6.194" port: 42095 } attrs { replace: true }, Status: LMP_MISMATCH, Last received: 0.0, Next index: 3, Last known committed idx: 2, Time since last communication: 0.001s
I20260608 10:01:09.643643 22568 raft_consensus.cc:2955] T 39d2c5f7f9ae4a3893583c12a70b5dd7 P a0bb606ce3014cdcab6955f7c5c2dd82 [term 2 LEADER]: Committing config change with OpId 2.3: config changed from index -1 to 3, NON_VOTER e67c373f3acb46df8cf39507ba5978ff (127.20.6.196) added. New config: { opid_index: 3 OBSOLETE_local: false peers { permanent_uuid: "a0bb606ce3014cdcab6955f7c5c2dd82" member_type: VOTER last_known_addr { host: "127.20.6.193" port: 46797 } } peers { permanent_uuid: "ec1f8ffe0f3c479da5fd84eecce5330e" member_type: VOTER last_known_addr { host: "127.20.6.194" port: 42095 } attrs { replace: true } } peers { permanent_uuid: "4daeea8c49ab417798641d47be3558e0" member_type: VOTER last_known_addr { host: "127.20.6.195" port: 39325 } } peers { permanent_uuid: "e67c373f3acb46df8cf39507ba5978ff" member_type: NON_VOTER last_known_addr { host: "127.20.6.196" port: 37113 } attrs { promote: true } } }
I20260608 10:01:09.646373 22397 raft_consensus.cc:2955] T 39d2c5f7f9ae4a3893583c12a70b5dd7 P 4daeea8c49ab417798641d47be3558e0 [term 2 FOLLOWER]: Committing config change with OpId 2.3: config changed from index -1 to 3, NON_VOTER e67c373f3acb46df8cf39507ba5978ff (127.20.6.196) added. New config: { opid_index: 3 OBSOLETE_local: false peers { permanent_uuid: "a0bb606ce3014cdcab6955f7c5c2dd82" member_type: VOTER last_known_addr { host: "127.20.6.193" port: 46797 } } peers { permanent_uuid: "ec1f8ffe0f3c479da5fd84eecce5330e" member_type: VOTER last_known_addr { host: "127.20.6.194" port: 42095 } attrs { replace: true } } peers { permanent_uuid: "4daeea8c49ab417798641d47be3558e0" member_type: VOTER last_known_addr { host: "127.20.6.195" port: 39325 } } peers { permanent_uuid: "e67c373f3acb46df8cf39507ba5978ff" member_type: NON_VOTER last_known_addr { host: "127.20.6.196" port: 37113 } attrs { promote: true } } }
I20260608 10:01:09.654963 22323 raft_consensus.cc:2955] T 39d2c5f7f9ae4a3893583c12a70b5dd7 P ec1f8ffe0f3c479da5fd84eecce5330e [term 2 FOLLOWER]: Committing config change with OpId 2.3: config changed from index -1 to 3, NON_VOTER e67c373f3acb46df8cf39507ba5978ff (127.20.6.196) added. New config: { opid_index: 3 OBSOLETE_local: false peers { permanent_uuid: "a0bb606ce3014cdcab6955f7c5c2dd82" member_type: VOTER last_known_addr { host: "127.20.6.193" port: 46797 } } peers { permanent_uuid: "ec1f8ffe0f3c479da5fd84eecce5330e" member_type: VOTER last_known_addr { host: "127.20.6.194" port: 42095 } attrs { replace: true } } peers { permanent_uuid: "4daeea8c49ab417798641d47be3558e0" member_type: VOTER last_known_addr { host: "127.20.6.195" port: 39325 } } peers { permanent_uuid: "e67c373f3acb46df8cf39507ba5978ff" member_type: NON_VOTER last_known_addr { host: "127.20.6.196" port: 37113 } attrs { promote: true } } }
I20260608 10:01:09.668051 22145 catalog_manager.cc:5696] T 39d2c5f7f9ae4a3893583c12a70b5dd7 P a0bb606ce3014cdcab6955f7c5c2dd82 reported cstate change: config changed from index -1 to 3, NON_VOTER e67c373f3acb46df8cf39507ba5978ff (127.20.6.196) added. New cstate: current_term: 2 leader_uuid: "a0bb606ce3014cdcab6955f7c5c2dd82" committed_config { opid_index: 3 OBSOLETE_local: false peers { permanent_uuid: "a0bb606ce3014cdcab6955f7c5c2dd82" member_type: VOTER last_known_addr { host: "127.20.6.193" port: 46797 } health_report { overall_health: HEALTHY } } peers { permanent_uuid: "ec1f8ffe0f3c479da5fd84eecce5330e" member_type: VOTER last_known_addr { host: "127.20.6.194" port: 42095 } attrs { replace: true } health_report { overall_health: HEALTHY } } peers { permanent_uuid: "4daeea8c49ab417798641d47be3558e0" member_type: VOTER last_known_addr { host: "127.20.6.195" port: 39325 } health_report { overall_health: HEALTHY } } peers { permanent_uuid: "e67c373f3acb46df8cf39507ba5978ff" member_type: NON_VOTER last_known_addr { host: "127.20.6.196" port: 37113 } attrs { promote: true } health_report { overall_health: UNKNOWN } } }
W20260608 10:01:09.712141 22212 consensus_peers.cc:597] T 39d2c5f7f9ae4a3893583c12a70b5dd7 P a0bb606ce3014cdcab6955f7c5c2dd82 -> Peer e67c373f3acb46df8cf39507ba5978ff (127.20.6.196:37113): Couldn't send request to peer e67c373f3acb46df8cf39507ba5978ff. Error code: TABLET_NOT_FOUND (6). Status: Not found: Tablet not found: 39d2c5f7f9ae4a3893583c12a70b5dd7. This is attempt 1: this message will repeat every 5th retry.
I20260608 10:01:10.125595 22579 ts_tablet_manager.cc:933] T 39d2c5f7f9ae4a3893583c12a70b5dd7 P e67c373f3acb46df8cf39507ba5978ff: Initiating tablet copy from peer a0bb606ce3014cdcab6955f7c5c2dd82 (127.20.6.193:46797)
I20260608 10:01:10.128759 22579 tablet_copy_client.cc:323] T 39d2c5f7f9ae4a3893583c12a70b5dd7 P e67c373f3acb46df8cf39507ba5978ff: tablet copy: Beginning tablet copy session from remote peer at address 127.20.6.193:46797
I20260608 10:01:10.152858 22258 tablet_copy_service.cc:140] P a0bb606ce3014cdcab6955f7c5c2dd82: Received BeginTabletCopySession request for tablet 39d2c5f7f9ae4a3893583c12a70b5dd7 from peer e67c373f3acb46df8cf39507ba5978ff ({username='slave'} at 127.0.0.1:41684)
I20260608 10:01:10.153702 22258 tablet_copy_service.cc:161] P a0bb606ce3014cdcab6955f7c5c2dd82: Beginning new tablet copy session on tablet 39d2c5f7f9ae4a3893583c12a70b5dd7 from peer e67c373f3acb46df8cf39507ba5978ff at {username='slave'} at 127.0.0.1:41684: session id = e67c373f3acb46df8cf39507ba5978ff-39d2c5f7f9ae4a3893583c12a70b5dd7
I20260608 10:01:10.165140 22258 tablet_copy_source_session.cc:215] T 39d2c5f7f9ae4a3893583c12a70b5dd7 P a0bb606ce3014cdcab6955f7c5c2dd82: Tablet Copy: opened 0 blocks and 1 log segments
I20260608 10:01:10.170773 22579 data_dirs.cc:400] Could only allocate 1 dirs of requested 3 for tablet 39d2c5f7f9ae4a3893583c12a70b5dd7. 1 dirs total, 0 dirs full, 0 dirs failed
I20260608 10:01:10.193285 22579 tablet_copy_client.cc:806] T 39d2c5f7f9ae4a3893583c12a70b5dd7 P e67c373f3acb46df8cf39507ba5978ff: tablet copy: Starting download of 0 data blocks...
I20260608 10:01:10.194260 22579 tablet_copy_client.cc:670] T 39d2c5f7f9ae4a3893583c12a70b5dd7 P e67c373f3acb46df8cf39507ba5978ff: tablet copy: Starting download of 1 WAL segments...
I20260608 10:01:10.200825 22579 tablet_copy_client.cc:538] T 39d2c5f7f9ae4a3893583c12a70b5dd7 P e67c373f3acb46df8cf39507ba5978ff: tablet copy: Tablet Copy complete. Replacing tablet superblock.
I20260608 10:01:10.213351 22579 tablet_bootstrap.cc:492] T 39d2c5f7f9ae4a3893583c12a70b5dd7 P e67c373f3acb46df8cf39507ba5978ff: Bootstrap starting.
I20260608 10:01:10.238158 22579 tablet_bootstrap.cc:492] T 39d2c5f7f9ae4a3893583c12a70b5dd7 P e67c373f3acb46df8cf39507ba5978ff: Bootstrap replayed 1/1 log segments. Stats: ops{read=3 overwritten=0 applied=3 ignored=0} inserts{seen=0 ignored=0} mutations{seen=0 ignored=0} orphaned_commits=0. Pending: 0 replicates
I20260608 10:01:10.239149 22579 tablet_bootstrap.cc:492] T 39d2c5f7f9ae4a3893583c12a70b5dd7 P e67c373f3acb46df8cf39507ba5978ff: Bootstrap complete.
I20260608 10:01:10.240059 22579 ts_tablet_manager.cc:1403] T 39d2c5f7f9ae4a3893583c12a70b5dd7 P e67c373f3acb46df8cf39507ba5978ff: Time spent bootstrapping tablet: real 0.027s	user 0.016s	sys 0.011s
I20260608 10:01:10.243968 22579 raft_consensus.cc:359] T 39d2c5f7f9ae4a3893583c12a70b5dd7 P e67c373f3acb46df8cf39507ba5978ff [term 2 LEARNER]: Replica starting. Triggering 0 pending ops. Active config: opid_index: 3 OBSOLETE_local: false peers { permanent_uuid: "a0bb606ce3014cdcab6955f7c5c2dd82" member_type: VOTER last_known_addr { host: "127.20.6.193" port: 46797 } } peers { permanent_uuid: "ec1f8ffe0f3c479da5fd84eecce5330e" member_type: VOTER last_known_addr { host: "127.20.6.194" port: 42095 } attrs { replace: true } } peers { permanent_uuid: "4daeea8c49ab417798641d47be3558e0" member_type: VOTER last_known_addr { host: "127.20.6.195" port: 39325 } } peers { permanent_uuid: "e67c373f3acb46df8cf39507ba5978ff" member_type: NON_VOTER last_known_addr { host: "127.20.6.196" port: 37113 } attrs { promote: true } }
I20260608 10:01:10.244925 22579 raft_consensus.cc:740] T 39d2c5f7f9ae4a3893583c12a70b5dd7 P e67c373f3acb46df8cf39507ba5978ff [term 2 LEARNER]: Becoming Follower/Learner. State: Replica: e67c373f3acb46df8cf39507ba5978ff, State: Initialized, Role: LEARNER
I20260608 10:01:10.245617 22579 consensus_queue.cc:260] T 39d2c5f7f9ae4a3893583c12a70b5dd7 P e67c373f3acb46df8cf39507ba5978ff [NON_LEADER]: Queue going to NON_LEADER mode. State: All replicated index: 0, Majority replicated index: 0, Committed index: 3, Last appended: 2.3, Last appended by leader: 3, Current term: 0, Majority size: -1, State: 0, Mode: NON_LEADER, active raft config: opid_index: 3 OBSOLETE_local: false peers { permanent_uuid: "a0bb606ce3014cdcab6955f7c5c2dd82" member_type: VOTER last_known_addr { host: "127.20.6.193" port: 46797 } } peers { permanent_uuid: "ec1f8ffe0f3c479da5fd84eecce5330e" member_type: VOTER last_known_addr { host: "127.20.6.194" port: 42095 } attrs { replace: true } } peers { permanent_uuid: "4daeea8c49ab417798641d47be3558e0" member_type: VOTER last_known_addr { host: "127.20.6.195" port: 39325 } } peers { permanent_uuid: "e67c373f3acb46df8cf39507ba5978ff" member_type: NON_VOTER last_known_addr { host: "127.20.6.196" port: 37113 } attrs { promote: true } }
I20260608 10:01:10.248245 22561 heartbeater.cc:499] Master 127.20.6.254:42305 was elected leader, sending a full tablet report...
I20260608 10:01:10.248672 22579 ts_tablet_manager.cc:1434] T 39d2c5f7f9ae4a3893583c12a70b5dd7 P e67c373f3acb46df8cf39507ba5978ff: Time spent starting tablet: real 0.008s	user 0.006s	sys 0.001s
I20260608 10:01:10.251685 22258 tablet_copy_service.cc:342] P a0bb606ce3014cdcab6955f7c5c2dd82: Request end of tablet copy session e67c373f3acb46df8cf39507ba5978ff-39d2c5f7f9ae4a3893583c12a70b5dd7 received from {username='slave'} at 127.0.0.1:41684
I20260608 10:01:10.252362 22258 tablet_copy_service.cc:434] P a0bb606ce3014cdcab6955f7c5c2dd82: ending tablet copy session e67c373f3acb46df8cf39507ba5978ff-39d2c5f7f9ae4a3893583c12a70b5dd7 on tablet 39d2c5f7f9ae4a3893583c12a70b5dd7 with peer e67c373f3acb46df8cf39507ba5978ff
I20260608 10:01:10.554382 22199 auto_leader_rebalancer.cc:140] leader rebalance for table test-workload
I20260608 10:01:10.558815 22199 auto_leader_rebalancer.cc:388] table: test-workload, leader rebalance finish, leader transfer count: 0
I20260608 10:01:10.559499 22199 auto_leader_rebalancer.cc:451] All tables' leader rebalancing finished this round
I20260608 10:01:10.623193 22536 raft_consensus.cc:1217] T 39d2c5f7f9ae4a3893583c12a70b5dd7 P e67c373f3acb46df8cf39507ba5978ff [term 2 LEARNER]: Deduplicated request from leader. Original: 2.2->[2.3-2.3]   Dedup: 2.3->[]
I20260608 10:01:11.123729 22586 raft_consensus.cc:1064] T 39d2c5f7f9ae4a3893583c12a70b5dd7 P a0bb606ce3014cdcab6955f7c5c2dd82: attempting to promote NON_VOTER e67c373f3acb46df8cf39507ba5978ff to VOTER
I20260608 10:01:11.127939 22586 consensus_queue.cc:237] T 39d2c5f7f9ae4a3893583c12a70b5dd7 P a0bb606ce3014cdcab6955f7c5c2dd82 [LEADER]: Queue going to LEADER mode. State: All replicated index: 0, Majority replicated index: 3, Committed index: 3, Last appended: 2.3, Last appended by leader: 1, Current term: 2, Majority size: 3, State: 0, Mode: LEADER, active raft config: opid_index: 4 OBSOLETE_local: false peers { permanent_uuid: "a0bb606ce3014cdcab6955f7c5c2dd82" member_type: VOTER last_known_addr { host: "127.20.6.193" port: 46797 } } peers { permanent_uuid: "ec1f8ffe0f3c479da5fd84eecce5330e" member_type: VOTER last_known_addr { host: "127.20.6.194" port: 42095 } attrs { replace: true } } peers { permanent_uuid: "4daeea8c49ab417798641d47be3558e0" member_type: VOTER last_known_addr { host: "127.20.6.195" port: 39325 } } peers { permanent_uuid: "e67c373f3acb46df8cf39507ba5978ff" member_type: VOTER last_known_addr { host: "127.20.6.196" port: 37113 } attrs { promote: false } }
I20260608 10:01:11.139961 22536 raft_consensus.cc:1275] T 39d2c5f7f9ae4a3893583c12a70b5dd7 P e67c373f3acb46df8cf39507ba5978ff [term 2 LEARNER]: Refusing update from remote peer a0bb606ce3014cdcab6955f7c5c2dd82: Log matching property violated. Preceding OpId in replica: term: 2 index: 3. Preceding OpId from leader: term: 2 index: 4. (index mismatch)
I20260608 10:01:11.143188 22323 raft_consensus.cc:1275] T 39d2c5f7f9ae4a3893583c12a70b5dd7 P ec1f8ffe0f3c479da5fd84eecce5330e [term 2 FOLLOWER]: Refusing update from remote peer a0bb606ce3014cdcab6955f7c5c2dd82: Log matching property violated. Preceding OpId in replica: term: 2 index: 3. Preceding OpId from leader: term: 2 index: 4. (index mismatch)
I20260608 10:01:11.143338 22397 raft_consensus.cc:1275] T 39d2c5f7f9ae4a3893583c12a70b5dd7 P 4daeea8c49ab417798641d47be3558e0 [term 2 FOLLOWER]: Refusing update from remote peer a0bb606ce3014cdcab6955f7c5c2dd82: Log matching property violated. Preceding OpId in replica: term: 2 index: 3. Preceding OpId from leader: term: 2 index: 4. (index mismatch)
I20260608 10:01:11.143275 22587 consensus_queue.cc:1048] T 39d2c5f7f9ae4a3893583c12a70b5dd7 P a0bb606ce3014cdcab6955f7c5c2dd82 [LEADER]: Connected to new peer: Peer: permanent_uuid: "e67c373f3acb46df8cf39507ba5978ff" member_type: VOTER last_known_addr { host: "127.20.6.196" port: 37113 } attrs { promote: false }, Status: LMP_MISMATCH, Last received: 0.0, Next index: 4, Last known committed idx: 3, Time since last communication: 0.001s
I20260608 10:01:11.146209 22587 consensus_queue.cc:1048] T 39d2c5f7f9ae4a3893583c12a70b5dd7 P a0bb606ce3014cdcab6955f7c5c2dd82 [LEADER]: Connected to new peer: Peer: permanent_uuid: "ec1f8ffe0f3c479da5fd84eecce5330e" member_type: VOTER last_known_addr { host: "127.20.6.194" port: 42095 } attrs { replace: true }, Status: LMP_MISMATCH, Last received: 0.0, Next index: 4, Last known committed idx: 3, Time since last communication: 0.001s
I20260608 10:01:11.148523 22587 consensus_queue.cc:1048] T 39d2c5f7f9ae4a3893583c12a70b5dd7 P a0bb606ce3014cdcab6955f7c5c2dd82 [LEADER]: Connected to new peer: Peer: permanent_uuid: "4daeea8c49ab417798641d47be3558e0" member_type: VOTER last_known_addr { host: "127.20.6.195" port: 39325 }, Status: LMP_MISMATCH, Last received: 0.0, Next index: 4, Last known committed idx: 3, Time since last communication: 0.000s
I20260608 10:01:11.173847 22573 raft_consensus.cc:2955] T 39d2c5f7f9ae4a3893583c12a70b5dd7 P a0bb606ce3014cdcab6955f7c5c2dd82 [term 2 LEADER]: Committing config change with OpId 2.4: config changed from index 3 to 4, e67c373f3acb46df8cf39507ba5978ff (127.20.6.196) changed from NON_VOTER to VOTER. New config: { opid_index: 4 OBSOLETE_local: false peers { permanent_uuid: "a0bb606ce3014cdcab6955f7c5c2dd82" member_type: VOTER last_known_addr { host: "127.20.6.193" port: 46797 } } peers { permanent_uuid: "ec1f8ffe0f3c479da5fd84eecce5330e" member_type: VOTER last_known_addr { host: "127.20.6.194" port: 42095 } attrs { replace: true } } peers { permanent_uuid: "4daeea8c49ab417798641d47be3558e0" member_type: VOTER last_known_addr { host: "127.20.6.195" port: 39325 } } peers { permanent_uuid: "e67c373f3acb46df8cf39507ba5978ff" member_type: VOTER last_known_addr { host: "127.20.6.196" port: 37113 } attrs { promote: false } } }
I20260608 10:01:11.180261 22323 raft_consensus.cc:2955] T 39d2c5f7f9ae4a3893583c12a70b5dd7 P ec1f8ffe0f3c479da5fd84eecce5330e [term 2 FOLLOWER]: Committing config change with OpId 2.4: config changed from index 3 to 4, e67c373f3acb46df8cf39507ba5978ff (127.20.6.196) changed from NON_VOTER to VOTER. New config: { opid_index: 4 OBSOLETE_local: false peers { permanent_uuid: "a0bb606ce3014cdcab6955f7c5c2dd82" member_type: VOTER last_known_addr { host: "127.20.6.193" port: 46797 } } peers { permanent_uuid: "ec1f8ffe0f3c479da5fd84eecce5330e" member_type: VOTER last_known_addr { host: "127.20.6.194" port: 42095 } attrs { replace: true } } peers { permanent_uuid: "4daeea8c49ab417798641d47be3558e0" member_type: VOTER last_known_addr { host: "127.20.6.195" port: 39325 } } peers { permanent_uuid: "e67c373f3acb46df8cf39507ba5978ff" member_type: VOTER last_known_addr { host: "127.20.6.196" port: 37113 } attrs { promote: false } } }
I20260608 10:01:11.176160 22535 raft_consensus.cc:2955] T 39d2c5f7f9ae4a3893583c12a70b5dd7 P e67c373f3acb46df8cf39507ba5978ff [term 2 FOLLOWER]: Committing config change with OpId 2.4: config changed from index 3 to 4, e67c373f3acb46df8cf39507ba5978ff (127.20.6.196) changed from NON_VOTER to VOTER. New config: { opid_index: 4 OBSOLETE_local: false peers { permanent_uuid: "a0bb606ce3014cdcab6955f7c5c2dd82" member_type: VOTER last_known_addr { host: "127.20.6.193" port: 46797 } } peers { permanent_uuid: "ec1f8ffe0f3c479da5fd84eecce5330e" member_type: VOTER last_known_addr { host: "127.20.6.194" port: 42095 } attrs { replace: true } } peers { permanent_uuid: "4daeea8c49ab417798641d47be3558e0" member_type: VOTER last_known_addr { host: "127.20.6.195" port: 39325 } } peers { permanent_uuid: "e67c373f3acb46df8cf39507ba5978ff" member_type: VOTER last_known_addr { host: "127.20.6.196" port: 37113 } attrs { promote: false } } }
I20260608 10:01:11.197764 22143 catalog_manager.cc:5696] T 39d2c5f7f9ae4a3893583c12a70b5dd7 P ec1f8ffe0f3c479da5fd84eecce5330e reported cstate change: config changed from index 3 to 4, e67c373f3acb46df8cf39507ba5978ff (127.20.6.196) changed from NON_VOTER to VOTER. New cstate: current_term: 2 leader_uuid: "a0bb606ce3014cdcab6955f7c5c2dd82" committed_config { opid_index: 4 OBSOLETE_local: false peers { permanent_uuid: "a0bb606ce3014cdcab6955f7c5c2dd82" member_type: VOTER last_known_addr { host: "127.20.6.193" port: 46797 } } peers { permanent_uuid: "ec1f8ffe0f3c479da5fd84eecce5330e" member_type: VOTER last_known_addr { host: "127.20.6.194" port: 42095 } attrs { replace: true } } peers { permanent_uuid: "4daeea8c49ab417798641d47be3558e0" member_type: VOTER last_known_addr { host: "127.20.6.195" port: 39325 } } peers { permanent_uuid: "e67c373f3acb46df8cf39507ba5978ff" member_type: VOTER last_known_addr { host: "127.20.6.196" port: 37113 } attrs { promote: false } } }
I20260608 10:01:11.202313 22397 raft_consensus.cc:2955] T 39d2c5f7f9ae4a3893583c12a70b5dd7 P 4daeea8c49ab417798641d47be3558e0 [term 2 FOLLOWER]: Committing config change with OpId 2.4: config changed from index 3 to 4, e67c373f3acb46df8cf39507ba5978ff (127.20.6.196) changed from NON_VOTER to VOTER. New config: { opid_index: 4 OBSOLETE_local: false peers { permanent_uuid: "a0bb606ce3014cdcab6955f7c5c2dd82" member_type: VOTER last_known_addr { host: "127.20.6.193" port: 46797 } } peers { permanent_uuid: "ec1f8ffe0f3c479da5fd84eecce5330e" member_type: VOTER last_known_addr { host: "127.20.6.194" port: 42095 } attrs { replace: true } } peers { permanent_uuid: "4daeea8c49ab417798641d47be3558e0" member_type: VOTER last_known_addr { host: "127.20.6.195" port: 39325 } } peers { permanent_uuid: "e67c373f3acb46df8cf39507ba5978ff" member_type: VOTER last_known_addr { host: "127.20.6.196" port: 37113 } attrs { promote: false } } }
I20260608 10:01:11.250686 22247 consensus_queue.cc:237] T 39d2c5f7f9ae4a3893583c12a70b5dd7 P a0bb606ce3014cdcab6955f7c5c2dd82 [LEADER]: Queue going to LEADER mode. State: All replicated index: 0, Majority replicated index: 4, Committed index: 4, Last appended: 2.4, Last appended by leader: 1, Current term: 2, Majority size: 2, State: 0, Mode: LEADER, active raft config: opid_index: 5 OBSOLETE_local: false peers { permanent_uuid: "a0bb606ce3014cdcab6955f7c5c2dd82" member_type: VOTER last_known_addr { host: "127.20.6.193" port: 46797 } } peers { permanent_uuid: "4daeea8c49ab417798641d47be3558e0" member_type: VOTER last_known_addr { host: "127.20.6.195" port: 39325 } } peers { permanent_uuid: "e67c373f3acb46df8cf39507ba5978ff" member_type: VOTER last_known_addr { host: "127.20.6.196" port: 37113 } attrs { promote: false } }
I20260608 10:01:11.262789 22535 raft_consensus.cc:1275] T 39d2c5f7f9ae4a3893583c12a70b5dd7 P e67c373f3acb46df8cf39507ba5978ff [term 2 FOLLOWER]: Refusing update from remote peer a0bb606ce3014cdcab6955f7c5c2dd82: Log matching property violated. Preceding OpId in replica: term: 2 index: 4. Preceding OpId from leader: term: 2 index: 5. (index mismatch)
I20260608 10:01:11.266443 22586 consensus_queue.cc:1048] T 39d2c5f7f9ae4a3893583c12a70b5dd7 P a0bb606ce3014cdcab6955f7c5c2dd82 [LEADER]: Connected to new peer: Peer: permanent_uuid: "e67c373f3acb46df8cf39507ba5978ff" member_type: VOTER last_known_addr { host: "127.20.6.196" port: 37113 } attrs { promote: false }, Status: LMP_MISMATCH, Last received: 0.0, Next index: 5, Last known committed idx: 4, Time since last communication: 0.001s
I20260608 10:01:11.267659 22397 raft_consensus.cc:1275] T 39d2c5f7f9ae4a3893583c12a70b5dd7 P 4daeea8c49ab417798641d47be3558e0 [term 2 FOLLOWER]: Refusing update from remote peer a0bb606ce3014cdcab6955f7c5c2dd82: Log matching property violated. Preceding OpId in replica: term: 2 index: 4. Preceding OpId from leader: term: 2 index: 5. (index mismatch)
I20260608 10:01:11.270201 22586 consensus_queue.cc:1048] T 39d2c5f7f9ae4a3893583c12a70b5dd7 P a0bb606ce3014cdcab6955f7c5c2dd82 [LEADER]: Connected to new peer: Peer: permanent_uuid: "4daeea8c49ab417798641d47be3558e0" member_type: VOTER last_known_addr { host: "127.20.6.195" port: 39325 }, Status: LMP_MISMATCH, Last received: 0.0, Next index: 5, Last known committed idx: 4, Time since last communication: 0.000s
I20260608 10:01:11.277206 22587 raft_consensus.cc:2955] T 39d2c5f7f9ae4a3893583c12a70b5dd7 P a0bb606ce3014cdcab6955f7c5c2dd82 [term 2 LEADER]: Committing config change with OpId 2.5: config changed from index 4 to 5, VOTER ec1f8ffe0f3c479da5fd84eecce5330e (127.20.6.194) evicted. New config: { opid_index: 5 OBSOLETE_local: false peers { permanent_uuid: "a0bb606ce3014cdcab6955f7c5c2dd82" member_type: VOTER last_known_addr { host: "127.20.6.193" port: 46797 } } peers { permanent_uuid: "4daeea8c49ab417798641d47be3558e0" member_type: VOTER last_known_addr { host: "127.20.6.195" port: 39325 } } peers { permanent_uuid: "e67c373f3acb46df8cf39507ba5978ff" member_type: VOTER last_known_addr { host: "127.20.6.196" port: 37113 } attrs { promote: false } } }
I20260608 10:01:11.279448 22536 raft_consensus.cc:2955] T 39d2c5f7f9ae4a3893583c12a70b5dd7 P e67c373f3acb46df8cf39507ba5978ff [term 2 FOLLOWER]: Committing config change with OpId 2.5: config changed from index 4 to 5, VOTER ec1f8ffe0f3c479da5fd84eecce5330e (127.20.6.194) evicted. New config: { opid_index: 5 OBSOLETE_local: false peers { permanent_uuid: "a0bb606ce3014cdcab6955f7c5c2dd82" member_type: VOTER last_known_addr { host: "127.20.6.193" port: 46797 } } peers { permanent_uuid: "4daeea8c49ab417798641d47be3558e0" member_type: VOTER last_known_addr { host: "127.20.6.195" port: 39325 } } peers { permanent_uuid: "e67c373f3acb46df8cf39507ba5978ff" member_type: VOTER last_known_addr { host: "127.20.6.196" port: 37113 } attrs { promote: false } } }
I20260608 10:01:11.283104 22396 raft_consensus.cc:2955] T 39d2c5f7f9ae4a3893583c12a70b5dd7 P 4daeea8c49ab417798641d47be3558e0 [term 2 FOLLOWER]: Committing config change with OpId 2.5: config changed from index 4 to 5, VOTER ec1f8ffe0f3c479da5fd84eecce5330e (127.20.6.194) evicted. New config: { opid_index: 5 OBSOLETE_local: false peers { permanent_uuid: "a0bb606ce3014cdcab6955f7c5c2dd82" member_type: VOTER last_known_addr { host: "127.20.6.193" port: 46797 } } peers { permanent_uuid: "4daeea8c49ab417798641d47be3558e0" member_type: VOTER last_known_addr { host: "127.20.6.195" port: 39325 } } peers { permanent_uuid: "e67c373f3acb46df8cf39507ba5978ff" member_type: VOTER last_known_addr { host: "127.20.6.196" port: 37113 } attrs { promote: false } } }
I20260608 10:01:11.301522 22130 catalog_manager.cc:5209] ChangeConfig:REMOVE_PEER RPC for tablet 39d2c5f7f9ae4a3893583c12a70b5dd7 with cas_config_opid_index 4: ChangeConfig:REMOVE_PEER succeeded (attempt 1)
I20260608 10:01:11.302202 22144 catalog_manager.cc:5696] T 39d2c5f7f9ae4a3893583c12a70b5dd7 P e67c373f3acb46df8cf39507ba5978ff reported cstate change: config changed from index 4 to 5, VOTER ec1f8ffe0f3c479da5fd84eecce5330e (127.20.6.194) evicted. New cstate: current_term: 2 leader_uuid: "a0bb606ce3014cdcab6955f7c5c2dd82" committed_config { opid_index: 5 OBSOLETE_local: false peers { permanent_uuid: "a0bb606ce3014cdcab6955f7c5c2dd82" member_type: VOTER last_known_addr { host: "127.20.6.193" port: 46797 } } peers { permanent_uuid: "4daeea8c49ab417798641d47be3558e0" member_type: VOTER last_known_addr { host: "127.20.6.195" port: 39325 } } peers { permanent_uuid: "e67c373f3acb46df8cf39507ba5978ff" member_type: VOTER last_known_addr { host: "127.20.6.196" port: 37113 } attrs { promote: false } } }
I20260608 10:01:11.319962 22313 tablet_service.cc:1558] Processing DeleteTablet for tablet 39d2c5f7f9ae4a3893583c12a70b5dd7 with delete_type TABLET_DATA_TOMBSTONED (TS ec1f8ffe0f3c479da5fd84eecce5330e not found in new config with opid_index 5) from {username='slave'} at 127.0.0.1:50864
I20260608 10:01:11.326613 22598 tablet_replica.cc:333] T 39d2c5f7f9ae4a3893583c12a70b5dd7 P ec1f8ffe0f3c479da5fd84eecce5330e: stopping tablet replica
I20260608 10:01:11.327533 22598 raft_consensus.cc:2243] T 39d2c5f7f9ae4a3893583c12a70b5dd7 P ec1f8ffe0f3c479da5fd84eecce5330e [term 2 FOLLOWER]: Raft consensus shutting down.
I20260608 10:01:11.328393 22598 raft_consensus.cc:2272] T 39d2c5f7f9ae4a3893583c12a70b5dd7 P ec1f8ffe0f3c479da5fd84eecce5330e [term 2 FOLLOWER]: Raft consensus is shut down!
I20260608 10:01:11.331915 22598 ts_tablet_manager.cc:1916] T 39d2c5f7f9ae4a3893583c12a70b5dd7 P ec1f8ffe0f3c479da5fd84eecce5330e: Deleting tablet data with delete state TABLET_DATA_TOMBSTONED
I20260608 10:01:11.345232 22598 ts_tablet_manager.cc:1929] T 39d2c5f7f9ae4a3893583c12a70b5dd7 P ec1f8ffe0f3c479da5fd84eecce5330e: tablet deleted with delete type TABLET_DATA_TOMBSTONED: last-logged OpId 2.4
I20260608 10:01:11.345757 22598 log.cc:1199] T 39d2c5f7f9ae4a3893583c12a70b5dd7 P ec1f8ffe0f3c479da5fd84eecce5330e: Deleting WAL directory at /tmp/dist-test-task66EWrc/test-tmp/auto_rebalancer-test.0.AutoRebalancerTest.MovesScheduledIfAddTserver.1780912834926414-20507-0/minicluster-data/ts-1-root/wals/39d2c5f7f9ae4a3893583c12a70b5dd7
I20260608 10:01:11.347878 22131 catalog_manager.cc:5027] TS ec1f8ffe0f3c479da5fd84eecce5330e (127.20.6.194:42095): tablet 39d2c5f7f9ae4a3893583c12a70b5dd7 (table test-workload [id=05258f32c9ea44f9a64f75ded387a7d2]) successfully deleted
I20260608 10:01:12.560945 22199 auto_leader_rebalancer.cc:140] leader rebalance for table test-workload
I20260608 10:01:12.563889 22199 auto_leader_rebalancer.cc:388] table: test-workload, leader rebalance finish, leader transfer count: 0
I20260608 10:01:12.564354 22199 auto_leader_rebalancer.cc:451] All tables' leader rebalancing finished this round
I20260608 10:01:14.565590 22199 auto_leader_rebalancer.cc:140] leader rebalance for table test-workload
I20260608 10:01:14.568384 22199 auto_leader_rebalancer.cc:388] table: test-workload, leader rebalance finish, leader transfer count: 0
I20260608 10:01:14.568815 22199 auto_leader_rebalancer.cc:451] All tables' leader rebalancing finished this round
I20260608 10:01:16.570138 22199 auto_leader_rebalancer.cc:140] leader rebalance for table test-workload
I20260608 10:01:16.572944 22199 auto_leader_rebalancer.cc:388] table: test-workload, leader rebalance finish, leader transfer count: 0
I20260608 10:01:16.573376 22199 auto_leader_rebalancer.cc:451] All tables' leader rebalancing finished this round
I20260608 10:01:18.574560 22199 auto_leader_rebalancer.cc:140] leader rebalance for table test-workload
I20260608 10:01:18.577286 22199 auto_leader_rebalancer.cc:388] table: test-workload, leader rebalance finish, leader transfer count: 0
I20260608 10:01:18.577700 22199 auto_leader_rebalancer.cc:451] All tables' leader rebalancing finished this round
I20260608 10:01:20.578904 22199 auto_leader_rebalancer.cc:140] leader rebalance for table test-workload
I20260608 10:01:20.581574 22199 auto_leader_rebalancer.cc:388] table: test-workload, leader rebalance finish, leader transfer count: 0
I20260608 10:01:20.582026 22199 auto_leader_rebalancer.cc:451] All tables' leader rebalancing finished this round
I20260608 10:01:22.583209 22199 auto_leader_rebalancer.cc:140] leader rebalance for table test-workload
I20260608 10:01:22.585891 22199 auto_leader_rebalancer.cc:388] table: test-workload, leader rebalance finish, leader transfer count: 0
I20260608 10:01:22.586525 22199 auto_leader_rebalancer.cc:451] All tables' leader rebalancing finished this round
I20260608 10:01:23.485401 20507 tablet_server.cc:179] TabletServer@127.20.6.193:0 shutting down...
I20260608 10:01:23.521225 20507 ts_tablet_manager.cc:1507] Shutting down tablet manager...
I20260608 10:01:23.522192 20507 tablet_replica.cc:333] T 608c424cc0194533a04e0f2824949535 P a0bb606ce3014cdcab6955f7c5c2dd82: stopping tablet replica
I20260608 10:01:23.522886 20507 raft_consensus.cc:2243] T 608c424cc0194533a04e0f2824949535 P a0bb606ce3014cdcab6955f7c5c2dd82 [term 1 FOLLOWER]: Raft consensus shutting down.
I20260608 10:01:23.523692 20507 raft_consensus.cc:2272] T 608c424cc0194533a04e0f2824949535 P a0bb606ce3014cdcab6955f7c5c2dd82 [term 1 FOLLOWER]: Raft consensus is shut down!
I20260608 10:01:23.526516 20507 tablet_replica.cc:333] T 39d2c5f7f9ae4a3893583c12a70b5dd7 P a0bb606ce3014cdcab6955f7c5c2dd82: stopping tablet replica
I20260608 10:01:23.527127 20507 raft_consensus.cc:2243] T 39d2c5f7f9ae4a3893583c12a70b5dd7 P a0bb606ce3014cdcab6955f7c5c2dd82 [term 2 LEADER]: Raft consensus shutting down.
I20260608 10:01:23.528354 20507 raft_consensus.cc:2272] T 39d2c5f7f9ae4a3893583c12a70b5dd7 P a0bb606ce3014cdcab6955f7c5c2dd82 [term 2 FOLLOWER]: Raft consensus is shut down!
I20260608 10:01:23.572327 20507 tablet_server.cc:196] TabletServer@127.20.6.193:0 shutdown complete.
I20260608 10:01:23.589021 20507 tablet_server.cc:179] TabletServer@127.20.6.194:0 shutting down...
I20260608 10:01:23.620481 20507 ts_tablet_manager.cc:1507] Shutting down tablet manager...
I20260608 10:01:23.621481 20507 tablet_replica.cc:333] T 608c424cc0194533a04e0f2824949535 P ec1f8ffe0f3c479da5fd84eecce5330e: stopping tablet replica
I20260608 10:01:23.622174 20507 raft_consensus.cc:2243] T 608c424cc0194533a04e0f2824949535 P ec1f8ffe0f3c479da5fd84eecce5330e [term 1 LEADER]: Raft consensus shutting down.
I20260608 10:01:23.623309 20507 raft_consensus.cc:2272] T 608c424cc0194533a04e0f2824949535 P ec1f8ffe0f3c479da5fd84eecce5330e [term 1 FOLLOWER]: Raft consensus is shut down!
I20260608 10:01:23.647889 20507 tablet_server.cc:196] TabletServer@127.20.6.194:0 shutdown complete.
I20260608 10:01:23.665277 20507 tablet_server.cc:179] TabletServer@127.20.6.195:0 shutting down...
I20260608 10:01:23.696899 20507 ts_tablet_manager.cc:1507] Shutting down tablet manager...
I20260608 10:01:23.697907 20507 tablet_replica.cc:333] T 608c424cc0194533a04e0f2824949535 P 4daeea8c49ab417798641d47be3558e0: stopping tablet replica
I20260608 10:01:23.698896 20507 raft_consensus.cc:2243] T 608c424cc0194533a04e0f2824949535 P 4daeea8c49ab417798641d47be3558e0 [term 1 FOLLOWER]: Raft consensus shutting down.
I20260608 10:01:23.699901 20507 raft_consensus.cc:2272] T 608c424cc0194533a04e0f2824949535 P 4daeea8c49ab417798641d47be3558e0 [term 1 FOLLOWER]: Raft consensus is shut down!
I20260608 10:01:23.702693 20507 tablet_replica.cc:333] T 39d2c5f7f9ae4a3893583c12a70b5dd7 P 4daeea8c49ab417798641d47be3558e0: stopping tablet replica
I20260608 10:01:23.703294 20507 raft_consensus.cc:2243] T 39d2c5f7f9ae4a3893583c12a70b5dd7 P 4daeea8c49ab417798641d47be3558e0 [term 2 FOLLOWER]: Raft consensus shutting down.
I20260608 10:01:23.704420 20507 raft_consensus.cc:2272] T 39d2c5f7f9ae4a3893583c12a70b5dd7 P 4daeea8c49ab417798641d47be3558e0 [term 2 FOLLOWER]: Raft consensus is shut down!
I20260608 10:01:23.729591 20507 tablet_server.cc:196] TabletServer@127.20.6.195:0 shutdown complete.
I20260608 10:01:23.744922 20507 tablet_server.cc:179] TabletServer@127.20.6.196:0 shutting down...
I20260608 10:01:23.777558 20507 ts_tablet_manager.cc:1507] Shutting down tablet manager...
I20260608 10:01:23.778556 20507 tablet_replica.cc:333] T 39d2c5f7f9ae4a3893583c12a70b5dd7 P e67c373f3acb46df8cf39507ba5978ff: stopping tablet replica
I20260608 10:01:23.779305 20507 raft_consensus.cc:2243] T 39d2c5f7f9ae4a3893583c12a70b5dd7 P e67c373f3acb46df8cf39507ba5978ff [term 2 FOLLOWER]: Raft consensus shutting down.
I20260608 10:01:23.780159 20507 raft_consensus.cc:2272] T 39d2c5f7f9ae4a3893583c12a70b5dd7 P e67c373f3acb46df8cf39507ba5978ff [term 2 FOLLOWER]: Raft consensus is shut down!
I20260608 10:01:23.802182 20507 tablet_server.cc:196] TabletServer@127.20.6.196:0 shutdown complete.
I20260608 10:01:23.816768 20507 master.cc:562] Master@127.20.6.254:42305 shutting down...
I20260608 10:01:23.841033 20507 raft_consensus.cc:2243] T 00000000000000000000000000000000 P 57857f2673d54fc3abe9d2fbc03b9209 [term 1 LEADER]: Raft consensus shutting down.
I20260608 10:01:23.841859 20507 raft_consensus.cc:2272] T 00000000000000000000000000000000 P 57857f2673d54fc3abe9d2fbc03b9209 [term 1 FOLLOWER]: Raft consensus is shut down!
I20260608 10:01:23.842262 20507 tablet_replica.cc:333] T 00000000000000000000000000000000 P 57857f2673d54fc3abe9d2fbc03b9209: stopping tablet replica
I20260608 10:01:23.865025 20507 master.cc:584] Master@127.20.6.254:42305 shutdown complete.
[       OK ] AutoRebalancerTest.MovesScheduledIfAddTserver (27573 ms)
[ RUN      ] AutoRebalancerTest.NoReplicaMovesIfNoTservers
I20260608 10:01:23.911918 20507 internal_mini_cluster.cc:156] Creating distributed mini masters. Addrs: 127.20.6.254:38881
I20260608 10:01:23.913348 20507 file_cache.cc:492] Constructed file cache file cache with capacity 419430
W20260608 10:01:23.920531 22603 instance_detector.cc:116] could not retrieve AWS instance metadata: Network error: curl error: HTTP response code said error: The requested URL returned error: 404
W20260608 10:01:23.920771 22604 instance_detector.cc:116] could not retrieve Azure instance metadata: Network error: curl error: HTTP response code said error: The requested URL returned error: 404
I20260608 10:01:23.922593 20507 server_base.cc:1061] running on GCE node
W20260608 10:01:23.923272 22606 instance_detector.cc:116] could not retrieve OpenStack instance metadata: Network error: curl error: HTTP response code said error: The requested URL returned error: 404
I20260608 10:01:23.924536 20507 hybrid_clock.cc:584] initializing the hybrid clock with 'system_unsync' time source
W20260608 10:01:23.924779 20507 system_unsync_time.cc:38] NTP support is disabled. Clock error bounds will not be accurate. This configuration is not suitable for distributed clusters.
I20260608 10:01:23.924925 20507 hybrid_clock.cc:648] HybridClock initialized: now 1780912883924909 us; error 0 us; skew 500 ppm
I20260608 10:01:23.925577 20507 server_base.cc:861] Flag tcmalloc_max_total_thread_cache_bytes is not working since tcmalloc is not enabled.
I20260608 10:01:23.930838 20507 webserver.cc:533] Webserver started at http://127.20.6.254:35621/ using document root <none> and password file <none>
I20260608 10:01:23.931939 20507 fs_manager.cc:362] Metadata directory not provided
I20260608 10:01:23.932215 20507 fs_manager.cc:368] Using write-ahead log directory (fs_wal_dir) as metadata directory
I20260608 10:01:23.932687 20507 server_base.cc:909] This appears to be a new deployment of Kudu; creating new FS layout
I20260608 10:01:23.934799 20507 fs_manager.cc:1068] Generated new instance metadata in path /tmp/dist-test-task66EWrc/test-tmp/auto_rebalancer-test.0.AutoRebalancerTest.NoReplicaMovesIfNoTservers.1780912834926414-20507-0/minicluster-data/master-0-root/instance:
uuid: "351f3a587be44403adacbd1a9502a25f"
format_stamp: "Formatted at 2026-06-08 10:01:23 on dist-test-slave-6rrk"
I20260608 10:01:23.945087 20507 fs_manager.cc:696] Time spent creating directory manager: real 0.009s	user 0.003s	sys 0.005s
I20260608 10:01:23.952929 22611 log_block_manager.cc:4031] Time spent loading block containers with low live blocks: real 0.000s	user 0.000s	sys 0.000s
I20260608 10:01:23.954509 20507 fs_manager.cc:730] Time spent opening block manager: real 0.005s	user 0.004s	sys 0.001s
I20260608 10:01:23.955166 20507 fs_manager.cc:647] Opened local filesystem: /tmp/dist-test-task66EWrc/test-tmp/auto_rebalancer-test.0.AutoRebalancerTest.NoReplicaMovesIfNoTservers.1780912834926414-20507-0/minicluster-data/master-0-root
uuid: "351f3a587be44403adacbd1a9502a25f"
format_stamp: "Formatted at 2026-06-08 10:01:23 on dist-test-slave-6rrk"
I20260608 10:01:23.955816 20507 fs_report.cc:389] FS layout report
--------------------
wal directory: /tmp/dist-test-task66EWrc/test-tmp/auto_rebalancer-test.0.AutoRebalancerTest.NoReplicaMovesIfNoTservers.1780912834926414-20507-0/minicluster-data/master-0-root
metadata directory: /tmp/dist-test-task66EWrc/test-tmp/auto_rebalancer-test.0.AutoRebalancerTest.NoReplicaMovesIfNoTservers.1780912834926414-20507-0/minicluster-data/master-0-root
1 data directories: /tmp/dist-test-task66EWrc/test-tmp/auto_rebalancer-test.0.AutoRebalancerTest.NoReplicaMovesIfNoTservers.1780912834926414-20507-0/minicluster-data/master-0-root/data
Total live blocks: 0
Total live bytes: 0
Total live bytes (after alignment): 0
Total number of LBM containers: 0 (0 full)
Did not check for missing blocks
Did not check for orphaned blocks
Total full LBM containers with extra space: 0 (0 repaired)
Total full LBM container extra space in bytes: 0 (0 repaired)
Total incomplete LBM containers: 0 (0 repaired)
Total LBM partial records: 0 (0 repaired)
Total corrupted LBM metadata records in RocksDB: 0 (0 repaired)
I20260608 10:01:23.984850 20507 rpc_server.cc:225] running with OpenSSL 1.1.1  11 Sep 2018
I20260608 10:01:23.986778 20507 kserver.cc:163] Server-wide thread pool size limit: 3276
I20260608 10:01:24.056414 20507 rpc_server.cc:307] RPC server started. Bound to: 127.20.6.254:38881
I20260608 10:01:24.056568 22662 acceptor_pool.cc:272] collecting diagnostics on the listening RPC socket 127.20.6.254:38881 every 8 connection(s)
I20260608 10:01:24.061709 22663 data_dirs.cc:400] Could only allocate 1 dirs of requested 3 for tablet 00000000000000000000000000000000. 1 dirs total, 0 dirs full, 0 dirs failed
I20260608 10:01:24.075014 22663 tablet_bootstrap.cc:492] T 00000000000000000000000000000000 P 351f3a587be44403adacbd1a9502a25f: Bootstrap starting.
I20260608 10:01:24.081441 22663 tablet_bootstrap.cc:654] T 00000000000000000000000000000000 P 351f3a587be44403adacbd1a9502a25f: Neither blocks nor log segments found. Creating new log.
I20260608 10:01:24.086759 22663 tablet_bootstrap.cc:492] T 00000000000000000000000000000000 P 351f3a587be44403adacbd1a9502a25f: No bootstrap required, opened a new log
I20260608 10:01:24.089615 22663 raft_consensus.cc:359] T 00000000000000000000000000000000 P 351f3a587be44403adacbd1a9502a25f [term 0 FOLLOWER]: Replica starting. Triggering 0 pending ops. Active config: opid_index: -1 OBSOLETE_local: true peers { permanent_uuid: "351f3a587be44403adacbd1a9502a25f" member_type: VOTER }
I20260608 10:01:24.090126 22663 raft_consensus.cc:385] T 00000000000000000000000000000000 P 351f3a587be44403adacbd1a9502a25f [term 0 FOLLOWER]: Consensus starting up: Expiring failure detector timer to make a prompt election more likely
I20260608 10:01:24.090412 22663 raft_consensus.cc:740] T 00000000000000000000000000000000 P 351f3a587be44403adacbd1a9502a25f [term 0 FOLLOWER]: Becoming Follower/Learner. State: Replica: 351f3a587be44403adacbd1a9502a25f, State: Initialized, Role: FOLLOWER
I20260608 10:01:24.091180 22663 consensus_queue.cc:260] T 00000000000000000000000000000000 P 351f3a587be44403adacbd1a9502a25f [NON_LEADER]: Queue going to NON_LEADER mode. State: All replicated index: 0, Majority replicated index: 0, Committed index: 0, Last appended: 0.0, Last appended by leader: 0, Current term: 0, Majority size: -1, State: 0, Mode: NON_LEADER, active raft config: opid_index: -1 OBSOLETE_local: true peers { permanent_uuid: "351f3a587be44403adacbd1a9502a25f" member_type: VOTER }
I20260608 10:01:24.091789 22663 raft_consensus.cc:399] T 00000000000000000000000000000000 P 351f3a587be44403adacbd1a9502a25f [term 0 FOLLOWER]: Only one voter in the Raft config. Triggering election immediately
I20260608 10:01:24.092054 22663 raft_consensus.cc:493] T 00000000000000000000000000000000 P 351f3a587be44403adacbd1a9502a25f [term 0 FOLLOWER]: Starting leader election (initial election of a single-replica configuration)
I20260608 10:01:24.092352 22663 raft_consensus.cc:3060] T 00000000000000000000000000000000 P 351f3a587be44403adacbd1a9502a25f [term 0 FOLLOWER]: Advancing to term 1
I20260608 10:01:24.097710 22663 raft_consensus.cc:515] T 00000000000000000000000000000000 P 351f3a587be44403adacbd1a9502a25f [term 1 FOLLOWER]: Starting leader election with config: opid_index: -1 OBSOLETE_local: true peers { permanent_uuid: "351f3a587be44403adacbd1a9502a25f" member_type: VOTER }
I20260608 10:01:24.098466 22663 leader_election.cc:304] T 00000000000000000000000000000000 P 351f3a587be44403adacbd1a9502a25f [CANDIDATE]: Term 1 election: Election decided. Result: candidate won. Election summary: received 1 responses out of 1 voters: 1 yes votes; 0 no votes. yes voters: 351f3a587be44403adacbd1a9502a25f; no voters: 
I20260608 10:01:24.100183 22663 leader_election.cc:290] T 00000000000000000000000000000000 P 351f3a587be44403adacbd1a9502a25f [CANDIDATE]: Term 1 election: Requested vote from peers 
I20260608 10:01:24.100811 22666 raft_consensus.cc:2804] T 00000000000000000000000000000000 P 351f3a587be44403adacbd1a9502a25f [term 1 FOLLOWER]: Leader election won for term 1
I20260608 10:01:24.102504 22666 raft_consensus.cc:697] T 00000000000000000000000000000000 P 351f3a587be44403adacbd1a9502a25f [term 1 LEADER]: Becoming Leader. State: Replica: 351f3a587be44403adacbd1a9502a25f, State: Running, Role: LEADER
I20260608 10:01:24.103477 22666 consensus_queue.cc:237] T 00000000000000000000000000000000 P 351f3a587be44403adacbd1a9502a25f [LEADER]: Queue going to LEADER mode. State: All replicated index: 0, Majority replicated index: 0, Committed index: 0, Last appended: 0.0, Last appended by leader: 0, Current term: 1, Majority size: 1, State: 0, Mode: LEADER, active raft config: opid_index: -1 OBSOLETE_local: true peers { permanent_uuid: "351f3a587be44403adacbd1a9502a25f" member_type: VOTER }
I20260608 10:01:24.104075 22663 sys_catalog.cc:565] T 00000000000000000000000000000000 P 351f3a587be44403adacbd1a9502a25f [sys.catalog]: configured and running, proceeding with master startup.
I20260608 10:01:24.109928 22668 sys_catalog.cc:455] T 00000000000000000000000000000000 P 351f3a587be44403adacbd1a9502a25f [sys.catalog]: SysCatalogTable state changed. Reason: New leader 351f3a587be44403adacbd1a9502a25f. Latest consensus state: current_term: 1 leader_uuid: "351f3a587be44403adacbd1a9502a25f" committed_config { opid_index: -1 OBSOLETE_local: true peers { permanent_uuid: "351f3a587be44403adacbd1a9502a25f" member_type: VOTER } }
I20260608 10:01:24.111001 22668 sys_catalog.cc:458] T 00000000000000000000000000000000 P 351f3a587be44403adacbd1a9502a25f [sys.catalog]: This master's current role is: LEADER
I20260608 10:01:24.112936 22667 sys_catalog.cc:455] T 00000000000000000000000000000000 P 351f3a587be44403adacbd1a9502a25f [sys.catalog]: SysCatalogTable state changed. Reason: RaftConsensus started. Latest consensus state: current_term: 1 leader_uuid: "351f3a587be44403adacbd1a9502a25f" committed_config { opid_index: -1 OBSOLETE_local: true peers { permanent_uuid: "351f3a587be44403adacbd1a9502a25f" member_type: VOTER } }
I20260608 10:01:24.113829 22675 catalog_manager.cc:1510] Loading table and tablet metadata into memory...
I20260608 10:01:24.113883 22667 sys_catalog.cc:458] T 00000000000000000000000000000000 P 351f3a587be44403adacbd1a9502a25f [sys.catalog]: This master's current role is: LEADER
I20260608 10:01:24.122219 22675 catalog_manager.cc:1519] Initializing Kudu cluster ID...
I20260608 10:01:24.123478 20507 internal_mini_cluster.cc:184] Waiting to initialize catalog manager on master 0
I20260608 10:01:24.135157 22675 catalog_manager.cc:1382] Generated new cluster ID: 725ec8923c2448e58a42592fd9a8e45f
I20260608 10:01:24.135643 22675 catalog_manager.cc:1530] Initializing Kudu internal certificate authority...
I20260608 10:01:24.154806 22675 catalog_manager.cc:1405] Generated new certificate authority record
I20260608 10:01:24.156576 22675 catalog_manager.cc:1539] Loading token signing keys...
I20260608 10:01:24.187386 22675 catalog_manager.cc:6069] T 00000000000000000000000000000000 P 351f3a587be44403adacbd1a9502a25f: Generated new TSK 0
I20260608 10:01:24.188225 22675 catalog_manager.cc:1549] Initializing in-progress tserver states...
I20260608 10:01:24.255062 20507 internal_mini_cluster.cc:371] 0 TS(s) registered with all masters after 0.000245514s
I20260608 10:01:36.357324 20507 master.cc:562] Master@127.20.6.254:38881 shutting down...
I20260608 10:01:36.400516 20507 raft_consensus.cc:2243] T 00000000000000000000000000000000 P 351f3a587be44403adacbd1a9502a25f [term 1 LEADER]: Raft consensus shutting down.
I20260608 10:01:36.401479 20507 raft_consensus.cc:2272] T 00000000000000000000000000000000 P 351f3a587be44403adacbd1a9502a25f [term 1 FOLLOWER]: Raft consensus is shut down!
I20260608 10:01:36.401901 20507 tablet_replica.cc:333] T 00000000000000000000000000000000 P 351f3a587be44403adacbd1a9502a25f: stopping tablet replica
I20260608 10:01:36.424270 20507 master.cc:584] Master@127.20.6.254:38881 shutdown complete.
[       OK ] AutoRebalancerTest.NoReplicaMovesIfNoTservers (12551 ms)
[ RUN      ] AutoRebalancerTest.NoReplicaMovesIfNoTablets
I20260608 10:01:36.463064 20507 internal_mini_cluster.cc:156] Creating distributed mini masters. Addrs: 127.20.6.254:41693
I20260608 10:01:36.464679 20507 file_cache.cc:492] Constructed file cache file cache with capacity 419430
W20260608 10:01:36.472545 22687 instance_detector.cc:116] could not retrieve AWS instance metadata: Network error: curl error: HTTP response code said error: The requested URL returned error: 404
W20260608 10:01:36.472551 22688 instance_detector.cc:116] could not retrieve Azure instance metadata: Network error: curl error: HTTP response code said error: The requested URL returned error: 404
W20260608 10:01:36.474371 22690 instance_detector.cc:116] could not retrieve OpenStack instance metadata: Network error: curl error: HTTP response code said error: The requested URL returned error: 404
I20260608 10:01:36.475311 20507 server_base.cc:1061] running on GCE node
I20260608 10:01:36.476257 20507 hybrid_clock.cc:584] initializing the hybrid clock with 'system_unsync' time source
