I20260608 10:01:55.769281  3821 ts_tablet_manager.cc:595] Time spent register tablets: real 0.000s	user 0.000s	sys 0.000s
I20260608 10:01:55.819602  3821 rpc_server.cc:307] RPC server started. Bound to: 127.3.187.67:33329
I20260608 10:01:55.819782  6993 acceptor_pool.cc:272] collecting diagnostics on the listening RPC socket 127.3.187.67:33329 every 8 connection(s)
I20260608 10:01:55.836732  6994 heartbeater.cc:344] Connected to a master server at 127.3.187.126:33125
I20260608 10:01:55.837304  6994 heartbeater.cc:461] Registering TS with master...
I20260608 10:01:55.838071  6994 heartbeater.cc:507] Master 127.3.187.126:33125 requested a full tablet report, sending...
I20260608 10:01:55.840644  6718 ts_manager.cc:194] Registered new tserver with Master: bcf12e155fe54a8c86469b6a676e0d98 (127.3.187.67:33329)
I20260608 10:01:55.840965  3821 internal_mini_cluster.cc:371] 3 TS(s) registered with all masters after 0.017810002s
I20260608 10:01:55.842366  6718 master_service.cc:502] Signed X509 certificate for tserver {username='slave'} at 127.0.0.1:40956
I20260608 10:01:56.618162  6845 heartbeater.cc:499] Master 127.3.187.126:33125 was elected leader, sending a full tablet report...
I20260608 10:01:56.737139  6920 heartbeater.cc:499] Master 127.3.187.126:33125 was elected leader, sending a full tablet report...
I20260608 10:01:56.845701  6994 heartbeater.cc:499] Master 127.3.187.126:33125 was elected leader, sending a full tablet report...
I20260608 10:01:56.903859  6718 catalog_manager.cc:2282] Servicing CreateTable request from {username='slave'} at 127.0.0.1:40966:
name: "range_aware_rebalance_new_range"
schema {
  columns {
    name: "key"
    type: INT32
    is_key: true
    is_nullable: false
    encoding: AUTO_ENCODING
    compression: DEFAULT_COMPRESSION
    cfile_block_size: 0
    immutable: false
  }
}
num_replicas: 3
split_rows_range_bounds {
  rows: "\006\001\000\000\000\000\007\001\n\000\000\000""\006\001\000\000\000\000\007\001\n\000\000\000"
  indirect_data: """"
}
partition_schema {
  hash_schema {
    columns {
      name: "key"
    }
    num_buckets: 8
    seed: 0
  }
  range_schema {
    columns {
      name: "key"
    }
  }
}
W20260608 10:01:56.906626  6718 catalog_manager.cc:7076] The number of live tablet servers is not enough to re-replicate a tablet replica of the newly created table range_aware_rebalance_new_range in case of a server failure: 4 tablet servers would be needed, 3 are available. Consider bringing up more tablet servers.
I20260608 10:01:56.982790  6810 tablet_service.cc:1511] Processing CreateTablet for tablet 684ebffd514940559081825082f37a90 (DEFAULT_TABLE table=range_aware_rebalance_new_range [id=1599be31842747d6893a28502b08dd40]), partition=HASH (key) PARTITION 0, RANGE (key) PARTITION 0 <= VALUES < 10
I20260608 10:01:56.985981  6810 data_dirs.cc:400] Could only allocate 1 dirs of requested 3 for tablet 684ebffd514940559081825082f37a90. 1 dirs total, 0 dirs full, 0 dirs failed
I20260608 10:01:56.988289  6882 tablet_service.cc:1511] Processing CreateTablet for tablet d1a8a37e61ca42baa555fc5925ea2140 (DEFAULT_TABLE table=range_aware_rebalance_new_range [id=1599be31842747d6893a28502b08dd40]), partition=HASH (key) PARTITION 3, RANGE (key) PARTITION 0 <= VALUES < 10
I20260608 10:01:56.988674  6885 tablet_service.cc:1511] Processing CreateTablet for tablet 684ebffd514940559081825082f37a90 (DEFAULT_TABLE table=range_aware_rebalance_new_range [id=1599be31842747d6893a28502b08dd40]), partition=HASH (key) PARTITION 0, RANGE (key) PARTITION 0 <= VALUES < 10
I20260608 10:01:56.990002  6882 data_dirs.cc:400] Could only allocate 1 dirs of requested 3 for tablet d1a8a37e61ca42baa555fc5925ea2140. 1 dirs total, 0 dirs full, 0 dirs failed
I20260608 10:01:56.989946  6883 tablet_service.cc:1511] Processing CreateTablet for tablet fc11f59302da41818840002271f58dc0 (DEFAULT_TABLE table=range_aware_rebalance_new_range [id=1599be31842747d6893a28502b08dd40]), partition=HASH (key) PARTITION 2, RANGE (key) PARTITION 0 <= VALUES < 10
I20260608 10:01:56.991348  6885 data_dirs.cc:400] Could only allocate 1 dirs of requested 3 for tablet 684ebffd514940559081825082f37a90. 1 dirs total, 0 dirs full, 0 dirs failed
I20260608 10:01:56.992074  6881 tablet_service.cc:1511] Processing CreateTablet for tablet 7d0d28f873014440a2228ccab5fab323 (DEFAULT_TABLE table=range_aware_rebalance_new_range [id=1599be31842747d6893a28502b08dd40]), partition=HASH (key) PARTITION 4, RANGE (key) PARTITION 0 <= VALUES < 10
I20260608 10:01:56.992913  6884 tablet_service.cc:1511] Processing CreateTablet for tablet cab74da813c149b5b063dfaaa429b627 (DEFAULT_TABLE table=range_aware_rebalance_new_range [id=1599be31842747d6893a28502b08dd40]), partition=HASH (key) PARTITION 1, RANGE (key) PARTITION 0 <= VALUES < 10
I20260608 10:01:56.993597  6881 data_dirs.cc:400] Could only allocate 1 dirs of requested 3 for tablet 7d0d28f873014440a2228ccab5fab323. 1 dirs total, 0 dirs full, 0 dirs failed
I20260608 10:01:56.994382  6884 data_dirs.cc:400] Could only allocate 1 dirs of requested 3 for tablet cab74da813c149b5b063dfaaa429b627. 1 dirs total, 0 dirs full, 0 dirs failed
I20260608 10:01:56.996377  6883 data_dirs.cc:400] Could only allocate 1 dirs of requested 3 for tablet fc11f59302da41818840002271f58dc0. 1 dirs total, 0 dirs full, 0 dirs failed
I20260608 10:01:56.996136  6880 tablet_service.cc:1511] Processing CreateTablet for tablet 64b85b748845462e8acc6bea39409c5d (DEFAULT_TABLE table=range_aware_rebalance_new_range [id=1599be31842747d6893a28502b08dd40]), partition=HASH (key) PARTITION 5, RANGE (key) PARTITION 0 <= VALUES < 10
I20260608 10:01:56.998195  6880 data_dirs.cc:400] Could only allocate 1 dirs of requested 3 for tablet 64b85b748845462e8acc6bea39409c5d. 1 dirs total, 0 dirs full, 0 dirs failed
I20260608 10:01:57.001964  6879 tablet_service.cc:1511] Processing CreateTablet for tablet 38b075d04f1d4a76abdde220dffd780c (DEFAULT_TABLE table=range_aware_rebalance_new_range [id=1599be31842747d6893a28502b08dd40]), partition=HASH (key) PARTITION 6, RANGE (key) PARTITION 0 <= VALUES < 10
I20260608 10:01:57.003328  6878 tablet_service.cc:1511] Processing CreateTablet for tablet 19206026b75847279b389555a094442d (DEFAULT_TABLE table=range_aware_rebalance_new_range [id=1599be31842747d6893a28502b08dd40]), partition=HASH (key) PARTITION 7, RANGE (key) PARTITION 0 <= VALUES < 10
I20260608 10:01:57.004441  6879 data_dirs.cc:400] Could only allocate 1 dirs of requested 3 for tablet 38b075d04f1d4a76abdde220dffd780c. 1 dirs total, 0 dirs full, 0 dirs failed
I20260608 10:01:57.005831  6878 data_dirs.cc:400] Could only allocate 1 dirs of requested 3 for tablet 19206026b75847279b389555a094442d. 1 dirs total, 0 dirs full, 0 dirs failed
I20260608 10:01:57.024156  6809 tablet_service.cc:1511] Processing CreateTablet for tablet cab74da813c149b5b063dfaaa429b627 (DEFAULT_TABLE table=range_aware_rebalance_new_range [id=1599be31842747d6893a28502b08dd40]), partition=HASH (key) PARTITION 1, RANGE (key) PARTITION 0 <= VALUES < 10
I20260608 10:01:57.025961  6809 data_dirs.cc:400] Could only allocate 1 dirs of requested 3 for tablet cab74da813c149b5b063dfaaa429b627. 1 dirs total, 0 dirs full, 0 dirs failed
I20260608 10:01:57.035926  6808 tablet_service.cc:1511] Processing CreateTablet for tablet fc11f59302da41818840002271f58dc0 (DEFAULT_TABLE table=range_aware_rebalance_new_range [id=1599be31842747d6893a28502b08dd40]), partition=HASH (key) PARTITION 2, RANGE (key) PARTITION 0 <= VALUES < 10
I20260608 10:01:57.038096  6808 data_dirs.cc:400] Could only allocate 1 dirs of requested 3 for tablet fc11f59302da41818840002271f58dc0. 1 dirs total, 0 dirs full, 0 dirs failed
I20260608 10:01:57.043470  6807 tablet_service.cc:1511] Processing CreateTablet for tablet d1a8a37e61ca42baa555fc5925ea2140 (DEFAULT_TABLE table=range_aware_rebalance_new_range [id=1599be31842747d6893a28502b08dd40]), partition=HASH (key) PARTITION 3, RANGE (key) PARTITION 0 <= VALUES < 10
I20260608 10:01:57.045526  6807 data_dirs.cc:400] Could only allocate 1 dirs of requested 3 for tablet d1a8a37e61ca42baa555fc5925ea2140. 1 dirs total, 0 dirs full, 0 dirs failed
I20260608 10:01:57.047646  6803 tablet_service.cc:1511] Processing CreateTablet for tablet 19206026b75847279b389555a094442d (DEFAULT_TABLE table=range_aware_rebalance_new_range [id=1599be31842747d6893a28502b08dd40]), partition=HASH (key) PARTITION 7, RANGE (key) PARTITION 0 <= VALUES < 10
I20260608 10:01:57.049373  6803 data_dirs.cc:400] Could only allocate 1 dirs of requested 3 for tablet 19206026b75847279b389555a094442d. 1 dirs total, 0 dirs full, 0 dirs failed
I20260608 10:01:57.050244  6804 tablet_service.cc:1511] Processing CreateTablet for tablet 38b075d04f1d4a76abdde220dffd780c (DEFAULT_TABLE table=range_aware_rebalance_new_range [id=1599be31842747d6893a28502b08dd40]), partition=HASH (key) PARTITION 6, RANGE (key) PARTITION 0 <= VALUES < 10
I20260608 10:01:57.051421  6959 tablet_service.cc:1511] Processing CreateTablet for tablet 684ebffd514940559081825082f37a90 (DEFAULT_TABLE table=range_aware_rebalance_new_range [id=1599be31842747d6893a28502b08dd40]), partition=HASH (key) PARTITION 0, RANGE (key) PARTITION 0 <= VALUES < 10
I20260608 10:01:57.052089  6955 tablet_service.cc:1511] Processing CreateTablet for tablet 7d0d28f873014440a2228ccab5fab323 (DEFAULT_TABLE table=range_aware_rebalance_new_range [id=1599be31842747d6893a28502b08dd40]), partition=HASH (key) PARTITION 4, RANGE (key) PARTITION 0 <= VALUES < 10
I20260608 10:01:57.053951  6958 tablet_service.cc:1511] Processing CreateTablet for tablet cab74da813c149b5b063dfaaa429b627 (DEFAULT_TABLE table=range_aware_rebalance_new_range [id=1599be31842747d6893a28502b08dd40]), partition=HASH (key) PARTITION 1, RANGE (key) PARTITION 0 <= VALUES < 10
I20260608 10:01:57.044601  6806 tablet_service.cc:1511] Processing CreateTablet for tablet 7d0d28f873014440a2228ccab5fab323 (DEFAULT_TABLE table=range_aware_rebalance_new_range [id=1599be31842747d6893a28502b08dd40]), partition=HASH (key) PARTITION 4, RANGE (key) PARTITION 0 <= VALUES < 10
I20260608 10:01:57.056069  6954 tablet_service.cc:1511] Processing CreateTablet for tablet 64b85b748845462e8acc6bea39409c5d (DEFAULT_TABLE table=range_aware_rebalance_new_range [id=1599be31842747d6893a28502b08dd40]), partition=HASH (key) PARTITION 5, RANGE (key) PARTITION 0 <= VALUES < 10
I20260608 10:01:57.057448  6804 data_dirs.cc:400] Could only allocate 1 dirs of requested 3 for tablet 38b075d04f1d4a76abdde220dffd780c. 1 dirs total, 0 dirs full, 0 dirs failed
I20260608 10:01:57.059311  6956 tablet_service.cc:1511] Processing CreateTablet for tablet d1a8a37e61ca42baa555fc5925ea2140 (DEFAULT_TABLE table=range_aware_rebalance_new_range [id=1599be31842747d6893a28502b08dd40]), partition=HASH (key) PARTITION 3, RANGE (key) PARTITION 0 <= VALUES < 10
I20260608 10:01:57.057075  6957 tablet_service.cc:1511] Processing CreateTablet for tablet fc11f59302da41818840002271f58dc0 (DEFAULT_TABLE table=range_aware_rebalance_new_range [id=1599be31842747d6893a28502b08dd40]), partition=HASH (key) PARTITION 2, RANGE (key) PARTITION 0 <= VALUES < 10
I20260608 10:01:57.060178  6953 tablet_service.cc:1511] Processing CreateTablet for tablet 38b075d04f1d4a76abdde220dffd780c (DEFAULT_TABLE table=range_aware_rebalance_new_range [id=1599be31842747d6893a28502b08dd40]), partition=HASH (key) PARTITION 6, RANGE (key) PARTITION 0 <= VALUES < 10
I20260608 10:01:57.064502  6959 data_dirs.cc:400] Could only allocate 1 dirs of requested 3 for tablet 684ebffd514940559081825082f37a90. 1 dirs total, 0 dirs full, 0 dirs failed
I20260608 10:01:57.063988  6952 tablet_service.cc:1511] Processing CreateTablet for tablet 19206026b75847279b389555a094442d (DEFAULT_TABLE table=range_aware_rebalance_new_range [id=1599be31842747d6893a28502b08dd40]), partition=HASH (key) PARTITION 7, RANGE (key) PARTITION 0 <= VALUES < 10
I20260608 10:01:57.065459  6953 data_dirs.cc:400] Could only allocate 1 dirs of requested 3 for tablet 38b075d04f1d4a76abdde220dffd780c. 1 dirs total, 0 dirs full, 0 dirs failed
I20260608 10:01:57.047214  6805 tablet_service.cc:1511] Processing CreateTablet for tablet 64b85b748845462e8acc6bea39409c5d (DEFAULT_TABLE table=range_aware_rebalance_new_range [id=1599be31842747d6893a28502b08dd40]), partition=HASH (key) PARTITION 5, RANGE (key) PARTITION 0 <= VALUES < 10
I20260608 10:01:57.066437  6952 data_dirs.cc:400] Could only allocate 1 dirs of requested 3 for tablet 19206026b75847279b389555a094442d. 1 dirs total, 0 dirs full, 0 dirs failed
I20260608 10:01:57.067327  6958 data_dirs.cc:400] Could only allocate 1 dirs of requested 3 for tablet cab74da813c149b5b063dfaaa429b627. 1 dirs total, 0 dirs full, 0 dirs failed
I20260608 10:01:57.077332  6956 data_dirs.cc:400] Could only allocate 1 dirs of requested 3 for tablet d1a8a37e61ca42baa555fc5925ea2140. 1 dirs total, 0 dirs full, 0 dirs failed
I20260608 10:01:57.081378  6955 data_dirs.cc:400] Could only allocate 1 dirs of requested 3 for tablet 7d0d28f873014440a2228ccab5fab323. 1 dirs total, 0 dirs full, 0 dirs failed
I20260608 10:01:57.082660  6954 data_dirs.cc:400] Could only allocate 1 dirs of requested 3 for tablet 64b85b748845462e8acc6bea39409c5d. 1 dirs total, 0 dirs full, 0 dirs failed
I20260608 10:01:57.089483  6957 data_dirs.cc:400] Could only allocate 1 dirs of requested 3 for tablet fc11f59302da41818840002271f58dc0. 1 dirs total, 0 dirs full, 0 dirs failed
I20260608 10:01:57.091830  6806 data_dirs.cc:400] Could only allocate 1 dirs of requested 3 for tablet 7d0d28f873014440a2228ccab5fab323. 1 dirs total, 0 dirs full, 0 dirs failed
I20260608 10:01:57.093926  6805 data_dirs.cc:400] Could only allocate 1 dirs of requested 3 for tablet 64b85b748845462e8acc6bea39409c5d. 1 dirs total, 0 dirs full, 0 dirs failed
I20260608 10:01:57.204216  7014 tablet_bootstrap.cc:492] T fc11f59302da41818840002271f58dc0 P a84154c141724f189e54f69b8810caf0: Bootstrap starting.
I20260608 10:01:57.220768  7014 tablet_bootstrap.cc:654] T fc11f59302da41818840002271f58dc0 P a84154c141724f189e54f69b8810caf0: Neither blocks nor log segments found. Creating new log.
I20260608 10:01:57.249873  7014 tablet_bootstrap.cc:492] T fc11f59302da41818840002271f58dc0 P a84154c141724f189e54f69b8810caf0: No bootstrap required, opened a new log
I20260608 10:01:57.250463  7014 ts_tablet_manager.cc:1403] T fc11f59302da41818840002271f58dc0 P a84154c141724f189e54f69b8810caf0: Time spent bootstrapping tablet: real 0.047s	user 0.006s	sys 0.008s
I20260608 10:01:57.248127  7015 tablet_bootstrap.cc:492] T cab74da813c149b5b063dfaaa429b627 P bcf12e155fe54a8c86469b6a676e0d98: Bootstrap starting.
I20260608 10:01:57.253818  7014 raft_consensus.cc:359] T fc11f59302da41818840002271f58dc0 P a84154c141724f189e54f69b8810caf0 [term 0 FOLLOWER]: Replica starting. Triggering 0 pending ops. Active config: opid_index: -1 OBSOLETE_local: false peers { permanent_uuid: "a8bd7de4e266422a8a452513f2732889" member_type: VOTER last_known_addr { host: "127.3.187.65" port: 36513 } } peers { permanent_uuid: "a84154c141724f189e54f69b8810caf0" member_type: VOTER last_known_addr { host: "127.3.187.66" port: 40821 } } peers { permanent_uuid: "bcf12e155fe54a8c86469b6a676e0d98" member_type: VOTER last_known_addr { host: "127.3.187.67" port: 33329 } }
I20260608 10:01:57.254690  7014 raft_consensus.cc:385] T fc11f59302da41818840002271f58dc0 P a84154c141724f189e54f69b8810caf0 [term 0 FOLLOWER]: Consensus starting up: Expiring failure detector timer to make a prompt election more likely
I20260608 10:01:57.255000  7014 raft_consensus.cc:740] T fc11f59302da41818840002271f58dc0 P a84154c141724f189e54f69b8810caf0 [term 0 FOLLOWER]: Becoming Follower/Learner. State: Replica: a84154c141724f189e54f69b8810caf0, State: Initialized, Role: FOLLOWER
I20260608 10:01:57.257407  7014 consensus_queue.cc:260] T fc11f59302da41818840002271f58dc0 P a84154c141724f189e54f69b8810caf0 [NON_LEADER]: Queue going to NON_LEADER mode. State: All replicated index: 0, Majority replicated index: 0, Committed index: 0, Last appended: 0.0, Last appended by leader: 0, Current term: 0, Majority size: -1, State: 0, Mode: NON_LEADER, active raft config: opid_index: -1 OBSOLETE_local: false peers { permanent_uuid: "a8bd7de4e266422a8a452513f2732889" member_type: VOTER last_known_addr { host: "127.3.187.65" port: 36513 } } peers { permanent_uuid: "a84154c141724f189e54f69b8810caf0" member_type: VOTER last_known_addr { host: "127.3.187.66" port: 40821 } } peers { permanent_uuid: "bcf12e155fe54a8c86469b6a676e0d98" member_type: VOTER last_known_addr { host: "127.3.187.67" port: 33329 } }
I20260608 10:01:57.259737  7017 tablet_bootstrap.cc:492] T 684ebffd514940559081825082f37a90 P a8bd7de4e266422a8a452513f2732889: Bootstrap starting.
I20260608 10:01:57.263345  7015 tablet_bootstrap.cc:654] T cab74da813c149b5b063dfaaa429b627 P bcf12e155fe54a8c86469b6a676e0d98: Neither blocks nor log segments found. Creating new log.
I20260608 10:01:57.268239  7017 tablet_bootstrap.cc:654] T 684ebffd514940559081825082f37a90 P a8bd7de4e266422a8a452513f2732889: Neither blocks nor log segments found. Creating new log.
I20260608 10:01:57.273969  7014 ts_tablet_manager.cc:1434] T fc11f59302da41818840002271f58dc0 P a84154c141724f189e54f69b8810caf0: Time spent starting tablet: real 0.023s	user 0.009s	sys 0.001s
I20260608 10:01:57.275697  7015 tablet_bootstrap.cc:492] T cab74da813c149b5b063dfaaa429b627 P bcf12e155fe54a8c86469b6a676e0d98: No bootstrap required, opened a new log
I20260608 10:01:57.276278  7015 ts_tablet_manager.cc:1403] T cab74da813c149b5b063dfaaa429b627 P bcf12e155fe54a8c86469b6a676e0d98: Time spent bootstrapping tablet: real 0.029s	user 0.007s	sys 0.007s
I20260608 10:01:57.280025  7015 raft_consensus.cc:359] T cab74da813c149b5b063dfaaa429b627 P bcf12e155fe54a8c86469b6a676e0d98 [term 0 FOLLOWER]: Replica starting. Triggering 0 pending ops. Active config: opid_index: -1 OBSOLETE_local: false peers { permanent_uuid: "a84154c141724f189e54f69b8810caf0" member_type: VOTER last_known_addr { host: "127.3.187.66" port: 40821 } } peers { permanent_uuid: "a8bd7de4e266422a8a452513f2732889" member_type: VOTER last_known_addr { host: "127.3.187.65" port: 36513 } } peers { permanent_uuid: "bcf12e155fe54a8c86469b6a676e0d98" member_type: VOTER last_known_addr { host: "127.3.187.67" port: 33329 } }
I20260608 10:01:57.280872  7015 raft_consensus.cc:385] T cab74da813c149b5b063dfaaa429b627 P bcf12e155fe54a8c86469b6a676e0d98 [term 0 FOLLOWER]: Consensus starting up: Expiring failure detector timer to make a prompt election more likely
I20260608 10:01:57.281225  7015 raft_consensus.cc:740] T cab74da813c149b5b063dfaaa429b627 P bcf12e155fe54a8c86469b6a676e0d98 [term 0 FOLLOWER]: Becoming Follower/Learner. State: Replica: bcf12e155fe54a8c86469b6a676e0d98, State: Initialized, Role: FOLLOWER
I20260608 10:01:57.281427  7017 tablet_bootstrap.cc:492] T 684ebffd514940559081825082f37a90 P a8bd7de4e266422a8a452513f2732889: No bootstrap required, opened a new log
I20260608 10:01:57.281975  7017 ts_tablet_manager.cc:1403] T 684ebffd514940559081825082f37a90 P a8bd7de4e266422a8a452513f2732889: Time spent bootstrapping tablet: real 0.023s	user 0.011s	sys 0.004s
I20260608 10:01:57.282351  7015 consensus_queue.cc:260] T cab74da813c149b5b063dfaaa429b627 P bcf12e155fe54a8c86469b6a676e0d98 [NON_LEADER]: Queue going to NON_LEADER mode. State: All replicated index: 0, Majority replicated index: 0, Committed index: 0, Last appended: 0.0, Last appended by leader: 0, Current term: 0, Majority size: -1, State: 0, Mode: NON_LEADER, active raft config: opid_index: -1 OBSOLETE_local: false peers { permanent_uuid: "a84154c141724f189e54f69b8810caf0" member_type: VOTER last_known_addr { host: "127.3.187.66" port: 40821 } } peers { permanent_uuid: "a8bd7de4e266422a8a452513f2732889" member_type: VOTER last_known_addr { host: "127.3.187.65" port: 36513 } } peers { permanent_uuid: "bcf12e155fe54a8c86469b6a676e0d98" member_type: VOTER last_known_addr { host: "127.3.187.67" port: 33329 } }
I20260608 10:01:57.284245  7014 tablet_bootstrap.cc:492] T 19206026b75847279b389555a094442d P a84154c141724f189e54f69b8810caf0: Bootstrap starting.
I20260608 10:01:57.285735  7017 raft_consensus.cc:359] T 684ebffd514940559081825082f37a90 P a8bd7de4e266422a8a452513f2732889 [term 0 FOLLOWER]: Replica starting. Triggering 0 pending ops. Active config: opid_index: -1 OBSOLETE_local: false peers { permanent_uuid: "a8bd7de4e266422a8a452513f2732889" member_type: VOTER last_known_addr { host: "127.3.187.65" port: 36513 } } peers { permanent_uuid: "bcf12e155fe54a8c86469b6a676e0d98" member_type: VOTER last_known_addr { host: "127.3.187.67" port: 33329 } } peers { permanent_uuid: "a84154c141724f189e54f69b8810caf0" member_type: VOTER last_known_addr { host: "127.3.187.66" port: 40821 } }
I20260608 10:01:57.286823  7017 raft_consensus.cc:385] T 684ebffd514940559081825082f37a90 P a8bd7de4e266422a8a452513f2732889 [term 0 FOLLOWER]: Consensus starting up: Expiring failure detector timer to make a prompt election more likely
I20260608 10:01:57.287225  7017 raft_consensus.cc:740] T 684ebffd514940559081825082f37a90 P a8bd7de4e266422a8a452513f2732889 [term 0 FOLLOWER]: Becoming Follower/Learner. State: Replica: a8bd7de4e266422a8a452513f2732889, State: Initialized, Role: FOLLOWER
I20260608 10:01:57.288462  7017 consensus_queue.cc:260] T 684ebffd514940559081825082f37a90 P a8bd7de4e266422a8a452513f2732889 [NON_LEADER]: Queue going to NON_LEADER mode. State: All replicated index: 0, Majority replicated index: 0, Committed index: 0, Last appended: 0.0, Last appended by leader: 0, Current term: 0, Majority size: -1, State: 0, Mode: NON_LEADER, active raft config: opid_index: -1 OBSOLETE_local: false peers { permanent_uuid: "a8bd7de4e266422a8a452513f2732889" member_type: VOTER last_known_addr { host: "127.3.187.65" port: 36513 } } peers { permanent_uuid: "bcf12e155fe54a8c86469b6a676e0d98" member_type: VOTER last_known_addr { host: "127.3.187.67" port: 33329 } } peers { permanent_uuid: "a84154c141724f189e54f69b8810caf0" member_type: VOTER last_known_addr { host: "127.3.187.66" port: 40821 } }
I20260608 10:01:57.291852  7014 tablet_bootstrap.cc:654] T 19206026b75847279b389555a094442d P a84154c141724f189e54f69b8810caf0: Neither blocks nor log segments found. Creating new log.
I20260608 10:01:57.292817  7017 ts_tablet_manager.cc:1434] T 684ebffd514940559081825082f37a90 P a8bd7de4e266422a8a452513f2732889: Time spent starting tablet: real 0.010s	user 0.010s	sys 0.000s
I20260608 10:01:57.294168  7017 tablet_bootstrap.cc:492] T fc11f59302da41818840002271f58dc0 P a8bd7de4e266422a8a452513f2732889: Bootstrap starting.
I20260608 10:01:57.303642  7017 tablet_bootstrap.cc:654] T fc11f59302da41818840002271f58dc0 P a8bd7de4e266422a8a452513f2732889: Neither blocks nor log segments found. Creating new log.
I20260608 10:01:57.306875  7015 ts_tablet_manager.cc:1434] T cab74da813c149b5b063dfaaa429b627 P bcf12e155fe54a8c86469b6a676e0d98: Time spent starting tablet: real 0.030s	user 0.016s	sys 0.012s
I20260608 10:01:57.308630  7015 tablet_bootstrap.cc:492] T 38b075d04f1d4a76abdde220dffd780c P bcf12e155fe54a8c86469b6a676e0d98: Bootstrap starting.
I20260608 10:01:57.313928  7022 raft_consensus.cc:493] T 684ebffd514940559081825082f37a90 P a8bd7de4e266422a8a452513f2732889 [term 0 FOLLOWER]: Starting pre-election (no leader contacted us within the election timeout)
I20260608 10:01:57.314554  7022 raft_consensus.cc:515] T 684ebffd514940559081825082f37a90 P a8bd7de4e266422a8a452513f2732889 [term 0 FOLLOWER]: Starting pre-election with config: opid_index: -1 OBSOLETE_local: false peers { permanent_uuid: "a8bd7de4e266422a8a452513f2732889" member_type: VOTER last_known_addr { host: "127.3.187.65" port: 36513 } } peers { permanent_uuid: "bcf12e155fe54a8c86469b6a676e0d98" member_type: VOTER last_known_addr { host: "127.3.187.67" port: 33329 } } peers { permanent_uuid: "a84154c141724f189e54f69b8810caf0" member_type: VOTER last_known_addr { host: "127.3.187.66" port: 40821 } }
I20260608 10:01:57.317314  7015 tablet_bootstrap.cc:654] T 38b075d04f1d4a76abdde220dffd780c P bcf12e155fe54a8c86469b6a676e0d98: Neither blocks nor log segments found. Creating new log.
I20260608 10:01:57.322513  7022 leader_election.cc:290] T 684ebffd514940559081825082f37a90 P a8bd7de4e266422a8a452513f2732889 [CANDIDATE]: Term 1 pre-election: Requested pre-vote from peers bcf12e155fe54a8c86469b6a676e0d98 (127.3.187.67:33329), a84154c141724f189e54f69b8810caf0 (127.3.187.66:40821)
I20260608 10:01:57.329648  7017 tablet_bootstrap.cc:492] T fc11f59302da41818840002271f58dc0 P a8bd7de4e266422a8a452513f2732889: No bootstrap required, opened a new log
I20260608 10:01:57.330287  7017 ts_tablet_manager.cc:1403] T fc11f59302da41818840002271f58dc0 P a8bd7de4e266422a8a452513f2732889: Time spent bootstrapping tablet: real 0.036s	user 0.017s	sys 0.004s
I20260608 10:01:57.334117  7017 raft_consensus.cc:359] T fc11f59302da41818840002271f58dc0 P a8bd7de4e266422a8a452513f2732889 [term 0 FOLLOWER]: Replica starting. Triggering 0 pending ops. Active config: opid_index: -1 OBSOLETE_local: false peers { permanent_uuid: "a8bd7de4e266422a8a452513f2732889" member_type: VOTER last_known_addr { host: "127.3.187.65" port: 36513 } } peers { permanent_uuid: "a84154c141724f189e54f69b8810caf0" member_type: VOTER last_known_addr { host: "127.3.187.66" port: 40821 } } peers { permanent_uuid: "bcf12e155fe54a8c86469b6a676e0d98" member_type: VOTER last_known_addr { host: "127.3.187.67" port: 33329 } }
I20260608 10:01:57.335006  7017 raft_consensus.cc:385] T fc11f59302da41818840002271f58dc0 P a8bd7de4e266422a8a452513f2732889 [term 0 FOLLOWER]: Consensus starting up: Expiring failure detector timer to make a prompt election more likely
I20260608 10:01:57.335695  7017 raft_consensus.cc:740] T fc11f59302da41818840002271f58dc0 P a8bd7de4e266422a8a452513f2732889 [term 0 FOLLOWER]: Becoming Follower/Learner. State: Replica: a8bd7de4e266422a8a452513f2732889, State: Initialized, Role: FOLLOWER
I20260608 10:01:57.336908  7017 consensus_queue.cc:260] T fc11f59302da41818840002271f58dc0 P a8bd7de4e266422a8a452513f2732889 [NON_LEADER]: Queue going to NON_LEADER mode. State: All replicated index: 0, Majority replicated index: 0, Committed index: 0, Last appended: 0.0, Last appended by leader: 0, Current term: 0, Majority size: -1, State: 0, Mode: NON_LEADER, active raft config: opid_index: -1 OBSOLETE_local: false peers { permanent_uuid: "a8bd7de4e266422a8a452513f2732889" member_type: VOTER last_known_addr { host: "127.3.187.65" port: 36513 } } peers { permanent_uuid: "a84154c141724f189e54f69b8810caf0" member_type: VOTER last_known_addr { host: "127.3.187.66" port: 40821 } } peers { permanent_uuid: "bcf12e155fe54a8c86469b6a676e0d98" member_type: VOTER last_known_addr { host: "127.3.187.67" port: 33329 } }
I20260608 10:01:57.339643  7014 tablet_bootstrap.cc:492] T 19206026b75847279b389555a094442d P a84154c141724f189e54f69b8810caf0: No bootstrap required, opened a new log
I20260608 10:01:57.340124  7015 tablet_bootstrap.cc:492] T 38b075d04f1d4a76abdde220dffd780c P bcf12e155fe54a8c86469b6a676e0d98: No bootstrap required, opened a new log
I20260608 10:01:57.340252  7014 ts_tablet_manager.cc:1403] T 19206026b75847279b389555a094442d P a84154c141724f189e54f69b8810caf0: Time spent bootstrapping tablet: real 0.056s	user 0.029s	sys 0.012s
I20260608 10:01:57.340662  7015 ts_tablet_manager.cc:1403] T 38b075d04f1d4a76abdde220dffd780c P bcf12e155fe54a8c86469b6a676e0d98: Time spent bootstrapping tablet: real 0.032s	user 0.014s	sys 0.000s
I20260608 10:01:57.343864  7014 raft_consensus.cc:359] T 19206026b75847279b389555a094442d P a84154c141724f189e54f69b8810caf0 [term 0 FOLLOWER]: Replica starting. Triggering 0 pending ops. Active config: opid_index: -1 OBSOLETE_local: false peers { permanent_uuid: "a8bd7de4e266422a8a452513f2732889" member_type: VOTER last_known_addr { host: "127.3.187.65" port: 36513 } } peers { permanent_uuid: "a84154c141724f189e54f69b8810caf0" member_type: VOTER last_known_addr { host: "127.3.187.66" port: 40821 } } peers { permanent_uuid: "bcf12e155fe54a8c86469b6a676e0d98" member_type: VOTER last_known_addr { host: "127.3.187.67" port: 33329 } }
I20260608 10:01:57.344076  7015 raft_consensus.cc:359] T 38b075d04f1d4a76abdde220dffd780c P bcf12e155fe54a8c86469b6a676e0d98 [term 0 FOLLOWER]: Replica starting. Triggering 0 pending ops. Active config: opid_index: -1 OBSOLETE_local: false peers { permanent_uuid: "a84154c141724f189e54f69b8810caf0" member_type: VOTER last_known_addr { host: "127.3.187.66" port: 40821 } } peers { permanent_uuid: "a8bd7de4e266422a8a452513f2732889" member_type: VOTER last_known_addr { host: "127.3.187.65" port: 36513 } } peers { permanent_uuid: "bcf12e155fe54a8c86469b6a676e0d98" member_type: VOTER last_known_addr { host: "127.3.187.67" port: 33329 } }
I20260608 10:01:57.344753  7014 raft_consensus.cc:385] T 19206026b75847279b389555a094442d P a84154c141724f189e54f69b8810caf0 [term 0 FOLLOWER]: Consensus starting up: Expiring failure detector timer to make a prompt election more likely
I20260608 10:01:57.345398  7014 raft_consensus.cc:740] T 19206026b75847279b389555a094442d P a84154c141724f189e54f69b8810caf0 [term 0 FOLLOWER]: Becoming Follower/Learner. State: Replica: a84154c141724f189e54f69b8810caf0, State: Initialized, Role: FOLLOWER
I20260608 10:01:57.345587  6895 tablet_service.cc:1917] Received RequestConsensusVote() RPC: tablet_id: "684ebffd514940559081825082f37a90" candidate_uuid: "a8bd7de4e266422a8a452513f2732889" candidate_term: 1 candidate_status { last_received { term: 0 index: 0 } } ignore_live_leader: false dest_uuid: "a84154c141724f189e54f69b8810caf0" is_pre_election: true
I20260608 10:01:57.346834  7017 ts_tablet_manager.cc:1434] T fc11f59302da41818840002271f58dc0 P a8bd7de4e266422a8a452513f2732889: Time spent starting tablet: real 0.016s	user 0.009s	sys 0.000s
I20260608 10:01:57.346477  7014 consensus_queue.cc:260] T 19206026b75847279b389555a094442d P a84154c141724f189e54f69b8810caf0 [NON_LEADER]: Queue going to NON_LEADER mode. State: All replicated index: 0, Majority replicated index: 0, Committed index: 0, Last appended: 0.0, Last appended by leader: 0, Current term: 0, Majority size: -1, State: 0, Mode: NON_LEADER, active raft config: opid_index: -1 OBSOLETE_local: false peers { permanent_uuid: "a8bd7de4e266422a8a452513f2732889" member_type: VOTER last_known_addr { host: "127.3.187.65" port: 36513 } } peers { permanent_uuid: "a84154c141724f189e54f69b8810caf0" member_type: VOTER last_known_addr { host: "127.3.187.66" port: 40821 } } peers { permanent_uuid: "bcf12e155fe54a8c86469b6a676e0d98" member_type: VOTER last_known_addr { host: "127.3.187.67" port: 33329 } }
I20260608 10:01:57.344846  7015 raft_consensus.cc:385] T 38b075d04f1d4a76abdde220dffd780c P bcf12e155fe54a8c86469b6a676e0d98 [term 0 FOLLOWER]: Consensus starting up: Expiring failure detector timer to make a prompt election more likely
W20260608 10:01:57.347491  6786 leader_election.cc:343] T 684ebffd514940559081825082f37a90 P a8bd7de4e266422a8a452513f2732889 [CANDIDATE]: Term 1 pre-election: Tablet error from VoteRequest() call to peer a84154c141724f189e54f69b8810caf0 (127.3.187.66:40821): Illegal state: must be running to vote when last-logged opid is not known
I20260608 10:01:57.347674  7015 raft_consensus.cc:740] T 38b075d04f1d4a76abdde220dffd780c P bcf12e155fe54a8c86469b6a676e0d98 [term 0 FOLLOWER]: Becoming Follower/Learner. State: Replica: bcf12e155fe54a8c86469b6a676e0d98, State: Initialized, Role: FOLLOWER
I20260608 10:01:57.348707  7015 consensus_queue.cc:260] T 38b075d04f1d4a76abdde220dffd780c P bcf12e155fe54a8c86469b6a676e0d98 [NON_LEADER]: Queue going to NON_LEADER mode. State: All replicated index: 0, Majority replicated index: 0, Committed index: 0, Last appended: 0.0, Last appended by leader: 0, Current term: 0, Majority size: -1, State: 0, Mode: NON_LEADER, active raft config: opid_index: -1 OBSOLETE_local: false peers { permanent_uuid: "a84154c141724f189e54f69b8810caf0" member_type: VOTER last_known_addr { host: "127.3.187.66" port: 40821 } } peers { permanent_uuid: "a8bd7de4e266422a8a452513f2732889" member_type: VOTER last_known_addr { host: "127.3.187.65" port: 36513 } } peers { permanent_uuid: "bcf12e155fe54a8c86469b6a676e0d98" member_type: VOTER last_known_addr { host: "127.3.187.67" port: 33329 } }
I20260608 10:01:57.350607  7017 tablet_bootstrap.cc:492] T cab74da813c149b5b063dfaaa429b627 P a8bd7de4e266422a8a452513f2732889: Bootstrap starting.
I20260608 10:01:57.351994  7014 ts_tablet_manager.cc:1434] T 19206026b75847279b389555a094442d P a84154c141724f189e54f69b8810caf0: Time spent starting tablet: real 0.011s	user 0.009s	sys 0.000s
I20260608 10:01:57.353155  7014 tablet_bootstrap.cc:492] T 684ebffd514940559081825082f37a90 P a84154c141724f189e54f69b8810caf0: Bootstrap starting.
I20260608 10:01:57.359325  6969 tablet_service.cc:1917] Received RequestConsensusVote() RPC: tablet_id: "684ebffd514940559081825082f37a90" candidate_uuid: "a8bd7de4e266422a8a452513f2732889" candidate_term: 1 candidate_status { last_received { term: 0 index: 0 } } ignore_live_leader: false dest_uuid: "bcf12e155fe54a8c86469b6a676e0d98" is_pre_election: true
I20260608 10:01:57.360539  7015 ts_tablet_manager.cc:1434] T 38b075d04f1d4a76abdde220dffd780c P bcf12e155fe54a8c86469b6a676e0d98: Time spent starting tablet: real 0.019s	user 0.007s	sys 0.000s
I20260608 10:01:57.361042  7014 tablet_bootstrap.cc:654] T 684ebffd514940559081825082f37a90 P a84154c141724f189e54f69b8810caf0: Neither blocks nor log segments found. Creating new log.
W20260608 10:01:57.361533  6785 leader_election.cc:343] T 684ebffd514940559081825082f37a90 P a8bd7de4e266422a8a452513f2732889 [CANDIDATE]: Term 1 pre-election: Tablet error from VoteRequest() call to peer bcf12e155fe54a8c86469b6a676e0d98 (127.3.187.67:33329): Illegal state: must be running to vote when last-logged opid is not known
I20260608 10:01:57.361790  7015 tablet_bootstrap.cc:492] T 64b85b748845462e8acc6bea39409c5d P bcf12e155fe54a8c86469b6a676e0d98: Bootstrap starting.
I20260608 10:01:57.362056  6785 leader_election.cc:304] T 684ebffd514940559081825082f37a90 P a8bd7de4e266422a8a452513f2732889 [CANDIDATE]: Term 1 pre-election: Election decided. Result: candidate lost. Election summary: received 3 responses out of 3 voters: 1 yes votes; 2 no votes. yes voters: a8bd7de4e266422a8a452513f2732889; no voters: a84154c141724f189e54f69b8810caf0, bcf12e155fe54a8c86469b6a676e0d98
I20260608 10:01:57.363006  7022 raft_consensus.cc:2749] T 684ebffd514940559081825082f37a90 P a8bd7de4e266422a8a452513f2732889 [term 0 FOLLOWER]: Leader pre-election lost for term 1. Reason: could not achieve majority
I20260608 10:01:57.368597  7014 tablet_bootstrap.cc:492] T 684ebffd514940559081825082f37a90 P a84154c141724f189e54f69b8810caf0: No bootstrap required, opened a new log
I20260608 10:01:57.369213  7014 ts_tablet_manager.cc:1403] T 684ebffd514940559081825082f37a90 P a84154c141724f189e54f69b8810caf0: Time spent bootstrapping tablet: real 0.016s	user 0.011s	sys 0.004s
I20260608 10:01:57.370522  7017 tablet_bootstrap.cc:654] T cab74da813c149b5b063dfaaa429b627 P a8bd7de4e266422a8a452513f2732889: Neither blocks nor log segments found. Creating new log.
I20260608 10:01:57.373824  7014 raft_consensus.cc:359] T 684ebffd514940559081825082f37a90 P a84154c141724f189e54f69b8810caf0 [term 0 FOLLOWER]: Replica starting. Triggering 0 pending ops. Active config: opid_index: -1 OBSOLETE_local: false peers { permanent_uuid: "a8bd7de4e266422a8a452513f2732889" member_type: VOTER last_known_addr { host: "127.3.187.65" port: 36513 } } peers { permanent_uuid: "bcf12e155fe54a8c86469b6a676e0d98" member_type: VOTER last_known_addr { host: "127.3.187.67" port: 33329 } } peers { permanent_uuid: "a84154c141724f189e54f69b8810caf0" member_type: VOTER last_known_addr { host: "127.3.187.66" port: 40821 } }
I20260608 10:01:57.374439  7015 tablet_bootstrap.cc:654] T 64b85b748845462e8acc6bea39409c5d P bcf12e155fe54a8c86469b6a676e0d98: Neither blocks nor log segments found. Creating new log.
I20260608 10:01:57.374812  7014 raft_consensus.cc:385] T 684ebffd514940559081825082f37a90 P a84154c141724f189e54f69b8810caf0 [term 0 FOLLOWER]: Consensus starting up: Expiring failure detector timer to make a prompt election more likely
I20260608 10:01:57.375221  7014 raft_consensus.cc:740] T 684ebffd514940559081825082f37a90 P a84154c141724f189e54f69b8810caf0 [term 0 FOLLOWER]: Becoming Follower/Learner. State: Replica: a84154c141724f189e54f69b8810caf0, State: Initialized, Role: FOLLOWER
I20260608 10:01:57.376168  7014 consensus_queue.cc:260] T 684ebffd514940559081825082f37a90 P a84154c141724f189e54f69b8810caf0 [NON_LEADER]: Queue going to NON_LEADER mode. State: All replicated index: 0, Majority replicated index: 0, Committed index: 0, Last appended: 0.0, Last appended by leader: 0, Current term: 0, Majority size: -1, State: 0, Mode: NON_LEADER, active raft config: opid_index: -1 OBSOLETE_local: false peers { permanent_uuid: "a8bd7de4e266422a8a452513f2732889" member_type: VOTER last_known_addr { host: "127.3.187.65" port: 36513 } } peers { permanent_uuid: "bcf12e155fe54a8c86469b6a676e0d98" member_type: VOTER last_known_addr { host: "127.3.187.67" port: 33329 } } peers { permanent_uuid: "a84154c141724f189e54f69b8810caf0" member_type: VOTER last_known_addr { host: "127.3.187.66" port: 40821 } }
I20260608 10:01:57.378590  7017 tablet_bootstrap.cc:492] T cab74da813c149b5b063dfaaa429b627 P a8bd7de4e266422a8a452513f2732889: No bootstrap required, opened a new log
I20260608 10:01:57.379132  7017 ts_tablet_manager.cc:1403] T cab74da813c149b5b063dfaaa429b627 P a8bd7de4e266422a8a452513f2732889: Time spent bootstrapping tablet: real 0.029s	user 0.012s	sys 0.000s
I20260608 10:01:57.379895  7014 ts_tablet_manager.cc:1434] T 684ebffd514940559081825082f37a90 P a84154c141724f189e54f69b8810caf0: Time spent starting tablet: real 0.010s	user 0.008s	sys 0.000s
I20260608 10:01:57.380839  7018 raft_consensus.cc:493] T 19206026b75847279b389555a094442d P a84154c141724f189e54f69b8810caf0 [term 0 FOLLOWER]: Starting pre-election (no leader contacted us within the election timeout)
I20260608 10:01:57.381445  7014 tablet_bootstrap.cc:492] T 38b075d04f1d4a76abdde220dffd780c P a84154c141724f189e54f69b8810caf0: Bootstrap starting.
I20260608 10:01:57.381358  7018 raft_consensus.cc:515] T 19206026b75847279b389555a094442d P a84154c141724f189e54f69b8810caf0 [term 0 FOLLOWER]: Starting pre-election with config: opid_index: -1 OBSOLETE_local: false peers { permanent_uuid: "a8bd7de4e266422a8a452513f2732889" member_type: VOTER last_known_addr { host: "127.3.187.65" port: 36513 } } peers { permanent_uuid: "a84154c141724f189e54f69b8810caf0" member_type: VOTER last_known_addr { host: "127.3.187.66" port: 40821 } } peers { permanent_uuid: "bcf12e155fe54a8c86469b6a676e0d98" member_type: VOTER last_known_addr { host: "127.3.187.67" port: 33329 } }
I20260608 10:01:57.382695  7017 raft_consensus.cc:359] T cab74da813c149b5b063dfaaa429b627 P a8bd7de4e266422a8a452513f2732889 [term 0 FOLLOWER]: Replica starting. Triggering 0 pending ops. Active config: opid_index: -1 OBSOLETE_local: false peers { permanent_uuid: "a84154c141724f189e54f69b8810caf0" member_type: VOTER last_known_addr { host: "127.3.187.66" port: 40821 } } peers { permanent_uuid: "a8bd7de4e266422a8a452513f2732889" member_type: VOTER last_known_addr { host: "127.3.187.65" port: 36513 } } peers { permanent_uuid: "bcf12e155fe54a8c86469b6a676e0d98" member_type: VOTER last_known_addr { host: "127.3.187.67" port: 33329 } }
I20260608 10:01:57.383496  7017 raft_consensus.cc:385] T cab74da813c149b5b063dfaaa429b627 P a8bd7de4e266422a8a452513f2732889 [term 0 FOLLOWER]: Consensus starting up: Expiring failure detector timer to make a prompt election more likely
I20260608 10:01:57.383818  7017 raft_consensus.cc:740] T cab74da813c149b5b063dfaaa429b627 P a8bd7de4e266422a8a452513f2732889 [term 0 FOLLOWER]: Becoming Follower/Learner. State: Replica: a8bd7de4e266422a8a452513f2732889, State: Initialized, Role: FOLLOWER
I20260608 10:01:57.384614  7018 leader_election.cc:290] T 19206026b75847279b389555a094442d P a84154c141724f189e54f69b8810caf0 [CANDIDATE]: Term 1 pre-election: Requested pre-vote from peers a8bd7de4e266422a8a452513f2732889 (127.3.187.65:36513), bcf12e155fe54a8c86469b6a676e0d98 (127.3.187.67:33329)
I20260608 10:01:57.384845  7017 consensus_queue.cc:260] T cab74da813c149b5b063dfaaa429b627 P a8bd7de4e266422a8a452513f2732889 [NON_LEADER]: Queue going to NON_LEADER mode. State: All replicated index: 0, Majority replicated index: 0, Committed index: 0, Last appended: 0.0, Last appended by leader: 0, Current term: 0, Majority size: -1, State: 0, Mode: NON_LEADER, active raft config: opid_index: -1 OBSOLETE_local: false peers { permanent_uuid: "a84154c141724f189e54f69b8810caf0" member_type: VOTER last_known_addr { host: "127.3.187.66" port: 40821 } } peers { permanent_uuid: "a8bd7de4e266422a8a452513f2732889" member_type: VOTER last_known_addr { host: "127.3.187.65" port: 36513 } } peers { permanent_uuid: "bcf12e155fe54a8c86469b6a676e0d98" member_type: VOTER last_known_addr { host: "127.3.187.67" port: 33329 } }
I20260608 10:01:57.395035  7017 ts_tablet_manager.cc:1434] T cab74da813c149b5b063dfaaa429b627 P a8bd7de4e266422a8a452513f2732889: Time spent starting tablet: real 0.016s	user 0.005s	sys 0.003s
W20260608 10:01:57.396508  6766 auto_rebalancer.cc:259] Could not retrieve cluster info: Service unavailable: Tablet not running
I20260608 10:01:57.398875  7017 tablet_bootstrap.cc:492] T d1a8a37e61ca42baa555fc5925ea2140 P a8bd7de4e266422a8a452513f2732889: Bootstrap starting.
I20260608 10:01:57.393705  7014 tablet_bootstrap.cc:654] T 38b075d04f1d4a76abdde220dffd780c P a84154c141724f189e54f69b8810caf0: Neither blocks nor log segments found. Creating new log.
I20260608 10:01:57.412322  6771 auto_leader_rebalancer.cc:140] leader rebalance for table range_aware_rebalance_new_range
W20260608 10:01:57.413897  6771 auto_leader_rebalancer.cc:460] the master instance isn't leader: Service unavailable: Tablet not running
I20260608 10:01:57.414880  7021 raft_consensus.cc:493] T 38b075d04f1d4a76abdde220dffd780c P bcf12e155fe54a8c86469b6a676e0d98 [term 0 FOLLOWER]: Starting pre-election (no leader contacted us within the election timeout)
I20260608 10:01:57.415470  7021 raft_consensus.cc:515] T 38b075d04f1d4a76abdde220dffd780c P bcf12e155fe54a8c86469b6a676e0d98 [term 0 FOLLOWER]: Starting pre-election with config: opid_index: -1 OBSOLETE_local: false peers { permanent_uuid: "a84154c141724f189e54f69b8810caf0" member_type: VOTER last_known_addr { host: "127.3.187.66" port: 40821 } } peers { permanent_uuid: "a8bd7de4e266422a8a452513f2732889" member_type: VOTER last_known_addr { host: "127.3.187.65" port: 36513 } } peers { permanent_uuid: "bcf12e155fe54a8c86469b6a676e0d98" member_type: VOTER last_known_addr { host: "127.3.187.67" port: 33329 } }
I20260608 10:01:57.416049  7017 tablet_bootstrap.cc:654] T d1a8a37e61ca42baa555fc5925ea2140 P a8bd7de4e266422a8a452513f2732889: Neither blocks nor log segments found. Creating new log.
I20260608 10:01:57.420903  7021 leader_election.cc:290] T 38b075d04f1d4a76abdde220dffd780c P bcf12e155fe54a8c86469b6a676e0d98 [CANDIDATE]: Term 1 pre-election: Requested pre-vote from peers a84154c141724f189e54f69b8810caf0 (127.3.187.66:40821), a8bd7de4e266422a8a452513f2732889 (127.3.187.65:36513)
I20260608 10:01:57.436717  7015 tablet_bootstrap.cc:492] T 64b85b748845462e8acc6bea39409c5d P bcf12e155fe54a8c86469b6a676e0d98: No bootstrap required, opened a new log
I20260608 10:01:57.441952  7015 ts_tablet_manager.cc:1403] T 64b85b748845462e8acc6bea39409c5d P bcf12e155fe54a8c86469b6a676e0d98: Time spent bootstrapping tablet: real 0.080s	user 0.031s	sys 0.020s
I20260608 10:01:57.450398  7017 tablet_bootstrap.cc:492] T d1a8a37e61ca42baa555fc5925ea2140 P a8bd7de4e266422a8a452513f2732889: No bootstrap required, opened a new log
I20260608 10:01:57.450997  7017 ts_tablet_manager.cc:1403] T d1a8a37e61ca42baa555fc5925ea2140 P a8bd7de4e266422a8a452513f2732889: Time spent bootstrapping tablet: real 0.053s	user 0.016s	sys 0.027s
I20260608 10:01:57.454293  7015 raft_consensus.cc:359] T 64b85b748845462e8acc6bea39409c5d P bcf12e155fe54a8c86469b6a676e0d98 [term 0 FOLLOWER]: Replica starting. Triggering 0 pending ops. Active config: opid_index: -1 OBSOLETE_local: false peers { permanent_uuid: "a84154c141724f189e54f69b8810caf0" member_type: VOTER last_known_addr { host: "127.3.187.66" port: 40821 } } peers { permanent_uuid: "a8bd7de4e266422a8a452513f2732889" member_type: VOTER last_known_addr { host: "127.3.187.65" port: 36513 } } peers { permanent_uuid: "bcf12e155fe54a8c86469b6a676e0d98" member_type: VOTER last_known_addr { host: "127.3.187.67" port: 33329 } }
I20260608 10:01:57.454646  7017 raft_consensus.cc:359] T d1a8a37e61ca42baa555fc5925ea2140 P a8bd7de4e266422a8a452513f2732889 [term 0 FOLLOWER]: Replica starting. Triggering 0 pending ops. Active config: opid_index: -1 OBSOLETE_local: false peers { permanent_uuid: "a8bd7de4e266422a8a452513f2732889" member_type: VOTER last_known_addr { host: "127.3.187.65" port: 36513 } } peers { permanent_uuid: "a84154c141724f189e54f69b8810caf0" member_type: VOTER last_known_addr { host: "127.3.187.66" port: 40821 } } peers { permanent_uuid: "bcf12e155fe54a8c86469b6a676e0d98" member_type: VOTER last_known_addr { host: "127.3.187.67" port: 33329 } }
I20260608 10:01:57.455174  7015 raft_consensus.cc:385] T 64b85b748845462e8acc6bea39409c5d P bcf12e155fe54a8c86469b6a676e0d98 [term 0 FOLLOWER]: Consensus starting up: Expiring failure detector timer to make a prompt election more likely
I20260608 10:01:57.455467  7017 raft_consensus.cc:385] T d1a8a37e61ca42baa555fc5925ea2140 P a8bd7de4e266422a8a452513f2732889 [term 0 FOLLOWER]: Consensus starting up: Expiring failure detector timer to make a prompt election more likely
I20260608 10:01:57.455651  7015 raft_consensus.cc:740] T 64b85b748845462e8acc6bea39409c5d P bcf12e155fe54a8c86469b6a676e0d98 [term 0 FOLLOWER]: Becoming Follower/Learner. State: Replica: bcf12e155fe54a8c86469b6a676e0d98, State: Initialized, Role: FOLLOWER
I20260608 10:01:57.455907  7017 raft_consensus.cc:740] T d1a8a37e61ca42baa555fc5925ea2140 P a8bd7de4e266422a8a452513f2732889 [term 0 FOLLOWER]: Becoming Follower/Learner. State: Replica: a8bd7de4e266422a8a452513f2732889, State: Initialized, Role: FOLLOWER
I20260608 10:01:57.456640  7015 consensus_queue.cc:260] T 64b85b748845462e8acc6bea39409c5d P bcf12e155fe54a8c86469b6a676e0d98 [NON_LEADER]: Queue going to NON_LEADER mode. State: All replicated index: 0, Majority replicated index: 0, Committed index: 0, Last appended: 0.0, Last appended by leader: 0, Current term: 0, Majority size: -1, State: 0, Mode: NON_LEADER, active raft config: opid_index: -1 OBSOLETE_local: false peers { permanent_uuid: "a84154c141724f189e54f69b8810caf0" member_type: VOTER last_known_addr { host: "127.3.187.66" port: 40821 } } peers { permanent_uuid: "a8bd7de4e266422a8a452513f2732889" member_type: VOTER last_known_addr { host: "127.3.187.65" port: 36513 } } peers { permanent_uuid: "bcf12e155fe54a8c86469b6a676e0d98" member_type: VOTER last_known_addr { host: "127.3.187.67" port: 33329 } }
I20260608 10:01:57.457103  7017 consensus_queue.cc:260] T d1a8a37e61ca42baa555fc5925ea2140 P a8bd7de4e266422a8a452513f2732889 [NON_LEADER]: Queue going to NON_LEADER mode. State: All replicated index: 0, Majority replicated index: 0, Committed index: 0, Last appended: 0.0, Last appended by leader: 0, Current term: 0, Majority size: -1, State: 0, Mode: NON_LEADER, active raft config: opid_index: -1 OBSOLETE_local: false peers { permanent_uuid: "a8bd7de4e266422a8a452513f2732889" member_type: VOTER last_known_addr { host: "127.3.187.65" port: 36513 } } peers { permanent_uuid: "a84154c141724f189e54f69b8810caf0" member_type: VOTER last_known_addr { host: "127.3.187.66" port: 40821 } } peers { permanent_uuid: "bcf12e155fe54a8c86469b6a676e0d98" member_type: VOTER last_known_addr { host: "127.3.187.67" port: 33329 } }
I20260608 10:01:57.459167  7015 ts_tablet_manager.cc:1434] T 64b85b748845462e8acc6bea39409c5d P bcf12e155fe54a8c86469b6a676e0d98: Time spent starting tablet: real 0.017s	user 0.007s	sys 0.001s
I20260608 10:01:57.460309  7015 tablet_bootstrap.cc:492] T fc11f59302da41818840002271f58dc0 P bcf12e155fe54a8c86469b6a676e0d98: Bootstrap starting.
I20260608 10:01:57.462211  7014 tablet_bootstrap.cc:492] T 38b075d04f1d4a76abdde220dffd780c P a84154c141724f189e54f69b8810caf0: No bootstrap required, opened a new log
I20260608 10:01:57.462788  7014 ts_tablet_manager.cc:1403] T 38b075d04f1d4a76abdde220dffd780c P a84154c141724f189e54f69b8810caf0: Time spent bootstrapping tablet: real 0.082s	user 0.008s	sys 0.011s
I20260608 10:01:57.466080  7014 raft_consensus.cc:359] T 38b075d04f1d4a76abdde220dffd780c P a84154c141724f189e54f69b8810caf0 [term 0 FOLLOWER]: Replica starting. Triggering 0 pending ops. Active config: opid_index: -1 OBSOLETE_local: false peers { permanent_uuid: "a84154c141724f189e54f69b8810caf0" member_type: VOTER last_known_addr { host: "127.3.187.66" port: 40821 } } peers { permanent_uuid: "a8bd7de4e266422a8a452513f2732889" member_type: VOTER last_known_addr { host: "127.3.187.65" port: 36513 } } peers { permanent_uuid: "bcf12e155fe54a8c86469b6a676e0d98" member_type: VOTER last_known_addr { host: "127.3.187.67" port: 33329 } }
I20260608 10:01:57.466888  7014 raft_consensus.cc:385] T 38b075d04f1d4a76abdde220dffd780c P a84154c141724f189e54f69b8810caf0 [term 0 FOLLOWER]: Consensus starting up: Expiring failure detector timer to make a prompt election more likely
I20260608 10:01:57.467229  7014 raft_consensus.cc:740] T 38b075d04f1d4a76abdde220dffd780c P a84154c141724f189e54f69b8810caf0 [term 0 FOLLOWER]: Becoming Follower/Learner. State: Replica: a84154c141724f189e54f69b8810caf0, State: Initialized, Role: FOLLOWER
I20260608 10:01:57.467824  7015 tablet_bootstrap.cc:654] T fc11f59302da41818840002271f58dc0 P bcf12e155fe54a8c86469b6a676e0d98: Neither blocks nor log segments found. Creating new log.
