I20260608 10:00:57.537034  3821 fs_manager.cc:647] Opened local filesystem: /tmp/dist-test-taskhk09IZ/test-tmp/auto_rebalancer-test.0.AutoRebalancerTest.MovesScheduledIfAddTserver.1780912833870592-3821-0/minicluster-data/master-0-root
uuid: "4866ed6c706e41ecbf9b6d8d41358e6f"
format_stamp: "Formatted at 2026-06-08 10:00:57 on dist-test-slave-74m6"
I20260608 10:00:57.537333  3821 fs_report.cc:389] FS layout report
--------------------
wal directory: /tmp/dist-test-taskhk09IZ/test-tmp/auto_rebalancer-test.0.AutoRebalancerTest.MovesScheduledIfAddTserver.1780912833870592-3821-0/minicluster-data/master-0-root
metadata directory: /tmp/dist-test-taskhk09IZ/test-tmp/auto_rebalancer-test.0.AutoRebalancerTest.MovesScheduledIfAddTserver.1780912833870592-3821-0/minicluster-data/master-0-root
1 data directories: /tmp/dist-test-taskhk09IZ/test-tmp/auto_rebalancer-test.0.AutoRebalancerTest.MovesScheduledIfAddTserver.1780912833870592-3821-0/minicluster-data/master-0-root/data
Total live blocks: 0
Total live bytes: 0
Total live bytes (after alignment): 0
Total number of LBM containers: 0 (0 full)
Did not check for missing blocks
Did not check for orphaned blocks
Total full LBM containers with extra space: 0 (0 repaired)
Total full LBM container extra space in bytes: 0 (0 repaired)
Total incomplete LBM containers: 0 (0 repaired)
Total LBM partial records: 0 (0 repaired)
Total corrupted LBM metadata records in RocksDB: 0 (0 repaired)
I20260608 10:00:57.562448  3821 rpc_server.cc:225] running with OpenSSL 1.1.1  11 Sep 2018
I20260608 10:00:57.563983  3821 kserver.cc:163] Server-wide thread pool size limit: 3276
I20260608 10:00:57.607692  3821 rpc_server.cc:307] RPC server started. Bound to: 127.3.187.126:33263
I20260608 10:00:57.607914  5528 acceptor_pool.cc:272] collecting diagnostics on the listening RPC socket 127.3.187.126:33263 every 8 connection(s)
I20260608 10:00:57.612129  5529 data_dirs.cc:400] Could only allocate 1 dirs of requested 3 for tablet 00000000000000000000000000000000. 1 dirs total, 0 dirs full, 0 dirs failed
I20260608 10:00:57.623217  5529 tablet_bootstrap.cc:492] T 00000000000000000000000000000000 P 4866ed6c706e41ecbf9b6d8d41358e6f: Bootstrap starting.
I20260608 10:00:57.628086  5529 tablet_bootstrap.cc:654] T 00000000000000000000000000000000 P 4866ed6c706e41ecbf9b6d8d41358e6f: Neither blocks nor log segments found. Creating new log.
I20260608 10:00:57.632830  5529 tablet_bootstrap.cc:492] T 00000000000000000000000000000000 P 4866ed6c706e41ecbf9b6d8d41358e6f: No bootstrap required, opened a new log
I20260608 10:00:57.635079  5529 raft_consensus.cc:359] T 00000000000000000000000000000000 P 4866ed6c706e41ecbf9b6d8d41358e6f [term 0 FOLLOWER]: Replica starting. Triggering 0 pending ops. Active config: opid_index: -1 OBSOLETE_local: true peers { permanent_uuid: "4866ed6c706e41ecbf9b6d8d41358e6f" member_type: VOTER }
I20260608 10:00:57.635514  5529 raft_consensus.cc:385] T 00000000000000000000000000000000 P 4866ed6c706e41ecbf9b6d8d41358e6f [term 0 FOLLOWER]: Consensus starting up: Expiring failure detector timer to make a prompt election more likely
I20260608 10:00:57.635697  5529 raft_consensus.cc:740] T 00000000000000000000000000000000 P 4866ed6c706e41ecbf9b6d8d41358e6f [term 0 FOLLOWER]: Becoming Follower/Learner. State: Replica: 4866ed6c706e41ecbf9b6d8d41358e6f, State: Initialized, Role: FOLLOWER
I20260608 10:00:57.636338  5529 consensus_queue.cc:260] T 00000000000000000000000000000000 P 4866ed6c706e41ecbf9b6d8d41358e6f [NON_LEADER]: Queue going to NON_LEADER mode. State: All replicated index: 0, Majority replicated index: 0, Committed index: 0, Last appended: 0.0, Last appended by leader: 0, Current term: 0, Majority size: -1, State: 0, Mode: NON_LEADER, active raft config: opid_index: -1 OBSOLETE_local: true peers { permanent_uuid: "4866ed6c706e41ecbf9b6d8d41358e6f" member_type: VOTER }
I20260608 10:00:57.636832  5529 raft_consensus.cc:399] T 00000000000000000000000000000000 P 4866ed6c706e41ecbf9b6d8d41358e6f [term 0 FOLLOWER]: Only one voter in the Raft config. Triggering election immediately
I20260608 10:00:57.637068  5529 raft_consensus.cc:493] T 00000000000000000000000000000000 P 4866ed6c706e41ecbf9b6d8d41358e6f [term 0 FOLLOWER]: Starting leader election (initial election of a single-replica configuration)
I20260608 10:00:57.637295  5529 raft_consensus.cc:3060] T 00000000000000000000000000000000 P 4866ed6c706e41ecbf9b6d8d41358e6f [term 0 FOLLOWER]: Advancing to term 1
I20260608 10:00:57.642103  5529 raft_consensus.cc:515] T 00000000000000000000000000000000 P 4866ed6c706e41ecbf9b6d8d41358e6f [term 1 FOLLOWER]: Starting leader election with config: opid_index: -1 OBSOLETE_local: true peers { permanent_uuid: "4866ed6c706e41ecbf9b6d8d41358e6f" member_type: VOTER }
I20260608 10:00:57.642642  5529 leader_election.cc:304] T 00000000000000000000000000000000 P 4866ed6c706e41ecbf9b6d8d41358e6f [CANDIDATE]: Term 1 election: Election decided. Result: candidate won. Election summary: received 1 responses out of 1 voters: 1 yes votes; 0 no votes. yes voters: 4866ed6c706e41ecbf9b6d8d41358e6f; no voters: 
I20260608 10:00:57.643769  5529 leader_election.cc:290] T 00000000000000000000000000000000 P 4866ed6c706e41ecbf9b6d8d41358e6f [CANDIDATE]: Term 1 election: Requested vote from peers 
I20260608 10:00:57.644371  5532 raft_consensus.cc:2804] T 00000000000000000000000000000000 P 4866ed6c706e41ecbf9b6d8d41358e6f [term 1 FOLLOWER]: Leader election won for term 1
I20260608 10:00:57.645929  5532 raft_consensus.cc:697] T 00000000000000000000000000000000 P 4866ed6c706e41ecbf9b6d8d41358e6f [term 1 LEADER]: Becoming Leader. State: Replica: 4866ed6c706e41ecbf9b6d8d41358e6f, State: Running, Role: LEADER
I20260608 10:00:57.646679  5532 consensus_queue.cc:237] T 00000000000000000000000000000000 P 4866ed6c706e41ecbf9b6d8d41358e6f [LEADER]: Queue going to LEADER mode. State: All replicated index: 0, Majority replicated index: 0, Committed index: 0, Last appended: 0.0, Last appended by leader: 0, Current term: 1, Majority size: 1, State: 0, Mode: LEADER, active raft config: opid_index: -1 OBSOLETE_local: true peers { permanent_uuid: "4866ed6c706e41ecbf9b6d8d41358e6f" member_type: VOTER }
I20260608 10:00:57.646938  5529 sys_catalog.cc:565] T 00000000000000000000000000000000 P 4866ed6c706e41ecbf9b6d8d41358e6f [sys.catalog]: configured and running, proceeding with master startup.
I20260608 10:00:57.649914  5534 sys_catalog.cc:455] T 00000000000000000000000000000000 P 4866ed6c706e41ecbf9b6d8d41358e6f [sys.catalog]: SysCatalogTable state changed. Reason: New leader 4866ed6c706e41ecbf9b6d8d41358e6f. Latest consensus state: current_term: 1 leader_uuid: "4866ed6c706e41ecbf9b6d8d41358e6f" committed_config { opid_index: -1 OBSOLETE_local: true peers { permanent_uuid: "4866ed6c706e41ecbf9b6d8d41358e6f" member_type: VOTER } }
I20260608 10:00:57.650564  5534 sys_catalog.cc:458] T 00000000000000000000000000000000 P 4866ed6c706e41ecbf9b6d8d41358e6f [sys.catalog]: This master's current role is: LEADER
I20260608 10:00:57.650898  5533 sys_catalog.cc:455] T 00000000000000000000000000000000 P 4866ed6c706e41ecbf9b6d8d41358e6f [sys.catalog]: SysCatalogTable state changed. Reason: RaftConsensus started. Latest consensus state: current_term: 1 leader_uuid: "4866ed6c706e41ecbf9b6d8d41358e6f" committed_config { opid_index: -1 OBSOLETE_local: true peers { permanent_uuid: "4866ed6c706e41ecbf9b6d8d41358e6f" member_type: VOTER } }
I20260608 10:00:57.652666  5533 sys_catalog.cc:458] T 00000000000000000000000000000000 P 4866ed6c706e41ecbf9b6d8d41358e6f [sys.catalog]: This master's current role is: LEADER
I20260608 10:00:57.656003  5538 catalog_manager.cc:1510] Loading table and tablet metadata into memory...
I20260608 10:00:57.661188  5538 catalog_manager.cc:1519] Initializing Kudu cluster ID...
I20260608 10:00:57.663817  3821 internal_mini_cluster.cc:184] Waiting to initialize catalog manager on master 0
I20260608 10:00:57.671072  5538 catalog_manager.cc:1382] Generated new cluster ID: c4f2e991d1e0468eb3772eaeaf21366b
I20260608 10:00:57.671496  5538 catalog_manager.cc:1530] Initializing Kudu internal certificate authority...
I20260608 10:00:57.703380  5538 catalog_manager.cc:1405] Generated new certificate authority record
I20260608 10:00:57.704846  5538 catalog_manager.cc:1539] Loading token signing keys...
I20260608 10:00:57.725121  5538 catalog_manager.cc:6069] T 00000000000000000000000000000000 P 4866ed6c706e41ecbf9b6d8d41358e6f: Generated new TSK 0
I20260608 10:00:57.725914  5538 catalog_manager.cc:1549] Initializing in-progress tserver states...
I20260608 10:00:57.795301  3821 file_cache.cc:492] Constructed file cache file cache with capacity 419430
W20260608 10:00:57.802137  5550 instance_detector.cc:116] could not retrieve AWS instance metadata: Network error: curl error: HTTP response code said error: The requested URL returned error: 404
W20260608 10:00:57.803171  5551 instance_detector.cc:116] could not retrieve Azure instance metadata: Network error: curl error: HTTP response code said error: The requested URL returned error: 404
I20260608 10:00:57.804704  3821 server_base.cc:1061] running on GCE node
W20260608 10:00:57.805327  5553 instance_detector.cc:116] could not retrieve OpenStack instance metadata: Network error: curl error: HTTP response code said error: The requested URL returned error: 404
I20260608 10:00:57.806288  3821 hybrid_clock.cc:584] initializing the hybrid clock with 'system_unsync' time source
W20260608 10:00:57.806479  3821 system_unsync_time.cc:38] NTP support is disabled. Clock error bounds will not be accurate. This configuration is not suitable for distributed clusters.
I20260608 10:00:57.806604  3821 hybrid_clock.cc:648] HybridClock initialized: now 1780912857806593 us; error 0 us; skew 500 ppm
I20260608 10:00:57.807168  3821 server_base.cc:861] Flag tcmalloc_max_total_thread_cache_bytes is not working since tcmalloc is not enabled.
I20260608 10:00:57.810285  3821 webserver.cc:533] Webserver started at http://127.3.187.65:40933/ using document root <none> and password file <none>
I20260608 10:00:57.810804  3821 fs_manager.cc:362] Metadata directory not provided
I20260608 10:00:57.810973  3821 fs_manager.cc:368] Using write-ahead log directory (fs_wal_dir) as metadata directory
I20260608 10:00:57.811195  3821 server_base.cc:909] This appears to be a new deployment of Kudu; creating new FS layout
I20260608 10:00:57.812407  3821 fs_manager.cc:1068] Generated new instance metadata in path /tmp/dist-test-taskhk09IZ/test-tmp/auto_rebalancer-test.0.AutoRebalancerTest.MovesScheduledIfAddTserver.1780912833870592-3821-0/minicluster-data/ts-0-root/instance:
uuid: "6c36d28600ec4c1b8a98079d82186a05"
format_stamp: "Formatted at 2026-06-08 10:00:57 on dist-test-slave-74m6"
I20260608 10:00:57.817826  3821 fs_manager.cc:696] Time spent creating directory manager: real 0.005s	user 0.000s	sys 0.004s
I20260608 10:00:57.822101  5558 log_block_manager.cc:4031] Time spent loading block containers with low live blocks: real 0.000s	user 0.000s	sys 0.000s
I20260608 10:00:57.823063  3821 fs_manager.cc:730] Time spent opening block manager: real 0.003s	user 0.003s	sys 0.001s
I20260608 10:00:57.823415  3821 fs_manager.cc:647] Opened local filesystem: /tmp/dist-test-taskhk09IZ/test-tmp/auto_rebalancer-test.0.AutoRebalancerTest.MovesScheduledIfAddTserver.1780912833870592-3821-0/minicluster-data/ts-0-root
uuid: "6c36d28600ec4c1b8a98079d82186a05"
format_stamp: "Formatted at 2026-06-08 10:00:57 on dist-test-slave-74m6"
I20260608 10:00:57.823766  3821 fs_report.cc:389] FS layout report
--------------------
wal directory: /tmp/dist-test-taskhk09IZ/test-tmp/auto_rebalancer-test.0.AutoRebalancerTest.MovesScheduledIfAddTserver.1780912833870592-3821-0/minicluster-data/ts-0-root
metadata directory: /tmp/dist-test-taskhk09IZ/test-tmp/auto_rebalancer-test.0.AutoRebalancerTest.MovesScheduledIfAddTserver.1780912833870592-3821-0/minicluster-data/ts-0-root
1 data directories: /tmp/dist-test-taskhk09IZ/test-tmp/auto_rebalancer-test.0.AutoRebalancerTest.MovesScheduledIfAddTserver.1780912833870592-3821-0/minicluster-data/ts-0-root/data
Total live blocks: 0
Total live bytes: 0
Total live bytes (after alignment): 0
Total number of LBM containers: 0 (0 full)
Did not check for missing blocks
Did not check for orphaned blocks
Total full LBM containers with extra space: 0 (0 repaired)
Total full LBM container extra space in bytes: 0 (0 repaired)
Total incomplete LBM containers: 0 (0 repaired)
Total LBM partial records: 0 (0 repaired)
Total corrupted LBM metadata records in RocksDB: 0 (0 repaired)
I20260608 10:00:57.853591  3821 rpc_server.cc:225] running with OpenSSL 1.1.1  11 Sep 2018
I20260608 10:00:57.854939  3821 kserver.cc:163] Server-wide thread pool size limit: 3276
I20260608 10:00:57.856600  3821 txn_system_client.cc:432] TxnSystemClient initialization is disabled...
I20260608 10:00:57.859403  3821 ts_tablet_manager.cc:585] Loaded tablet metadata (0 total tablets, 0 live tablets)
I20260608 10:00:57.859652  3821 ts_tablet_manager.cc:531] Time spent load tablet metadata: real 0.000s	user 0.000s	sys 0.000s
I20260608 10:00:57.859915  3821 ts_tablet_manager.cc:616] Registered 0 tablets
I20260608 10:00:57.860100  3821 ts_tablet_manager.cc:595] Time spent register tablets: real 0.000s	user 0.000s	sys 0.000s
I20260608 10:00:57.906363  3821 rpc_server.cc:307] RPC server started. Bound to: 127.3.187.65:44109
I20260608 10:00:57.906514  5620 acceptor_pool.cc:272] collecting diagnostics on the listening RPC socket 127.3.187.65:44109 every 8 connection(s)
I20260608 10:00:57.912129  3821 file_cache.cc:492] Constructed file cache file cache with capacity 419430
W20260608 10:00:57.920279  5625 instance_detector.cc:116] could not retrieve AWS instance metadata: Network error: curl error: HTTP response code said error: The requested URL returned error: 404
W20260608 10:00:57.921240  5626 instance_detector.cc:116] could not retrieve Azure instance metadata: Network error: curl error: HTTP response code said error: The requested URL returned error: 404
W20260608 10:00:57.926424  5628 instance_detector.cc:116] could not retrieve OpenStack instance metadata: Network error: curl error: HTTP response code said error: The requested URL returned error: 404
I20260608 10:00:57.927345  3821 server_base.cc:1061] running on GCE node
I20260608 10:00:57.928429  3821 hybrid_clock.cc:584] initializing the hybrid clock with 'system_unsync' time source
I20260608 10:00:57.928561  5621 heartbeater.cc:344] Connected to a master server at 127.3.187.126:33263
W20260608 10:00:57.928757  3821 system_unsync_time.cc:38] NTP support is disabled. Clock error bounds will not be accurate. This configuration is not suitable for distributed clusters.
I20260608 10:00:57.929073  5621 heartbeater.cc:461] Registering TS with master...
I20260608 10:00:57.929272  3821 hybrid_clock.cc:648] HybridClock initialized: now 1780912857929246 us; error 0 us; skew 500 ppm
I20260608 10:00:57.930471  3821 server_base.cc:861] Flag tcmalloc_max_total_thread_cache_bytes is not working since tcmalloc is not enabled.
I20260608 10:00:57.930554  5621 heartbeater.cc:507] Master 127.3.187.126:33263 requested a full tablet report, sending...
I20260608 10:00:57.934530  5494 ts_manager.cc:194] Registered new tserver with Master: 6c36d28600ec4c1b8a98079d82186a05 (127.3.187.65:44109)
I20260608 10:00:57.934679  3821 webserver.cc:533] Webserver started at http://127.3.187.66:36795/ using document root <none> and password file <none>
I20260608 10:00:57.935822  3821 fs_manager.cc:362] Metadata directory not provided
I20260608 10:00:57.936172  3821 fs_manager.cc:368] Using write-ahead log directory (fs_wal_dir) as metadata directory
I20260608 10:00:57.936560  3821 server_base.cc:909] This appears to be a new deployment of Kudu; creating new FS layout
I20260608 10:00:57.938035  5494 master_service.cc:502] Signed X509 certificate for tserver {username='slave'} at 127.0.0.1:43080
I20260608 10:00:57.938324  3821 fs_manager.cc:1068] Generated new instance metadata in path /tmp/dist-test-taskhk09IZ/test-tmp/auto_rebalancer-test.0.AutoRebalancerTest.MovesScheduledIfAddTserver.1780912833870592-3821-0/minicluster-data/ts-1-root/instance:
uuid: "2315667301644f4e8d7d91ac9d1ba78e"
format_stamp: "Formatted at 2026-06-08 10:00:57 on dist-test-slave-74m6"
I20260608 10:00:57.946244  3821 fs_manager.cc:696] Time spent creating directory manager: real 0.007s	user 0.006s	sys 0.003s
I20260608 10:00:57.950930  5633 log_block_manager.cc:4031] Time spent loading block containers with low live blocks: real 0.000s	user 0.000s	sys 0.000s
I20260608 10:00:57.951911  3821 fs_manager.cc:730] Time spent opening block manager: real 0.003s	user 0.001s	sys 0.000s
I20260608 10:00:57.952255  3821 fs_manager.cc:647] Opened local filesystem: /tmp/dist-test-taskhk09IZ/test-tmp/auto_rebalancer-test.0.AutoRebalancerTest.MovesScheduledIfAddTserver.1780912833870592-3821-0/minicluster-data/ts-1-root
uuid: "2315667301644f4e8d7d91ac9d1ba78e"
format_stamp: "Formatted at 2026-06-08 10:00:57 on dist-test-slave-74m6"
I20260608 10:00:57.952526  3821 fs_report.cc:389] FS layout report
--------------------
wal directory: /tmp/dist-test-taskhk09IZ/test-tmp/auto_rebalancer-test.0.AutoRebalancerTest.MovesScheduledIfAddTserver.1780912833870592-3821-0/minicluster-data/ts-1-root
metadata directory: /tmp/dist-test-taskhk09IZ/test-tmp/auto_rebalancer-test.0.AutoRebalancerTest.MovesScheduledIfAddTserver.1780912833870592-3821-0/minicluster-data/ts-1-root
1 data directories: /tmp/dist-test-taskhk09IZ/test-tmp/auto_rebalancer-test.0.AutoRebalancerTest.MovesScheduledIfAddTserver.1780912833870592-3821-0/minicluster-data/ts-1-root/data
Total live blocks: 0
Total live bytes: 0
Total live bytes (after alignment): 0
Total number of LBM containers: 0 (0 full)
Did not check for missing blocks
Did not check for orphaned blocks
Total full LBM containers with extra space: 0 (0 repaired)
Total full LBM container extra space in bytes: 0 (0 repaired)
Total incomplete LBM containers: 0 (0 repaired)
Total LBM partial records: 0 (0 repaired)
Total corrupted LBM metadata records in RocksDB: 0 (0 repaired)
I20260608 10:00:57.976297  3821 rpc_server.cc:225] running with OpenSSL 1.1.1  11 Sep 2018
I20260608 10:00:57.977741  3821 kserver.cc:163] Server-wide thread pool size limit: 3276
I20260608 10:00:57.979317  3821 txn_system_client.cc:432] TxnSystemClient initialization is disabled...
I20260608 10:00:57.981961  3821 ts_tablet_manager.cc:585] Loaded tablet metadata (0 total tablets, 0 live tablets)
I20260608 10:00:57.982216  3821 ts_tablet_manager.cc:531] Time spent load tablet metadata: real 0.000s	user 0.000s	sys 0.000s
I20260608 10:00:57.982488  3821 ts_tablet_manager.cc:616] Registered 0 tablets
I20260608 10:00:57.982674  3821 ts_tablet_manager.cc:595] Time spent register tablets: real 0.000s	user 0.000s	sys 0.000s
I20260608 10:00:58.031791  3821 rpc_server.cc:307] RPC server started. Bound to: 127.3.187.66:33125
I20260608 10:00:58.031929  5695 acceptor_pool.cc:272] collecting diagnostics on the listening RPC socket 127.3.187.66:33125 every 8 connection(s)
I20260608 10:00:58.037518  3821 file_cache.cc:492] Constructed file cache file cache with capacity 419430
W20260608 10:00:58.046936  5699 instance_detector.cc:116] could not retrieve AWS instance metadata: Network error: curl error: HTTP response code said error: The requested URL returned error: 404
W20260608 10:00:58.050120  5700 instance_detector.cc:116] could not retrieve Azure instance metadata: Network error: curl error: HTTP response code said error: The requested URL returned error: 404
W20260608 10:00:58.050279  5702 instance_detector.cc:116] could not retrieve OpenStack instance metadata: Network error: curl error: HTTP response code said error: The requested URL returned error: 404
I20260608 10:00:58.050459  3821 server_base.cc:1061] running on GCE node
I20260608 10:00:58.051966  3821 hybrid_clock.cc:584] initializing the hybrid clock with 'system_unsync' time source
W20260608 10:00:58.052246  3821 system_unsync_time.cc:38] NTP support is disabled. Clock error bounds will not be accurate. This configuration is not suitable for distributed clusters.
I20260608 10:00:58.052461  3821 hybrid_clock.cc:648] HybridClock initialized: now 1780912858052437 us; error 0 us; skew 500 ppm
I20260608 10:00:58.053198  3821 server_base.cc:861] Flag tcmalloc_max_total_thread_cache_bytes is not working since tcmalloc is not enabled.
I20260608 10:00:58.055784  5696 heartbeater.cc:344] Connected to a master server at 127.3.187.126:33263
I20260608 10:00:58.056299  5696 heartbeater.cc:461] Registering TS with master...
I20260608 10:00:58.057356  3821 webserver.cc:533] Webserver started at http://127.3.187.67:33405/ using document root <none> and password file <none>
I20260608 10:00:58.057454  5696 heartbeater.cc:507] Master 127.3.187.126:33263 requested a full tablet report, sending...
I20260608 10:00:58.058318  3821 fs_manager.cc:362] Metadata directory not provided
I20260608 10:00:58.058641  3821 fs_manager.cc:368] Using write-ahead log directory (fs_wal_dir) as metadata directory
I20260608 10:00:58.059036  3821 server_base.cc:909] This appears to be a new deployment of Kudu; creating new FS layout
I20260608 10:00:58.060878  5494 ts_manager.cc:194] Registered new tserver with Master: 2315667301644f4e8d7d91ac9d1ba78e (127.3.187.66:33125)
I20260608 10:00:58.060905  3821 fs_manager.cc:1068] Generated new instance metadata in path /tmp/dist-test-taskhk09IZ/test-tmp/auto_rebalancer-test.0.AutoRebalancerTest.MovesScheduledIfAddTserver.1780912833870592-3821-0/minicluster-data/ts-2-root/instance:
uuid: "b73f6feda9804141b15f6600e32834ef"
format_stamp: "Formatted at 2026-06-08 10:00:58 on dist-test-slave-74m6"
I20260608 10:00:58.062902  5494 master_service.cc:502] Signed X509 certificate for tserver {username='slave'} at 127.0.0.1:43082
I20260608 10:00:58.068564  3821 fs_manager.cc:696] Time spent creating directory manager: real 0.006s	user 0.005s	sys 0.001s
I20260608 10:00:58.073166  5707 log_block_manager.cc:4031] Time spent loading block containers with low live blocks: real 0.000s	user 0.000s	sys 0.000s
I20260608 10:00:58.074086  3821 fs_manager.cc:730] Time spent opening block manager: real 0.003s	user 0.004s	sys 0.000s
I20260608 10:00:58.074561  3821 fs_manager.cc:647] Opened local filesystem: /tmp/dist-test-taskhk09IZ/test-tmp/auto_rebalancer-test.0.AutoRebalancerTest.MovesScheduledIfAddTserver.1780912833870592-3821-0/minicluster-data/ts-2-root
uuid: "b73f6feda9804141b15f6600e32834ef"
format_stamp: "Formatted at 2026-06-08 10:00:58 on dist-test-slave-74m6"
I20260608 10:00:58.075044  3821 fs_report.cc:389] FS layout report
--------------------
wal directory: /tmp/dist-test-taskhk09IZ/test-tmp/auto_rebalancer-test.0.AutoRebalancerTest.MovesScheduledIfAddTserver.1780912833870592-3821-0/minicluster-data/ts-2-root
metadata directory: /tmp/dist-test-taskhk09IZ/test-tmp/auto_rebalancer-test.0.AutoRebalancerTest.MovesScheduledIfAddTserver.1780912833870592-3821-0/minicluster-data/ts-2-root
1 data directories: /tmp/dist-test-taskhk09IZ/test-tmp/auto_rebalancer-test.0.AutoRebalancerTest.MovesScheduledIfAddTserver.1780912833870592-3821-0/minicluster-data/ts-2-root/data
Total live blocks: 0
Total live bytes: 0
Total live bytes (after alignment): 0
Total number of LBM containers: 0 (0 full)
Did not check for missing blocks
Did not check for orphaned blocks
Total full LBM containers with extra space: 0 (0 repaired)
Total full LBM container extra space in bytes: 0 (0 repaired)
Total incomplete LBM containers: 0 (0 repaired)
Total LBM partial records: 0 (0 repaired)
Total corrupted LBM metadata records in RocksDB: 0 (0 repaired)
I20260608 10:00:58.094702  3821 rpc_server.cc:225] running with OpenSSL 1.1.1  11 Sep 2018
I20260608 10:00:58.096196  3821 kserver.cc:163] Server-wide thread pool size limit: 3276
I20260608 10:00:58.098166  3821 txn_system_client.cc:432] TxnSystemClient initialization is disabled...
I20260608 10:00:58.101042  3821 ts_tablet_manager.cc:585] Loaded tablet metadata (0 total tablets, 0 live tablets)
I20260608 10:00:58.101306  3821 ts_tablet_manager.cc:531] Time spent load tablet metadata: real 0.000s	user 0.000s	sys 0.000s
I20260608 10:00:58.101583  3821 ts_tablet_manager.cc:616] Registered 0 tablets
I20260608 10:00:58.101770  3821 ts_tablet_manager.cc:595] Time spent register tablets: real 0.000s	user 0.000s	sys 0.000s
I20260608 10:00:58.149591  3821 rpc_server.cc:307] RPC server started. Bound to: 127.3.187.67:40657
I20260608 10:00:58.149718  5769 acceptor_pool.cc:272] collecting diagnostics on the listening RPC socket 127.3.187.67:40657 every 8 connection(s)
I20260608 10:00:58.165840  5770 heartbeater.cc:344] Connected to a master server at 127.3.187.126:33263
I20260608 10:00:58.166340  5770 heartbeater.cc:461] Registering TS with master...
I20260608 10:00:58.167232  5770 heartbeater.cc:507] Master 127.3.187.126:33263 requested a full tablet report, sending...
I20260608 10:00:58.169760  5494 ts_manager.cc:194] Registered new tserver with Master: b73f6feda9804141b15f6600e32834ef (127.3.187.67:40657)
I20260608 10:00:58.170253  3821 internal_mini_cluster.cc:371] 3 TS(s) registered with all masters after 0.01692269s
I20260608 10:00:58.171329  5494 master_service.cc:502] Signed X509 certificate for tserver {username='slave'} at 127.0.0.1:43098
I20260608 10:00:58.717963  5494 catalog_manager.cc:2282] Servicing CreateTable request from {username='slave'} at 127.0.0.1:43108:
name: "test-workload"
schema {
  columns {
    name: "key"
    type: INT32
    is_key: true
    is_nullable: false
    encoding: AUTO_ENCODING
    compression: DEFAULT_COMPRESSION
    cfile_block_size: 0
    immutable: false
  }
  columns {
    name: "int_val"
    type: INT32
    is_key: false
    is_nullable: false
    encoding: AUTO_ENCODING
    compression: DEFAULT_COMPRESSION
    cfile_block_size: 0
    immutable: false
  }
  columns {
    name: "string_val"
    type: STRING
    is_key: false
    is_nullable: true
    encoding: AUTO_ENCODING
    compression: DEFAULT_COMPRESSION
    cfile_block_size: 0
    immutable: false
  }
}
num_replicas: 3
split_rows_range_bounds {
  rows: "\004\001\000\377\377\377?""\004\001\000\377\377\377?"
  indirect_data: """"
}
partition_schema {
  range_schema {
    columns {
      name: "key"
    }
  }
}
W20260608 10:00:58.720372  5494 catalog_manager.cc:7076] The number of live tablet servers is not enough to re-replicate a tablet replica of the newly created table test-workload in case of a server failure: 4 tablet servers would be needed, 3 are available. Consider bringing up more tablet servers.
I20260608 10:00:58.790782  5585 tablet_service.cc:1511] Processing CreateTablet for tablet f6980950c8914910a650dbce48d9aa33 (DEFAULT_TABLE table=test-workload [id=8e3a5c4019ae4571864d0689927d8f74]), partition=RANGE (key) PARTITION 1073741823 <= VALUES
I20260608 10:00:58.792485  5585 data_dirs.cc:400] Could only allocate 1 dirs of requested 3 for tablet f6980950c8914910a650dbce48d9aa33. 1 dirs total, 0 dirs full, 0 dirs failed
I20260608 10:00:58.792917  5586 tablet_service.cc:1511] Processing CreateTablet for tablet 57e1f641c1024b858a7de705f9f73f44 (DEFAULT_TABLE table=test-workload [id=8e3a5c4019ae4571864d0689927d8f74]), partition=RANGE (key) PARTITION VALUES < 1073741823
I20260608 10:00:58.794741  5586 data_dirs.cc:400] Could only allocate 1 dirs of requested 3 for tablet 57e1f641c1024b858a7de705f9f73f44. 1 dirs total, 0 dirs full, 0 dirs failed
I20260608 10:00:58.803273  5660 tablet_service.cc:1511] Processing CreateTablet for tablet f6980950c8914910a650dbce48d9aa33 (DEFAULT_TABLE table=test-workload [id=8e3a5c4019ae4571864d0689927d8f74]), partition=RANGE (key) PARTITION 1073741823 <= VALUES
I20260608 10:00:58.803148  5661 tablet_service.cc:1511] Processing CreateTablet for tablet 57e1f641c1024b858a7de705f9f73f44 (DEFAULT_TABLE table=test-workload [id=8e3a5c4019ae4571864d0689927d8f74]), partition=RANGE (key) PARTITION VALUES < 1073741823
I20260608 10:00:58.805038  5660 data_dirs.cc:400] Could only allocate 1 dirs of requested 3 for tablet f6980950c8914910a650dbce48d9aa33. 1 dirs total, 0 dirs full, 0 dirs failed
I20260608 10:00:58.804818  5735 tablet_service.cc:1511] Processing CreateTablet for tablet 57e1f641c1024b858a7de705f9f73f44 (DEFAULT_TABLE table=test-workload [id=8e3a5c4019ae4571864d0689927d8f74]), partition=RANGE (key) PARTITION VALUES < 1073741823
I20260608 10:00:58.806043  5661 data_dirs.cc:400] Could only allocate 1 dirs of requested 3 for tablet 57e1f641c1024b858a7de705f9f73f44. 1 dirs total, 0 dirs full, 0 dirs failed
I20260608 10:00:58.806432  5735 data_dirs.cc:400] Could only allocate 1 dirs of requested 3 for tablet 57e1f641c1024b858a7de705f9f73f44. 1 dirs total, 0 dirs full, 0 dirs failed
I20260608 10:00:58.819056  5790 tablet_bootstrap.cc:492] T f6980950c8914910a650dbce48d9aa33 P 6c36d28600ec4c1b8a98079d82186a05: Bootstrap starting.
I20260608 10:00:58.819356  5734 tablet_service.cc:1511] Processing CreateTablet for tablet f6980950c8914910a650dbce48d9aa33 (DEFAULT_TABLE table=test-workload [id=8e3a5c4019ae4571864d0689927d8f74]), partition=RANGE (key) PARTITION 1073741823 <= VALUES
I20260608 10:00:58.821910  5734 data_dirs.cc:400] Could only allocate 1 dirs of requested 3 for tablet f6980950c8914910a650dbce48d9aa33. 1 dirs total, 0 dirs full, 0 dirs failed
I20260608 10:00:58.836580  5791 tablet_bootstrap.cc:492] T f6980950c8914910a650dbce48d9aa33 P 2315667301644f4e8d7d91ac9d1ba78e: Bootstrap starting.
I20260608 10:00:58.842907  5790 tablet_bootstrap.cc:654] T f6980950c8914910a650dbce48d9aa33 P 6c36d28600ec4c1b8a98079d82186a05: Neither blocks nor log segments found. Creating new log.
I20260608 10:00:58.845583  5791 tablet_bootstrap.cc:654] T f6980950c8914910a650dbce48d9aa33 P 2315667301644f4e8d7d91ac9d1ba78e: Neither blocks nor log segments found. Creating new log.
I20260608 10:00:58.848975  5792 tablet_bootstrap.cc:492] T 57e1f641c1024b858a7de705f9f73f44 P b73f6feda9804141b15f6600e32834ef: Bootstrap starting.
I20260608 10:00:58.855959  5791 tablet_bootstrap.cc:492] T f6980950c8914910a650dbce48d9aa33 P 2315667301644f4e8d7d91ac9d1ba78e: No bootstrap required, opened a new log
I20260608 10:00:58.856277  5790 tablet_bootstrap.cc:492] T f6980950c8914910a650dbce48d9aa33 P 6c36d28600ec4c1b8a98079d82186a05: No bootstrap required, opened a new log
I20260608 10:00:58.856595  5791 ts_tablet_manager.cc:1403] T f6980950c8914910a650dbce48d9aa33 P 2315667301644f4e8d7d91ac9d1ba78e: Time spent bootstrapping tablet: real 0.020s	user 0.018s	sys 0.000s
I20260608 10:00:58.856959  5790 ts_tablet_manager.cc:1403] T f6980950c8914910a650dbce48d9aa33 P 6c36d28600ec4c1b8a98079d82186a05: Time spent bootstrapping tablet: real 0.038s	user 0.014s	sys 0.008s
I20260608 10:00:58.858325  5792 tablet_bootstrap.cc:654] T 57e1f641c1024b858a7de705f9f73f44 P b73f6feda9804141b15f6600e32834ef: Neither blocks nor log segments found. Creating new log.
I20260608 10:00:58.859987  5791 raft_consensus.cc:359] T f6980950c8914910a650dbce48d9aa33 P 2315667301644f4e8d7d91ac9d1ba78e [term 0 FOLLOWER]: Replica starting. Triggering 0 pending ops. Active config: opid_index: -1 OBSOLETE_local: false peers { permanent_uuid: "6c36d28600ec4c1b8a98079d82186a05" member_type: VOTER last_known_addr { host: "127.3.187.65" port: 44109 } } peers { permanent_uuid: "2315667301644f4e8d7d91ac9d1ba78e" member_type: VOTER last_known_addr { host: "127.3.187.66" port: 33125 } } peers { permanent_uuid: "b73f6feda9804141b15f6600e32834ef" member_type: VOTER last_known_addr { host: "127.3.187.67" port: 40657 } }
I20260608 10:00:58.860596  5791 raft_consensus.cc:385] T f6980950c8914910a650dbce48d9aa33 P 2315667301644f4e8d7d91ac9d1ba78e [term 0 FOLLOWER]: Consensus starting up: Expiring failure detector timer to make a prompt election more likely
I20260608 10:00:58.861137  5791 raft_consensus.cc:740] T f6980950c8914910a650dbce48d9aa33 P 2315667301644f4e8d7d91ac9d1ba78e [term 0 FOLLOWER]: Becoming Follower/Learner. State: Replica: 2315667301644f4e8d7d91ac9d1ba78e, State: Initialized, Role: FOLLOWER
I20260608 10:00:58.860550  5790 raft_consensus.cc:359] T f6980950c8914910a650dbce48d9aa33 P 6c36d28600ec4c1b8a98079d82186a05 [term 0 FOLLOWER]: Replica starting. Triggering 0 pending ops. Active config: opid_index: -1 OBSOLETE_local: false peers { permanent_uuid: "6c36d28600ec4c1b8a98079d82186a05" member_type: VOTER last_known_addr { host: "127.3.187.65" port: 44109 } } peers { permanent_uuid: "2315667301644f4e8d7d91ac9d1ba78e" member_type: VOTER last_known_addr { host: "127.3.187.66" port: 33125 } } peers { permanent_uuid: "b73f6feda9804141b15f6600e32834ef" member_type: VOTER last_known_addr { host: "127.3.187.67" port: 40657 } }
I20260608 10:00:58.861661  5790 raft_consensus.cc:385] T f6980950c8914910a650dbce48d9aa33 P 6c36d28600ec4c1b8a98079d82186a05 [term 0 FOLLOWER]: Consensus starting up: Expiring failure detector timer to make a prompt election more likely
I20260608 10:00:58.862149  5790 raft_consensus.cc:740] T f6980950c8914910a650dbce48d9aa33 P 6c36d28600ec4c1b8a98079d82186a05 [term 0 FOLLOWER]: Becoming Follower/Learner. State: Replica: 6c36d28600ec4c1b8a98079d82186a05, State: Initialized, Role: FOLLOWER
I20260608 10:00:58.861977  5791 consensus_queue.cc:260] T f6980950c8914910a650dbce48d9aa33 P 2315667301644f4e8d7d91ac9d1ba78e [NON_LEADER]: Queue going to NON_LEADER mode. State: All replicated index: 0, Majority replicated index: 0, Committed index: 0, Last appended: 0.0, Last appended by leader: 0, Current term: 0, Majority size: -1, State: 0, Mode: NON_LEADER, active raft config: opid_index: -1 OBSOLETE_local: false peers { permanent_uuid: "6c36d28600ec4c1b8a98079d82186a05" member_type: VOTER last_known_addr { host: "127.3.187.65" port: 44109 } } peers { permanent_uuid: "2315667301644f4e8d7d91ac9d1ba78e" member_type: VOTER last_known_addr { host: "127.3.187.66" port: 33125 } } peers { permanent_uuid: "b73f6feda9804141b15f6600e32834ef" member_type: VOTER last_known_addr { host: "127.3.187.67" port: 40657 } }
I20260608 10:00:58.863152  5790 consensus_queue.cc:260] T f6980950c8914910a650dbce48d9aa33 P 6c36d28600ec4c1b8a98079d82186a05 [NON_LEADER]: Queue going to NON_LEADER mode. State: All replicated index: 0, Majority replicated index: 0, Committed index: 0, Last appended: 0.0, Last appended by leader: 0, Current term: 0, Majority size: -1, State: 0, Mode: NON_LEADER, active raft config: opid_index: -1 OBSOLETE_local: false peers { permanent_uuid: "6c36d28600ec4c1b8a98079d82186a05" member_type: VOTER last_known_addr { host: "127.3.187.65" port: 44109 } } peers { permanent_uuid: "2315667301644f4e8d7d91ac9d1ba78e" member_type: VOTER last_known_addr { host: "127.3.187.66" port: 33125 } } peers { permanent_uuid: "b73f6feda9804141b15f6600e32834ef" member_type: VOTER last_known_addr { host: "127.3.187.67" port: 40657 } }
I20260608 10:00:58.864992  5792 tablet_bootstrap.cc:492] T 57e1f641c1024b858a7de705f9f73f44 P b73f6feda9804141b15f6600e32834ef: No bootstrap required, opened a new log
I20260608 10:00:58.865226  5696 heartbeater.cc:499] Master 127.3.187.126:33263 was elected leader, sending a full tablet report...
I20260608 10:00:58.865509  5791 ts_tablet_manager.cc:1434] T f6980950c8914910a650dbce48d9aa33 P 2315667301644f4e8d7d91ac9d1ba78e: Time spent starting tablet: real 0.008s	user 0.008s	sys 0.000s
I20260608 10:00:58.865598  5792 ts_tablet_manager.cc:1403] T 57e1f641c1024b858a7de705f9f73f44 P b73f6feda9804141b15f6600e32834ef: Time spent bootstrapping tablet: real 0.017s	user 0.013s	sys 0.002s
I20260608 10:00:58.866937  5791 tablet_bootstrap.cc:492] T 57e1f641c1024b858a7de705f9f73f44 P 2315667301644f4e8d7d91ac9d1ba78e: Bootstrap starting.
I20260608 10:00:58.869508  5792 raft_consensus.cc:359] T 57e1f641c1024b858a7de705f9f73f44 P b73f6feda9804141b15f6600e32834ef [term 0 FOLLOWER]: Replica starting. Triggering 0 pending ops. Active config: opid_index: -1 OBSOLETE_local: false peers { permanent_uuid: "2315667301644f4e8d7d91ac9d1ba78e" member_type: VOTER last_known_addr { host: "127.3.187.66" port: 33125 } } peers { permanent_uuid: "6c36d28600ec4c1b8a98079d82186a05" member_type: VOTER last_known_addr { host: "127.3.187.65" port: 44109 } } peers { permanent_uuid: "b73f6feda9804141b15f6600e32834ef" member_type: VOTER last_known_addr { host: "127.3.187.67" port: 40657 } }
I20260608 10:00:58.870494  5792 raft_consensus.cc:385] T 57e1f641c1024b858a7de705f9f73f44 P b73f6feda9804141b15f6600e32834ef [term 0 FOLLOWER]: Consensus starting up: Expiring failure detector timer to make a prompt election more likely
I20260608 10:00:58.870941  5792 raft_consensus.cc:740] T 57e1f641c1024b858a7de705f9f73f44 P b73f6feda9804141b15f6600e32834ef [term 0 FOLLOWER]: Becoming Follower/Learner. State: Replica: b73f6feda9804141b15f6600e32834ef, State: Initialized, Role: FOLLOWER
I20260608 10:00:58.872700  5790 ts_tablet_manager.cc:1434] T f6980950c8914910a650dbce48d9aa33 P 6c36d28600ec4c1b8a98079d82186a05: Time spent starting tablet: real 0.015s	user 0.009s	sys 0.004s
I20260608 10:00:58.872198  5792 consensus_queue.cc:260] T 57e1f641c1024b858a7de705f9f73f44 P b73f6feda9804141b15f6600e32834ef [NON_LEADER]: Queue going to NON_LEADER mode. State: All replicated index: 0, Majority replicated index: 0, Committed index: 0, Last appended: 0.0, Last appended by leader: 0, Current term: 0, Majority size: -1, State: 0, Mode: NON_LEADER, active raft config: opid_index: -1 OBSOLETE_local: false peers { permanent_uuid: "2315667301644f4e8d7d91ac9d1ba78e" member_type: VOTER last_known_addr { host: "127.3.187.66" port: 33125 } } peers { permanent_uuid: "6c36d28600ec4c1b8a98079d82186a05" member_type: VOTER last_known_addr { host: "127.3.187.65" port: 44109 } } peers { permanent_uuid: "b73f6feda9804141b15f6600e32834ef" member_type: VOTER last_known_addr { host: "127.3.187.67" port: 40657 } }
I20260608 10:00:58.873559  5621 heartbeater.cc:499] Master 127.3.187.126:33263 was elected leader, sending a full tablet report...
I20260608 10:00:58.875030  5791 tablet_bootstrap.cc:654] T 57e1f641c1024b858a7de705f9f73f44 P 2315667301644f4e8d7d91ac9d1ba78e: Neither blocks nor log segments found. Creating new log.
I20260608 10:00:58.882166  5770 heartbeater.cc:499] Master 127.3.187.126:33263 was elected leader, sending a full tablet report...
I20260608 10:00:58.883309  5790 tablet_bootstrap.cc:492] T 57e1f641c1024b858a7de705f9f73f44 P 6c36d28600ec4c1b8a98079d82186a05: Bootstrap starting.
I20260608 10:00:58.884045  5792 ts_tablet_manager.cc:1434] T 57e1f641c1024b858a7de705f9f73f44 P b73f6feda9804141b15f6600e32834ef: Time spent starting tablet: real 0.018s	user 0.009s	sys 0.005s
I20260608 10:00:58.885784  5792 tablet_bootstrap.cc:492] T f6980950c8914910a650dbce48d9aa33 P b73f6feda9804141b15f6600e32834ef: Bootstrap starting.
I20260608 10:00:58.896001  5790 tablet_bootstrap.cc:654] T 57e1f641c1024b858a7de705f9f73f44 P 6c36d28600ec4c1b8a98079d82186a05: Neither blocks nor log segments found. Creating new log.
I20260608 10:00:58.896139  5792 tablet_bootstrap.cc:654] T f6980950c8914910a650dbce48d9aa33 P b73f6feda9804141b15f6600e32834ef: Neither blocks nor log segments found. Creating new log.
I20260608 10:00:58.899844  5791 tablet_bootstrap.cc:492] T 57e1f641c1024b858a7de705f9f73f44 P 2315667301644f4e8d7d91ac9d1ba78e: No bootstrap required, opened a new log
I20260608 10:00:58.900683  5791 ts_tablet_manager.cc:1403] T 57e1f641c1024b858a7de705f9f73f44 P 2315667301644f4e8d7d91ac9d1ba78e: Time spent bootstrapping tablet: real 0.034s	user 0.013s	sys 0.019s
I20260608 10:00:58.905756  5791 raft_consensus.cc:359] T 57e1f641c1024b858a7de705f9f73f44 P 2315667301644f4e8d7d91ac9d1ba78e [term 0 FOLLOWER]: Replica starting. Triggering 0 pending ops. Active config: opid_index: -1 OBSOLETE_local: false peers { permanent_uuid: "2315667301644f4e8d7d91ac9d1ba78e" member_type: VOTER last_known_addr { host: "127.3.187.66" port: 33125 } } peers { permanent_uuid: "6c36d28600ec4c1b8a98079d82186a05" member_type: VOTER last_known_addr { host: "127.3.187.65" port: 44109 } } peers { permanent_uuid: "b73f6feda9804141b15f6600e32834ef" member_type: VOTER last_known_addr { host: "127.3.187.67" port: 40657 } }
I20260608 10:00:58.907124  5791 raft_consensus.cc:385] T 57e1f641c1024b858a7de705f9f73f44 P 2315667301644f4e8d7d91ac9d1ba78e [term 0 FOLLOWER]: Consensus starting up: Expiring failure detector timer to make a prompt election more likely
I20260608 10:00:58.907686  5791 raft_consensus.cc:740] T 57e1f641c1024b858a7de705f9f73f44 P 2315667301644f4e8d7d91ac9d1ba78e [term 0 FOLLOWER]: Becoming Follower/Learner. State: Replica: 2315667301644f4e8d7d91ac9d1ba78e, State: Initialized, Role: FOLLOWER
I20260608 10:00:58.909221  5791 consensus_queue.cc:260] T 57e1f641c1024b858a7de705f9f73f44 P 2315667301644f4e8d7d91ac9d1ba78e [NON_LEADER]: Queue going to NON_LEADER mode. State: All replicated index: 0, Majority replicated index: 0, Committed index: 0, Last appended: 0.0, Last appended by leader: 0, Current term: 0, Majority size: -1, State: 0, Mode: NON_LEADER, active raft config: opid_index: -1 OBSOLETE_local: false peers { permanent_uuid: "2315667301644f4e8d7d91ac9d1ba78e" member_type: VOTER last_known_addr { host: "127.3.187.66" port: 33125 } } peers { permanent_uuid: "6c36d28600ec4c1b8a98079d82186a05" member_type: VOTER last_known_addr { host: "127.3.187.65" port: 44109 } } peers { permanent_uuid: "b73f6feda9804141b15f6600e32834ef" member_type: VOTER last_known_addr { host: "127.3.187.67" port: 40657 } }
I20260608 10:00:58.917584  5791 ts_tablet_manager.cc:1434] T 57e1f641c1024b858a7de705f9f73f44 P 2315667301644f4e8d7d91ac9d1ba78e: Time spent starting tablet: real 0.016s	user 0.007s	sys 0.003s
I20260608 10:00:58.925333  5792 tablet_bootstrap.cc:492] T f6980950c8914910a650dbce48d9aa33 P b73f6feda9804141b15f6600e32834ef: No bootstrap required, opened a new log
I20260608 10:00:58.925693  5790 tablet_bootstrap.cc:492] T 57e1f641c1024b858a7de705f9f73f44 P 6c36d28600ec4c1b8a98079d82186a05: No bootstrap required, opened a new log
I20260608 10:00:58.926137  5792 ts_tablet_manager.cc:1403] T f6980950c8914910a650dbce48d9aa33 P b73f6feda9804141b15f6600e32834ef: Time spent bootstrapping tablet: real 0.041s	user 0.017s	sys 0.021s
I20260608 10:00:58.926242  5790 ts_tablet_manager.cc:1403] T 57e1f641c1024b858a7de705f9f73f44 P 6c36d28600ec4c1b8a98079d82186a05: Time spent bootstrapping tablet: real 0.043s	user 0.023s	sys 0.012s
I20260608 10:00:58.929052  5792 raft_consensus.cc:359] T f6980950c8914910a650dbce48d9aa33 P b73f6feda9804141b15f6600e32834ef [term 0 FOLLOWER]: Replica starting. Triggering 0 pending ops. Active config: opid_index: -1 OBSOLETE_local: false peers { permanent_uuid: "6c36d28600ec4c1b8a98079d82186a05" member_type: VOTER last_known_addr { host: "127.3.187.65" port: 44109 } } peers { permanent_uuid: "2315667301644f4e8d7d91ac9d1ba78e" member_type: VOTER last_known_addr { host: "127.3.187.66" port: 33125 } } peers { permanent_uuid: "b73f6feda9804141b15f6600e32834ef" member_type: VOTER last_known_addr { host: "127.3.187.67" port: 40657 } }
I20260608 10:00:58.929755  5792 raft_consensus.cc:385] T f6980950c8914910a650dbce48d9aa33 P b73f6feda9804141b15f6600e32834ef [term 0 FOLLOWER]: Consensus starting up: Expiring failure detector timer to make a prompt election more likely
I20260608 10:00:58.929593  5790 raft_consensus.cc:359] T 57e1f641c1024b858a7de705f9f73f44 P 6c36d28600ec4c1b8a98079d82186a05 [term 0 FOLLOWER]: Replica starting. Triggering 0 pending ops. Active config: opid_index: -1 OBSOLETE_local: false peers { permanent_uuid: "2315667301644f4e8d7d91ac9d1ba78e" member_type: VOTER last_known_addr { host: "127.3.187.66" port: 33125 } } peers { permanent_uuid: "6c36d28600ec4c1b8a98079d82186a05" member_type: VOTER last_known_addr { host: "127.3.187.65" port: 44109 } } peers { permanent_uuid: "b73f6feda9804141b15f6600e32834ef" member_type: VOTER last_known_addr { host: "127.3.187.67" port: 40657 } }
I20260608 10:00:58.930100  5792 raft_consensus.cc:740] T f6980950c8914910a650dbce48d9aa33 P b73f6feda9804141b15f6600e32834ef [term 0 FOLLOWER]: Becoming Follower/Learner. State: Replica: b73f6feda9804141b15f6600e32834ef, State: Initialized, Role: FOLLOWER
I20260608 10:00:58.930452  5790 raft_consensus.cc:385] T 57e1f641c1024b858a7de705f9f73f44 P 6c36d28600ec4c1b8a98079d82186a05 [term 0 FOLLOWER]: Consensus starting up: Expiring failure detector timer to make a prompt election more likely
I20260608 10:00:58.930837  5790 raft_consensus.cc:740] T 57e1f641c1024b858a7de705f9f73f44 P 6c36d28600ec4c1b8a98079d82186a05 [term 0 FOLLOWER]: Becoming Follower/Learner. State: Replica: 6c36d28600ec4c1b8a98079d82186a05, State: Initialized, Role: FOLLOWER
I20260608 10:00:58.931105  5792 consensus_queue.cc:260] T f6980950c8914910a650dbce48d9aa33 P b73f6feda9804141b15f6600e32834ef [NON_LEADER]: Queue going to NON_LEADER mode. State: All replicated index: 0, Majority replicated index: 0, Committed index: 0, Last appended: 0.0, Last appended by leader: 0, Current term: 0, Majority size: -1, State: 0, Mode: NON_LEADER, active raft config: opid_index: -1 OBSOLETE_local: false peers { permanent_uuid: "6c36d28600ec4c1b8a98079d82186a05" member_type: VOTER last_known_addr { host: "127.3.187.65" port: 44109 } } peers { permanent_uuid: "2315667301644f4e8d7d91ac9d1ba78e" member_type: VOTER last_known_addr { host: "127.3.187.66" port: 33125 } } peers { permanent_uuid: "b73f6feda9804141b15f6600e32834ef" member_type: VOTER last_known_addr { host: "127.3.187.67" port: 40657 } }
I20260608 10:00:58.931593  5790 consensus_queue.cc:260] T 57e1f641c1024b858a7de705f9f73f44 P 6c36d28600ec4c1b8a98079d82186a05 [NON_LEADER]: Queue going to NON_LEADER mode. State: All replicated index: 0, Majority replicated index: 0, Committed index: 0, Last appended: 0.0, Last appended by leader: 0, Current term: 0, Majority size: -1, State: 0, Mode: NON_LEADER, active raft config: opid_index: -1 OBSOLETE_local: false peers { permanent_uuid: "2315667301644f4e8d7d91ac9d1ba78e" member_type: VOTER last_known_addr { host: "127.3.187.66" port: 33125 } } peers { permanent_uuid: "6c36d28600ec4c1b8a98079d82186a05" member_type: VOTER last_known_addr { host: "127.3.187.65" port: 44109 } } peers { permanent_uuid: "b73f6feda9804141b15f6600e32834ef" member_type: VOTER last_known_addr { host: "127.3.187.67" port: 40657 } }
I20260608 10:00:58.933889  5790 ts_tablet_manager.cc:1434] T 57e1f641c1024b858a7de705f9f73f44 P 6c36d28600ec4c1b8a98079d82186a05: Time spent starting tablet: real 0.007s	user 0.006s	sys 0.000s
I20260608 10:00:58.933935  5792 ts_tablet_manager.cc:1434] T f6980950c8914910a650dbce48d9aa33 P b73f6feda9804141b15f6600e32834ef: Time spent starting tablet: real 0.007s	user 0.007s	sys 0.000s
I20260608 10:00:58.989051  5798 raft_consensus.cc:493] T f6980950c8914910a650dbce48d9aa33 P b73f6feda9804141b15f6600e32834ef [term 0 FOLLOWER]: Starting pre-election (no leader contacted us within the election timeout)
I20260608 10:00:58.989746  5798 raft_consensus.cc:515] T f6980950c8914910a650dbce48d9aa33 P b73f6feda9804141b15f6600e32834ef [term 0 FOLLOWER]: Starting pre-election with config: opid_index: -1 OBSOLETE_local: false peers { permanent_uuid: "6c36d28600ec4c1b8a98079d82186a05" member_type: VOTER last_known_addr { host: "127.3.187.65" port: 44109 } } peers { permanent_uuid: "2315667301644f4e8d7d91ac9d1ba78e" member_type: VOTER last_known_addr { host: "127.3.187.66" port: 33125 } } peers { permanent_uuid: "b73f6feda9804141b15f6600e32834ef" member_type: VOTER last_known_addr { host: "127.3.187.67" port: 40657 } }
I20260608 10:00:58.992723  5798 leader_election.cc:290] T f6980950c8914910a650dbce48d9aa33 P b73f6feda9804141b15f6600e32834ef [CANDIDATE]: Term 1 pre-election: Requested pre-vote from peers 6c36d28600ec4c1b8a98079d82186a05 (127.3.187.65:44109), 2315667301644f4e8d7d91ac9d1ba78e (127.3.187.66:33125)
I20260608 10:00:59.006840  5596 tablet_service.cc:1917] Received RequestConsensusVote() RPC: tablet_id: "f6980950c8914910a650dbce48d9aa33" candidate_uuid: "b73f6feda9804141b15f6600e32834ef" candidate_term: 1 candidate_status { last_received { term: 0 index: 0 } } ignore_live_leader: false dest_uuid: "6c36d28600ec4c1b8a98079d82186a05" is_pre_election: true
I20260608 10:00:59.007655  5596 raft_consensus.cc:2468] T f6980950c8914910a650dbce48d9aa33 P 6c36d28600ec4c1b8a98079d82186a05 [term 0 FOLLOWER]: Leader pre-election vote request: Granting yes vote for candidate b73f6feda9804141b15f6600e32834ef in term 0.
I20260608 10:00:59.007808  5671 tablet_service.cc:1917] Received RequestConsensusVote() RPC: tablet_id: "f6980950c8914910a650dbce48d9aa33" candidate_uuid: "b73f6feda9804141b15f6600e32834ef" candidate_term: 1 candidate_status { last_received { term: 0 index: 0 } } ignore_live_leader: false dest_uuid: "2315667301644f4e8d7d91ac9d1ba78e" is_pre_election: true
I20260608 10:00:59.008987  5671 raft_consensus.cc:2468] T f6980950c8914910a650dbce48d9aa33 P 2315667301644f4e8d7d91ac9d1ba78e [term 0 FOLLOWER]: Leader pre-election vote request: Granting yes vote for candidate b73f6feda9804141b15f6600e32834ef in term 0.
I20260608 10:00:59.009528  5710 leader_election.cc:304] T f6980950c8914910a650dbce48d9aa33 P b73f6feda9804141b15f6600e32834ef [CANDIDATE]: Term 1 pre-election: Election decided. Result: candidate won. Election summary: received 2 responses out of 3 voters: 2 yes votes; 0 no votes. yes voters: 6c36d28600ec4c1b8a98079d82186a05, b73f6feda9804141b15f6600e32834ef; no voters: 
I20260608 10:00:59.010653  5798 raft_consensus.cc:2804] T f6980950c8914910a650dbce48d9aa33 P b73f6feda9804141b15f6600e32834ef [term 0 FOLLOWER]: Leader pre-election won for term 1
I20260608 10:00:59.011036  5798 raft_consensus.cc:493] T f6980950c8914910a650dbce48d9aa33 P b73f6feda9804141b15f6600e32834ef [term 0 FOLLOWER]: Starting leader election (no leader contacted us within the election timeout)
I20260608 10:00:59.011345  5798 raft_consensus.cc:3060] T f6980950c8914910a650dbce48d9aa33 P b73f6feda9804141b15f6600e32834ef [term 0 FOLLOWER]: Advancing to term 1
