I20260608 10:01:47.133671 15802 tablet_bootstrap.cc:654] T 5cf37db41a26426899c5507ffda6789a P 2b33664b7e214591b71a0ac0e9b5d651: Neither blocks nor log segments found. Creating new log.
I20260608 10:01:47.134996 15801 tablet_bootstrap.cc:492] T 5cf37db41a26426899c5507ffda6789a P d116e392cd6549a38baa30130df9f95c: No bootstrap required, opened a new log
I20260608 10:01:47.135470 15801 ts_tablet_manager.cc:1403] T 5cf37db41a26426899c5507ffda6789a P d116e392cd6549a38baa30130df9f95c: Time spent bootstrapping tablet: real 0.037s	user 0.014s	sys 0.005s
I20260608 10:01:47.135924 15803 tablet_bootstrap.cc:492] T 5cf37db41a26426899c5507ffda6789a P 083be9ff2a83499d8416fa8f6ac0d006: No bootstrap required, opened a new log
I20260608 10:01:47.136431 15803 ts_tablet_manager.cc:1403] T 5cf37db41a26426899c5507ffda6789a P 083be9ff2a83499d8416fa8f6ac0d006: Time spent bootstrapping tablet: real 0.020s	user 0.010s	sys 0.007s
I20260608 10:01:47.138060 15801 raft_consensus.cc:359] T 5cf37db41a26426899c5507ffda6789a P d116e392cd6549a38baa30130df9f95c [term 0 FOLLOWER]: Replica starting. Triggering 0 pending ops. Active config: opid_index: -1 OBSOLETE_local: false peers { permanent_uuid: "d116e392cd6549a38baa30130df9f95c" member_type: VOTER last_known_addr { host: "127.12.175.194" port: 40687 } } peers { permanent_uuid: "083be9ff2a83499d8416fa8f6ac0d006" member_type: VOTER last_known_addr { host: "127.12.175.195" port: 37249 } } peers { permanent_uuid: "2b33664b7e214591b71a0ac0e9b5d651" member_type: VOTER last_known_addr { host: "127.12.175.193" port: 38235 } }
I20260608 10:01:47.138651 15801 raft_consensus.cc:385] T 5cf37db41a26426899c5507ffda6789a P d116e392cd6549a38baa30130df9f95c [term 0 FOLLOWER]: Consensus starting up: Expiring failure detector timer to make a prompt election more likely
I20260608 10:01:47.138962 15801 raft_consensus.cc:740] T 5cf37db41a26426899c5507ffda6789a P d116e392cd6549a38baa30130df9f95c [term 0 FOLLOWER]: Becoming Follower/Learner. State: Replica: d116e392cd6549a38baa30130df9f95c, State: Initialized, Role: FOLLOWER
I20260608 10:01:47.139871 15801 consensus_queue.cc:260] T 5cf37db41a26426899c5507ffda6789a P d116e392cd6549a38baa30130df9f95c [NON_LEADER]: Queue going to NON_LEADER mode. State: All replicated index: 0, Majority replicated index: 0, Committed index: 0, Last appended: 0.0, Last appended by leader: 0, Current term: 0, Majority size: -1, State: 0, Mode: NON_LEADER, active raft config: opid_index: -1 OBSOLETE_local: false peers { permanent_uuid: "d116e392cd6549a38baa30130df9f95c" member_type: VOTER last_known_addr { host: "127.12.175.194" port: 40687 } } peers { permanent_uuid: "083be9ff2a83499d8416fa8f6ac0d006" member_type: VOTER last_known_addr { host: "127.12.175.195" port: 37249 } } peers { permanent_uuid: "2b33664b7e214591b71a0ac0e9b5d651" member_type: VOTER last_known_addr { host: "127.12.175.193" port: 38235 } }
I20260608 10:01:47.140491 15803 raft_consensus.cc:359] T 5cf37db41a26426899c5507ffda6789a P 083be9ff2a83499d8416fa8f6ac0d006 [term 0 FOLLOWER]: Replica starting. Triggering 0 pending ops. Active config: opid_index: -1 OBSOLETE_local: false peers { permanent_uuid: "d116e392cd6549a38baa30130df9f95c" member_type: VOTER last_known_addr { host: "127.12.175.194" port: 40687 } } peers { permanent_uuid: "083be9ff2a83499d8416fa8f6ac0d006" member_type: VOTER last_known_addr { host: "127.12.175.195" port: 37249 } } peers { permanent_uuid: "2b33664b7e214591b71a0ac0e9b5d651" member_type: VOTER last_known_addr { host: "127.12.175.193" port: 38235 } }
I20260608 10:01:47.141685 15803 raft_consensus.cc:385] T 5cf37db41a26426899c5507ffda6789a P 083be9ff2a83499d8416fa8f6ac0d006 [term 0 FOLLOWER]: Consensus starting up: Expiring failure detector timer to make a prompt election more likely
I20260608 10:01:47.141893 15802 tablet_bootstrap.cc:492] T 5cf37db41a26426899c5507ffda6789a P 2b33664b7e214591b71a0ac0e9b5d651: No bootstrap required, opened a new log
I20260608 10:01:47.142158 15803 raft_consensus.cc:740] T 5cf37db41a26426899c5507ffda6789a P 083be9ff2a83499d8416fa8f6ac0d006 [term 0 FOLLOWER]: Becoming Follower/Learner. State: Replica: 083be9ff2a83499d8416fa8f6ac0d006, State: Initialized, Role: FOLLOWER
I20260608 10:01:47.142587 15802 ts_tablet_manager.cc:1403] T 5cf37db41a26426899c5507ffda6789a P 2b33664b7e214591b71a0ac0e9b5d651: Time spent bootstrapping tablet: real 0.021s	user 0.009s	sys 0.008s
I20260608 10:01:47.142954 15801 ts_tablet_manager.cc:1434] T 5cf37db41a26426899c5507ffda6789a P d116e392cd6549a38baa30130df9f95c: Time spent starting tablet: real 0.007s	user 0.004s	sys 0.004s
I20260608 10:01:47.143329 15803 consensus_queue.cc:260] T 5cf37db41a26426899c5507ffda6789a P 083be9ff2a83499d8416fa8f6ac0d006 [NON_LEADER]: Queue going to NON_LEADER mode. State: All replicated index: 0, Majority replicated index: 0, Committed index: 0, Last appended: 0.0, Last appended by leader: 0, Current term: 0, Majority size: -1, State: 0, Mode: NON_LEADER, active raft config: opid_index: -1 OBSOLETE_local: false peers { permanent_uuid: "d116e392cd6549a38baa30130df9f95c" member_type: VOTER last_known_addr { host: "127.12.175.194" port: 40687 } } peers { permanent_uuid: "083be9ff2a83499d8416fa8f6ac0d006" member_type: VOTER last_known_addr { host: "127.12.175.195" port: 37249 } } peers { permanent_uuid: "2b33664b7e214591b71a0ac0e9b5d651" member_type: VOTER last_known_addr { host: "127.12.175.193" port: 38235 } }
I20260608 10:01:47.144929 15801 tablet_bootstrap.cc:492] T e4d7facc69304302a1574b564bd87a23 P d116e392cd6549a38baa30130df9f95c: Bootstrap starting.
I20260608 10:01:47.146991 15803 ts_tablet_manager.cc:1434] T 5cf37db41a26426899c5507ffda6789a P 083be9ff2a83499d8416fa8f6ac0d006: Time spent starting tablet: real 0.010s	user 0.007s	sys 0.004s
I20260608 10:01:47.148200 15803 tablet_bootstrap.cc:492] T e4d7facc69304302a1574b564bd87a23 P 083be9ff2a83499d8416fa8f6ac0d006: Bootstrap starting.
I20260608 10:01:47.152798 15801 tablet_bootstrap.cc:654] T e4d7facc69304302a1574b564bd87a23 P d116e392cd6549a38baa30130df9f95c: Neither blocks nor log segments found. Creating new log.
I20260608 10:01:47.155766 15802 raft_consensus.cc:359] T 5cf37db41a26426899c5507ffda6789a P 2b33664b7e214591b71a0ac0e9b5d651 [term 0 FOLLOWER]: Replica starting. Triggering 0 pending ops. Active config: opid_index: -1 OBSOLETE_local: false peers { permanent_uuid: "d116e392cd6549a38baa30130df9f95c" member_type: VOTER last_known_addr { host: "127.12.175.194" port: 40687 } } peers { permanent_uuid: "083be9ff2a83499d8416fa8f6ac0d006" member_type: VOTER last_known_addr { host: "127.12.175.195" port: 37249 } } peers { permanent_uuid: "2b33664b7e214591b71a0ac0e9b5d651" member_type: VOTER last_known_addr { host: "127.12.175.193" port: 38235 } }
I20260608 10:01:47.156611 15802 raft_consensus.cc:385] T 5cf37db41a26426899c5507ffda6789a P 2b33664b7e214591b71a0ac0e9b5d651 [term 0 FOLLOWER]: Consensus starting up: Expiring failure detector timer to make a prompt election more likely
I20260608 10:01:47.156934 15802 raft_consensus.cc:740] T 5cf37db41a26426899c5507ffda6789a P 2b33664b7e214591b71a0ac0e9b5d651 [term 0 FOLLOWER]: Becoming Follower/Learner. State: Replica: 2b33664b7e214591b71a0ac0e9b5d651, State: Initialized, Role: FOLLOWER
I20260608 10:01:47.158208 15803 tablet_bootstrap.cc:654] T e4d7facc69304302a1574b564bd87a23 P 083be9ff2a83499d8416fa8f6ac0d006: Neither blocks nor log segments found. Creating new log.
I20260608 10:01:47.157943 15802 consensus_queue.cc:260] T 5cf37db41a26426899c5507ffda6789a P 2b33664b7e214591b71a0ac0e9b5d651 [NON_LEADER]: Queue going to NON_LEADER mode. State: All replicated index: 0, Majority replicated index: 0, Committed index: 0, Last appended: 0.0, Last appended by leader: 0, Current term: 0, Majority size: -1, State: 0, Mode: NON_LEADER, active raft config: opid_index: -1 OBSOLETE_local: false peers { permanent_uuid: "d116e392cd6549a38baa30130df9f95c" member_type: VOTER last_known_addr { host: "127.12.175.194" port: 40687 } } peers { permanent_uuid: "083be9ff2a83499d8416fa8f6ac0d006" member_type: VOTER last_known_addr { host: "127.12.175.195" port: 37249 } } peers { permanent_uuid: "2b33664b7e214591b71a0ac0e9b5d651" member_type: VOTER last_known_addr { host: "127.12.175.193" port: 38235 } }
I20260608 10:01:47.165795 15802 ts_tablet_manager.cc:1434] T 5cf37db41a26426899c5507ffda6789a P 2b33664b7e214591b71a0ac0e9b5d651: Time spent starting tablet: real 0.023s	user 0.012s	sys 0.000s
I20260608 10:01:47.166087 15801 tablet_bootstrap.cc:492] T e4d7facc69304302a1574b564bd87a23 P d116e392cd6549a38baa30130df9f95c: No bootstrap required, opened a new log
I20260608 10:01:47.166800 15801 ts_tablet_manager.cc:1403] T e4d7facc69304302a1574b564bd87a23 P d116e392cd6549a38baa30130df9f95c: Time spent bootstrapping tablet: real 0.022s	user 0.016s	sys 0.003s
I20260608 10:01:47.167937 15802 tablet_bootstrap.cc:492] T a3c0fcf5246a45d6b2a8f04820990f27 P 2b33664b7e214591b71a0ac0e9b5d651: Bootstrap starting.
I20260608 10:01:47.170634 15803 tablet_bootstrap.cc:492] T e4d7facc69304302a1574b564bd87a23 P 083be9ff2a83499d8416fa8f6ac0d006: No bootstrap required, opened a new log
I20260608 10:01:47.170312 15801 raft_consensus.cc:359] T e4d7facc69304302a1574b564bd87a23 P d116e392cd6549a38baa30130df9f95c [term 0 FOLLOWER]: Replica starting. Triggering 0 pending ops. Active config: opid_index: -1 OBSOLETE_local: false peers { permanent_uuid: "2b33664b7e214591b71a0ac0e9b5d651" member_type: VOTER last_known_addr { host: "127.12.175.193" port: 38235 } } peers { permanent_uuid: "d116e392cd6549a38baa30130df9f95c" member_type: VOTER last_known_addr { host: "127.12.175.194" port: 40687 } } peers { permanent_uuid: "083be9ff2a83499d8416fa8f6ac0d006" member_type: VOTER last_known_addr { host: "127.12.175.195" port: 37249 } }
I20260608 10:01:47.171074 15801 raft_consensus.cc:385] T e4d7facc69304302a1574b564bd87a23 P d116e392cd6549a38baa30130df9f95c [term 0 FOLLOWER]: Consensus starting up: Expiring failure detector timer to make a prompt election more likely
I20260608 10:01:47.171126 15803 ts_tablet_manager.cc:1403] T e4d7facc69304302a1574b564bd87a23 P 083be9ff2a83499d8416fa8f6ac0d006: Time spent bootstrapping tablet: real 0.023s	user 0.013s	sys 0.004s
I20260608 10:01:47.171510 15801 raft_consensus.cc:740] T e4d7facc69304302a1574b564bd87a23 P d116e392cd6549a38baa30130df9f95c [term 0 FOLLOWER]: Becoming Follower/Learner. State: Replica: d116e392cd6549a38baa30130df9f95c, State: Initialized, Role: FOLLOWER
I20260608 10:01:47.172554 15801 consensus_queue.cc:260] T e4d7facc69304302a1574b564bd87a23 P d116e392cd6549a38baa30130df9f95c [NON_LEADER]: Queue going to NON_LEADER mode. State: All replicated index: 0, Majority replicated index: 0, Committed index: 0, Last appended: 0.0, Last appended by leader: 0, Current term: 0, Majority size: -1, State: 0, Mode: NON_LEADER, active raft config: opid_index: -1 OBSOLETE_local: false peers { permanent_uuid: "2b33664b7e214591b71a0ac0e9b5d651" member_type: VOTER last_known_addr { host: "127.12.175.193" port: 38235 } } peers { permanent_uuid: "d116e392cd6549a38baa30130df9f95c" member_type: VOTER last_known_addr { host: "127.12.175.194" port: 40687 } } peers { permanent_uuid: "083be9ff2a83499d8416fa8f6ac0d006" member_type: VOTER last_known_addr { host: "127.12.175.195" port: 37249 } }
I20260608 10:01:47.175235 15803 raft_consensus.cc:359] T e4d7facc69304302a1574b564bd87a23 P 083be9ff2a83499d8416fa8f6ac0d006 [term 0 FOLLOWER]: Replica starting. Triggering 0 pending ops. Active config: opid_index: -1 OBSOLETE_local: false peers { permanent_uuid: "2b33664b7e214591b71a0ac0e9b5d651" member_type: VOTER last_known_addr { host: "127.12.175.193" port: 38235 } } peers { permanent_uuid: "d116e392cd6549a38baa30130df9f95c" member_type: VOTER last_known_addr { host: "127.12.175.194" port: 40687 } } peers { permanent_uuid: "083be9ff2a83499d8416fa8f6ac0d006" member_type: VOTER last_known_addr { host: "127.12.175.195" port: 37249 } }
I20260608 10:01:47.176308 15802 tablet_bootstrap.cc:654] T a3c0fcf5246a45d6b2a8f04820990f27 P 2b33664b7e214591b71a0ac0e9b5d651: Neither blocks nor log segments found. Creating new log.
I20260608 10:01:47.178427 15801 ts_tablet_manager.cc:1434] T e4d7facc69304302a1574b564bd87a23 P d116e392cd6549a38baa30130df9f95c: Time spent starting tablet: real 0.011s	user 0.008s	sys 0.000s
I20260608 10:01:47.176234 15803 raft_consensus.cc:385] T e4d7facc69304302a1574b564bd87a23 P 083be9ff2a83499d8416fa8f6ac0d006 [term 0 FOLLOWER]: Consensus starting up: Expiring failure detector timer to make a prompt election more likely
I20260608 10:01:47.178879 15803 raft_consensus.cc:740] T e4d7facc69304302a1574b564bd87a23 P 083be9ff2a83499d8416fa8f6ac0d006 [term 0 FOLLOWER]: Becoming Follower/Learner. State: Replica: 083be9ff2a83499d8416fa8f6ac0d006, State: Initialized, Role: FOLLOWER
I20260608 10:01:47.179493 15801 tablet_bootstrap.cc:492] T a3c0fcf5246a45d6b2a8f04820990f27 P d116e392cd6549a38baa30130df9f95c: Bootstrap starting.
I20260608 10:01:47.179661 15803 consensus_queue.cc:260] T e4d7facc69304302a1574b564bd87a23 P 083be9ff2a83499d8416fa8f6ac0d006 [NON_LEADER]: Queue going to NON_LEADER mode. State: All replicated index: 0, Majority replicated index: 0, Committed index: 0, Last appended: 0.0, Last appended by leader: 0, Current term: 0, Majority size: -1, State: 0, Mode: NON_LEADER, active raft config: opid_index: -1 OBSOLETE_local: false peers { permanent_uuid: "2b33664b7e214591b71a0ac0e9b5d651" member_type: VOTER last_known_addr { host: "127.12.175.193" port: 38235 } } peers { permanent_uuid: "d116e392cd6549a38baa30130df9f95c" member_type: VOTER last_known_addr { host: "127.12.175.194" port: 40687 } } peers { permanent_uuid: "083be9ff2a83499d8416fa8f6ac0d006" member_type: VOTER last_known_addr { host: "127.12.175.195" port: 37249 } }
I20260608 10:01:47.182862 15803 ts_tablet_manager.cc:1434] T e4d7facc69304302a1574b564bd87a23 P 083be9ff2a83499d8416fa8f6ac0d006: Time spent starting tablet: real 0.011s	user 0.006s	sys 0.001s
I20260608 10:01:47.183944 15803 tablet_bootstrap.cc:492] T 716a9b60f3504514b3f1d75e48fe8355 P 083be9ff2a83499d8416fa8f6ac0d006: Bootstrap starting.
I20260608 10:01:47.187091 15801 tablet_bootstrap.cc:654] T a3c0fcf5246a45d6b2a8f04820990f27 P d116e392cd6549a38baa30130df9f95c: Neither blocks nor log segments found. Creating new log.
I20260608 10:01:47.191956 15803 tablet_bootstrap.cc:654] T 716a9b60f3504514b3f1d75e48fe8355 P 083be9ff2a83499d8416fa8f6ac0d006: Neither blocks nor log segments found. Creating new log.
I20260608 10:01:47.196594 15802 tablet_bootstrap.cc:492] T a3c0fcf5246a45d6b2a8f04820990f27 P 2b33664b7e214591b71a0ac0e9b5d651: No bootstrap required, opened a new log
W20260608 10:01:47.197258 15633 tablet.cc:2404] T 5cf37db41a26426899c5507ffda6789a P 2b33664b7e214591b71a0ac0e9b5d651: Can't schedule compaction. Clean time has not been advanced past its initial value.
I20260608 10:01:47.197332 15802 ts_tablet_manager.cc:1403] T a3c0fcf5246a45d6b2a8f04820990f27 P 2b33664b7e214591b71a0ac0e9b5d651: Time spent bootstrapping tablet: real 0.030s	user 0.010s	sys 0.003s
I20260608 10:01:47.202680 15802 raft_consensus.cc:359] T a3c0fcf5246a45d6b2a8f04820990f27 P 2b33664b7e214591b71a0ac0e9b5d651 [term 0 FOLLOWER]: Replica starting. Triggering 0 pending ops. Active config: opid_index: -1 OBSOLETE_local: false peers { permanent_uuid: "2b33664b7e214591b71a0ac0e9b5d651" member_type: VOTER last_known_addr { host: "127.12.175.193" port: 38235 } } peers { permanent_uuid: "d116e392cd6549a38baa30130df9f95c" member_type: VOTER last_known_addr { host: "127.12.175.194" port: 40687 } } peers { permanent_uuid: "083be9ff2a83499d8416fa8f6ac0d006" member_type: VOTER last_known_addr { host: "127.12.175.195" port: 37249 } }
I20260608 10:01:47.203662 15802 raft_consensus.cc:385] T a3c0fcf5246a45d6b2a8f04820990f27 P 2b33664b7e214591b71a0ac0e9b5d651 [term 0 FOLLOWER]: Consensus starting up: Expiring failure detector timer to make a prompt election more likely
I20260608 10:01:47.204057 15802 raft_consensus.cc:740] T a3c0fcf5246a45d6b2a8f04820990f27 P 2b33664b7e214591b71a0ac0e9b5d651 [term 0 FOLLOWER]: Becoming Follower/Learner. State: Replica: 2b33664b7e214591b71a0ac0e9b5d651, State: Initialized, Role: FOLLOWER
I20260608 10:01:47.205240 15802 consensus_queue.cc:260] T a3c0fcf5246a45d6b2a8f04820990f27 P 2b33664b7e214591b71a0ac0e9b5d651 [NON_LEADER]: Queue going to NON_LEADER mode. State: All replicated index: 0, Majority replicated index: 0, Committed index: 0, Last appended: 0.0, Last appended by leader: 0, Current term: 0, Majority size: -1, State: 0, Mode: NON_LEADER, active raft config: opid_index: -1 OBSOLETE_local: false peers { permanent_uuid: "2b33664b7e214591b71a0ac0e9b5d651" member_type: VOTER last_known_addr { host: "127.12.175.193" port: 38235 } } peers { permanent_uuid: "d116e392cd6549a38baa30130df9f95c" member_type: VOTER last_known_addr { host: "127.12.175.194" port: 40687 } } peers { permanent_uuid: "083be9ff2a83499d8416fa8f6ac0d006" member_type: VOTER last_known_addr { host: "127.12.175.195" port: 37249 } }
I20260608 10:01:47.207777 15802 ts_tablet_manager.cc:1434] T a3c0fcf5246a45d6b2a8f04820990f27 P 2b33664b7e214591b71a0ac0e9b5d651: Time spent starting tablet: real 0.010s	user 0.008s	sys 0.000s
I20260608 10:01:47.208066 15801 tablet_bootstrap.cc:492] T a3c0fcf5246a45d6b2a8f04820990f27 P d116e392cd6549a38baa30130df9f95c: No bootstrap required, opened a new log
I20260608 10:01:47.208554 15801 ts_tablet_manager.cc:1403] T a3c0fcf5246a45d6b2a8f04820990f27 P d116e392cd6549a38baa30130df9f95c: Time spent bootstrapping tablet: real 0.029s	user 0.006s	sys 0.020s
I20260608 10:01:47.208755 15802 tablet_bootstrap.cc:492] T 716a9b60f3504514b3f1d75e48fe8355 P 2b33664b7e214591b71a0ac0e9b5d651: Bootstrap starting.
I20260608 10:01:47.210657 15803 tablet_bootstrap.cc:492] T 716a9b60f3504514b3f1d75e48fe8355 P 083be9ff2a83499d8416fa8f6ac0d006: No bootstrap required, opened a new log
I20260608 10:01:47.211170 15803 ts_tablet_manager.cc:1403] T 716a9b60f3504514b3f1d75e48fe8355 P 083be9ff2a83499d8416fa8f6ac0d006: Time spent bootstrapping tablet: real 0.027s	user 0.009s	sys 0.011s
I20260608 10:01:47.211640 15801 raft_consensus.cc:359] T a3c0fcf5246a45d6b2a8f04820990f27 P d116e392cd6549a38baa30130df9f95c [term 0 FOLLOWER]: Replica starting. Triggering 0 pending ops. Active config: opid_index: -1 OBSOLETE_local: false peers { permanent_uuid: "2b33664b7e214591b71a0ac0e9b5d651" member_type: VOTER last_known_addr { host: "127.12.175.193" port: 38235 } } peers { permanent_uuid: "d116e392cd6549a38baa30130df9f95c" member_type: VOTER last_known_addr { host: "127.12.175.194" port: 40687 } } peers { permanent_uuid: "083be9ff2a83499d8416fa8f6ac0d006" member_type: VOTER last_known_addr { host: "127.12.175.195" port: 37249 } }
I20260608 10:01:47.212546 15801 raft_consensus.cc:385] T a3c0fcf5246a45d6b2a8f04820990f27 P d116e392cd6549a38baa30130df9f95c [term 0 FOLLOWER]: Consensus starting up: Expiring failure detector timer to make a prompt election more likely
I20260608 10:01:47.212870 15801 raft_consensus.cc:740] T a3c0fcf5246a45d6b2a8f04820990f27 P d116e392cd6549a38baa30130df9f95c [term 0 FOLLOWER]: Becoming Follower/Learner. State: Replica: d116e392cd6549a38baa30130df9f95c, State: Initialized, Role: FOLLOWER
I20260608 10:01:47.213960 15801 consensus_queue.cc:260] T a3c0fcf5246a45d6b2a8f04820990f27 P d116e392cd6549a38baa30130df9f95c [NON_LEADER]: Queue going to NON_LEADER mode. State: All replicated index: 0, Majority replicated index: 0, Committed index: 0, Last appended: 0.0, Last appended by leader: 0, Current term: 0, Majority size: -1, State: 0, Mode: NON_LEADER, active raft config: opid_index: -1 OBSOLETE_local: false peers { permanent_uuid: "2b33664b7e214591b71a0ac0e9b5d651" member_type: VOTER last_known_addr { host: "127.12.175.193" port: 38235 } } peers { permanent_uuid: "d116e392cd6549a38baa30130df9f95c" member_type: VOTER last_known_addr { host: "127.12.175.194" port: 40687 } } peers { permanent_uuid: "083be9ff2a83499d8416fa8f6ac0d006" member_type: VOTER last_known_addr { host: "127.12.175.195" port: 37249 } }
I20260608 10:01:47.214438 15803 raft_consensus.cc:359] T 716a9b60f3504514b3f1d75e48fe8355 P 083be9ff2a83499d8416fa8f6ac0d006 [term 0 FOLLOWER]: Replica starting. Triggering 0 pending ops. Active config: opid_index: -1 OBSOLETE_local: false peers { permanent_uuid: "2b33664b7e214591b71a0ac0e9b5d651" member_type: VOTER last_known_addr { host: "127.12.175.193" port: 38235 } } peers { permanent_uuid: "d116e392cd6549a38baa30130df9f95c" member_type: VOTER last_known_addr { host: "127.12.175.194" port: 40687 } } peers { permanent_uuid: "083be9ff2a83499d8416fa8f6ac0d006" member_type: VOTER last_known_addr { host: "127.12.175.195" port: 37249 } }
I20260608 10:01:47.215181 15803 raft_consensus.cc:385] T 716a9b60f3504514b3f1d75e48fe8355 P 083be9ff2a83499d8416fa8f6ac0d006 [term 0 FOLLOWER]: Consensus starting up: Expiring failure detector timer to make a prompt election more likely
I20260608 10:01:47.215481 15803 raft_consensus.cc:740] T 716a9b60f3504514b3f1d75e48fe8355 P 083be9ff2a83499d8416fa8f6ac0d006 [term 0 FOLLOWER]: Becoming Follower/Learner. State: Replica: 083be9ff2a83499d8416fa8f6ac0d006, State: Initialized, Role: FOLLOWER
I20260608 10:01:47.216375 15803 consensus_queue.cc:260] T 716a9b60f3504514b3f1d75e48fe8355 P 083be9ff2a83499d8416fa8f6ac0d006 [NON_LEADER]: Queue going to NON_LEADER mode. State: All replicated index: 0, Majority replicated index: 0, Committed index: 0, Last appended: 0.0, Last appended by leader: 0, Current term: 0, Majority size: -1, State: 0, Mode: NON_LEADER, active raft config: opid_index: -1 OBSOLETE_local: false peers { permanent_uuid: "2b33664b7e214591b71a0ac0e9b5d651" member_type: VOTER last_known_addr { host: "127.12.175.193" port: 38235 } } peers { permanent_uuid: "d116e392cd6549a38baa30130df9f95c" member_type: VOTER last_known_addr { host: "127.12.175.194" port: 40687 } } peers { permanent_uuid: "083be9ff2a83499d8416fa8f6ac0d006" member_type: VOTER last_known_addr { host: "127.12.175.195" port: 37249 } }
I20260608 10:01:47.217433 15802 tablet_bootstrap.cc:654] T 716a9b60f3504514b3f1d75e48fe8355 P 2b33664b7e214591b71a0ac0e9b5d651: Neither blocks nor log segments found. Creating new log.
I20260608 10:01:47.218669 15803 ts_tablet_manager.cc:1434] T 716a9b60f3504514b3f1d75e48fe8355 P 083be9ff2a83499d8416fa8f6ac0d006: Time spent starting tablet: real 0.007s	user 0.008s	sys 0.000s
I20260608 10:01:47.220294 15801 ts_tablet_manager.cc:1434] T a3c0fcf5246a45d6b2a8f04820990f27 P d116e392cd6549a38baa30130df9f95c: Time spent starting tablet: real 0.011s	user 0.006s	sys 0.000s
I20260608 10:01:47.221366 15803 tablet_bootstrap.cc:492] T a3c0fcf5246a45d6b2a8f04820990f27 P 083be9ff2a83499d8416fa8f6ac0d006: Bootstrap starting.
I20260608 10:01:47.221477 15801 tablet_bootstrap.cc:492] T 716a9b60f3504514b3f1d75e48fe8355 P d116e392cd6549a38baa30130df9f95c: Bootstrap starting.
I20260608 10:01:47.228111 15803 tablet_bootstrap.cc:654] T a3c0fcf5246a45d6b2a8f04820990f27 P 083be9ff2a83499d8416fa8f6ac0d006: Neither blocks nor log segments found. Creating new log.
I20260608 10:01:47.230906 15802 tablet_bootstrap.cc:492] T 716a9b60f3504514b3f1d75e48fe8355 P 2b33664b7e214591b71a0ac0e9b5d651: No bootstrap required, opened a new log
I20260608 10:01:47.231451 15802 ts_tablet_manager.cc:1403] T 716a9b60f3504514b3f1d75e48fe8355 P 2b33664b7e214591b71a0ac0e9b5d651: Time spent bootstrapping tablet: real 0.023s	user 0.009s	sys 0.008s
I20260608 10:01:47.234812 15802 raft_consensus.cc:359] T 716a9b60f3504514b3f1d75e48fe8355 P 2b33664b7e214591b71a0ac0e9b5d651 [term 0 FOLLOWER]: Replica starting. Triggering 0 pending ops. Active config: opid_index: -1 OBSOLETE_local: false peers { permanent_uuid: "2b33664b7e214591b71a0ac0e9b5d651" member_type: VOTER last_known_addr { host: "127.12.175.193" port: 38235 } } peers { permanent_uuid: "d116e392cd6549a38baa30130df9f95c" member_type: VOTER last_known_addr { host: "127.12.175.194" port: 40687 } } peers { permanent_uuid: "083be9ff2a83499d8416fa8f6ac0d006" member_type: VOTER last_known_addr { host: "127.12.175.195" port: 37249 } }
I20260608 10:01:47.235558 15802 raft_consensus.cc:385] T 716a9b60f3504514b3f1d75e48fe8355 P 2b33664b7e214591b71a0ac0e9b5d651 [term 0 FOLLOWER]: Consensus starting up: Expiring failure detector timer to make a prompt election more likely
I20260608 10:01:47.235865 15802 raft_consensus.cc:740] T 716a9b60f3504514b3f1d75e48fe8355 P 2b33664b7e214591b71a0ac0e9b5d651 [term 0 FOLLOWER]: Becoming Follower/Learner. State: Replica: 2b33664b7e214591b71a0ac0e9b5d651, State: Initialized, Role: FOLLOWER
I20260608 10:01:47.236838 15802 consensus_queue.cc:260] T 716a9b60f3504514b3f1d75e48fe8355 P 2b33664b7e214591b71a0ac0e9b5d651 [NON_LEADER]: Queue going to NON_LEADER mode. State: All replicated index: 0, Majority replicated index: 0, Committed index: 0, Last appended: 0.0, Last appended by leader: 0, Current term: 0, Majority size: -1, State: 0, Mode: NON_LEADER, active raft config: opid_index: -1 OBSOLETE_local: false peers { permanent_uuid: "2b33664b7e214591b71a0ac0e9b5d651" member_type: VOTER last_known_addr { host: "127.12.175.193" port: 38235 } } peers { permanent_uuid: "d116e392cd6549a38baa30130df9f95c" member_type: VOTER last_known_addr { host: "127.12.175.194" port: 40687 } } peers { permanent_uuid: "083be9ff2a83499d8416fa8f6ac0d006" member_type: VOTER last_known_addr { host: "127.12.175.195" port: 37249 } }
I20260608 10:01:47.238009 15801 tablet_bootstrap.cc:654] T 716a9b60f3504514b3f1d75e48fe8355 P d116e392cd6549a38baa30130df9f95c: Neither blocks nor log segments found. Creating new log.
I20260608 10:01:47.244985 15802 ts_tablet_manager.cc:1434] T 716a9b60f3504514b3f1d75e48fe8355 P 2b33664b7e214591b71a0ac0e9b5d651: Time spent starting tablet: real 0.013s	user 0.008s	sys 0.000s
I20260608 10:01:47.245337 15803 tablet_bootstrap.cc:492] T a3c0fcf5246a45d6b2a8f04820990f27 P 083be9ff2a83499d8416fa8f6ac0d006: No bootstrap required, opened a new log
I20260608 10:01:47.245873 15803 ts_tablet_manager.cc:1403] T a3c0fcf5246a45d6b2a8f04820990f27 P 083be9ff2a83499d8416fa8f6ac0d006: Time spent bootstrapping tablet: real 0.025s	user 0.011s	sys 0.012s
I20260608 10:01:47.246340 15802 tablet_bootstrap.cc:492] T e4d7facc69304302a1574b564bd87a23 P 2b33664b7e214591b71a0ac0e9b5d651: Bootstrap starting.
I20260608 10:01:47.247666 15801 tablet_bootstrap.cc:492] T 716a9b60f3504514b3f1d75e48fe8355 P d116e392cd6549a38baa30130df9f95c: No bootstrap required, opened a new log
I20260608 10:01:47.249341 15801 ts_tablet_manager.cc:1403] T 716a9b60f3504514b3f1d75e48fe8355 P d116e392cd6549a38baa30130df9f95c: Time spent bootstrapping tablet: real 0.028s	user 0.014s	sys 0.003s
I20260608 10:01:47.249173 15803 raft_consensus.cc:359] T a3c0fcf5246a45d6b2a8f04820990f27 P 083be9ff2a83499d8416fa8f6ac0d006 [term 0 FOLLOWER]: Replica starting. Triggering 0 pending ops. Active config: opid_index: -1 OBSOLETE_local: false peers { permanent_uuid: "2b33664b7e214591b71a0ac0e9b5d651" member_type: VOTER last_known_addr { host: "127.12.175.193" port: 38235 } } peers { permanent_uuid: "d116e392cd6549a38baa30130df9f95c" member_type: VOTER last_known_addr { host: "127.12.175.194" port: 40687 } } peers { permanent_uuid: "083be9ff2a83499d8416fa8f6ac0d006" member_type: VOTER last_known_addr { host: "127.12.175.195" port: 37249 } }
I20260608 10:01:47.250087 15803 raft_consensus.cc:385] T a3c0fcf5246a45d6b2a8f04820990f27 P 083be9ff2a83499d8416fa8f6ac0d006 [term 0 FOLLOWER]: Consensus starting up: Expiring failure detector timer to make a prompt election more likely
I20260608 10:01:47.250458 15803 raft_consensus.cc:740] T a3c0fcf5246a45d6b2a8f04820990f27 P 083be9ff2a83499d8416fa8f6ac0d006 [term 0 FOLLOWER]: Becoming Follower/Learner. State: Replica: 083be9ff2a83499d8416fa8f6ac0d006, State: Initialized, Role: FOLLOWER
I20260608 10:01:47.251556 15803 consensus_queue.cc:260] T a3c0fcf5246a45d6b2a8f04820990f27 P 083be9ff2a83499d8416fa8f6ac0d006 [NON_LEADER]: Queue going to NON_LEADER mode. State: All replicated index: 0, Majority replicated index: 0, Committed index: 0, Last appended: 0.0, Last appended by leader: 0, Current term: 0, Majority size: -1, State: 0, Mode: NON_LEADER, active raft config: opid_index: -1 OBSOLETE_local: false peers { permanent_uuid: "2b33664b7e214591b71a0ac0e9b5d651" member_type: VOTER last_known_addr { host: "127.12.175.193" port: 38235 } } peers { permanent_uuid: "d116e392cd6549a38baa30130df9f95c" member_type: VOTER last_known_addr { host: "127.12.175.194" port: 40687 } } peers { permanent_uuid: "083be9ff2a83499d8416fa8f6ac0d006" member_type: VOTER last_known_addr { host: "127.12.175.195" port: 37249 } }
I20260608 10:01:47.252264 15801 raft_consensus.cc:359] T 716a9b60f3504514b3f1d75e48fe8355 P d116e392cd6549a38baa30130df9f95c [term 0 FOLLOWER]: Replica starting. Triggering 0 pending ops. Active config: opid_index: -1 OBSOLETE_local: false peers { permanent_uuid: "2b33664b7e214591b71a0ac0e9b5d651" member_type: VOTER last_known_addr { host: "127.12.175.193" port: 38235 } } peers { permanent_uuid: "d116e392cd6549a38baa30130df9f95c" member_type: VOTER last_known_addr { host: "127.12.175.194" port: 40687 } } peers { permanent_uuid: "083be9ff2a83499d8416fa8f6ac0d006" member_type: VOTER last_known_addr { host: "127.12.175.195" port: 37249 } }
I20260608 10:01:47.252978 15801 raft_consensus.cc:385] T 716a9b60f3504514b3f1d75e48fe8355 P d116e392cd6549a38baa30130df9f95c [term 0 FOLLOWER]: Consensus starting up: Expiring failure detector timer to make a prompt election more likely
I20260608 10:01:47.253283 15801 raft_consensus.cc:740] T 716a9b60f3504514b3f1d75e48fe8355 P d116e392cd6549a38baa30130df9f95c [term 0 FOLLOWER]: Becoming Follower/Learner. State: Replica: d116e392cd6549a38baa30130df9f95c, State: Initialized, Role: FOLLOWER
I20260608 10:01:47.253834 15802 tablet_bootstrap.cc:654] T e4d7facc69304302a1574b564bd87a23 P 2b33664b7e214591b71a0ac0e9b5d651: Neither blocks nor log segments found. Creating new log.
I20260608 10:01:47.254303 15803 ts_tablet_manager.cc:1434] T a3c0fcf5246a45d6b2a8f04820990f27 P 083be9ff2a83499d8416fa8f6ac0d006: Time spent starting tablet: real 0.008s	user 0.006s	sys 0.002s
I20260608 10:01:47.254098 15801 consensus_queue.cc:260] T 716a9b60f3504514b3f1d75e48fe8355 P d116e392cd6549a38baa30130df9f95c [NON_LEADER]: Queue going to NON_LEADER mode. State: All replicated index: 0, Majority replicated index: 0, Committed index: 0, Last appended: 0.0, Last appended by leader: 0, Current term: 0, Majority size: -1, State: 0, Mode: NON_LEADER, active raft config: opid_index: -1 OBSOLETE_local: false peers { permanent_uuid: "2b33664b7e214591b71a0ac0e9b5d651" member_type: VOTER last_known_addr { host: "127.12.175.193" port: 38235 } } peers { permanent_uuid: "d116e392cd6549a38baa30130df9f95c" member_type: VOTER last_known_addr { host: "127.12.175.194" port: 40687 } } peers { permanent_uuid: "083be9ff2a83499d8416fa8f6ac0d006" member_type: VOTER last_known_addr { host: "127.12.175.195" port: 37249 } }
I20260608 10:01:47.256801 15801 ts_tablet_manager.cc:1434] T 716a9b60f3504514b3f1d75e48fe8355 P d116e392cd6549a38baa30130df9f95c: Time spent starting tablet: real 0.007s	user 0.001s	sys 0.005s
I20260608 10:01:47.260105 15802 tablet_bootstrap.cc:492] T e4d7facc69304302a1574b564bd87a23 P 2b33664b7e214591b71a0ac0e9b5d651: No bootstrap required, opened a new log
I20260608 10:01:47.260545 15802 ts_tablet_manager.cc:1403] T e4d7facc69304302a1574b564bd87a23 P 2b33664b7e214591b71a0ac0e9b5d651: Time spent bootstrapping tablet: real 0.014s	user 0.008s	sys 0.004s
I20260608 10:01:47.263671 15802 raft_consensus.cc:359] T e4d7facc69304302a1574b564bd87a23 P 2b33664b7e214591b71a0ac0e9b5d651 [term 0 FOLLOWER]: Replica starting. Triggering 0 pending ops. Active config: opid_index: -1 OBSOLETE_local: false peers { permanent_uuid: "2b33664b7e214591b71a0ac0e9b5d651" member_type: VOTER last_known_addr { host: "127.12.175.193" port: 38235 } } peers { permanent_uuid: "d116e392cd6549a38baa30130df9f95c" member_type: VOTER last_known_addr { host: "127.12.175.194" port: 40687 } } peers { permanent_uuid: "083be9ff2a83499d8416fa8f6ac0d006" member_type: VOTER last_known_addr { host: "127.12.175.195" port: 37249 } }
I20260608 10:01:47.264202 15802 raft_consensus.cc:385] T e4d7facc69304302a1574b564bd87a23 P 2b33664b7e214591b71a0ac0e9b5d651 [term 0 FOLLOWER]: Consensus starting up: Expiring failure detector timer to make a prompt election more likely
I20260608 10:01:47.264454 15802 raft_consensus.cc:740] T e4d7facc69304302a1574b564bd87a23 P 2b33664b7e214591b71a0ac0e9b5d651 [term 0 FOLLOWER]: Becoming Follower/Learner. State: Replica: 2b33664b7e214591b71a0ac0e9b5d651, State: Initialized, Role: FOLLOWER
I20260608 10:01:47.265208 15802 consensus_queue.cc:260] T e4d7facc69304302a1574b564bd87a23 P 2b33664b7e214591b71a0ac0e9b5d651 [NON_LEADER]: Queue going to NON_LEADER mode. State: All replicated index: 0, Majority replicated index: 0, Committed index: 0, Last appended: 0.0, Last appended by leader: 0, Current term: 0, Majority size: -1, State: 0, Mode: NON_LEADER, active raft config: opid_index: -1 OBSOLETE_local: false peers { permanent_uuid: "2b33664b7e214591b71a0ac0e9b5d651" member_type: VOTER last_known_addr { host: "127.12.175.193" port: 38235 } } peers { permanent_uuid: "d116e392cd6549a38baa30130df9f95c" member_type: VOTER last_known_addr { host: "127.12.175.194" port: 40687 } } peers { permanent_uuid: "083be9ff2a83499d8416fa8f6ac0d006" member_type: VOTER last_known_addr { host: "127.12.175.195" port: 37249 } }
I20260608 10:01:47.267225 15802 ts_tablet_manager.cc:1434] T e4d7facc69304302a1574b564bd87a23 P 2b33664b7e214591b71a0ac0e9b5d651: Time spent starting tablet: real 0.006s	user 0.003s	sys 0.004s
I20260608 10:01:47.322588 15807 raft_consensus.cc:493] T 5cf37db41a26426899c5507ffda6789a P d116e392cd6549a38baa30130df9f95c [term 0 FOLLOWER]: Starting pre-election (no leader contacted us within the election timeout)
I20260608 10:01:47.323154 15807 raft_consensus.cc:515] T 5cf37db41a26426899c5507ffda6789a P d116e392cd6549a38baa30130df9f95c [term 0 FOLLOWER]: Starting pre-election with config: opid_index: -1 OBSOLETE_local: false peers { permanent_uuid: "d116e392cd6549a38baa30130df9f95c" member_type: VOTER last_known_addr { host: "127.12.175.194" port: 40687 } } peers { permanent_uuid: "083be9ff2a83499d8416fa8f6ac0d006" member_type: VOTER last_known_addr { host: "127.12.175.195" port: 37249 } } peers { permanent_uuid: "2b33664b7e214591b71a0ac0e9b5d651" member_type: VOTER last_known_addr { host: "127.12.175.193" port: 38235 } }
I20260608 10:01:47.325560 15807 leader_election.cc:290] T 5cf37db41a26426899c5507ffda6789a P d116e392cd6549a38baa30130df9f95c [CANDIDATE]: Term 1 pre-election: Requested pre-vote from peers 083be9ff2a83499d8416fa8f6ac0d006 (127.12.175.195:37249), 2b33664b7e214591b71a0ac0e9b5d651 (127.12.175.193:38235)
I20260608 10:01:47.330269 15810 raft_consensus.cc:493] T 716a9b60f3504514b3f1d75e48fe8355 P 2b33664b7e214591b71a0ac0e9b5d651 [term 0 FOLLOWER]: Starting pre-election (no leader contacted us within the election timeout)
I20260608 10:01:47.330832 15810 raft_consensus.cc:515] T 716a9b60f3504514b3f1d75e48fe8355 P 2b33664b7e214591b71a0ac0e9b5d651 [term 0 FOLLOWER]: Starting pre-election with config: opid_index: -1 OBSOLETE_local: false peers { permanent_uuid: "2b33664b7e214591b71a0ac0e9b5d651" member_type: VOTER last_known_addr { host: "127.12.175.193" port: 38235 } } peers { permanent_uuid: "d116e392cd6549a38baa30130df9f95c" member_type: VOTER last_known_addr { host: "127.12.175.194" port: 40687 } } peers { permanent_uuid: "083be9ff2a83499d8416fa8f6ac0d006" member_type: VOTER last_known_addr { host: "127.12.175.195" port: 37249 } }
I20260608 10:01:47.341209 15810 leader_election.cc:290] T 716a9b60f3504514b3f1d75e48fe8355 P 2b33664b7e214591b71a0ac0e9b5d651 [CANDIDATE]: Term 1 pre-election: Requested pre-vote from peers d116e392cd6549a38baa30130df9f95c (127.12.175.194:40687), 083be9ff2a83499d8416fa8f6ac0d006 (127.12.175.195:37249)
I20260608 10:01:47.341593 15756 tablet_service.cc:1917] Received RequestConsensusVote() RPC: tablet_id: "5cf37db41a26426899c5507ffda6789a" candidate_uuid: "d116e392cd6549a38baa30130df9f95c" candidate_term: 1 candidate_status { last_received { term: 0 index: 0 } } ignore_live_leader: false dest_uuid: "083be9ff2a83499d8416fa8f6ac0d006" is_pre_election: true
I20260608 10:01:47.342476 15756 raft_consensus.cc:2468] T 5cf37db41a26426899c5507ffda6789a P 083be9ff2a83499d8416fa8f6ac0d006 [term 0 FOLLOWER]: Leader pre-election vote request: Granting yes vote for candidate d116e392cd6549a38baa30130df9f95c in term 0.
I20260608 10:01:47.343145 15607 tablet_service.cc:1917] Received RequestConsensusVote() RPC: tablet_id: "5cf37db41a26426899c5507ffda6789a" candidate_uuid: "d116e392cd6549a38baa30130df9f95c" candidate_term: 1 candidate_status { last_received { term: 0 index: 0 } } ignore_live_leader: false dest_uuid: "2b33664b7e214591b71a0ac0e9b5d651" is_pre_election: true
I20260608 10:01:47.343842 15607 raft_consensus.cc:2468] T 5cf37db41a26426899c5507ffda6789a P 2b33664b7e214591b71a0ac0e9b5d651 [term 0 FOLLOWER]: Leader pre-election vote request: Granting yes vote for candidate d116e392cd6549a38baa30130df9f95c in term 0.
I20260608 10:01:47.344674 15648 leader_election.cc:304] T 5cf37db41a26426899c5507ffda6789a P d116e392cd6549a38baa30130df9f95c [CANDIDATE]: Term 1 pre-election: Election decided. Result: candidate won. Election summary: received 2 responses out of 3 voters: 2 yes votes; 0 no votes. yes voters: 083be9ff2a83499d8416fa8f6ac0d006, d116e392cd6549a38baa30130df9f95c; no voters: 
I20260608 10:01:47.345691 15807 raft_consensus.cc:2804] T 5cf37db41a26426899c5507ffda6789a P d116e392cd6549a38baa30130df9f95c [term 0 FOLLOWER]: Leader pre-election won for term 1
I20260608 10:01:47.346063 15807 raft_consensus.cc:493] T 5cf37db41a26426899c5507ffda6789a P d116e392cd6549a38baa30130df9f95c [term 0 FOLLOWER]: Starting leader election (no leader contacted us within the election timeout)
I20260608 10:01:47.346455 15807 raft_consensus.cc:3060] T 5cf37db41a26426899c5507ffda6789a P d116e392cd6549a38baa30130df9f95c [term 0 FOLLOWER]: Advancing to term 1
I20260608 10:01:47.352663 15756 tablet_service.cc:1917] Received RequestConsensusVote() RPC: tablet_id: "716a9b60f3504514b3f1d75e48fe8355" candidate_uuid: "2b33664b7e214591b71a0ac0e9b5d651" candidate_term: 1 candidate_status { last_received { term: 0 index: 0 } } ignore_live_leader: false dest_uuid: "083be9ff2a83499d8416fa8f6ac0d006" is_pre_election: true
I20260608 10:01:47.353480 15756 raft_consensus.cc:2468] T 716a9b60f3504514b3f1d75e48fe8355 P 083be9ff2a83499d8416fa8f6ac0d006 [term 0 FOLLOWER]: Leader pre-election vote request: Granting yes vote for candidate 2b33664b7e214591b71a0ac0e9b5d651 in term 0.
I20260608 10:01:47.353930 15807 raft_consensus.cc:515] T 5cf37db41a26426899c5507ffda6789a P d116e392cd6549a38baa30130df9f95c [term 1 FOLLOWER]: Starting leader election with config: opid_index: -1 OBSOLETE_local: false peers { permanent_uuid: "d116e392cd6549a38baa30130df9f95c" member_type: VOTER last_known_addr { host: "127.12.175.194" port: 40687 } } peers { permanent_uuid: "083be9ff2a83499d8416fa8f6ac0d006" member_type: VOTER last_known_addr { host: "127.12.175.195" port: 37249 } } peers { permanent_uuid: "2b33664b7e214591b71a0ac0e9b5d651" member_type: VOTER last_known_addr { host: "127.12.175.193" port: 38235 } }
I20260608 10:01:47.354755 15573 leader_election.cc:304] T 716a9b60f3504514b3f1d75e48fe8355 P 2b33664b7e214591b71a0ac0e9b5d651 [CANDIDATE]: Term 1 pre-election: Election decided. Result: candidate won. Election summary: received 2 responses out of 3 voters: 2 yes votes; 0 no votes. yes voters: 083be9ff2a83499d8416fa8f6ac0d006, 2b33664b7e214591b71a0ac0e9b5d651; no voters: 
I20260608 10:01:47.355607 15810 raft_consensus.cc:2804] T 716a9b60f3504514b3f1d75e48fe8355 P 2b33664b7e214591b71a0ac0e9b5d651 [term 0 FOLLOWER]: Leader pre-election won for term 1
I20260608 10:01:47.355597 15682 tablet_service.cc:1917] Received RequestConsensusVote() RPC: tablet_id: "716a9b60f3504514b3f1d75e48fe8355" candidate_uuid: "2b33664b7e214591b71a0ac0e9b5d651" candidate_term: 1 candidate_status { last_received { term: 0 index: 0 } } ignore_live_leader: false dest_uuid: "d116e392cd6549a38baa30130df9f95c" is_pre_election: true
I20260608 10:01:47.356173 15810 raft_consensus.cc:493] T 716a9b60f3504514b3f1d75e48fe8355 P 2b33664b7e214591b71a0ac0e9b5d651 [term 0 FOLLOWER]: Starting leader election (no leader contacted us within the election timeout)
I20260608 10:01:47.356187 15807 leader_election.cc:290] T 5cf37db41a26426899c5507ffda6789a P d116e392cd6549a38baa30130df9f95c [CANDIDATE]: Term 1 election: Requested vote from peers 083be9ff2a83499d8416fa8f6ac0d006 (127.12.175.195:37249), 2b33664b7e214591b71a0ac0e9b5d651 (127.12.175.193:38235)
I20260608 10:01:47.356444 15682 raft_consensus.cc:2468] T 716a9b60f3504514b3f1d75e48fe8355 P d116e392cd6549a38baa30130df9f95c [term 0 FOLLOWER]: Leader pre-election vote request: Granting yes vote for candidate 2b33664b7e214591b71a0ac0e9b5d651 in term 0.
I20260608 10:01:47.356784 15810 raft_consensus.cc:3060] T 716a9b60f3504514b3f1d75e48fe8355 P 2b33664b7e214591b71a0ac0e9b5d651 [term 0 FOLLOWER]: Advancing to term 1
I20260608 10:01:47.357363 15756 tablet_service.cc:1917] Received RequestConsensusVote() RPC: tablet_id: "5cf37db41a26426899c5507ffda6789a" candidate_uuid: "d116e392cd6549a38baa30130df9f95c" candidate_term: 1 candidate_status { last_received { term: 0 index: 0 } } ignore_live_leader: false dest_uuid: "083be9ff2a83499d8416fa8f6ac0d006"
I20260608 10:01:47.357890 15756 raft_consensus.cc:3060] T 5cf37db41a26426899c5507ffda6789a P 083be9ff2a83499d8416fa8f6ac0d006 [term 0 FOLLOWER]: Advancing to term 1
I20260608 10:01:47.357952 15607 tablet_service.cc:1917] Received RequestConsensusVote() RPC: tablet_id: "5cf37db41a26426899c5507ffda6789a" candidate_uuid: "d116e392cd6549a38baa30130df9f95c" candidate_term: 1 candidate_status { last_received { term: 0 index: 0 } } ignore_live_leader: false dest_uuid: "2b33664b7e214591b71a0ac0e9b5d651"
I20260608 10:01:47.358786 15607 raft_consensus.cc:3060] T 5cf37db41a26426899c5507ffda6789a P 2b33664b7e214591b71a0ac0e9b5d651 [term 0 FOLLOWER]: Advancing to term 1
I20260608 10:01:47.362978 15756 raft_consensus.cc:2468] T 5cf37db41a26426899c5507ffda6789a P 083be9ff2a83499d8416fa8f6ac0d006 [term 1 FOLLOWER]: Leader election vote request: Granting yes vote for candidate d116e392cd6549a38baa30130df9f95c in term 1.
I20260608 10:01:47.364229 15648 leader_election.cc:304] T 5cf37db41a26426899c5507ffda6789a P d116e392cd6549a38baa30130df9f95c [CANDIDATE]: Term 1 election: Election decided. Result: candidate won. Election summary: received 2 responses out of 3 voters: 2 yes votes; 0 no votes. yes voters: 083be9ff2a83499d8416fa8f6ac0d006, d116e392cd6549a38baa30130df9f95c; no voters: 
I20260608 10:01:47.364934 15807 raft_consensus.cc:2804] T 5cf37db41a26426899c5507ffda6789a P d116e392cd6549a38baa30130df9f95c [term 1 FOLLOWER]: Leader election won for term 1
I20260608 10:01:47.364733 15810 raft_consensus.cc:515] T 716a9b60f3504514b3f1d75e48fe8355 P 2b33664b7e214591b71a0ac0e9b5d651 [term 1 FOLLOWER]: Starting leader election with config: opid_index: -1 OBSOLETE_local: false peers { permanent_uuid: "2b33664b7e214591b71a0ac0e9b5d651" member_type: VOTER last_known_addr { host: "127.12.175.193" port: 38235 } } peers { permanent_uuid: "d116e392cd6549a38baa30130df9f95c" member_type: VOTER last_known_addr { host: "127.12.175.194" port: 40687 } } peers { permanent_uuid: "083be9ff2a83499d8416fa8f6ac0d006" member_type: VOTER last_known_addr { host: "127.12.175.195" port: 37249 } }
I20260608 10:01:47.366320 15807 raft_consensus.cc:697] T 5cf37db41a26426899c5507ffda6789a P d116e392cd6549a38baa30130df9f95c [term 1 LEADER]: Becoming Leader. State: Replica: d116e392cd6549a38baa30130df9f95c, State: Running, Role: LEADER
I20260608 10:01:47.367048 15810 leader_election.cc:290] T 716a9b60f3504514b3f1d75e48fe8355 P 2b33664b7e214591b71a0ac0e9b5d651 [CANDIDATE]: Term 1 election: Requested vote from peers d116e392cd6549a38baa30130df9f95c (127.12.175.194:40687), 083be9ff2a83499d8416fa8f6ac0d006 (127.12.175.195:37249)
I20260608 10:01:47.366886 15607 raft_consensus.cc:2468] T 5cf37db41a26426899c5507ffda6789a P 2b33664b7e214591b71a0ac0e9b5d651 [term 1 FOLLOWER]: Leader election vote request: Granting yes vote for candidate d116e392cd6549a38baa30130df9f95c in term 1.
I20260608 10:01:47.367244 15807 consensus_queue.cc:237] T 5cf37db41a26426899c5507ffda6789a P d116e392cd6549a38baa30130df9f95c [LEADER]: Queue going to LEADER mode. State: All replicated index: 0, Majority replicated index: 0, Committed index: 0, Last appended: 0.0, Last appended by leader: 0, Current term: 1, Majority size: 2, State: 0, Mode: LEADER, active raft config: opid_index: -1 OBSOLETE_local: false peers { permanent_uuid: "d116e392cd6549a38baa30130df9f95c" member_type: VOTER last_known_addr { host: "127.12.175.194" port: 40687 } } peers { permanent_uuid: "083be9ff2a83499d8416fa8f6ac0d006" member_type: VOTER last_known_addr { host: "127.12.175.195" port: 37249 } } peers { permanent_uuid: "2b33664b7e214591b71a0ac0e9b5d651" member_type: VOTER last_known_addr { host: "127.12.175.193" port: 38235 } }
I20260608 10:01:47.368257 15756 tablet_service.cc:1917] Received RequestConsensusVote() RPC: tablet_id: "716a9b60f3504514b3f1d75e48fe8355" candidate_uuid: "2b33664b7e214591b71a0ac0e9b5d651" candidate_term: 1 candidate_status { last_received { term: 0 index: 0 } } ignore_live_leader: false dest_uuid: "083be9ff2a83499d8416fa8f6ac0d006"
I20260608 10:01:47.368574 15682 tablet_service.cc:1917] Received RequestConsensusVote() RPC: tablet_id: "716a9b60f3504514b3f1d75e48fe8355" candidate_uuid: "2b33664b7e214591b71a0ac0e9b5d651" candidate_term: 1 candidate_status { last_received { term: 0 index: 0 } } ignore_live_leader: false dest_uuid: "d116e392cd6549a38baa30130df9f95c"
I20260608 10:01:47.369196 15756 raft_consensus.cc:3060] T 716a9b60f3504514b3f1d75e48fe8355 P 083be9ff2a83499d8416fa8f6ac0d006 [term 0 FOLLOWER]: Advancing to term 1
I20260608 10:01:47.369221 15682 raft_consensus.cc:3060] T 716a9b60f3504514b3f1d75e48fe8355 P d116e392cd6549a38baa30130df9f95c [term 0 FOLLOWER]: Advancing to term 1
I20260608 10:01:47.376138 15505 catalog_manager.cc:5696] T 5cf37db41a26426899c5507ffda6789a P d116e392cd6549a38baa30130df9f95c reported cstate change: term changed from 0 to 1, leader changed from <none> to d116e392cd6549a38baa30130df9f95c (127.12.175.194). New cstate: current_term: 1 leader_uuid: "d116e392cd6549a38baa30130df9f95c" committed_config { opid_index: -1 OBSOLETE_local: false peers { permanent_uuid: "d116e392cd6549a38baa30130df9f95c" member_type: VOTER last_known_addr { host: "127.12.175.194" port: 40687 } health_report { overall_health: HEALTHY } } peers { permanent_uuid: "083be9ff2a83499d8416fa8f6ac0d006" member_type: VOTER last_known_addr { host: "127.12.175.195" port: 37249 } health_report { overall_health: UNKNOWN } } peers { permanent_uuid: "2b33664b7e214591b71a0ac0e9b5d651" member_type: VOTER last_known_addr { host: "127.12.175.193" port: 38235 } health_report { overall_health: UNKNOWN } } }
I20260608 10:01:47.376436 15682 raft_consensus.cc:2468] T 716a9b60f3504514b3f1d75e48fe8355 P d116e392cd6549a38baa30130df9f95c [term 1 FOLLOWER]: Leader election vote request: Granting yes vote for candidate 2b33664b7e214591b71a0ac0e9b5d651 in term 1.
I20260608 10:01:47.376436 15756 raft_consensus.cc:2468] T 716a9b60f3504514b3f1d75e48fe8355 P 083be9ff2a83499d8416fa8f6ac0d006 [term 1 FOLLOWER]: Leader election vote request: Granting yes vote for candidate 2b33664b7e214591b71a0ac0e9b5d651 in term 1.
I20260608 10:01:47.377992 15570 leader_election.cc:304] T 716a9b60f3504514b3f1d75e48fe8355 P 2b33664b7e214591b71a0ac0e9b5d651 [CANDIDATE]: Term 1 election: Election decided. Result: candidate won. Election summary: received 2 responses out of 3 voters: 2 yes votes; 0 no votes. yes voters: 2b33664b7e214591b71a0ac0e9b5d651, d116e392cd6549a38baa30130df9f95c; no voters: 
I20260608 10:01:47.378703 15810 raft_consensus.cc:2804] T 716a9b60f3504514b3f1d75e48fe8355 P 2b33664b7e214591b71a0ac0e9b5d651 [term 1 FOLLOWER]: Leader election won for term 1
I20260608 10:01:47.380055 15810 raft_consensus.cc:697] T 716a9b60f3504514b3f1d75e48fe8355 P 2b33664b7e214591b71a0ac0e9b5d651 [term 1 LEADER]: Becoming Leader. State: Replica: 2b33664b7e214591b71a0ac0e9b5d651, State: Running, Role: LEADER
I20260608 10:01:47.380935 15810 consensus_queue.cc:237] T 716a9b60f3504514b3f1d75e48fe8355 P 2b33664b7e214591b71a0ac0e9b5d651 [LEADER]: Queue going to LEADER mode. State: All replicated index: 0, Majority replicated index: 0, Committed index: 0, Last appended: 0.0, Last appended by leader: 0, Current term: 1, Majority size: 2, State: 0, Mode: LEADER, active raft config: opid_index: -1 OBSOLETE_local: false peers { permanent_uuid: "2b33664b7e214591b71a0ac0e9b5d651" member_type: VOTER last_known_addr { host: "127.12.175.193" port: 38235 } } peers { permanent_uuid: "d116e392cd6549a38baa30130df9f95c" member_type: VOTER last_known_addr { host: "127.12.175.194" port: 40687 } } peers { permanent_uuid: "083be9ff2a83499d8416fa8f6ac0d006" member_type: VOTER last_known_addr { host: "127.12.175.195" port: 37249 } }
