I20260608 10:00:38.549538 22655 raft_consensus.cc:515] T ea26a1fb8ea24337b548ed384ddd09c6 P 5e415a8c23ec447d8f2dfde12b5acd56 [term 1 FOLLOWER]: Starting leader election with config: opid_index: -1 OBSOLETE_local: false peers { permanent_uuid: "ed12ab4eba374a7687de0dbb93a33016" member_type: VOTER last_known_addr { host: "127.21.70.65" port: 39951 } } peers { permanent_uuid: "5e415a8c23ec447d8f2dfde12b5acd56" member_type: VOTER last_known_addr { host: "127.21.70.66" port: 35233 } } peers { permanent_uuid: "e7122a8426f044efa5f725331bb16b84" member_type: VOTER last_known_addr { host: "127.21.70.67" port: 39721 } }
I20260608 10:00:38.534793 22649 ts_tablet_manager.cc:1434] T 81e25b1cd010449eaca9ecc7dc26b950 P ed12ab4eba374a7687de0dbb93a33016: Time spent starting tablet: real 0.017s	user 0.007s	sys 0.000s
I20260608 10:00:38.551501 22494 leader_election.cc:304] T cff03a410c524271b3da825a51f25369 P 5e415a8c23ec447d8f2dfde12b5acd56 [CANDIDATE]: Term 1 election: Election decided. Result: candidate won. Election summary: received 2 responses out of 3 voters: 2 yes votes; 0 no votes. yes voters: 5e415a8c23ec447d8f2dfde12b5acd56, e7122a8426f044efa5f725331bb16b84; no voters: 
I20260608 10:00:38.555365 22655 leader_election.cc:290] T ea26a1fb8ea24337b548ed384ddd09c6 P 5e415a8c23ec447d8f2dfde12b5acd56 [CANDIDATE]: Term 1 election: Requested vote from peers ed12ab4eba374a7687de0dbb93a33016 (127.21.70.65:39951), e7122a8426f044efa5f725331bb16b84 (127.21.70.67:39721)
I20260608 10:00:38.555142 22689 raft_consensus.cc:515] T 81e25b1cd010449eaca9ecc7dc26b950 P 5e415a8c23ec447d8f2dfde12b5acd56 [term 1 FOLLOWER]: Starting leader election with config: opid_index: -1 OBSOLETE_local: false peers { permanent_uuid: "ed12ab4eba374a7687de0dbb93a33016" member_type: VOTER last_known_addr { host: "127.21.70.65" port: 39951 } } peers { permanent_uuid: "e7122a8426f044efa5f725331bb16b84" member_type: VOTER last_known_addr { host: "127.21.70.67" port: 39721 } } peers { permanent_uuid: "5e415a8c23ec447d8f2dfde12b5acd56" member_type: VOTER last_known_addr { host: "127.21.70.66" port: 35233 } }
I20260608 10:00:38.556749 22655 raft_consensus.cc:2804] T cff03a410c524271b3da825a51f25369 P 5e415a8c23ec447d8f2dfde12b5acd56 [term 1 FOLLOWER]: Leader election won for term 1
I20260608 10:00:38.557216 22655 raft_consensus.cc:697] T cff03a410c524271b3da825a51f25369 P 5e415a8c23ec447d8f2dfde12b5acd56 [term 1 LEADER]: Becoming Leader. State: Replica: 5e415a8c23ec447d8f2dfde12b5acd56, State: Running, Role: LEADER
I20260608 10:00:38.556082 22454 tablet_service.cc:1917] Received RequestConsensusVote() RPC: tablet_id: "ea26a1fb8ea24337b548ed384ddd09c6" candidate_uuid: "5e415a8c23ec447d8f2dfde12b5acd56" candidate_term: 1 candidate_status { last_received { term: 0 index: 0 } } ignore_live_leader: false dest_uuid: "ed12ab4eba374a7687de0dbb93a33016"
I20260608 10:00:38.558318 22454 raft_consensus.cc:3060] T ea26a1fb8ea24337b548ed384ddd09c6 P ed12ab4eba374a7687de0dbb93a33016 [term 0 FOLLOWER]: Advancing to term 1
I20260608 10:00:38.558043 22655 consensus_queue.cc:237] T cff03a410c524271b3da825a51f25369 P 5e415a8c23ec447d8f2dfde12b5acd56 [LEADER]: Queue going to LEADER mode. State: All replicated index: 0, Majority replicated index: 0, Committed index: 0, Last appended: 0.0, Last appended by leader: 0, Current term: 1, Majority size: 2, State: 0, Mode: LEADER, active raft config: opid_index: -1 OBSOLETE_local: false peers { permanent_uuid: "ed12ab4eba374a7687de0dbb93a33016" member_type: VOTER last_known_addr { host: "127.21.70.65" port: 39951 } } peers { permanent_uuid: "5e415a8c23ec447d8f2dfde12b5acd56" member_type: VOTER last_known_addr { host: "127.21.70.66" port: 35233 } } peers { permanent_uuid: "e7122a8426f044efa5f725331bb16b84" member_type: VOTER last_known_addr { host: "127.21.70.67" port: 39721 } }
I20260608 10:00:38.558923 22649 tablet_bootstrap.cc:492] T c5bf5a8de49944788d9d283eccb12015 P ed12ab4eba374a7687de0dbb93a33016: Bootstrap starting.
I20260608 10:00:38.566334 22654 raft_consensus.cc:493] T 076d9c65217446039d2443aec6f98b97 P ed12ab4eba374a7687de0dbb93a33016 [term 0 FOLLOWER]: Starting pre-election (no leader contacted us within the election timeout)
I20260608 10:00:38.566819 22654 raft_consensus.cc:515] T 076d9c65217446039d2443aec6f98b97 P ed12ab4eba374a7687de0dbb93a33016 [term 0 FOLLOWER]: Starting pre-election with config: opid_index: -1 OBSOLETE_local: false peers { permanent_uuid: "ed12ab4eba374a7687de0dbb93a33016" member_type: VOTER last_known_addr { host: "127.21.70.65" port: 39951 } } peers { permanent_uuid: "5e415a8c23ec447d8f2dfde12b5acd56" member_type: VOTER last_known_addr { host: "127.21.70.66" port: 35233 } } peers { permanent_uuid: "e7122a8426f044efa5f725331bb16b84" member_type: VOTER last_known_addr { host: "127.21.70.67" port: 39721 } }
I20260608 10:00:38.567117 22689 leader_election.cc:290] T 81e25b1cd010449eaca9ecc7dc26b950 P 5e415a8c23ec447d8f2dfde12b5acd56 [CANDIDATE]: Term 1 election: Requested vote from peers ed12ab4eba374a7687de0dbb93a33016 (127.21.70.65:39951), e7122a8426f044efa5f725331bb16b84 (127.21.70.67:39721)
I20260608 10:00:38.568312 22453 tablet_service.cc:1917] Received RequestConsensusVote() RPC: tablet_id: "81e25b1cd010449eaca9ecc7dc26b950" candidate_uuid: "5e415a8c23ec447d8f2dfde12b5acd56" candidate_term: 1 candidate_status { last_received { term: 0 index: 0 } } ignore_live_leader: false dest_uuid: "ed12ab4eba374a7687de0dbb93a33016"
I20260608 10:00:38.568997 22453 raft_consensus.cc:3060] T 81e25b1cd010449eaca9ecc7dc26b950 P ed12ab4eba374a7687de0dbb93a33016 [term 0 FOLLOWER]: Advancing to term 1
I20260608 10:00:38.569077 22654 leader_election.cc:290] T 076d9c65217446039d2443aec6f98b97 P ed12ab4eba374a7687de0dbb93a33016 [CANDIDATE]: Term 1 pre-election: Requested pre-vote from peers 5e415a8c23ec447d8f2dfde12b5acd56 (127.21.70.66:35233), e7122a8426f044efa5f725331bb16b84 (127.21.70.67:39721)
I20260608 10:00:38.572700 22529 tablet_service.cc:1917] Received RequestConsensusVote() RPC: tablet_id: "076d9c65217446039d2443aec6f98b97" candidate_uuid: "ed12ab4eba374a7687de0dbb93a33016" candidate_term: 1 candidate_status { last_received { term: 0 index: 0 } } ignore_live_leader: false dest_uuid: "5e415a8c23ec447d8f2dfde12b5acd56" is_pre_election: true
I20260608 10:00:38.572974 22604 tablet_service.cc:1917] Received RequestConsensusVote() RPC: tablet_id: "076d9c65217446039d2443aec6f98b97" candidate_uuid: "ed12ab4eba374a7687de0dbb93a33016" candidate_term: 1 candidate_status { last_received { term: 0 index: 0 } } ignore_live_leader: false dest_uuid: "e7122a8426f044efa5f725331bb16b84" is_pre_election: true
I20260608 10:00:38.573381 22529 raft_consensus.cc:2468] T 076d9c65217446039d2443aec6f98b97 P 5e415a8c23ec447d8f2dfde12b5acd56 [term 0 FOLLOWER]: Leader pre-election vote request: Granting yes vote for candidate ed12ab4eba374a7687de0dbb93a33016 in term 0.
I20260608 10:00:38.573817 22604 raft_consensus.cc:2468] T 076d9c65217446039d2443aec6f98b97 P e7122a8426f044efa5f725331bb16b84 [term 0 FOLLOWER]: Leader pre-election vote request: Granting yes vote for candidate ed12ab4eba374a7687de0dbb93a33016 in term 0.
I20260608 10:00:38.575471 22420 leader_election.cc:304] T 076d9c65217446039d2443aec6f98b97 P ed12ab4eba374a7687de0dbb93a33016 [CANDIDATE]: Term 1 pre-election: Election decided. Result: candidate won. Election summary: received 2 responses out of 3 voters: 2 yes votes; 0 no votes. yes voters: 5e415a8c23ec447d8f2dfde12b5acd56, ed12ab4eba374a7687de0dbb93a33016; no voters: 
I20260608 10:00:38.576593 22654 raft_consensus.cc:2804] T 076d9c65217446039d2443aec6f98b97 P ed12ab4eba374a7687de0dbb93a33016 [term 0 FOLLOWER]: Leader pre-election won for term 1
I20260608 10:00:38.576959 22654 raft_consensus.cc:493] T 076d9c65217446039d2443aec6f98b97 P ed12ab4eba374a7687de0dbb93a33016 [term 0 FOLLOWER]: Starting leader election (no leader contacted us within the election timeout)
I20260608 10:00:38.577333 22654 raft_consensus.cc:3060] T 076d9c65217446039d2443aec6f98b97 P ed12ab4eba374a7687de0dbb93a33016 [term 0 FOLLOWER]: Advancing to term 1
I20260608 10:00:38.578198 22453 raft_consensus.cc:2468] T 81e25b1cd010449eaca9ecc7dc26b950 P ed12ab4eba374a7687de0dbb93a33016 [term 1 FOLLOWER]: Leader election vote request: Granting yes vote for candidate 5e415a8c23ec447d8f2dfde12b5acd56 in term 1.
I20260608 10:00:38.579391 22493 leader_election.cc:304] T 81e25b1cd010449eaca9ecc7dc26b950 P 5e415a8c23ec447d8f2dfde12b5acd56 [CANDIDATE]: Term 1 election: Election decided. Result: candidate won. Election summary: received 2 responses out of 3 voters: 2 yes votes; 0 no votes. yes voters: 5e415a8c23ec447d8f2dfde12b5acd56, ed12ab4eba374a7687de0dbb93a33016; no voters: 
I20260608 10:00:38.580750 22689 raft_consensus.cc:2804] T 81e25b1cd010449eaca9ecc7dc26b950 P 5e415a8c23ec447d8f2dfde12b5acd56 [term 1 FOLLOWER]: Leader election won for term 1
I20260608 10:00:38.581341 22689 raft_consensus.cc:697] T 81e25b1cd010449eaca9ecc7dc26b950 P 5e415a8c23ec447d8f2dfde12b5acd56 [term 1 LEADER]: Becoming Leader. State: Replica: 5e415a8c23ec447d8f2dfde12b5acd56, State: Running, Role: LEADER
I20260608 10:00:38.582967 22649 tablet_bootstrap.cc:654] T c5bf5a8de49944788d9d283eccb12015 P ed12ab4eba374a7687de0dbb93a33016: Neither blocks nor log segments found. Creating new log.
I20260608 10:00:38.582454 22689 consensus_queue.cc:237] T 81e25b1cd010449eaca9ecc7dc26b950 P 5e415a8c23ec447d8f2dfde12b5acd56 [LEADER]: Queue going to LEADER mode. State: All replicated index: 0, Majority replicated index: 0, Committed index: 0, Last appended: 0.0, Last appended by leader: 0, Current term: 1, Majority size: 2, State: 0, Mode: LEADER, active raft config: opid_index: -1 OBSOLETE_local: false peers { permanent_uuid: "ed12ab4eba374a7687de0dbb93a33016" member_type: VOTER last_known_addr { host: "127.21.70.65" port: 39951 } } peers { permanent_uuid: "e7122a8426f044efa5f725331bb16b84" member_type: VOTER last_known_addr { host: "127.21.70.67" port: 39721 } } peers { permanent_uuid: "5e415a8c23ec447d8f2dfde12b5acd56" member_type: VOTER last_known_addr { host: "127.21.70.66" port: 35233 } }
I20260608 10:00:38.585421 22454 raft_consensus.cc:2468] T ea26a1fb8ea24337b548ed384ddd09c6 P ed12ab4eba374a7687de0dbb93a33016 [term 1 FOLLOWER]: Leader election vote request: Granting yes vote for candidate 5e415a8c23ec447d8f2dfde12b5acd56 in term 1.
I20260608 10:00:38.586267 22654 raft_consensus.cc:515] T 076d9c65217446039d2443aec6f98b97 P ed12ab4eba374a7687de0dbb93a33016 [term 1 FOLLOWER]: Starting leader election with config: opid_index: -1 OBSOLETE_local: false peers { permanent_uuid: "ed12ab4eba374a7687de0dbb93a33016" member_type: VOTER last_known_addr { host: "127.21.70.65" port: 39951 } } peers { permanent_uuid: "5e415a8c23ec447d8f2dfde12b5acd56" member_type: VOTER last_known_addr { host: "127.21.70.66" port: 35233 } } peers { permanent_uuid: "e7122a8426f044efa5f725331bb16b84" member_type: VOTER last_known_addr { host: "127.21.70.67" port: 39721 } }
I20260608 10:00:38.586747 22493 leader_election.cc:304] T ea26a1fb8ea24337b548ed384ddd09c6 P 5e415a8c23ec447d8f2dfde12b5acd56 [CANDIDATE]: Term 1 election: Election decided. Result: candidate won. Election summary: received 2 responses out of 3 voters: 2 yes votes; 0 no votes. yes voters: 5e415a8c23ec447d8f2dfde12b5acd56, ed12ab4eba374a7687de0dbb93a33016; no voters: 
I20260608 10:00:38.588454 22654 leader_election.cc:290] T 076d9c65217446039d2443aec6f98b97 P ed12ab4eba374a7687de0dbb93a33016 [CANDIDATE]: Term 1 election: Requested vote from peers 5e415a8c23ec447d8f2dfde12b5acd56 (127.21.70.66:35233), e7122a8426f044efa5f725331bb16b84 (127.21.70.67:39721)
I20260608 10:00:38.589140 22529 tablet_service.cc:1917] Received RequestConsensusVote() RPC: tablet_id: "076d9c65217446039d2443aec6f98b97" candidate_uuid: "ed12ab4eba374a7687de0dbb93a33016" candidate_term: 1 candidate_status { last_received { term: 0 index: 0 } } ignore_live_leader: false dest_uuid: "5e415a8c23ec447d8f2dfde12b5acd56"
I20260608 10:00:38.592234 22691 raft_consensus.cc:2804] T ea26a1fb8ea24337b548ed384ddd09c6 P 5e415a8c23ec447d8f2dfde12b5acd56 [term 1 FOLLOWER]: Leader election won for term 1
I20260608 10:00:38.592424 22529 raft_consensus.cc:3060] T 076d9c65217446039d2443aec6f98b97 P 5e415a8c23ec447d8f2dfde12b5acd56 [term 0 FOLLOWER]: Advancing to term 1
I20260608 10:00:38.592800 22691 raft_consensus.cc:697] T ea26a1fb8ea24337b548ed384ddd09c6 P 5e415a8c23ec447d8f2dfde12b5acd56 [term 1 LEADER]: Becoming Leader. State: Replica: 5e415a8c23ec447d8f2dfde12b5acd56, State: Running, Role: LEADER
I20260608 10:00:38.593176 22603 tablet_service.cc:1917] Received RequestConsensusVote() RPC: tablet_id: "ea26a1fb8ea24337b548ed384ddd09c6" candidate_uuid: "5e415a8c23ec447d8f2dfde12b5acd56" candidate_term: 1 candidate_status { last_received { term: 0 index: 0 } } ignore_live_leader: false dest_uuid: "e7122a8426f044efa5f725331bb16b84"
I20260608 10:00:38.593899 22603 raft_consensus.cc:3060] T ea26a1fb8ea24337b548ed384ddd09c6 P e7122a8426f044efa5f725331bb16b84 [term 0 FOLLOWER]: Advancing to term 1
I20260608 10:00:38.593715 22691 consensus_queue.cc:237] T ea26a1fb8ea24337b548ed384ddd09c6 P 5e415a8c23ec447d8f2dfde12b5acd56 [LEADER]: Queue going to LEADER mode. State: All replicated index: 0, Majority replicated index: 0, Committed index: 0, Last appended: 0.0, Last appended by leader: 0, Current term: 1, Majority size: 2, State: 0, Mode: LEADER, active raft config: opid_index: -1 OBSOLETE_local: false peers { permanent_uuid: "ed12ab4eba374a7687de0dbb93a33016" member_type: VOTER last_known_addr { host: "127.21.70.65" port: 39951 } } peers { permanent_uuid: "5e415a8c23ec447d8f2dfde12b5acd56" member_type: VOTER last_known_addr { host: "127.21.70.66" port: 35233 } } peers { permanent_uuid: "e7122a8426f044efa5f725331bb16b84" member_type: VOTER last_known_addr { host: "127.21.70.67" port: 39721 } }
I20260608 10:00:38.589900 22604 tablet_service.cc:1917] Received RequestConsensusVote() RPC: tablet_id: "076d9c65217446039d2443aec6f98b97" candidate_uuid: "ed12ab4eba374a7687de0dbb93a33016" candidate_term: 1 candidate_status { last_received { term: 0 index: 0 } } ignore_live_leader: false dest_uuid: "e7122a8426f044efa5f725331bb16b84"
I20260608 10:00:38.596395 22604 raft_consensus.cc:3060] T 076d9c65217446039d2443aec6f98b97 P e7122a8426f044efa5f725331bb16b84 [term 0 FOLLOWER]: Advancing to term 1
I20260608 10:00:38.602753 22603 raft_consensus.cc:2468] T ea26a1fb8ea24337b548ed384ddd09c6 P e7122a8426f044efa5f725331bb16b84 [term 1 FOLLOWER]: Leader election vote request: Granting yes vote for candidate 5e415a8c23ec447d8f2dfde12b5acd56 in term 1.
I20260608 10:00:38.610777 22529 raft_consensus.cc:2468] T 076d9c65217446039d2443aec6f98b97 P 5e415a8c23ec447d8f2dfde12b5acd56 [term 1 FOLLOWER]: Leader election vote request: Granting yes vote for candidate ed12ab4eba374a7687de0dbb93a33016 in term 1.
I20260608 10:00:38.610680 22602 tablet_service.cc:1917] Received RequestConsensusVote() RPC: tablet_id: "81e25b1cd010449eaca9ecc7dc26b950" candidate_uuid: "5e415a8c23ec447d8f2dfde12b5acd56" candidate_term: 1 candidate_status { last_received { term: 0 index: 0 } } ignore_live_leader: false dest_uuid: "e7122a8426f044efa5f725331bb16b84"
I20260608 10:00:38.611779 22602 raft_consensus.cc:3060] T 81e25b1cd010449eaca9ecc7dc26b950 P e7122a8426f044efa5f725331bb16b84 [term 0 FOLLOWER]: Advancing to term 1
I20260608 10:00:38.606735 22604 raft_consensus.cc:2468] T 076d9c65217446039d2443aec6f98b97 P e7122a8426f044efa5f725331bb16b84 [term 1 FOLLOWER]: Leader election vote request: Granting yes vote for candidate ed12ab4eba374a7687de0dbb93a33016 in term 1.
I20260608 10:00:38.612330 22420 leader_election.cc:304] T 076d9c65217446039d2443aec6f98b97 P ed12ab4eba374a7687de0dbb93a33016 [CANDIDATE]: Term 1 election: Election decided. Result: candidate won. Election summary: received 2 responses out of 3 voters: 2 yes votes; 0 no votes. yes voters: 5e415a8c23ec447d8f2dfde12b5acd56, ed12ab4eba374a7687de0dbb93a33016; no voters: 
I20260608 10:00:38.613443 22654 raft_consensus.cc:2804] T 076d9c65217446039d2443aec6f98b97 P ed12ab4eba374a7687de0dbb93a33016 [term 1 FOLLOWER]: Leader election won for term 1
I20260608 10:00:38.613879 22654 raft_consensus.cc:697] T 076d9c65217446039d2443aec6f98b97 P ed12ab4eba374a7687de0dbb93a33016 [term 1 LEADER]: Becoming Leader. State: Replica: ed12ab4eba374a7687de0dbb93a33016, State: Running, Role: LEADER
I20260608 10:00:38.614784 22654 consensus_queue.cc:237] T 076d9c65217446039d2443aec6f98b97 P ed12ab4eba374a7687de0dbb93a33016 [LEADER]: Queue going to LEADER mode. State: All replicated index: 0, Majority replicated index: 0, Committed index: 0, Last appended: 0.0, Last appended by leader: 0, Current term: 1, Majority size: 2, State: 0, Mode: LEADER, active raft config: opid_index: -1 OBSOLETE_local: false peers { permanent_uuid: "ed12ab4eba374a7687de0dbb93a33016" member_type: VOTER last_known_addr { host: "127.21.70.65" port: 39951 } } peers { permanent_uuid: "5e415a8c23ec447d8f2dfde12b5acd56" member_type: VOTER last_known_addr { host: "127.21.70.66" port: 35233 } } peers { permanent_uuid: "e7122a8426f044efa5f725331bb16b84" member_type: VOTER last_known_addr { host: "127.21.70.67" port: 39721 } }
I20260608 10:00:38.615312 22649 tablet_bootstrap.cc:492] T c5bf5a8de49944788d9d283eccb12015 P ed12ab4eba374a7687de0dbb93a33016: No bootstrap required, opened a new log
I20260608 10:00:38.615814 22649 ts_tablet_manager.cc:1403] T c5bf5a8de49944788d9d283eccb12015 P ed12ab4eba374a7687de0dbb93a33016: Time spent bootstrapping tablet: real 0.057s	user 0.009s	sys 0.002s
I20260608 10:00:38.618743 22649 raft_consensus.cc:359] T c5bf5a8de49944788d9d283eccb12015 P ed12ab4eba374a7687de0dbb93a33016 [term 0 FOLLOWER]: Replica starting. Triggering 0 pending ops. Active config: opid_index: -1 OBSOLETE_local: false peers { permanent_uuid: "ed12ab4eba374a7687de0dbb93a33016" member_type: VOTER last_known_addr { host: "127.21.70.65" port: 39951 } } peers { permanent_uuid: "5e415a8c23ec447d8f2dfde12b5acd56" member_type: VOTER last_known_addr { host: "127.21.70.66" port: 35233 } } peers { permanent_uuid: "e7122a8426f044efa5f725331bb16b84" member_type: VOTER last_known_addr { host: "127.21.70.67" port: 39721 } }
I20260608 10:00:38.619383 22649 raft_consensus.cc:385] T c5bf5a8de49944788d9d283eccb12015 P ed12ab4eba374a7687de0dbb93a33016 [term 0 FOLLOWER]: Consensus starting up: Expiring failure detector timer to make a prompt election more likely
I20260608 10:00:38.619694 22649 raft_consensus.cc:740] T c5bf5a8de49944788d9d283eccb12015 P ed12ab4eba374a7687de0dbb93a33016 [term 0 FOLLOWER]: Becoming Follower/Learner. State: Replica: ed12ab4eba374a7687de0dbb93a33016, State: Initialized, Role: FOLLOWER
I20260608 10:00:38.619858 22602 raft_consensus.cc:2468] T 81e25b1cd010449eaca9ecc7dc26b950 P e7122a8426f044efa5f725331bb16b84 [term 1 FOLLOWER]: Leader election vote request: Granting yes vote for candidate 5e415a8c23ec447d8f2dfde12b5acd56 in term 1.
I20260608 10:00:38.620579 22649 consensus_queue.cc:260] T c5bf5a8de49944788d9d283eccb12015 P ed12ab4eba374a7687de0dbb93a33016 [NON_LEADER]: Queue going to NON_LEADER mode. State: All replicated index: 0, Majority replicated index: 0, Committed index: 0, Last appended: 0.0, Last appended by leader: 0, Current term: 0, Majority size: -1, State: 0, Mode: NON_LEADER, active raft config: opid_index: -1 OBSOLETE_local: false peers { permanent_uuid: "ed12ab4eba374a7687de0dbb93a33016" member_type: VOTER last_known_addr { host: "127.21.70.65" port: 39951 } } peers { permanent_uuid: "5e415a8c23ec447d8f2dfde12b5acd56" member_type: VOTER last_known_addr { host: "127.21.70.66" port: 35233 } } peers { permanent_uuid: "e7122a8426f044efa5f725331bb16b84" member_type: VOTER last_known_addr { host: "127.21.70.67" port: 39721 } }
I20260608 10:00:38.623281 22649 ts_tablet_manager.cc:1434] T c5bf5a8de49944788d9d283eccb12015 P ed12ab4eba374a7687de0dbb93a33016: Time spent starting tablet: real 0.007s	user 0.007s	sys 0.000s
I20260608 10:00:38.623616 22352 catalog_manager.cc:5696] T 076d9c65217446039d2443aec6f98b97 P ed12ab4eba374a7687de0dbb93a33016 reported cstate change: term changed from 0 to 1, leader changed from <none> to ed12ab4eba374a7687de0dbb93a33016 (127.21.70.65). New cstate: current_term: 1 leader_uuid: "ed12ab4eba374a7687de0dbb93a33016" committed_config { opid_index: -1 OBSOLETE_local: false peers { permanent_uuid: "ed12ab4eba374a7687de0dbb93a33016" member_type: VOTER last_known_addr { host: "127.21.70.65" port: 39951 } health_report { overall_health: HEALTHY } } peers { permanent_uuid: "5e415a8c23ec447d8f2dfde12b5acd56" member_type: VOTER last_known_addr { host: "127.21.70.66" port: 35233 } health_report { overall_health: UNKNOWN } } peers { permanent_uuid: "e7122a8426f044efa5f725331bb16b84" member_type: VOTER last_known_addr { host: "127.21.70.67" port: 39721 } health_report { overall_health: UNKNOWN } } }
I20260608 10:00:38.626742 22351 catalog_manager.cc:5696] T cff03a410c524271b3da825a51f25369 P 5e415a8c23ec447d8f2dfde12b5acd56 reported cstate change: term changed from 0 to 1, leader changed from <none> to 5e415a8c23ec447d8f2dfde12b5acd56 (127.21.70.66). New cstate: current_term: 1 leader_uuid: "5e415a8c23ec447d8f2dfde12b5acd56" committed_config { opid_index: -1 OBSOLETE_local: false peers { permanent_uuid: "ed12ab4eba374a7687de0dbb93a33016" member_type: VOTER last_known_addr { host: "127.21.70.65" port: 39951 } health_report { overall_health: UNKNOWN } } peers { permanent_uuid: "5e415a8c23ec447d8f2dfde12b5acd56" member_type: VOTER last_known_addr { host: "127.21.70.66" port: 35233 } health_report { overall_health: HEALTHY } } peers { permanent_uuid: "e7122a8426f044efa5f725331bb16b84" member_type: VOTER last_known_addr { host: "127.21.70.67" port: 39721 } health_report { overall_health: UNKNOWN } } }
I20260608 10:00:38.641149 22351 catalog_manager.cc:5696] T ea26a1fb8ea24337b548ed384ddd09c6 P 5e415a8c23ec447d8f2dfde12b5acd56 reported cstate change: term changed from 0 to 1, leader changed from <none> to 5e415a8c23ec447d8f2dfde12b5acd56 (127.21.70.66). New cstate: current_term: 1 leader_uuid: "5e415a8c23ec447d8f2dfde12b5acd56" committed_config { opid_index: -1 OBSOLETE_local: false peers { permanent_uuid: "ed12ab4eba374a7687de0dbb93a33016" member_type: VOTER last_known_addr { host: "127.21.70.65" port: 39951 } health_report { overall_health: UNKNOWN } } peers { permanent_uuid: "5e415a8c23ec447d8f2dfde12b5acd56" member_type: VOTER last_known_addr { host: "127.21.70.66" port: 35233 } health_report { overall_health: HEALTHY } } peers { permanent_uuid: "e7122a8426f044efa5f725331bb16b84" member_type: VOTER last_known_addr { host: "127.21.70.67" port: 39721 } health_report { overall_health: UNKNOWN } } }
I20260608 10:00:38.642402 22351 catalog_manager.cc:5696] T 81e25b1cd010449eaca9ecc7dc26b950 P 5e415a8c23ec447d8f2dfde12b5acd56 reported cstate change: term changed from 0 to 1, leader changed from <none> to 5e415a8c23ec447d8f2dfde12b5acd56 (127.21.70.66). New cstate: current_term: 1 leader_uuid: "5e415a8c23ec447d8f2dfde12b5acd56" committed_config { opid_index: -1 OBSOLETE_local: false peers { permanent_uuid: "ed12ab4eba374a7687de0dbb93a33016" member_type: VOTER last_known_addr { host: "127.21.70.65" port: 39951 } health_report { overall_health: UNKNOWN } } peers { permanent_uuid: "e7122a8426f044efa5f725331bb16b84" member_type: VOTER last_known_addr { host: "127.21.70.67" port: 39721 } health_report { overall_health: UNKNOWN } } peers { permanent_uuid: "5e415a8c23ec447d8f2dfde12b5acd56" member_type: VOTER last_known_addr { host: "127.21.70.66" port: 35233 } health_report { overall_health: HEALTHY } } }
I20260608 10:00:38.683014 22689 raft_consensus.cc:493] T c5bf5a8de49944788d9d283eccb12015 P 5e415a8c23ec447d8f2dfde12b5acd56 [term 0 FOLLOWER]: Starting pre-election (no leader contacted us within the election timeout)
I20260608 10:00:38.683528 22689 raft_consensus.cc:515] T c5bf5a8de49944788d9d283eccb12015 P 5e415a8c23ec447d8f2dfde12b5acd56 [term 0 FOLLOWER]: Starting pre-election with config: opid_index: -1 OBSOLETE_local: false peers { permanent_uuid: "ed12ab4eba374a7687de0dbb93a33016" member_type: VOTER last_known_addr { host: "127.21.70.65" port: 39951 } } peers { permanent_uuid: "5e415a8c23ec447d8f2dfde12b5acd56" member_type: VOTER last_known_addr { host: "127.21.70.66" port: 35233 } } peers { permanent_uuid: "e7122a8426f044efa5f725331bb16b84" member_type: VOTER last_known_addr { host: "127.21.70.67" port: 39721 } }
I20260608 10:00:38.685591 22689 leader_election.cc:290] T c5bf5a8de49944788d9d283eccb12015 P 5e415a8c23ec447d8f2dfde12b5acd56 [CANDIDATE]: Term 1 pre-election: Requested pre-vote from peers ed12ab4eba374a7687de0dbb93a33016 (127.21.70.65:39951), e7122a8426f044efa5f725331bb16b84 (127.21.70.67:39721)
I20260608 10:00:38.686530 22454 tablet_service.cc:1917] Received RequestConsensusVote() RPC: tablet_id: "c5bf5a8de49944788d9d283eccb12015" candidate_uuid: "5e415a8c23ec447d8f2dfde12b5acd56" candidate_term: 1 candidate_status { last_received { term: 0 index: 0 } } ignore_live_leader: false dest_uuid: "ed12ab4eba374a7687de0dbb93a33016" is_pre_election: true
I20260608 10:00:38.686725 22602 tablet_service.cc:1917] Received RequestConsensusVote() RPC: tablet_id: "c5bf5a8de49944788d9d283eccb12015" candidate_uuid: "5e415a8c23ec447d8f2dfde12b5acd56" candidate_term: 1 candidate_status { last_received { term: 0 index: 0 } } ignore_live_leader: false dest_uuid: "e7122a8426f044efa5f725331bb16b84" is_pre_election: true
I20260608 10:00:38.687093 22454 raft_consensus.cc:2468] T c5bf5a8de49944788d9d283eccb12015 P ed12ab4eba374a7687de0dbb93a33016 [term 0 FOLLOWER]: Leader pre-election vote request: Granting yes vote for candidate 5e415a8c23ec447d8f2dfde12b5acd56 in term 0.
I20260608 10:00:38.687304 22602 raft_consensus.cc:2468] T c5bf5a8de49944788d9d283eccb12015 P e7122a8426f044efa5f725331bb16b84 [term 0 FOLLOWER]: Leader pre-election vote request: Granting yes vote for candidate 5e415a8c23ec447d8f2dfde12b5acd56 in term 0.
I20260608 10:00:38.688040 22493 leader_election.cc:304] T c5bf5a8de49944788d9d283eccb12015 P 5e415a8c23ec447d8f2dfde12b5acd56 [CANDIDATE]: Term 1 pre-election: Election decided. Result: candidate won. Election summary: received 2 responses out of 3 voters: 2 yes votes; 0 no votes. yes voters: 5e415a8c23ec447d8f2dfde12b5acd56, ed12ab4eba374a7687de0dbb93a33016; no voters: 
I20260608 10:00:38.688796 22689 raft_consensus.cc:2804] T c5bf5a8de49944788d9d283eccb12015 P 5e415a8c23ec447d8f2dfde12b5acd56 [term 0 FOLLOWER]: Leader pre-election won for term 1
I20260608 10:00:38.689110 22689 raft_consensus.cc:493] T c5bf5a8de49944788d9d283eccb12015 P 5e415a8c23ec447d8f2dfde12b5acd56 [term 0 FOLLOWER]: Starting leader election (no leader contacted us within the election timeout)
I20260608 10:00:38.689412 22689 raft_consensus.cc:3060] T c5bf5a8de49944788d9d283eccb12015 P 5e415a8c23ec447d8f2dfde12b5acd56 [term 0 FOLLOWER]: Advancing to term 1
I20260608 10:00:38.693511 22689 raft_consensus.cc:515] T c5bf5a8de49944788d9d283eccb12015 P 5e415a8c23ec447d8f2dfde12b5acd56 [term 1 FOLLOWER]: Starting leader election with config: opid_index: -1 OBSOLETE_local: false peers { permanent_uuid: "ed12ab4eba374a7687de0dbb93a33016" member_type: VOTER last_known_addr { host: "127.21.70.65" port: 39951 } } peers { permanent_uuid: "5e415a8c23ec447d8f2dfde12b5acd56" member_type: VOTER last_known_addr { host: "127.21.70.66" port: 35233 } } peers { permanent_uuid: "e7122a8426f044efa5f725331bb16b84" member_type: VOTER last_known_addr { host: "127.21.70.67" port: 39721 } }
I20260608 10:00:38.695161 22689 leader_election.cc:290] T c5bf5a8de49944788d9d283eccb12015 P 5e415a8c23ec447d8f2dfde12b5acd56 [CANDIDATE]: Term 1 election: Requested vote from peers ed12ab4eba374a7687de0dbb93a33016 (127.21.70.65:39951), e7122a8426f044efa5f725331bb16b84 (127.21.70.67:39721)
I20260608 10:00:38.695884 22454 tablet_service.cc:1917] Received RequestConsensusVote() RPC: tablet_id: "c5bf5a8de49944788d9d283eccb12015" candidate_uuid: "5e415a8c23ec447d8f2dfde12b5acd56" candidate_term: 1 candidate_status { last_received { term: 0 index: 0 } } ignore_live_leader: false dest_uuid: "ed12ab4eba374a7687de0dbb93a33016"
I20260608 10:00:38.696388 22602 tablet_service.cc:1917] Received RequestConsensusVote() RPC: tablet_id: "c5bf5a8de49944788d9d283eccb12015" candidate_uuid: "5e415a8c23ec447d8f2dfde12b5acd56" candidate_term: 1 candidate_status { last_received { term: 0 index: 0 } } ignore_live_leader: false dest_uuid: "e7122a8426f044efa5f725331bb16b84"
I20260608 10:00:38.696399 22454 raft_consensus.cc:3060] T c5bf5a8de49944788d9d283eccb12015 P ed12ab4eba374a7687de0dbb93a33016 [term 0 FOLLOWER]: Advancing to term 1
I20260608 10:00:38.696934 22602 raft_consensus.cc:3060] T c5bf5a8de49944788d9d283eccb12015 P e7122a8426f044efa5f725331bb16b84 [term 0 FOLLOWER]: Advancing to term 1
I20260608 10:00:38.700829 22454 raft_consensus.cc:2468] T c5bf5a8de49944788d9d283eccb12015 P ed12ab4eba374a7687de0dbb93a33016 [term 1 FOLLOWER]: Leader election vote request: Granting yes vote for candidate 5e415a8c23ec447d8f2dfde12b5acd56 in term 1.
I20260608 10:00:38.701175 22602 raft_consensus.cc:2468] T c5bf5a8de49944788d9d283eccb12015 P e7122a8426f044efa5f725331bb16b84 [term 1 FOLLOWER]: Leader election vote request: Granting yes vote for candidate 5e415a8c23ec447d8f2dfde12b5acd56 in term 1.
I20260608 10:00:38.701887 22493 leader_election.cc:304] T c5bf5a8de49944788d9d283eccb12015 P 5e415a8c23ec447d8f2dfde12b5acd56 [CANDIDATE]: Term 1 election: Election decided. Result: candidate won. Election summary: received 2 responses out of 3 voters: 2 yes votes; 0 no votes. yes voters: 5e415a8c23ec447d8f2dfde12b5acd56, ed12ab4eba374a7687de0dbb93a33016; no voters: 
I20260608 10:00:38.702713 22689 raft_consensus.cc:2804] T c5bf5a8de49944788d9d283eccb12015 P 5e415a8c23ec447d8f2dfde12b5acd56 [term 1 FOLLOWER]: Leader election won for term 1
I20260608 10:00:38.703224 22689 raft_consensus.cc:697] T c5bf5a8de49944788d9d283eccb12015 P 5e415a8c23ec447d8f2dfde12b5acd56 [term 1 LEADER]: Becoming Leader. State: Replica: 5e415a8c23ec447d8f2dfde12b5acd56, State: Running, Role: LEADER
I20260608 10:00:38.703984 22689 consensus_queue.cc:237] T c5bf5a8de49944788d9d283eccb12015 P 5e415a8c23ec447d8f2dfde12b5acd56 [LEADER]: Queue going to LEADER mode. State: All replicated index: 0, Majority replicated index: 0, Committed index: 0, Last appended: 0.0, Last appended by leader: 0, Current term: 1, Majority size: 2, State: 0, Mode: LEADER, active raft config: opid_index: -1 OBSOLETE_local: false peers { permanent_uuid: "ed12ab4eba374a7687de0dbb93a33016" member_type: VOTER last_known_addr { host: "127.21.70.65" port: 39951 } } peers { permanent_uuid: "5e415a8c23ec447d8f2dfde12b5acd56" member_type: VOTER last_known_addr { host: "127.21.70.66" port: 35233 } } peers { permanent_uuid: "e7122a8426f044efa5f725331bb16b84" member_type: VOTER last_known_addr { host: "127.21.70.67" port: 39721 } }
I20260608 10:00:38.711294 22351 catalog_manager.cc:5696] T c5bf5a8de49944788d9d283eccb12015 P 5e415a8c23ec447d8f2dfde12b5acd56 reported cstate change: term changed from 0 to 1, leader changed from <none> to 5e415a8c23ec447d8f2dfde12b5acd56 (127.21.70.66). New cstate: current_term: 1 leader_uuid: "5e415a8c23ec447d8f2dfde12b5acd56" committed_config { opid_index: -1 OBSOLETE_local: false peers { permanent_uuid: "ed12ab4eba374a7687de0dbb93a33016" member_type: VOTER last_known_addr { host: "127.21.70.65" port: 39951 } health_report { overall_health: UNKNOWN } } peers { permanent_uuid: "5e415a8c23ec447d8f2dfde12b5acd56" member_type: VOTER last_known_addr { host: "127.21.70.66" port: 35233 } health_report { overall_health: HEALTHY } } peers { permanent_uuid: "e7122a8426f044efa5f725331bb16b84" member_type: VOTER last_known_addr { host: "127.21.70.67" port: 39721 } health_report { overall_health: UNKNOWN } } }
I20260608 10:00:38.723167 22656 consensus_queue.cc:1048] T 3da450b0d5324d899d79cc4d5c7e39c4 P e7122a8426f044efa5f725331bb16b84 [LEADER]: Connected to new peer: Peer: permanent_uuid: "5e415a8c23ec447d8f2dfde12b5acd56" member_type: VOTER last_known_addr { host: "127.21.70.66" port: 35233 }, Status: LMP_MISMATCH, Last received: 0.0, Next index: 1, Last known committed idx: 0, Time since last communication: 0.000s
I20260608 10:00:38.734916 22672 consensus_queue.cc:1048] T 3da450b0d5324d899d79cc4d5c7e39c4 P e7122a8426f044efa5f725331bb16b84 [LEADER]: Connected to new peer: Peer: permanent_uuid: "ed12ab4eba374a7687de0dbb93a33016" member_type: VOTER last_known_addr { host: "127.21.70.65" port: 39951 }, Status: LMP_MISMATCH, Last received: 0.0, Next index: 1, Last known committed idx: 0, Time since last communication: 0.001s
I20260608 10:00:38.819252 21785 file_cache.cc:492] Constructed file cache file cache with capacity 419430
I20260608 10:00:38.819840 22405 auto_leader_rebalancer.cc:140] leader rebalance for table test-workload
W20260608 10:00:38.827782 22705 instance_detector.cc:116] could not retrieve AWS instance metadata: Network error: curl error: HTTP response code said error: The requested URL returned error: 404
W20260608 10:00:38.829499 22706 instance_detector.cc:116] could not retrieve Azure instance metadata: Network error: curl error: HTTP response code said error: The requested URL returned error: 404
I20260608 10:00:38.833474 21785 server_base.cc:1061] running on GCE node
W20260608 10:00:38.833242 22708 instance_detector.cc:116] could not retrieve OpenStack instance metadata: Network error: curl error: HTTP response code said error: The requested URL returned error: 404
I20260608 10:00:38.834755 21785 hybrid_clock.cc:584] initializing the hybrid clock with 'system_unsync' time source
W20260608 10:00:38.835032 21785 system_unsync_time.cc:38] NTP support is disabled. Clock error bounds will not be accurate. This configuration is not suitable for distributed clusters.
I20260608 10:00:38.835227 21785 hybrid_clock.cc:648] HybridClock initialized: now 1780912838835206 us; error 0 us; skew 500 ppm
I20260608 10:00:38.835858 21785 server_base.cc:861] Flag tcmalloc_max_total_thread_cache_bytes is not working since tcmalloc is not enabled.
I20260608 10:00:38.838708 21785 webserver.cc:533] Webserver started at http://127.21.70.68:35103/ using document root <none> and password file <none>
I20260608 10:00:38.839274 21785 fs_manager.cc:362] Metadata directory not provided
I20260608 10:00:38.839497 21785 fs_manager.cc:368] Using write-ahead log directory (fs_wal_dir) as metadata directory
I20260608 10:00:38.839777 21785 server_base.cc:909] This appears to be a new deployment of Kudu; creating new FS layout
I20260608 10:00:38.841113 21785 fs_manager.cc:1068] Generated new instance metadata in path /tmp/dist-test-taskUqyw7e/test-tmp/auto_rebalancer-test.0.AutoRebalancerTest.AutoRebalancingTurnOffAndOn.1780912826958742-21785-0/minicluster-data/ts-3-root/instance:
uuid: "807ca0c2253145f387f08b92da4d9df0"
format_stamp: "Formatted at 2026-06-08 10:00:38 on dist-test-slave-bjnm"
I20260608 10:00:38.843017 22529 tablet_service.cc:2072] Received LeaderStepDown RPC: tablet_id: "ea26a1fb8ea24337b548ed384ddd09c6"
dest_uuid: "5e415a8c23ec447d8f2dfde12b5acd56"
mode: GRACEFUL
new_leader_uuid: "ed12ab4eba374a7687de0dbb93a33016"
 from {username='slave'} at 127.0.0.1:45210
I20260608 10:00:38.843788 22529 raft_consensus.cc:606] T ea26a1fb8ea24337b548ed384ddd09c6 P 5e415a8c23ec447d8f2dfde12b5acd56 [term 1 LEADER]: Received request to transfer leadership to TS ed12ab4eba374a7687de0dbb93a33016
I20260608 10:00:38.845239 22405 auto_leader_rebalancer.cc:388] table: test-workload, leader rebalance finish, leader transfer count: 1
I20260608 10:00:38.845744 22405 auto_leader_rebalancer.cc:451] All tables' leader rebalancing finished this round
I20260608 10:00:38.847254 21785 fs_manager.cc:696] Time spent creating directory manager: real 0.006s	user 0.006s	sys 0.000s
I20260608 10:00:38.850706 22714 log_block_manager.cc:4031] Time spent loading block containers with low live blocks: real 0.000s	user 0.000s	sys 0.000s
I20260608 10:00:38.851402 21785 fs_manager.cc:730] Time spent opening block manager: real 0.002s	user 0.002s	sys 0.000s
I20260608 10:00:38.851697 21785 fs_manager.cc:647] Opened local filesystem: /tmp/dist-test-taskUqyw7e/test-tmp/auto_rebalancer-test.0.AutoRebalancerTest.AutoRebalancingTurnOffAndOn.1780912826958742-21785-0/minicluster-data/ts-3-root
uuid: "807ca0c2253145f387f08b92da4d9df0"
format_stamp: "Formatted at 2026-06-08 10:00:38 on dist-test-slave-bjnm"
I20260608 10:00:38.851984 21785 fs_report.cc:389] FS layout report
--------------------
wal directory: /tmp/dist-test-taskUqyw7e/test-tmp/auto_rebalancer-test.0.AutoRebalancerTest.AutoRebalancingTurnOffAndOn.1780912826958742-21785-0/minicluster-data/ts-3-root
metadata directory: /tmp/dist-test-taskUqyw7e/test-tmp/auto_rebalancer-test.0.AutoRebalancerTest.AutoRebalancingTurnOffAndOn.1780912826958742-21785-0/minicluster-data/ts-3-root
1 data directories: /tmp/dist-test-taskUqyw7e/test-tmp/auto_rebalancer-test.0.AutoRebalancerTest.AutoRebalancingTurnOffAndOn.1780912826958742-21785-0/minicluster-data/ts-3-root/data
Total live blocks: 0
Total live bytes: 0
Total live bytes (after alignment): 0
Total number of LBM containers: 0 (0 full)
Did not check for missing blocks
Did not check for orphaned blocks
Total full LBM containers with extra space: 0 (0 repaired)
Total full LBM container extra space in bytes: 0 (0 repaired)
Total incomplete LBM containers: 0 (0 repaired)
Total LBM partial records: 0 (0 repaired)
Total corrupted LBM metadata records in RocksDB: 0 (0 repaired)
I20260608 10:00:38.862085 21785 rpc_server.cc:225] running with OpenSSL 1.1.1  11 Sep 2018
I20260608 10:00:38.863253 21785 kserver.cc:163] Server-wide thread pool size limit: 3276
I20260608 10:00:38.864565 21785 txn_system_client.cc:432] TxnSystemClient initialization is disabled...
I20260608 10:00:38.866936 21785 ts_tablet_manager.cc:585] Loaded tablet metadata (0 total tablets, 0 live tablets)
I20260608 10:00:38.867177 21785 ts_tablet_manager.cc:531] Time spent load tablet metadata: real 0.000s	user 0.000s	sys 0.000s
I20260608 10:00:38.867460 21785 ts_tablet_manager.cc:616] Registered 0 tablets
I20260608 10:00:38.867645 21785 ts_tablet_manager.cc:595] Time spent register tablets: real 0.000s	user 0.000s	sys 0.000s
I20260608 10:00:38.898093 22701 consensus_queue.cc:1048] T 45bbe830a1f54a5584db04c66bd8d87c P e7122a8426f044efa5f725331bb16b84 [LEADER]: Connected to new peer: Peer: permanent_uuid: "ed12ab4eba374a7687de0dbb93a33016" member_type: VOTER last_known_addr { host: "127.21.70.65" port: 39951 }, Status: LMP_MISMATCH, Last received: 0.0, Next index: 1, Last known committed idx: 0, Time since last communication: 0.001s
I20260608 10:00:38.912226 22672 consensus_queue.cc:1048] T 45bbe830a1f54a5584db04c66bd8d87c P e7122a8426f044efa5f725331bb16b84 [LEADER]: Connected to new peer: Peer: permanent_uuid: "5e415a8c23ec447d8f2dfde12b5acd56" member_type: VOTER last_known_addr { host: "127.21.70.66" port: 35233 }, Status: LMP_MISMATCH, Last received: 0.0, Next index: 1, Last known committed idx: 0, Time since last communication: 0.000s
I20260608 10:00:38.930045 21785 rpc_server.cc:307] RPC server started. Bound to: 127.21.70.68:39979
I20260608 10:00:38.930289 22778 acceptor_pool.cc:272] collecting diagnostics on the listening RPC socket 127.21.70.68:39979 every 8 connection(s)
I20260608 10:00:38.948239 22779 heartbeater.cc:344] Connected to a master server at 127.21.70.126:40099
I20260608 10:00:38.948587 22779 heartbeater.cc:461] Registering TS with master...
I20260608 10:00:38.949214 22779 heartbeater.cc:507] Master 127.21.70.126:40099 requested a full tablet report, sending...
I20260608 10:00:38.951045 22351 ts_manager.cc:194] Registered new tserver with Master: 807ca0c2253145f387f08b92da4d9df0 (127.21.70.68:39979)
I20260608 10:00:38.952479 22351 master_service.cc:502] Signed X509 certificate for tserver {username='slave'} at 127.0.0.1:36568
I20260608 10:00:38.996214 22689 consensus_queue.cc:1048] T ea26a1fb8ea24337b548ed384ddd09c6 P 5e415a8c23ec447d8f2dfde12b5acd56 [LEADER]: Connected to new peer: Peer: permanent_uuid: "ed12ab4eba374a7687de0dbb93a33016" member_type: VOTER last_known_addr { host: "127.21.70.65" port: 39951 }, Status: LMP_MISMATCH, Last received: 0.0, Next index: 1, Last known committed idx: 0, Time since last communication: 0.000s
I20260608 10:00:39.003208 22655 raft_consensus.cc:993] T ea26a1fb8ea24337b548ed384ddd09c6 P 5e415a8c23ec447d8f2dfde12b5acd56: : Instructing follower ed12ab4eba374a7687de0dbb93a33016 to start an election
I20260608 10:00:39.003726 22691 raft_consensus.cc:1081] T ea26a1fb8ea24337b548ed384ddd09c6 P 5e415a8c23ec447d8f2dfde12b5acd56 [term 1 LEADER]: Signalling peer ed12ab4eba374a7687de0dbb93a33016 to start an election
I20260608 10:00:39.005761 22453 tablet_service.cc:2044] Received Run Leader Election RPC: tablet_id: "ea26a1fb8ea24337b548ed384ddd09c6"
dest_uuid: "ed12ab4eba374a7687de0dbb93a33016"
 from {username='slave'} at 127.0.0.1:39108
I20260608 10:00:39.006434 22453 raft_consensus.cc:493] T ea26a1fb8ea24337b548ed384ddd09c6 P ed12ab4eba374a7687de0dbb93a33016 [term 1 FOLLOWER]: Starting forced leader election (received explicit request)
I20260608 10:00:39.006836 22453 raft_consensus.cc:3060] T ea26a1fb8ea24337b548ed384ddd09c6 P ed12ab4eba374a7687de0dbb93a33016 [term 1 FOLLOWER]: Advancing to term 2
I20260608 10:00:39.009133 22691 consensus_queue.cc:1048] T ea26a1fb8ea24337b548ed384ddd09c6 P 5e415a8c23ec447d8f2dfde12b5acd56 [LEADER]: Connected to new peer: Peer: permanent_uuid: "e7122a8426f044efa5f725331bb16b84" member_type: VOTER last_known_addr { host: "127.21.70.67" port: 39721 }, Status: LMP_MISMATCH, Last received: 0.0, Next index: 1, Last known committed idx: 0, Time since last communication: 0.000s
I20260608 10:00:39.013262 22453 raft_consensus.cc:515] T ea26a1fb8ea24337b548ed384ddd09c6 P ed12ab4eba374a7687de0dbb93a33016 [term 2 FOLLOWER]: Starting forced leader election with config: opid_index: -1 OBSOLETE_local: false peers { permanent_uuid: "ed12ab4eba374a7687de0dbb93a33016" member_type: VOTER last_known_addr { host: "127.21.70.65" port: 39951 } } peers { permanent_uuid: "5e415a8c23ec447d8f2dfde12b5acd56" member_type: VOTER last_known_addr { host: "127.21.70.66" port: 35233 } } peers { permanent_uuid: "e7122a8426f044efa5f725331bb16b84" member_type: VOTER last_known_addr { host: "127.21.70.67" port: 39721 } }
I20260608 10:00:39.016341 22529 tablet_service.cc:1917] Received RequestConsensusVote() RPC: tablet_id: "ea26a1fb8ea24337b548ed384ddd09c6" candidate_uuid: "ed12ab4eba374a7687de0dbb93a33016" candidate_term: 2 candidate_status { last_received { term: 1 index: 1 } } ignore_live_leader: true dest_uuid: "5e415a8c23ec447d8f2dfde12b5acd56"
I20260608 10:00:39.016708 22604 tablet_service.cc:1917] Received RequestConsensusVote() RPC: tablet_id: "ea26a1fb8ea24337b548ed384ddd09c6" candidate_uuid: "ed12ab4eba374a7687de0dbb93a33016" candidate_term: 2 candidate_status { last_received { term: 1 index: 1 } } ignore_live_leader: true dest_uuid: "e7122a8426f044efa5f725331bb16b84"
I20260608 10:00:39.016950 22529 raft_consensus.cc:3055] T ea26a1fb8ea24337b548ed384ddd09c6 P 5e415a8c23ec447d8f2dfde12b5acd56 [term 1 LEADER]: Stepping down as leader of term 1
I20260608 10:00:39.017292 22529 raft_consensus.cc:740] T ea26a1fb8ea24337b548ed384ddd09c6 P 5e415a8c23ec447d8f2dfde12b5acd56 [term 1 LEADER]: Becoming Follower/Learner. State: Replica: 5e415a8c23ec447d8f2dfde12b5acd56, State: Running, Role: LEADER
I20260608 10:00:39.017879 22453 leader_election.cc:290] T ea26a1fb8ea24337b548ed384ddd09c6 P ed12ab4eba374a7687de0dbb93a33016 [CANDIDATE]: Term 2 election: Requested vote from peers 5e415a8c23ec447d8f2dfde12b5acd56 (127.21.70.66:35233), e7122a8426f044efa5f725331bb16b84 (127.21.70.67:39721)
I20260608 10:00:39.018244 22529 consensus_queue.cc:260] T ea26a1fb8ea24337b548ed384ddd09c6 P 5e415a8c23ec447d8f2dfde12b5acd56 [NON_LEADER]: Queue going to NON_LEADER mode. State: All replicated index: 0, Majority replicated index: 1, Committed index: 1, Last appended: 1.1, Last appended by leader: 1, Current term: 1, Majority size: -1, State: 0, Mode: NON_LEADER, active raft config: opid_index: -1 OBSOLETE_local: false peers { permanent_uuid: "ed12ab4eba374a7687de0dbb93a33016" member_type: VOTER last_known_addr { host: "127.21.70.65" port: 39951 } } peers { permanent_uuid: "5e415a8c23ec447d8f2dfde12b5acd56" member_type: VOTER last_known_addr { host: "127.21.70.66" port: 35233 } } peers { permanent_uuid: "e7122a8426f044efa5f725331bb16b84" member_type: VOTER last_known_addr { host: "127.21.70.67" port: 39721 } }
I20260608 10:00:39.019188 22529 raft_consensus.cc:3060] T ea26a1fb8ea24337b548ed384ddd09c6 P 5e415a8c23ec447d8f2dfde12b5acd56 [term 1 FOLLOWER]: Advancing to term 2
I20260608 10:00:39.017294 22604 raft_consensus.cc:3060] T ea26a1fb8ea24337b548ed384ddd09c6 P e7122a8426f044efa5f725331bb16b84 [term 1 FOLLOWER]: Advancing to term 2
I20260608 10:00:39.025861 22529 raft_consensus.cc:2468] T ea26a1fb8ea24337b548ed384ddd09c6 P 5e415a8c23ec447d8f2dfde12b5acd56 [term 2 FOLLOWER]: Leader election vote request: Granting yes vote for candidate ed12ab4eba374a7687de0dbb93a33016 in term 2.
I20260608 10:00:39.025861 22604 raft_consensus.cc:2468] T ea26a1fb8ea24337b548ed384ddd09c6 P e7122a8426f044efa5f725331bb16b84 [term 2 FOLLOWER]: Leader election vote request: Granting yes vote for candidate ed12ab4eba374a7687de0dbb93a33016 in term 2.
I20260608 10:00:39.027401 22420 leader_election.cc:304] T ea26a1fb8ea24337b548ed384ddd09c6 P ed12ab4eba374a7687de0dbb93a33016 [CANDIDATE]: Term 2 election: Election decided. Result: candidate won. Election summary: received 2 responses out of 3 voters: 2 yes votes; 0 no votes. yes voters: 5e415a8c23ec447d8f2dfde12b5acd56, ed12ab4eba374a7687de0dbb93a33016; no voters: 
I20260608 10:00:39.028195 22654 raft_consensus.cc:2804] T ea26a1fb8ea24337b548ed384ddd09c6 P ed12ab4eba374a7687de0dbb93a33016 [term 2 FOLLOWER]: Leader election won for term 2
I20260608 10:00:39.028693 22654 raft_consensus.cc:697] T ea26a1fb8ea24337b548ed384ddd09c6 P ed12ab4eba374a7687de0dbb93a33016 [term 2 LEADER]: Becoming Leader. State: Replica: ed12ab4eba374a7687de0dbb93a33016, State: Running, Role: LEADER
I20260608 10:00:39.029533 22654 consensus_queue.cc:237] T ea26a1fb8ea24337b548ed384ddd09c6 P ed12ab4eba374a7687de0dbb93a33016 [LEADER]: Queue going to LEADER mode. State: All replicated index: 0, Majority replicated index: 1, Committed index: 1, Last appended: 1.1, Last appended by leader: 1, Current term: 2, Majority size: 2, State: 0, Mode: LEADER, active raft config: opid_index: -1 OBSOLETE_local: false peers { permanent_uuid: "ed12ab4eba374a7687de0dbb93a33016" member_type: VOTER last_known_addr { host: "127.21.70.65" port: 39951 } } peers { permanent_uuid: "5e415a8c23ec447d8f2dfde12b5acd56" member_type: VOTER last_known_addr { host: "127.21.70.66" port: 35233 } } peers { permanent_uuid: "e7122a8426f044efa5f725331bb16b84" member_type: VOTER last_known_addr { host: "127.21.70.67" port: 39721 } }
I20260608 10:00:39.036444 22349 catalog_manager.cc:5696] T ea26a1fb8ea24337b548ed384ddd09c6 P ed12ab4eba374a7687de0dbb93a33016 reported cstate change: term changed from 1 to 2, leader changed from 5e415a8c23ec447d8f2dfde12b5acd56 (127.21.70.66) to ed12ab4eba374a7687de0dbb93a33016 (127.21.70.65). New cstate: current_term: 2 leader_uuid: "ed12ab4eba374a7687de0dbb93a33016" committed_config { opid_index: -1 OBSOLETE_local: false peers { permanent_uuid: "ed12ab4eba374a7687de0dbb93a33016" member_type: VOTER last_known_addr { host: "127.21.70.65" port: 39951 } health_report { overall_health: HEALTHY } } peers { permanent_uuid: "5e415a8c23ec447d8f2dfde12b5acd56" member_type: VOTER last_known_addr { host: "127.21.70.66" port: 35233 } health_report { overall_health: UNKNOWN } } peers { permanent_uuid: "e7122a8426f044efa5f725331bb16b84" member_type: VOTER last_known_addr { host: "127.21.70.67" port: 39721 } health_report { overall_health: UNKNOWN } } }
I20260608 10:00:39.043346 22691 consensus_queue.cc:1048] T 81e25b1cd010449eaca9ecc7dc26b950 P 5e415a8c23ec447d8f2dfde12b5acd56 [LEADER]: Connected to new peer: Peer: permanent_uuid: "ed12ab4eba374a7687de0dbb93a33016" member_type: VOTER last_known_addr { host: "127.21.70.65" port: 39951 }, Status: LMP_MISMATCH, Last received: 0.0, Next index: 1, Last known committed idx: 0, Time since last communication: 0.000s
I20260608 10:00:39.055789 22691 consensus_queue.cc:1048] T 81e25b1cd010449eaca9ecc7dc26b950 P 5e415a8c23ec447d8f2dfde12b5acd56 [LEADER]: Connected to new peer: Peer: permanent_uuid: "e7122a8426f044efa5f725331bb16b84" member_type: VOTER last_known_addr { host: "127.21.70.67" port: 39721 }, Status: LMP_MISMATCH, Last received: 0.0, Next index: 1, Last known committed idx: 0, Time since last communication: 0.000s
I20260608 10:00:39.074939 22654 consensus_queue.cc:1048] T 3e6f377a62814b3cbd5f8e0c4cb8e7c4 P ed12ab4eba374a7687de0dbb93a33016 [LEADER]: Connected to new peer: Peer: permanent_uuid: "e7122a8426f044efa5f725331bb16b84" member_type: VOTER last_known_addr { host: "127.21.70.67" port: 39721 }, Status: LMP_MISMATCH, Last received: 0.0, Next index: 1, Last known committed idx: 0, Time since last communication: 0.000s
I20260608 10:00:39.086107 22788 consensus_queue.cc:1048] T 3e6f377a62814b3cbd5f8e0c4cb8e7c4 P ed12ab4eba374a7687de0dbb93a33016 [LEADER]: Connected to new peer: Peer: permanent_uuid: "5e415a8c23ec447d8f2dfde12b5acd56" member_type: VOTER last_known_addr { host: "127.21.70.66" port: 35233 }, Status: LMP_MISMATCH, Last received: 0.0, Next index: 1, Last known committed idx: 0, Time since last communication: 0.000s
