I20260608 10:00:58.228322 16272 tablet_service.cc:1511] Processing CreateTablet for tablet 3ac092daffba479092cb293ab010d223 (DEFAULT_TABLE table=test-workload [id=2092b7c148c84f7d9fe8ee20c1406fc7]), partition=RANGE (key) PARTITION VALUES < 1073741823
I20260608 10:00:58.229457 16421 tablet_service.cc:1511] Processing CreateTablet for tablet 3ac092daffba479092cb293ab010d223 (DEFAULT_TABLE table=test-workload [id=2092b7c148c84f7d9fe8ee20c1406fc7]), partition=RANGE (key) PARTITION VALUES < 1073741823
I20260608 10:00:58.230012 16272 data_dirs.cc:400] Could only allocate 1 dirs of requested 3 for tablet 3ac092daffba479092cb293ab010d223. 1 dirs total, 0 dirs full, 0 dirs failed
I20260608 10:00:58.231024 16421 data_dirs.cc:400] Could only allocate 1 dirs of requested 3 for tablet 3ac092daffba479092cb293ab010d223. 1 dirs total, 0 dirs full, 0 dirs failed
I20260608 10:00:58.230633 16420 tablet_service.cc:1511] Processing CreateTablet for tablet 92ae9a84e30b4e749258d5165082e578 (DEFAULT_TABLE table=test-workload [id=2092b7c148c84f7d9fe8ee20c1406fc7]), partition=RANGE (key) PARTITION 1073741823 <= VALUES
I20260608 10:00:58.233192 16271 tablet_service.cc:1511] Processing CreateTablet for tablet 92ae9a84e30b4e749258d5165082e578 (DEFAULT_TABLE table=test-workload [id=2092b7c148c84f7d9fe8ee20c1406fc7]), partition=RANGE (key) PARTITION 1073741823 <= VALUES
I20260608 10:00:58.234552 16420 data_dirs.cc:400] Could only allocate 1 dirs of requested 3 for tablet 92ae9a84e30b4e749258d5165082e578. 1 dirs total, 0 dirs full, 0 dirs failed
I20260608 10:00:58.234314 16347 tablet_service.cc:1511] Processing CreateTablet for tablet 3ac092daffba479092cb293ab010d223 (DEFAULT_TABLE table=test-workload [id=2092b7c148c84f7d9fe8ee20c1406fc7]), partition=RANGE (key) PARTITION VALUES < 1073741823
I20260608 10:00:58.235744 16347 data_dirs.cc:400] Could only allocate 1 dirs of requested 3 for tablet 3ac092daffba479092cb293ab010d223. 1 dirs total, 0 dirs full, 0 dirs failed
I20260608 10:00:58.234747 16271 data_dirs.cc:400] Could only allocate 1 dirs of requested 3 for tablet 92ae9a84e30b4e749258d5165082e578. 1 dirs total, 0 dirs full, 0 dirs failed
I20260608 10:00:58.239245 16346 tablet_service.cc:1511] Processing CreateTablet for tablet 92ae9a84e30b4e749258d5165082e578 (DEFAULT_TABLE table=test-workload [id=2092b7c148c84f7d9fe8ee20c1406fc7]), partition=RANGE (key) PARTITION 1073741823 <= VALUES
I20260608 10:00:58.240934 16346 data_dirs.cc:400] Could only allocate 1 dirs of requested 3 for tablet 92ae9a84e30b4e749258d5165082e578. 1 dirs total, 0 dirs full, 0 dirs failed
I20260608 10:00:58.263489 16476 tablet_bootstrap.cc:492] T 92ae9a84e30b4e749258d5165082e578 P 4350ca7e07f34eb9a952d58a8afc1d83: Bootstrap starting.
I20260608 10:00:58.266170 16477 tablet_bootstrap.cc:492] T 92ae9a84e30b4e749258d5165082e578 P f9709c6f48f84e23a7ecff0dc67117b8: Bootstrap starting.
I20260608 10:00:58.272204 16476 tablet_bootstrap.cc:654] T 92ae9a84e30b4e749258d5165082e578 P 4350ca7e07f34eb9a952d58a8afc1d83: Neither blocks nor log segments found. Creating new log.
I20260608 10:00:58.275321 16477 tablet_bootstrap.cc:654] T 92ae9a84e30b4e749258d5165082e578 P f9709c6f48f84e23a7ecff0dc67117b8: Neither blocks nor log segments found. Creating new log.
I20260608 10:00:58.274048 16478 tablet_bootstrap.cc:492] T 3ac092daffba479092cb293ab010d223 P b8028de92a82493a80b766ebb165489f: Bootstrap starting.
I20260608 10:00:58.282845 16477 tablet_bootstrap.cc:492] T 92ae9a84e30b4e749258d5165082e578 P f9709c6f48f84e23a7ecff0dc67117b8: No bootstrap required, opened a new log
I20260608 10:00:58.283258 16476 tablet_bootstrap.cc:492] T 92ae9a84e30b4e749258d5165082e578 P 4350ca7e07f34eb9a952d58a8afc1d83: No bootstrap required, opened a new log
I20260608 10:00:58.283334 16477 ts_tablet_manager.cc:1403] T 92ae9a84e30b4e749258d5165082e578 P f9709c6f48f84e23a7ecff0dc67117b8: Time spent bootstrapping tablet: real 0.017s	user 0.014s	sys 0.000s
I20260608 10:00:58.283941 16476 ts_tablet_manager.cc:1403] T 92ae9a84e30b4e749258d5165082e578 P 4350ca7e07f34eb9a952d58a8afc1d83: Time spent bootstrapping tablet: real 0.021s	user 0.013s	sys 0.000s
I20260608 10:00:58.286092 16478 tablet_bootstrap.cc:654] T 3ac092daffba479092cb293ab010d223 P b8028de92a82493a80b766ebb165489f: Neither blocks nor log segments found. Creating new log.
I20260608 10:00:58.286480 16477 raft_consensus.cc:359] T 92ae9a84e30b4e749258d5165082e578 P f9709c6f48f84e23a7ecff0dc67117b8 [term 0 FOLLOWER]: Replica starting. Triggering 0 pending ops. Active config: opid_index: -1 OBSOLETE_local: false peers { permanent_uuid: "b8028de92a82493a80b766ebb165489f" member_type: VOTER last_known_addr { host: "127.14.39.1" port: 38915 } } peers { permanent_uuid: "f9709c6f48f84e23a7ecff0dc67117b8" member_type: VOTER last_known_addr { host: "127.14.39.2" port: 39511 } } peers { permanent_uuid: "4350ca7e07f34eb9a952d58a8afc1d83" member_type: VOTER last_known_addr { host: "127.14.39.3" port: 45659 } }
I20260608 10:00:58.287303 16477 raft_consensus.cc:385] T 92ae9a84e30b4e749258d5165082e578 P f9709c6f48f84e23a7ecff0dc67117b8 [term 0 FOLLOWER]: Consensus starting up: Expiring failure detector timer to make a prompt election more likely
I20260608 10:00:58.287384 16476 raft_consensus.cc:359] T 92ae9a84e30b4e749258d5165082e578 P 4350ca7e07f34eb9a952d58a8afc1d83 [term 0 FOLLOWER]: Replica starting. Triggering 0 pending ops. Active config: opid_index: -1 OBSOLETE_local: false peers { permanent_uuid: "b8028de92a82493a80b766ebb165489f" member_type: VOTER last_known_addr { host: "127.14.39.1" port: 38915 } } peers { permanent_uuid: "f9709c6f48f84e23a7ecff0dc67117b8" member_type: VOTER last_known_addr { host: "127.14.39.2" port: 39511 } } peers { permanent_uuid: "4350ca7e07f34eb9a952d58a8afc1d83" member_type: VOTER last_known_addr { host: "127.14.39.3" port: 45659 } }
I20260608 10:00:58.287966 16477 raft_consensus.cc:740] T 92ae9a84e30b4e749258d5165082e578 P f9709c6f48f84e23a7ecff0dc67117b8 [term 0 FOLLOWER]: Becoming Follower/Learner. State: Replica: f9709c6f48f84e23a7ecff0dc67117b8, State: Initialized, Role: FOLLOWER
I20260608 10:00:58.288350 16476 raft_consensus.cc:385] T 92ae9a84e30b4e749258d5165082e578 P 4350ca7e07f34eb9a952d58a8afc1d83 [term 0 FOLLOWER]: Consensus starting up: Expiring failure detector timer to make a prompt election more likely
I20260608 10:00:58.288775 16476 raft_consensus.cc:740] T 92ae9a84e30b4e749258d5165082e578 P 4350ca7e07f34eb9a952d58a8afc1d83 [term 0 FOLLOWER]: Becoming Follower/Learner. State: Replica: 4350ca7e07f34eb9a952d58a8afc1d83, State: Initialized, Role: FOLLOWER
I20260608 10:00:58.288972 16477 consensus_queue.cc:260] T 92ae9a84e30b4e749258d5165082e578 P f9709c6f48f84e23a7ecff0dc67117b8 [NON_LEADER]: Queue going to NON_LEADER mode. State: All replicated index: 0, Majority replicated index: 0, Committed index: 0, Last appended: 0.0, Last appended by leader: 0, Current term: 0, Majority size: -1, State: 0, Mode: NON_LEADER, active raft config: opid_index: -1 OBSOLETE_local: false peers { permanent_uuid: "b8028de92a82493a80b766ebb165489f" member_type: VOTER last_known_addr { host: "127.14.39.1" port: 38915 } } peers { permanent_uuid: "f9709c6f48f84e23a7ecff0dc67117b8" member_type: VOTER last_known_addr { host: "127.14.39.2" port: 39511 } } peers { permanent_uuid: "4350ca7e07f34eb9a952d58a8afc1d83" member_type: VOTER last_known_addr { host: "127.14.39.3" port: 45659 } }
I20260608 10:00:58.289705 16476 consensus_queue.cc:260] T 92ae9a84e30b4e749258d5165082e578 P 4350ca7e07f34eb9a952d58a8afc1d83 [NON_LEADER]: Queue going to NON_LEADER mode. State: All replicated index: 0, Majority replicated index: 0, Committed index: 0, Last appended: 0.0, Last appended by leader: 0, Current term: 0, Majority size: -1, State: 0, Mode: NON_LEADER, active raft config: opid_index: -1 OBSOLETE_local: false peers { permanent_uuid: "b8028de92a82493a80b766ebb165489f" member_type: VOTER last_known_addr { host: "127.14.39.1" port: 38915 } } peers { permanent_uuid: "f9709c6f48f84e23a7ecff0dc67117b8" member_type: VOTER last_known_addr { host: "127.14.39.2" port: 39511 } } peers { permanent_uuid: "4350ca7e07f34eb9a952d58a8afc1d83" member_type: VOTER last_known_addr { host: "127.14.39.3" port: 45659 } }
I20260608 10:00:58.292405 16477 ts_tablet_manager.cc:1434] T 92ae9a84e30b4e749258d5165082e578 P f9709c6f48f84e23a7ecff0dc67117b8: Time spent starting tablet: real 0.009s	user 0.007s	sys 0.000s
I20260608 10:00:58.293160 16476 ts_tablet_manager.cc:1434] T 92ae9a84e30b4e749258d5165082e578 P 4350ca7e07f34eb9a952d58a8afc1d83: Time spent starting tablet: real 0.009s	user 0.011s	sys 0.000s
I20260608 10:00:58.293340 16478 tablet_bootstrap.cc:492] T 3ac092daffba479092cb293ab010d223 P b8028de92a82493a80b766ebb165489f: No bootstrap required, opened a new log
I20260608 10:00:58.293871 16478 ts_tablet_manager.cc:1403] T 3ac092daffba479092cb293ab010d223 P b8028de92a82493a80b766ebb165489f: Time spent bootstrapping tablet: real 0.020s	user 0.015s	sys 0.000s
I20260608 10:00:58.294335 16476 tablet_bootstrap.cc:492] T 3ac092daffba479092cb293ab010d223 P 4350ca7e07f34eb9a952d58a8afc1d83: Bootstrap starting.
I20260608 10:00:58.300611 16478 raft_consensus.cc:359] T 3ac092daffba479092cb293ab010d223 P b8028de92a82493a80b766ebb165489f [term 0 FOLLOWER]: Replica starting. Triggering 0 pending ops. Active config: opid_index: -1 OBSOLETE_local: false peers { permanent_uuid: "b8028de92a82493a80b766ebb165489f" member_type: VOTER last_known_addr { host: "127.14.39.1" port: 38915 } } peers { permanent_uuid: "4350ca7e07f34eb9a952d58a8afc1d83" member_type: VOTER last_known_addr { host: "127.14.39.3" port: 45659 } } peers { permanent_uuid: "f9709c6f48f84e23a7ecff0dc67117b8" member_type: VOTER last_known_addr { host: "127.14.39.2" port: 39511 } }
I20260608 10:00:58.302227 16478 raft_consensus.cc:385] T 3ac092daffba479092cb293ab010d223 P b8028de92a82493a80b766ebb165489f [term 0 FOLLOWER]: Consensus starting up: Expiring failure detector timer to make a prompt election more likely
I20260608 10:00:58.302582 16478 raft_consensus.cc:740] T 3ac092daffba479092cb293ab010d223 P b8028de92a82493a80b766ebb165489f [term 0 FOLLOWER]: Becoming Follower/Learner. State: Replica: b8028de92a82493a80b766ebb165489f, State: Initialized, Role: FOLLOWER
I20260608 10:00:58.303412 16478 consensus_queue.cc:260] T 3ac092daffba479092cb293ab010d223 P b8028de92a82493a80b766ebb165489f [NON_LEADER]: Queue going to NON_LEADER mode. State: All replicated index: 0, Majority replicated index: 0, Committed index: 0, Last appended: 0.0, Last appended by leader: 0, Current term: 0, Majority size: -1, State: 0, Mode: NON_LEADER, active raft config: opid_index: -1 OBSOLETE_local: false peers { permanent_uuid: "b8028de92a82493a80b766ebb165489f" member_type: VOTER last_known_addr { host: "127.14.39.1" port: 38915 } } peers { permanent_uuid: "4350ca7e07f34eb9a952d58a8afc1d83" member_type: VOTER last_known_addr { host: "127.14.39.3" port: 45659 } } peers { permanent_uuid: "f9709c6f48f84e23a7ecff0dc67117b8" member_type: VOTER last_known_addr { host: "127.14.39.2" port: 39511 } }
I20260608 10:00:58.301846 16476 tablet_bootstrap.cc:654] T 3ac092daffba479092cb293ab010d223 P 4350ca7e07f34eb9a952d58a8afc1d83: Neither blocks nor log segments found. Creating new log.
I20260608 10:00:58.305289 16477 tablet_bootstrap.cc:492] T 3ac092daffba479092cb293ab010d223 P f9709c6f48f84e23a7ecff0dc67117b8: Bootstrap starting.
I20260608 10:00:58.311211 16476 tablet_bootstrap.cc:492] T 3ac092daffba479092cb293ab010d223 P 4350ca7e07f34eb9a952d58a8afc1d83: No bootstrap required, opened a new log
I20260608 10:00:58.311645 16477 tablet_bootstrap.cc:654] T 3ac092daffba479092cb293ab010d223 P f9709c6f48f84e23a7ecff0dc67117b8: Neither blocks nor log segments found. Creating new log.
I20260608 10:00:58.313788 16478 ts_tablet_manager.cc:1434] T 3ac092daffba479092cb293ab010d223 P b8028de92a82493a80b766ebb165489f: Time spent starting tablet: real 0.020s	user 0.003s	sys 0.009s
I20260608 10:00:58.315057 16478 tablet_bootstrap.cc:492] T 92ae9a84e30b4e749258d5165082e578 P b8028de92a82493a80b766ebb165489f: Bootstrap starting.
I20260608 10:00:58.311837 16476 ts_tablet_manager.cc:1403] T 3ac092daffba479092cb293ab010d223 P 4350ca7e07f34eb9a952d58a8afc1d83: Time spent bootstrapping tablet: real 0.018s	user 0.013s	sys 0.000s
I20260608 10:00:58.318998 16476 raft_consensus.cc:359] T 3ac092daffba479092cb293ab010d223 P 4350ca7e07f34eb9a952d58a8afc1d83 [term 0 FOLLOWER]: Replica starting. Triggering 0 pending ops. Active config: opid_index: -1 OBSOLETE_local: false peers { permanent_uuid: "b8028de92a82493a80b766ebb165489f" member_type: VOTER last_known_addr { host: "127.14.39.1" port: 38915 } } peers { permanent_uuid: "4350ca7e07f34eb9a952d58a8afc1d83" member_type: VOTER last_known_addr { host: "127.14.39.3" port: 45659 } } peers { permanent_uuid: "f9709c6f48f84e23a7ecff0dc67117b8" member_type: VOTER last_known_addr { host: "127.14.39.2" port: 39511 } }
I20260608 10:00:58.319975 16476 raft_consensus.cc:385] T 3ac092daffba479092cb293ab010d223 P 4350ca7e07f34eb9a952d58a8afc1d83 [term 0 FOLLOWER]: Consensus starting up: Expiring failure detector timer to make a prompt election more likely
I20260608 10:00:58.320525 16476 raft_consensus.cc:740] T 3ac092daffba479092cb293ab010d223 P 4350ca7e07f34eb9a952d58a8afc1d83 [term 0 FOLLOWER]: Becoming Follower/Learner. State: Replica: 4350ca7e07f34eb9a952d58a8afc1d83, State: Initialized, Role: FOLLOWER
I20260608 10:00:58.321719 16476 consensus_queue.cc:260] T 3ac092daffba479092cb293ab010d223 P 4350ca7e07f34eb9a952d58a8afc1d83 [NON_LEADER]: Queue going to NON_LEADER mode. State: All replicated index: 0, Majority replicated index: 0, Committed index: 0, Last appended: 0.0, Last appended by leader: 0, Current term: 0, Majority size: -1, State: 0, Mode: NON_LEADER, active raft config: opid_index: -1 OBSOLETE_local: false peers { permanent_uuid: "b8028de92a82493a80b766ebb165489f" member_type: VOTER last_known_addr { host: "127.14.39.1" port: 38915 } } peers { permanent_uuid: "4350ca7e07f34eb9a952d58a8afc1d83" member_type: VOTER last_known_addr { host: "127.14.39.3" port: 45659 } } peers { permanent_uuid: "f9709c6f48f84e23a7ecff0dc67117b8" member_type: VOTER last_known_addr { host: "127.14.39.2" port: 39511 } }
I20260608 10:00:58.323822 16478 tablet_bootstrap.cc:654] T 92ae9a84e30b4e749258d5165082e578 P b8028de92a82493a80b766ebb165489f: Neither blocks nor log segments found. Creating new log.
I20260608 10:00:58.324604 16476 ts_tablet_manager.cc:1434] T 3ac092daffba479092cb293ab010d223 P 4350ca7e07f34eb9a952d58a8afc1d83: Time spent starting tablet: real 0.009s	user 0.003s	sys 0.004s
I20260608 10:00:58.330075 16478 tablet_bootstrap.cc:492] T 92ae9a84e30b4e749258d5165082e578 P b8028de92a82493a80b766ebb165489f: No bootstrap required, opened a new log
I20260608 10:00:58.330660 16478 ts_tablet_manager.cc:1403] T 92ae9a84e30b4e749258d5165082e578 P b8028de92a82493a80b766ebb165489f: Time spent bootstrapping tablet: real 0.016s	user 0.004s	sys 0.009s
I20260608 10:00:58.331019 16477 tablet_bootstrap.cc:492] T 3ac092daffba479092cb293ab010d223 P f9709c6f48f84e23a7ecff0dc67117b8: No bootstrap required, opened a new log
I20260608 10:00:58.331550 16477 ts_tablet_manager.cc:1403] T 3ac092daffba479092cb293ab010d223 P f9709c6f48f84e23a7ecff0dc67117b8: Time spent bootstrapping tablet: real 0.027s	user 0.015s	sys 0.005s
I20260608 10:00:58.333860 16478 raft_consensus.cc:359] T 92ae9a84e30b4e749258d5165082e578 P b8028de92a82493a80b766ebb165489f [term 0 FOLLOWER]: Replica starting. Triggering 0 pending ops. Active config: opid_index: -1 OBSOLETE_local: false peers { permanent_uuid: "b8028de92a82493a80b766ebb165489f" member_type: VOTER last_known_addr { host: "127.14.39.1" port: 38915 } } peers { permanent_uuid: "f9709c6f48f84e23a7ecff0dc67117b8" member_type: VOTER last_known_addr { host: "127.14.39.2" port: 39511 } } peers { permanent_uuid: "4350ca7e07f34eb9a952d58a8afc1d83" member_type: VOTER last_known_addr { host: "127.14.39.3" port: 45659 } }
I20260608 10:00:58.334606 16478 raft_consensus.cc:385] T 92ae9a84e30b4e749258d5165082e578 P b8028de92a82493a80b766ebb165489f [term 0 FOLLOWER]: Consensus starting up: Expiring failure detector timer to make a prompt election more likely
I20260608 10:00:58.334599 16477 raft_consensus.cc:359] T 3ac092daffba479092cb293ab010d223 P f9709c6f48f84e23a7ecff0dc67117b8 [term 0 FOLLOWER]: Replica starting. Triggering 0 pending ops. Active config: opid_index: -1 OBSOLETE_local: false peers { permanent_uuid: "b8028de92a82493a80b766ebb165489f" member_type: VOTER last_known_addr { host: "127.14.39.1" port: 38915 } } peers { permanent_uuid: "4350ca7e07f34eb9a952d58a8afc1d83" member_type: VOTER last_known_addr { host: "127.14.39.3" port: 45659 } } peers { permanent_uuid: "f9709c6f48f84e23a7ecff0dc67117b8" member_type: VOTER last_known_addr { host: "127.14.39.2" port: 39511 } }
I20260608 10:00:58.335157 16478 raft_consensus.cc:740] T 92ae9a84e30b4e749258d5165082e578 P b8028de92a82493a80b766ebb165489f [term 0 FOLLOWER]: Becoming Follower/Learner. State: Replica: b8028de92a82493a80b766ebb165489f, State: Initialized, Role: FOLLOWER
I20260608 10:00:58.335448 16477 raft_consensus.cc:385] T 3ac092daffba479092cb293ab010d223 P f9709c6f48f84e23a7ecff0dc67117b8 [term 0 FOLLOWER]: Consensus starting up: Expiring failure detector timer to make a prompt election more likely
I20260608 10:00:58.335832 16477 raft_consensus.cc:740] T 3ac092daffba479092cb293ab010d223 P f9709c6f48f84e23a7ecff0dc67117b8 [term 0 FOLLOWER]: Becoming Follower/Learner. State: Replica: f9709c6f48f84e23a7ecff0dc67117b8, State: Initialized, Role: FOLLOWER
I20260608 10:00:58.336094 16478 consensus_queue.cc:260] T 92ae9a84e30b4e749258d5165082e578 P b8028de92a82493a80b766ebb165489f [NON_LEADER]: Queue going to NON_LEADER mode. State: All replicated index: 0, Majority replicated index: 0, Committed index: 0, Last appended: 0.0, Last appended by leader: 0, Current term: 0, Majority size: -1, State: 0, Mode: NON_LEADER, active raft config: opid_index: -1 OBSOLETE_local: false peers { permanent_uuid: "b8028de92a82493a80b766ebb165489f" member_type: VOTER last_known_addr { host: "127.14.39.1" port: 38915 } } peers { permanent_uuid: "f9709c6f48f84e23a7ecff0dc67117b8" member_type: VOTER last_known_addr { host: "127.14.39.2" port: 39511 } } peers { permanent_uuid: "4350ca7e07f34eb9a952d58a8afc1d83" member_type: VOTER last_known_addr { host: "127.14.39.3" port: 45659 } }
I20260608 10:00:58.336669 16477 consensus_queue.cc:260] T 3ac092daffba479092cb293ab010d223 P f9709c6f48f84e23a7ecff0dc67117b8 [NON_LEADER]: Queue going to NON_LEADER mode. State: All replicated index: 0, Majority replicated index: 0, Committed index: 0, Last appended: 0.0, Last appended by leader: 0, Current term: 0, Majority size: -1, State: 0, Mode: NON_LEADER, active raft config: opid_index: -1 OBSOLETE_local: false peers { permanent_uuid: "b8028de92a82493a80b766ebb165489f" member_type: VOTER last_known_addr { host: "127.14.39.1" port: 38915 } } peers { permanent_uuid: "4350ca7e07f34eb9a952d58a8afc1d83" member_type: VOTER last_known_addr { host: "127.14.39.3" port: 45659 } } peers { permanent_uuid: "f9709c6f48f84e23a7ecff0dc67117b8" member_type: VOTER last_known_addr { host: "127.14.39.2" port: 39511 } }
I20260608 10:00:58.338543 16478 ts_tablet_manager.cc:1434] T 92ae9a84e30b4e749258d5165082e578 P b8028de92a82493a80b766ebb165489f: Time spent starting tablet: real 0.008s	user 0.006s	sys 0.000s
W20260608 10:00:58.338953 16457 tablet.cc:2404] T 3ac092daffba479092cb293ab010d223 P 4350ca7e07f34eb9a952d58a8afc1d83: Can't schedule compaction. Clean time has not been advanced past its initial value.
I20260608 10:00:58.340636 16477 ts_tablet_manager.cc:1434] T 3ac092daffba479092cb293ab010d223 P f9709c6f48f84e23a7ecff0dc67117b8: Time spent starting tablet: real 0.009s	user 0.009s	sys 0.000s
I20260608 10:00:58.367558 16484 raft_consensus.cc:493] T 92ae9a84e30b4e749258d5165082e578 P b8028de92a82493a80b766ebb165489f [term 0 FOLLOWER]: Starting pre-election (no leader contacted us within the election timeout)
I20260608 10:00:58.368858 16484 raft_consensus.cc:515] T 92ae9a84e30b4e749258d5165082e578 P b8028de92a82493a80b766ebb165489f [term 0 FOLLOWER]: Starting pre-election with config: opid_index: -1 OBSOLETE_local: false peers { permanent_uuid: "b8028de92a82493a80b766ebb165489f" member_type: VOTER last_known_addr { host: "127.14.39.1" port: 38915 } } peers { permanent_uuid: "f9709c6f48f84e23a7ecff0dc67117b8" member_type: VOTER last_known_addr { host: "127.14.39.2" port: 39511 } } peers { permanent_uuid: "4350ca7e07f34eb9a952d58a8afc1d83" member_type: VOTER last_known_addr { host: "127.14.39.3" port: 45659 } }
I20260608 10:00:58.371129 16484 leader_election.cc:290] T 92ae9a84e30b4e749258d5165082e578 P b8028de92a82493a80b766ebb165489f [CANDIDATE]: Term 1 pre-election: Requested pre-vote from peers f9709c6f48f84e23a7ecff0dc67117b8 (127.14.39.2:39511), 4350ca7e07f34eb9a952d58a8afc1d83 (127.14.39.3:45659)
I20260608 10:00:58.383309 16431 tablet_service.cc:1917] Received RequestConsensusVote() RPC: tablet_id: "92ae9a84e30b4e749258d5165082e578" candidate_uuid: "b8028de92a82493a80b766ebb165489f" candidate_term: 1 candidate_status { last_received { term: 0 index: 0 } } ignore_live_leader: false dest_uuid: "4350ca7e07f34eb9a952d58a8afc1d83" is_pre_election: true
I20260608 10:00:58.383250 16357 tablet_service.cc:1917] Received RequestConsensusVote() RPC: tablet_id: "92ae9a84e30b4e749258d5165082e578" candidate_uuid: "b8028de92a82493a80b766ebb165489f" candidate_term: 1 candidate_status { last_received { term: 0 index: 0 } } ignore_live_leader: false dest_uuid: "f9709c6f48f84e23a7ecff0dc67117b8" is_pre_election: true
I20260608 10:00:58.384250 16357 raft_consensus.cc:2468] T 92ae9a84e30b4e749258d5165082e578 P f9709c6f48f84e23a7ecff0dc67117b8 [term 0 FOLLOWER]: Leader pre-election vote request: Granting yes vote for candidate b8028de92a82493a80b766ebb165489f in term 0.
I20260608 10:00:58.384250 16431 raft_consensus.cc:2468] T 92ae9a84e30b4e749258d5165082e578 P 4350ca7e07f34eb9a952d58a8afc1d83 [term 0 FOLLOWER]: Leader pre-election vote request: Granting yes vote for candidate b8028de92a82493a80b766ebb165489f in term 0.
I20260608 10:00:58.385912 16245 leader_election.cc:304] T 92ae9a84e30b4e749258d5165082e578 P b8028de92a82493a80b766ebb165489f [CANDIDATE]: Term 1 pre-election: Election decided. Result: candidate won. Election summary: received 2 responses out of 3 voters: 2 yes votes; 0 no votes. yes voters: 4350ca7e07f34eb9a952d58a8afc1d83, b8028de92a82493a80b766ebb165489f; no voters: 
I20260608 10:00:58.386791 16484 raft_consensus.cc:2804] T 92ae9a84e30b4e749258d5165082e578 P b8028de92a82493a80b766ebb165489f [term 0 FOLLOWER]: Leader pre-election won for term 1
I20260608 10:00:58.387207 16484 raft_consensus.cc:493] T 92ae9a84e30b4e749258d5165082e578 P b8028de92a82493a80b766ebb165489f [term 0 FOLLOWER]: Starting leader election (no leader contacted us within the election timeout)
I20260608 10:00:58.387494 16484 raft_consensus.cc:3060] T 92ae9a84e30b4e749258d5165082e578 P b8028de92a82493a80b766ebb165489f [term 0 FOLLOWER]: Advancing to term 1
I20260608 10:00:58.392567 16484 raft_consensus.cc:515] T 92ae9a84e30b4e749258d5165082e578 P b8028de92a82493a80b766ebb165489f [term 1 FOLLOWER]: Starting leader election with config: opid_index: -1 OBSOLETE_local: false peers { permanent_uuid: "b8028de92a82493a80b766ebb165489f" member_type: VOTER last_known_addr { host: "127.14.39.1" port: 38915 } } peers { permanent_uuid: "f9709c6f48f84e23a7ecff0dc67117b8" member_type: VOTER last_known_addr { host: "127.14.39.2" port: 39511 } } peers { permanent_uuid: "4350ca7e07f34eb9a952d58a8afc1d83" member_type: VOTER last_known_addr { host: "127.14.39.3" port: 45659 } }
I20260608 10:00:58.394516 16484 leader_election.cc:290] T 92ae9a84e30b4e749258d5165082e578 P b8028de92a82493a80b766ebb165489f [CANDIDATE]: Term 1 election: Requested vote from peers f9709c6f48f84e23a7ecff0dc67117b8 (127.14.39.2:39511), 4350ca7e07f34eb9a952d58a8afc1d83 (127.14.39.3:45659)
I20260608 10:00:58.395299 16357 tablet_service.cc:1917] Received RequestConsensusVote() RPC: tablet_id: "92ae9a84e30b4e749258d5165082e578" candidate_uuid: "b8028de92a82493a80b766ebb165489f" candidate_term: 1 candidate_status { last_received { term: 0 index: 0 } } ignore_live_leader: false dest_uuid: "f9709c6f48f84e23a7ecff0dc67117b8"
I20260608 10:00:58.395619 16431 tablet_service.cc:1917] Received RequestConsensusVote() RPC: tablet_id: "92ae9a84e30b4e749258d5165082e578" candidate_uuid: "b8028de92a82493a80b766ebb165489f" candidate_term: 1 candidate_status { last_received { term: 0 index: 0 } } ignore_live_leader: false dest_uuid: "4350ca7e07f34eb9a952d58a8afc1d83"
I20260608 10:00:58.395941 16357 raft_consensus.cc:3060] T 92ae9a84e30b4e749258d5165082e578 P f9709c6f48f84e23a7ecff0dc67117b8 [term 0 FOLLOWER]: Advancing to term 1
I20260608 10:00:58.396160 16431 raft_consensus.cc:3060] T 92ae9a84e30b4e749258d5165082e578 P 4350ca7e07f34eb9a952d58a8afc1d83 [term 0 FOLLOWER]: Advancing to term 1
I20260608 10:00:58.403601 16357 raft_consensus.cc:2468] T 92ae9a84e30b4e749258d5165082e578 P f9709c6f48f84e23a7ecff0dc67117b8 [term 1 FOLLOWER]: Leader election vote request: Granting yes vote for candidate b8028de92a82493a80b766ebb165489f in term 1.
I20260608 10:00:58.403601 16431 raft_consensus.cc:2468] T 92ae9a84e30b4e749258d5165082e578 P 4350ca7e07f34eb9a952d58a8afc1d83 [term 1 FOLLOWER]: Leader election vote request: Granting yes vote for candidate b8028de92a82493a80b766ebb165489f in term 1.
I20260608 10:00:58.405189 16245 leader_election.cc:304] T 92ae9a84e30b4e749258d5165082e578 P b8028de92a82493a80b766ebb165489f [CANDIDATE]: Term 1 election: Election decided. Result: candidate won. Election summary: received 2 responses out of 3 voters: 2 yes votes; 0 no votes. yes voters: 4350ca7e07f34eb9a952d58a8afc1d83, b8028de92a82493a80b766ebb165489f; no voters: 
I20260608 10:00:58.405995 16484 raft_consensus.cc:2804] T 92ae9a84e30b4e749258d5165082e578 P b8028de92a82493a80b766ebb165489f [term 1 FOLLOWER]: Leader election won for term 1
I20260608 10:00:58.407207 16484 raft_consensus.cc:697] T 92ae9a84e30b4e749258d5165082e578 P b8028de92a82493a80b766ebb165489f [term 1 LEADER]: Becoming Leader. State: Replica: b8028de92a82493a80b766ebb165489f, State: Running, Role: LEADER
I20260608 10:00:58.408121 16484 consensus_queue.cc:237] T 92ae9a84e30b4e749258d5165082e578 P b8028de92a82493a80b766ebb165489f [LEADER]: Queue going to LEADER mode. State: All replicated index: 0, Majority replicated index: 0, Committed index: 0, Last appended: 0.0, Last appended by leader: 0, Current term: 1, Majority size: 2, State: 0, Mode: LEADER, active raft config: opid_index: -1 OBSOLETE_local: false peers { permanent_uuid: "b8028de92a82493a80b766ebb165489f" member_type: VOTER last_known_addr { host: "127.14.39.1" port: 38915 } } peers { permanent_uuid: "f9709c6f48f84e23a7ecff0dc67117b8" member_type: VOTER last_known_addr { host: "127.14.39.2" port: 39511 } } peers { permanent_uuid: "4350ca7e07f34eb9a952d58a8afc1d83" member_type: VOTER last_known_addr { host: "127.14.39.3" port: 45659 } }
I20260608 10:00:58.417207 16180 catalog_manager.cc:5696] T 92ae9a84e30b4e749258d5165082e578 P b8028de92a82493a80b766ebb165489f reported cstate change: term changed from 0 to 1, leader changed from <none> to b8028de92a82493a80b766ebb165489f (127.14.39.1). New cstate: current_term: 1 leader_uuid: "b8028de92a82493a80b766ebb165489f" committed_config { opid_index: -1 OBSOLETE_local: false peers { permanent_uuid: "b8028de92a82493a80b766ebb165489f" member_type: VOTER last_known_addr { host: "127.14.39.1" port: 38915 } health_report { overall_health: HEALTHY } } peers { permanent_uuid: "f9709c6f48f84e23a7ecff0dc67117b8" member_type: VOTER last_known_addr { host: "127.14.39.2" port: 39511 } health_report { overall_health: UNKNOWN } } peers { permanent_uuid: "4350ca7e07f34eb9a952d58a8afc1d83" member_type: VOTER last_known_addr { host: "127.14.39.3" port: 45659 } health_report { overall_health: UNKNOWN } } }
I20260608 10:00:58.606559 16484 raft_consensus.cc:493] T 3ac092daffba479092cb293ab010d223 P b8028de92a82493a80b766ebb165489f [term 0 FOLLOWER]: Starting pre-election (no leader contacted us within the election timeout)
I20260608 10:00:58.607046 16484 raft_consensus.cc:515] T 3ac092daffba479092cb293ab010d223 P b8028de92a82493a80b766ebb165489f [term 0 FOLLOWER]: Starting pre-election with config: opid_index: -1 OBSOLETE_local: false peers { permanent_uuid: "b8028de92a82493a80b766ebb165489f" member_type: VOTER last_known_addr { host: "127.14.39.1" port: 38915 } } peers { permanent_uuid: "4350ca7e07f34eb9a952d58a8afc1d83" member_type: VOTER last_known_addr { host: "127.14.39.3" port: 45659 } } peers { permanent_uuid: "f9709c6f48f84e23a7ecff0dc67117b8" member_type: VOTER last_known_addr { host: "127.14.39.2" port: 39511 } }
I20260608 10:00:58.609158 16484 leader_election.cc:290] T 3ac092daffba479092cb293ab010d223 P b8028de92a82493a80b766ebb165489f [CANDIDATE]: Term 1 pre-election: Requested pre-vote from peers 4350ca7e07f34eb9a952d58a8afc1d83 (127.14.39.3:45659), f9709c6f48f84e23a7ecff0dc67117b8 (127.14.39.2:39511)
I20260608 10:00:58.609823 16431 tablet_service.cc:1917] Received RequestConsensusVote() RPC: tablet_id: "3ac092daffba479092cb293ab010d223" candidate_uuid: "b8028de92a82493a80b766ebb165489f" candidate_term: 1 candidate_status { last_received { term: 0 index: 0 } } ignore_live_leader: false dest_uuid: "4350ca7e07f34eb9a952d58a8afc1d83" is_pre_election: true
I20260608 10:00:58.610328 16357 tablet_service.cc:1917] Received RequestConsensusVote() RPC: tablet_id: "3ac092daffba479092cb293ab010d223" candidate_uuid: "b8028de92a82493a80b766ebb165489f" candidate_term: 1 candidate_status { last_received { term: 0 index: 0 } } ignore_live_leader: false dest_uuid: "f9709c6f48f84e23a7ecff0dc67117b8" is_pre_election: true
I20260608 10:00:58.610518 16431 raft_consensus.cc:2468] T 3ac092daffba479092cb293ab010d223 P 4350ca7e07f34eb9a952d58a8afc1d83 [term 0 FOLLOWER]: Leader pre-election vote request: Granting yes vote for candidate b8028de92a82493a80b766ebb165489f in term 0.
I20260608 10:00:58.611013 16357 raft_consensus.cc:2468] T 3ac092daffba479092cb293ab010d223 P f9709c6f48f84e23a7ecff0dc67117b8 [term 0 FOLLOWER]: Leader pre-election vote request: Granting yes vote for candidate b8028de92a82493a80b766ebb165489f in term 0.
I20260608 10:00:58.611688 16245 leader_election.cc:304] T 3ac092daffba479092cb293ab010d223 P b8028de92a82493a80b766ebb165489f [CANDIDATE]: Term 1 pre-election: Election decided. Result: candidate won. Election summary: received 2 responses out of 3 voters: 2 yes votes; 0 no votes. yes voters: 4350ca7e07f34eb9a952d58a8afc1d83, b8028de92a82493a80b766ebb165489f; no voters: 
I20260608 10:00:58.612591 16484 raft_consensus.cc:2804] T 3ac092daffba479092cb293ab010d223 P b8028de92a82493a80b766ebb165489f [term 0 FOLLOWER]: Leader pre-election won for term 1
I20260608 10:00:58.613032 16484 raft_consensus.cc:493] T 3ac092daffba479092cb293ab010d223 P b8028de92a82493a80b766ebb165489f [term 0 FOLLOWER]: Starting leader election (no leader contacted us within the election timeout)
I20260608 10:00:58.613291 16484 raft_consensus.cc:3060] T 3ac092daffba479092cb293ab010d223 P b8028de92a82493a80b766ebb165489f [term 0 FOLLOWER]: Advancing to term 1
I20260608 10:00:58.617980 16484 raft_consensus.cc:515] T 3ac092daffba479092cb293ab010d223 P b8028de92a82493a80b766ebb165489f [term 1 FOLLOWER]: Starting leader election with config: opid_index: -1 OBSOLETE_local: false peers { permanent_uuid: "b8028de92a82493a80b766ebb165489f" member_type: VOTER last_known_addr { host: "127.14.39.1" port: 38915 } } peers { permanent_uuid: "4350ca7e07f34eb9a952d58a8afc1d83" member_type: VOTER last_known_addr { host: "127.14.39.3" port: 45659 } } peers { permanent_uuid: "f9709c6f48f84e23a7ecff0dc67117b8" member_type: VOTER last_known_addr { host: "127.14.39.2" port: 39511 } }
I20260608 10:00:58.619726 16484 leader_election.cc:290] T 3ac092daffba479092cb293ab010d223 P b8028de92a82493a80b766ebb165489f [CANDIDATE]: Term 1 election: Requested vote from peers 4350ca7e07f34eb9a952d58a8afc1d83 (127.14.39.3:45659), f9709c6f48f84e23a7ecff0dc67117b8 (127.14.39.2:39511)
I20260608 10:00:58.620936 16357 tablet_service.cc:1917] Received RequestConsensusVote() RPC: tablet_id: "3ac092daffba479092cb293ab010d223" candidate_uuid: "b8028de92a82493a80b766ebb165489f" candidate_term: 1 candidate_status { last_received { term: 0 index: 0 } } ignore_live_leader: false dest_uuid: "f9709c6f48f84e23a7ecff0dc67117b8"
I20260608 10:00:58.620935 16431 tablet_service.cc:1917] Received RequestConsensusVote() RPC: tablet_id: "3ac092daffba479092cb293ab010d223" candidate_uuid: "b8028de92a82493a80b766ebb165489f" candidate_term: 1 candidate_status { last_received { term: 0 index: 0 } } ignore_live_leader: false dest_uuid: "4350ca7e07f34eb9a952d58a8afc1d83"
I20260608 10:00:58.621780 16357 raft_consensus.cc:3060] T 3ac092daffba479092cb293ab010d223 P f9709c6f48f84e23a7ecff0dc67117b8 [term 0 FOLLOWER]: Advancing to term 1
I20260608 10:00:58.621790 16431 raft_consensus.cc:3060] T 3ac092daffba479092cb293ab010d223 P 4350ca7e07f34eb9a952d58a8afc1d83 [term 0 FOLLOWER]: Advancing to term 1
I20260608 10:00:58.627373 16431 raft_consensus.cc:2468] T 3ac092daffba479092cb293ab010d223 P 4350ca7e07f34eb9a952d58a8afc1d83 [term 1 FOLLOWER]: Leader election vote request: Granting yes vote for candidate b8028de92a82493a80b766ebb165489f in term 1.
I20260608 10:00:58.627373 16357 raft_consensus.cc:2468] T 3ac092daffba479092cb293ab010d223 P f9709c6f48f84e23a7ecff0dc67117b8 [term 1 FOLLOWER]: Leader election vote request: Granting yes vote for candidate b8028de92a82493a80b766ebb165489f in term 1.
I20260608 10:00:58.628764 16245 leader_election.cc:304] T 3ac092daffba479092cb293ab010d223 P b8028de92a82493a80b766ebb165489f [CANDIDATE]: Term 1 election: Election decided. Result: candidate won. Election summary: received 2 responses out of 3 voters: 2 yes votes; 0 no votes. yes voters: 4350ca7e07f34eb9a952d58a8afc1d83, b8028de92a82493a80b766ebb165489f; no voters: 
I20260608 10:00:58.629575 16484 raft_consensus.cc:2804] T 3ac092daffba479092cb293ab010d223 P b8028de92a82493a80b766ebb165489f [term 1 FOLLOWER]: Leader election won for term 1
I20260608 10:00:58.630071 16484 raft_consensus.cc:697] T 3ac092daffba479092cb293ab010d223 P b8028de92a82493a80b766ebb165489f [term 1 LEADER]: Becoming Leader. State: Replica: b8028de92a82493a80b766ebb165489f, State: Running, Role: LEADER
I20260608 10:00:58.630820 16484 consensus_queue.cc:237] T 3ac092daffba479092cb293ab010d223 P b8028de92a82493a80b766ebb165489f [LEADER]: Queue going to LEADER mode. State: All replicated index: 0, Majority replicated index: 0, Committed index: 0, Last appended: 0.0, Last appended by leader: 0, Current term: 1, Majority size: 2, State: 0, Mode: LEADER, active raft config: opid_index: -1 OBSOLETE_local: false peers { permanent_uuid: "b8028de92a82493a80b766ebb165489f" member_type: VOTER last_known_addr { host: "127.14.39.1" port: 38915 } } peers { permanent_uuid: "4350ca7e07f34eb9a952d58a8afc1d83" member_type: VOTER last_known_addr { host: "127.14.39.3" port: 45659 } } peers { permanent_uuid: "f9709c6f48f84e23a7ecff0dc67117b8" member_type: VOTER last_known_addr { host: "127.14.39.2" port: 39511 } }
I20260608 10:00:58.638777 16180 catalog_manager.cc:5696] T 3ac092daffba479092cb293ab010d223 P b8028de92a82493a80b766ebb165489f reported cstate change: term changed from 0 to 1, leader changed from <none> to b8028de92a82493a80b766ebb165489f (127.14.39.1). New cstate: current_term: 1 leader_uuid: "b8028de92a82493a80b766ebb165489f" committed_config { opid_index: -1 OBSOLETE_local: false peers { permanent_uuid: "b8028de92a82493a80b766ebb165489f" member_type: VOTER last_known_addr { host: "127.14.39.1" port: 38915 } health_report { overall_health: HEALTHY } } peers { permanent_uuid: "4350ca7e07f34eb9a952d58a8afc1d83" member_type: VOTER last_known_addr { host: "127.14.39.3" port: 45659 } health_report { overall_health: UNKNOWN } } peers { permanent_uuid: "f9709c6f48f84e23a7ecff0dc67117b8" member_type: VOTER last_known_addr { host: "127.14.39.2" port: 39511 } health_report { overall_health: UNKNOWN } } }
I20260608 10:00:58.680652 16233 auto_leader_rebalancer.cc:140] leader rebalance for table test-workload
I20260608 10:00:58.693905 16282 tablet_service.cc:2072] Received LeaderStepDown RPC: tablet_id: "3ac092daffba479092cb293ab010d223"
dest_uuid: "b8028de92a82493a80b766ebb165489f"
mode: GRACEFUL
new_leader_uuid: "4350ca7e07f34eb9a952d58a8afc1d83"
 from {username='slave'} at 127.0.0.1:39322
I20260608 10:00:58.694507 16282 raft_consensus.cc:606] T 3ac092daffba479092cb293ab010d223 P b8028de92a82493a80b766ebb165489f [term 1 LEADER]: Received request to transfer leadership to TS 4350ca7e07f34eb9a952d58a8afc1d83
I20260608 10:00:58.695755 16233 auto_leader_rebalancer.cc:388] table: test-workload, leader rebalance finish, leader transfer count: 1
I20260608 10:00:58.696189 16233 auto_leader_rebalancer.cc:451] All tables' leader rebalancing finished this round
I20260608 10:00:58.789568 16484 consensus_queue.cc:1048] T 92ae9a84e30b4e749258d5165082e578 P b8028de92a82493a80b766ebb165489f [LEADER]: Connected to new peer: Peer: permanent_uuid: "4350ca7e07f34eb9a952d58a8afc1d83" member_type: VOTER last_known_addr { host: "127.14.39.3" port: 45659 }, Status: LMP_MISMATCH, Last received: 0.0, Next index: 1, Last known committed idx: 0, Time since last communication: 0.000s
I20260608 10:00:58.803916 16484 consensus_queue.cc:1048] T 92ae9a84e30b4e749258d5165082e578 P b8028de92a82493a80b766ebb165489f [LEADER]: Connected to new peer: Peer: permanent_uuid: "f9709c6f48f84e23a7ecff0dc67117b8" member_type: VOTER last_known_addr { host: "127.14.39.2" port: 39511 }, Status: LMP_MISMATCH, Last received: 0.0, Next index: 1, Last known committed idx: 0, Time since last communication: 0.000s
I20260608 10:00:59.023978 16484 consensus_queue.cc:1048] T 3ac092daffba479092cb293ab010d223 P b8028de92a82493a80b766ebb165489f [LEADER]: Connected to new peer: Peer: permanent_uuid: "f9709c6f48f84e23a7ecff0dc67117b8" member_type: VOTER last_known_addr { host: "127.14.39.2" port: 39511 }, Status: LMP_MISMATCH, Last received: 0.0, Next index: 1, Last known committed idx: 0, Time since last communication: 0.000s
I20260608 10:00:59.038614 16484 consensus_queue.cc:1048] T 3ac092daffba479092cb293ab010d223 P b8028de92a82493a80b766ebb165489f [LEADER]: Connected to new peer: Peer: permanent_uuid: "4350ca7e07f34eb9a952d58a8afc1d83" member_type: VOTER last_known_addr { host: "127.14.39.3" port: 45659 }, Status: LMP_MISMATCH, Last received: 0.0, Next index: 1, Last known committed idx: 0, Time since last communication: 0.000s
I20260608 10:00:59.045940 16490 raft_consensus.cc:993] T 3ac092daffba479092cb293ab010d223 P b8028de92a82493a80b766ebb165489f: : Instructing follower 4350ca7e07f34eb9a952d58a8afc1d83 to start an election
I20260608 10:00:59.046463 16484 raft_consensus.cc:1081] T 3ac092daffba479092cb293ab010d223 P b8028de92a82493a80b766ebb165489f [term 1 LEADER]: Signalling peer 4350ca7e07f34eb9a952d58a8afc1d83 to start an election
I20260608 10:00:59.048118 16431 tablet_service.cc:2044] Received Run Leader Election RPC: tablet_id: "3ac092daffba479092cb293ab010d223"
dest_uuid: "4350ca7e07f34eb9a952d58a8afc1d83"
 from {username='slave'} at 127.0.0.1:47180
I20260608 10:00:59.048748 16431 raft_consensus.cc:493] T 3ac092daffba479092cb293ab010d223 P 4350ca7e07f34eb9a952d58a8afc1d83 [term 1 FOLLOWER]: Starting forced leader election (received explicit request)
I20260608 10:00:59.049191 16431 raft_consensus.cc:3060] T 3ac092daffba479092cb293ab010d223 P 4350ca7e07f34eb9a952d58a8afc1d83 [term 1 FOLLOWER]: Advancing to term 2
I20260608 10:00:59.054273 16431 raft_consensus.cc:515] T 3ac092daffba479092cb293ab010d223 P 4350ca7e07f34eb9a952d58a8afc1d83 [term 2 FOLLOWER]: Starting forced leader election with config: opid_index: -1 OBSOLETE_local: false peers { permanent_uuid: "b8028de92a82493a80b766ebb165489f" member_type: VOTER last_known_addr { host: "127.14.39.1" port: 38915 } } peers { permanent_uuid: "4350ca7e07f34eb9a952d58a8afc1d83" member_type: VOTER last_known_addr { host: "127.14.39.3" port: 45659 } } peers { permanent_uuid: "f9709c6f48f84e23a7ecff0dc67117b8" member_type: VOTER last_known_addr { host: "127.14.39.2" port: 39511 } }
I20260608 10:00:59.056875 16431 leader_election.cc:290] T 3ac092daffba479092cb293ab010d223 P 4350ca7e07f34eb9a952d58a8afc1d83 [CANDIDATE]: Term 2 election: Requested vote from peers b8028de92a82493a80b766ebb165489f (127.14.39.1:38915), f9709c6f48f84e23a7ecff0dc67117b8 (127.14.39.2:39511)
I20260608 10:00:59.069792 16282 tablet_service.cc:1917] Received RequestConsensusVote() RPC: tablet_id: "3ac092daffba479092cb293ab010d223" candidate_uuid: "4350ca7e07f34eb9a952d58a8afc1d83" candidate_term: 2 candidate_status { last_received { term: 1 index: 1 } } ignore_live_leader: true dest_uuid: "b8028de92a82493a80b766ebb165489f"
I20260608 10:00:59.070377 16282 raft_consensus.cc:3055] T 3ac092daffba479092cb293ab010d223 P b8028de92a82493a80b766ebb165489f [term 1 LEADER]: Stepping down as leader of term 1
I20260608 10:00:59.070716 16282 raft_consensus.cc:740] T 3ac092daffba479092cb293ab010d223 P b8028de92a82493a80b766ebb165489f [term 1 LEADER]: Becoming Follower/Learner. State: Replica: b8028de92a82493a80b766ebb165489f, State: Running, Role: LEADER
I20260608 10:00:59.071586 16282 consensus_queue.cc:260] T 3ac092daffba479092cb293ab010d223 P b8028de92a82493a80b766ebb165489f [NON_LEADER]: Queue going to NON_LEADER mode. State: All replicated index: 0, Majority replicated index: 1, Committed index: 1, Last appended: 1.1, Last appended by leader: 1, Current term: 1, Majority size: -1, State: 0, Mode: NON_LEADER, active raft config: opid_index: -1 OBSOLETE_local: false peers { permanent_uuid: "b8028de92a82493a80b766ebb165489f" member_type: VOTER last_known_addr { host: "127.14.39.1" port: 38915 } } peers { permanent_uuid: "4350ca7e07f34eb9a952d58a8afc1d83" member_type: VOTER last_known_addr { host: "127.14.39.3" port: 45659 } } peers { permanent_uuid: "f9709c6f48f84e23a7ecff0dc67117b8" member_type: VOTER last_known_addr { host: "127.14.39.2" port: 39511 } }
I20260608 10:00:59.072595 16282 raft_consensus.cc:3060] T 3ac092daffba479092cb293ab010d223 P b8028de92a82493a80b766ebb165489f [term 1 FOLLOWER]: Advancing to term 2
I20260608 10:00:59.073096 16357 tablet_service.cc:1917] Received RequestConsensusVote() RPC: tablet_id: "3ac092daffba479092cb293ab010d223" candidate_uuid: "4350ca7e07f34eb9a952d58a8afc1d83" candidate_term: 2 candidate_status { last_received { term: 1 index: 1 } } ignore_live_leader: true dest_uuid: "f9709c6f48f84e23a7ecff0dc67117b8"
I20260608 10:00:59.073709 16357 raft_consensus.cc:3060] T 3ac092daffba479092cb293ab010d223 P f9709c6f48f84e23a7ecff0dc67117b8 [term 1 FOLLOWER]: Advancing to term 2
I20260608 10:00:59.080111 16282 raft_consensus.cc:2468] T 3ac092daffba479092cb293ab010d223 P b8028de92a82493a80b766ebb165489f [term 2 FOLLOWER]: Leader election vote request: Granting yes vote for candidate 4350ca7e07f34eb9a952d58a8afc1d83 in term 2.
I20260608 10:00:59.080374 16357 raft_consensus.cc:2468] T 3ac092daffba479092cb293ab010d223 P f9709c6f48f84e23a7ecff0dc67117b8 [term 2 FOLLOWER]: Leader election vote request: Granting yes vote for candidate 4350ca7e07f34eb9a952d58a8afc1d83 in term 2.
I20260608 10:00:59.081594 16397 leader_election.cc:304] T 3ac092daffba479092cb293ab010d223 P 4350ca7e07f34eb9a952d58a8afc1d83 [CANDIDATE]: Term 2 election: Election decided. Result: candidate won. Election summary: received 2 responses out of 3 voters: 2 yes votes; 0 no votes. yes voters: 4350ca7e07f34eb9a952d58a8afc1d83, f9709c6f48f84e23a7ecff0dc67117b8; no voters: 
I20260608 10:00:59.082360 16483 raft_consensus.cc:2804] T 3ac092daffba479092cb293ab010d223 P 4350ca7e07f34eb9a952d58a8afc1d83 [term 2 FOLLOWER]: Leader election won for term 2
I20260608 10:00:59.083650 16483 raft_consensus.cc:697] T 3ac092daffba479092cb293ab010d223 P 4350ca7e07f34eb9a952d58a8afc1d83 [term 2 LEADER]: Becoming Leader. State: Replica: 4350ca7e07f34eb9a952d58a8afc1d83, State: Running, Role: LEADER
I20260608 10:00:59.084340 16483 consensus_queue.cc:237] T 3ac092daffba479092cb293ab010d223 P 4350ca7e07f34eb9a952d58a8afc1d83 [LEADER]: Queue going to LEADER mode. State: All replicated index: 0, Majority replicated index: 1, Committed index: 1, Last appended: 1.1, Last appended by leader: 1, Current term: 2, Majority size: 2, State: 0, Mode: LEADER, active raft config: opid_index: -1 OBSOLETE_local: false peers { permanent_uuid: "b8028de92a82493a80b766ebb165489f" member_type: VOTER last_known_addr { host: "127.14.39.1" port: 38915 } } peers { permanent_uuid: "4350ca7e07f34eb9a952d58a8afc1d83" member_type: VOTER last_known_addr { host: "127.14.39.3" port: 45659 } } peers { permanent_uuid: "f9709c6f48f84e23a7ecff0dc67117b8" member_type: VOTER last_known_addr { host: "127.14.39.2" port: 39511 } }
I20260608 10:00:59.090482 16180 catalog_manager.cc:5696] T 3ac092daffba479092cb293ab010d223 P 4350ca7e07f34eb9a952d58a8afc1d83 reported cstate change: term changed from 1 to 2, leader changed from b8028de92a82493a80b766ebb165489f (127.14.39.1) to 4350ca7e07f34eb9a952d58a8afc1d83 (127.14.39.3). New cstate: current_term: 2 leader_uuid: "4350ca7e07f34eb9a952d58a8afc1d83" committed_config { opid_index: -1 OBSOLETE_local: false peers { permanent_uuid: "b8028de92a82493a80b766ebb165489f" member_type: VOTER last_known_addr { host: "127.14.39.1" port: 38915 } health_report { overall_health: UNKNOWN } } peers { permanent_uuid: "4350ca7e07f34eb9a952d58a8afc1d83" member_type: VOTER last_known_addr { host: "127.14.39.3" port: 45659 } health_report { overall_health: HEALTHY } } peers { permanent_uuid: "f9709c6f48f84e23a7ecff0dc67117b8" member_type: VOTER last_known_addr { host: "127.14.39.2" port: 39511 } health_report { overall_health: UNKNOWN } } }
I20260608 10:00:59.515041 16357 raft_consensus.cc:1275] T 3ac092daffba479092cb293ab010d223 P f9709c6f48f84e23a7ecff0dc67117b8 [term 2 FOLLOWER]: Refusing update from remote peer 4350ca7e07f34eb9a952d58a8afc1d83: Log matching property violated. Preceding OpId in replica: term: 1 index: 1. Preceding OpId from leader: term: 2 index: 2. (index mismatch)
I20260608 10:00:59.516400 16483 consensus_queue.cc:1048] T 3ac092daffba479092cb293ab010d223 P 4350ca7e07f34eb9a952d58a8afc1d83 [LEADER]: Connected to new peer: Peer: permanent_uuid: "f9709c6f48f84e23a7ecff0dc67117b8" member_type: VOTER last_known_addr { host: "127.14.39.2" port: 39511 }, Status: LMP_MISMATCH, Last received: 0.0, Next index: 2, Last known committed idx: 1, Time since last communication: 0.000s
I20260608 10:00:59.525789 16282 raft_consensus.cc:1275] T 3ac092daffba479092cb293ab010d223 P b8028de92a82493a80b766ebb165489f [term 2 FOLLOWER]: Refusing update from remote peer 4350ca7e07f34eb9a952d58a8afc1d83: Log matching property violated. Preceding OpId in replica: term: 1 index: 1. Preceding OpId from leader: term: 2 index: 2. (index mismatch)
I20260608 10:00:59.528333 16504 consensus_queue.cc:1048] T 3ac092daffba479092cb293ab010d223 P 4350ca7e07f34eb9a952d58a8afc1d83 [LEADER]: Connected to new peer: Peer: permanent_uuid: "b8028de92a82493a80b766ebb165489f" member_type: VOTER last_known_addr { host: "127.14.39.1" port: 38915 }, Status: LMP_MISMATCH, Last received: 0.0, Next index: 2, Last known committed idx: 1, Time since last communication: 0.001s
I20260608 10:01:00.697292 16233 auto_leader_rebalancer.cc:140] leader rebalance for table test-workload
I20260608 10:01:00.699411 16233 auto_leader_rebalancer.cc:388] table: test-workload, leader rebalance finish, leader transfer count: 0
I20260608 10:01:00.699818 16233 auto_leader_rebalancer.cc:451] All tables' leader rebalancing finished this round
I20260608 10:01:02.700641 16233 auto_leader_rebalancer.cc:140] leader rebalance for table test-workload
I20260608 10:01:02.702900 16233 auto_leader_rebalancer.cc:388] table: test-workload, leader rebalance finish, leader transfer count: 0
I20260608 10:01:02.703294 16233 auto_leader_rebalancer.cc:451] All tables' leader rebalancing finished this round
I20260608 10:01:04.704347 16233 auto_leader_rebalancer.cc:140] leader rebalance for table test-workload
I20260608 10:01:04.706528 16233 auto_leader_rebalancer.cc:388] table: test-workload, leader rebalance finish, leader transfer count: 0
I20260608 10:01:04.706954 16233 auto_leader_rebalancer.cc:451] All tables' leader rebalancing finished this round
I20260608 10:01:06.708173 16233 auto_leader_rebalancer.cc:140] leader rebalance for table test-workload
I20260608 10:01:06.710632 16233 auto_leader_rebalancer.cc:388] table: test-workload, leader rebalance finish, leader transfer count: 0
I20260608 10:01:06.711120 16233 auto_leader_rebalancer.cc:451] All tables' leader rebalancing finished this round
I20260608 10:01:08.712236 16233 auto_leader_rebalancer.cc:140] leader rebalance for table test-workload
I20260608 10:01:08.714372 16233 auto_leader_rebalancer.cc:388] table: test-workload, leader rebalance finish, leader transfer count: 0
I20260608 10:01:08.714740 16233 auto_leader_rebalancer.cc:451] All tables' leader rebalancing finished this round
I20260608 10:01:10.715915 16233 auto_leader_rebalancer.cc:140] leader rebalance for table test-workload
I20260608 10:01:10.718132 16233 auto_leader_rebalancer.cc:388] table: test-workload, leader rebalance finish, leader transfer count: 0
I20260608 10:01:10.718503 16233 auto_leader_rebalancer.cc:451] All tables' leader rebalancing finished this round
I20260608 10:01:10.769143 14492 file_cache.cc:492] Constructed file cache file cache with capacity 419430
W20260608 10:01:10.782779 16512 instance_detector.cc:116] could not retrieve AWS instance metadata: Network error: curl error: HTTP response code said error: The requested URL returned error: 404
