I20260608 10:01:39.381384 21565 raft_consensus.cc:2804] T 00000000000000000000000000000000 P 9c845306563f4f0eb57d346f4ff2f935 [term 1 FOLLOWER]: Leader election won for term 1
I20260608 10:01:39.383049 21565 raft_consensus.cc:697] T 00000000000000000000000000000000 P 9c845306563f4f0eb57d346f4ff2f935 [term 1 LEADER]: Becoming Leader. State: Replica: 9c845306563f4f0eb57d346f4ff2f935, State: Running, Role: LEADER
I20260608 10:01:39.383858 21565 consensus_queue.cc:237] T 00000000000000000000000000000000 P 9c845306563f4f0eb57d346f4ff2f935 [LEADER]: Queue going to LEADER mode. State: All replicated index: 0, Majority replicated index: 0, Committed index: 0, Last appended: 0.0, Last appended by leader: 0, Current term: 1, Majority size: 1, State: 0, Mode: LEADER, active raft config: opid_index: -1 OBSOLETE_local: true peers { permanent_uuid: "9c845306563f4f0eb57d346f4ff2f935" member_type: VOTER }
I20260608 10:01:39.384362 21562 sys_catalog.cc:565] T 00000000000000000000000000000000 P 9c845306563f4f0eb57d346f4ff2f935 [sys.catalog]: configured and running, proceeding with master startup.
I20260608 10:01:39.387228 21567 sys_catalog.cc:455] T 00000000000000000000000000000000 P 9c845306563f4f0eb57d346f4ff2f935 [sys.catalog]: SysCatalogTable state changed. Reason: New leader 9c845306563f4f0eb57d346f4ff2f935. Latest consensus state: current_term: 1 leader_uuid: "9c845306563f4f0eb57d346f4ff2f935" committed_config { opid_index: -1 OBSOLETE_local: true peers { permanent_uuid: "9c845306563f4f0eb57d346f4ff2f935" member_type: VOTER } }
I20260608 10:01:39.387351 21566 sys_catalog.cc:455] T 00000000000000000000000000000000 P 9c845306563f4f0eb57d346f4ff2f935 [sys.catalog]: SysCatalogTable state changed. Reason: RaftConsensus started. Latest consensus state: current_term: 1 leader_uuid: "9c845306563f4f0eb57d346f4ff2f935" committed_config { opid_index: -1 OBSOLETE_local: true peers { permanent_uuid: "9c845306563f4f0eb57d346f4ff2f935" member_type: VOTER } }
I20260608 10:01:39.388018 21567 sys_catalog.cc:458] T 00000000000000000000000000000000 P 9c845306563f4f0eb57d346f4ff2f935 [sys.catalog]: This master's current role is: LEADER
I20260608 10:01:39.388033 21566 sys_catalog.cc:458] T 00000000000000000000000000000000 P 9c845306563f4f0eb57d346f4ff2f935 [sys.catalog]: This master's current role is: LEADER
I20260608 10:01:39.392967 21570 catalog_manager.cc:1510] Loading table and tablet metadata into memory...
I20260608 10:01:39.398025 21570 catalog_manager.cc:1519] Initializing Kudu cluster ID...
I20260608 10:01:39.404608 18639 internal_mini_cluster.cc:184] Waiting to initialize catalog manager on master 0
I20260608 10:01:39.408890 21570 catalog_manager.cc:1382] Generated new cluster ID: 4d23f33538444b66bf1dc4c10271413e
I20260608 10:01:39.409279 21570 catalog_manager.cc:1530] Initializing Kudu internal certificate authority...
I20260608 10:01:39.433616 21570 catalog_manager.cc:1405] Generated new certificate authority record
I20260608 10:01:39.435276 21570 catalog_manager.cc:1539] Loading token signing keys...
I20260608 10:01:39.461767 21570 catalog_manager.cc:6069] T 00000000000000000000000000000000 P 9c845306563f4f0eb57d346f4ff2f935: Generated new TSK 0
I20260608 10:01:39.462607 21570 catalog_manager.cc:1549] Initializing in-progress tserver states...
I20260608 10:01:39.472620 18639 file_cache.cc:492] Constructed file cache file cache with capacity 419430
W20260608 10:01:39.483258 21583 instance_detector.cc:116] could not retrieve AWS instance metadata: Network error: curl error: HTTP response code said error: The requested URL returned error: 404
W20260608 10:01:39.486274 21584 instance_detector.cc:116] could not retrieve Azure instance metadata: Network error: curl error: HTTP response code said error: The requested URL returned error: 404
W20260608 10:01:39.487032 21586 instance_detector.cc:116] could not retrieve OpenStack instance metadata: Network error: curl error: HTTP response code said error: The requested URL returned error: 404
I20260608 10:01:39.487574 18639 server_base.cc:1061] running on GCE node
I20260608 10:01:39.488556 18639 hybrid_clock.cc:584] initializing the hybrid clock with 'system_unsync' time source
W20260608 10:01:39.488804 18639 system_unsync_time.cc:38] NTP support is disabled. Clock error bounds will not be accurate. This configuration is not suitable for distributed clusters.
I20260608 10:01:39.488991 18639 hybrid_clock.cc:648] HybridClock initialized: now 1780912899488965 us; error 0 us; skew 500 ppm
I20260608 10:01:39.489698 18639 server_base.cc:861] Flag tcmalloc_max_total_thread_cache_bytes is not working since tcmalloc is not enabled.
I20260608 10:01:39.492528 18639 webserver.cc:533] Webserver started at http://127.18.51.193:39169/ using document root <none> and password file <none>
I20260608 10:01:39.493144 18639 fs_manager.cc:362] Metadata directory not provided
I20260608 10:01:39.493384 18639 fs_manager.cc:368] Using write-ahead log directory (fs_wal_dir) as metadata directory
I20260608 10:01:39.493701 18639 server_base.cc:909] This appears to be a new deployment of Kudu; creating new FS layout
I20260608 10:01:39.495096 18639 fs_manager.cc:1068] Generated new instance metadata in path /tmp/dist-test-task3SkQlR/test-tmp/auto_rebalancer-test.0.AutoRebalancerTest.RangeAwareRebalancesNewRangeReplicas.1780912821905711-18639-0/minicluster-data/ts-0-root/instance:
uuid: "0b90166764774e3699f29b32347e4efc"
format_stamp: "Formatted at 2026-06-08 10:01:39 on dist-test-slave-n6nf"
I20260608 10:01:39.501171 18639 fs_manager.cc:696] Time spent creating directory manager: real 0.005s	user 0.003s	sys 0.003s
I20260608 10:01:39.505913 21591 log_block_manager.cc:4031] Time spent loading block containers with low live blocks: real 0.000s	user 0.000s	sys 0.000s
I20260608 10:01:39.507045 18639 fs_manager.cc:730] Time spent opening block manager: real 0.003s	user 0.003s	sys 0.000s
I20260608 10:01:39.507367 18639 fs_manager.cc:647] Opened local filesystem: /tmp/dist-test-task3SkQlR/test-tmp/auto_rebalancer-test.0.AutoRebalancerTest.RangeAwareRebalancesNewRangeReplicas.1780912821905711-18639-0/minicluster-data/ts-0-root
uuid: "0b90166764774e3699f29b32347e4efc"
format_stamp: "Formatted at 2026-06-08 10:01:39 on dist-test-slave-n6nf"
I20260608 10:01:39.507660 18639 fs_report.cc:389] FS layout report
--------------------
wal directory: /tmp/dist-test-task3SkQlR/test-tmp/auto_rebalancer-test.0.AutoRebalancerTest.RangeAwareRebalancesNewRangeReplicas.1780912821905711-18639-0/minicluster-data/ts-0-root
metadata directory: /tmp/dist-test-task3SkQlR/test-tmp/auto_rebalancer-test.0.AutoRebalancerTest.RangeAwareRebalancesNewRangeReplicas.1780912821905711-18639-0/minicluster-data/ts-0-root
1 data directories: /tmp/dist-test-task3SkQlR/test-tmp/auto_rebalancer-test.0.AutoRebalancerTest.RangeAwareRebalancesNewRangeReplicas.1780912821905711-18639-0/minicluster-data/ts-0-root/data
Total live blocks: 0
Total live bytes: 0
Total live bytes (after alignment): 0
Total number of LBM containers: 0 (0 full)
Did not check for missing blocks
Did not check for orphaned blocks
Total full LBM containers with extra space: 0 (0 repaired)
Total full LBM container extra space in bytes: 0 (0 repaired)
Total incomplete LBM containers: 0 (0 repaired)
Total LBM partial records: 0 (0 repaired)
Total corrupted LBM metadata records in RocksDB: 0 (0 repaired)
I20260608 10:01:39.535197 18639 rpc_server.cc:225] running with OpenSSL 1.1.1  11 Sep 2018
I20260608 10:01:39.536437 18639 kserver.cc:163] Server-wide thread pool size limit: 3276
I20260608 10:01:39.538131 18639 txn_system_client.cc:432] TxnSystemClient initialization is disabled...
I20260608 10:01:39.540926 18639 ts_tablet_manager.cc:585] Loaded tablet metadata (0 total tablets, 0 live tablets)
I20260608 10:01:39.541142 18639 ts_tablet_manager.cc:531] Time spent load tablet metadata: real 0.000s	user 0.000s	sys 0.000s
I20260608 10:01:39.541425 18639 ts_tablet_manager.cc:616] Registered 0 tablets
I20260608 10:01:39.541630 18639 ts_tablet_manager.cc:595] Time spent register tablets: real 0.000s	user 0.000s	sys 0.000s
I20260608 10:01:39.588330 18639 rpc_server.cc:307] RPC server started. Bound to: 127.18.51.193:33811
I20260608 10:01:39.588522 21653 acceptor_pool.cc:272] collecting diagnostics on the listening RPC socket 127.18.51.193:33811 every 8 connection(s)
I20260608 10:01:39.593750 18639 file_cache.cc:492] Constructed file cache file cache with capacity 419430
W20260608 10:01:39.601769 21658 instance_detector.cc:116] could not retrieve AWS instance metadata: Network error: curl error: HTTP response code said error: The requested URL returned error: 404
W20260608 10:01:39.603628 21659 instance_detector.cc:116] could not retrieve Azure instance metadata: Network error: curl error: HTTP response code said error: The requested URL returned error: 404
I20260608 10:01:39.607585 18639 server_base.cc:1061] running on GCE node
W20260608 10:01:39.608141 21661 instance_detector.cc:116] could not retrieve OpenStack instance metadata: Network error: curl error: HTTP response code said error: The requested URL returned error: 404
I20260608 10:01:39.609409 18639 hybrid_clock.cc:584] initializing the hybrid clock with 'system_unsync' time source
W20260608 10:01:39.609740 18639 system_unsync_time.cc:38] NTP support is disabled. Clock error bounds will not be accurate. This configuration is not suitable for distributed clusters.
I20260608 10:01:39.609965 18639 hybrid_clock.cc:648] HybridClock initialized: now 1780912899609945 us; error 0 us; skew 500 ppm
I20260608 10:01:39.610836 18639 server_base.cc:861] Flag tcmalloc_max_total_thread_cache_bytes is not working since tcmalloc is not enabled.
I20260608 10:01:39.611593 21654 heartbeater.cc:344] Connected to a master server at 127.18.51.254:33857
I20260608 10:01:39.612046 21654 heartbeater.cc:461] Registering TS with master...
I20260608 10:01:39.613091 21654 heartbeater.cc:507] Master 127.18.51.254:33857 requested a full tablet report, sending...
I20260608 10:01:39.614105 18639 webserver.cc:533] Webserver started at http://127.18.51.194:35389/ using document root <none> and password file <none>
I20260608 10:01:39.614773 18639 fs_manager.cc:362] Metadata directory not provided
I20260608 10:01:39.614992 18639 fs_manager.cc:368] Using write-ahead log directory (fs_wal_dir) as metadata directory
I20260608 10:01:39.615321 18639 server_base.cc:909] This appears to be a new deployment of Kudu; creating new FS layout
I20260608 10:01:39.616168 21527 ts_manager.cc:194] Registered new tserver with Master: 0b90166764774e3699f29b32347e4efc (127.18.51.193:33811)
I20260608 10:01:39.616935 18639 fs_manager.cc:1068] Generated new instance metadata in path /tmp/dist-test-task3SkQlR/test-tmp/auto_rebalancer-test.0.AutoRebalancerTest.RangeAwareRebalancesNewRangeReplicas.1780912821905711-18639-0/minicluster-data/ts-1-root/instance:
uuid: "4da1f146c70b4d57855a95c25255cd57"
format_stamp: "Formatted at 2026-06-08 10:01:39 on dist-test-slave-n6nf"
I20260608 10:01:39.618867 21527 master_service.cc:502] Signed X509 certificate for tserver {username='slave'} at 127.0.0.1:48136
I20260608 10:01:39.624138 18639 fs_manager.cc:696] Time spent creating directory manager: real 0.006s	user 0.005s	sys 0.004s
I20260608 10:01:39.629045 21666 log_block_manager.cc:4031] Time spent loading block containers with low live blocks: real 0.000s	user 0.000s	sys 0.000s
I20260608 10:01:39.630230 18639 fs_manager.cc:730] Time spent opening block manager: real 0.003s	user 0.003s	sys 0.000s
I20260608 10:01:39.630642 18639 fs_manager.cc:647] Opened local filesystem: /tmp/dist-test-task3SkQlR/test-tmp/auto_rebalancer-test.0.AutoRebalancerTest.RangeAwareRebalancesNewRangeReplicas.1780912821905711-18639-0/minicluster-data/ts-1-root
uuid: "4da1f146c70b4d57855a95c25255cd57"
format_stamp: "Formatted at 2026-06-08 10:01:39 on dist-test-slave-n6nf"
I20260608 10:01:39.630942 18639 fs_report.cc:389] FS layout report
--------------------
wal directory: /tmp/dist-test-task3SkQlR/test-tmp/auto_rebalancer-test.0.AutoRebalancerTest.RangeAwareRebalancesNewRangeReplicas.1780912821905711-18639-0/minicluster-data/ts-1-root
metadata directory: /tmp/dist-test-task3SkQlR/test-tmp/auto_rebalancer-test.0.AutoRebalancerTest.RangeAwareRebalancesNewRangeReplicas.1780912821905711-18639-0/minicluster-data/ts-1-root
1 data directories: /tmp/dist-test-task3SkQlR/test-tmp/auto_rebalancer-test.0.AutoRebalancerTest.RangeAwareRebalancesNewRangeReplicas.1780912821905711-18639-0/minicluster-data/ts-1-root/data
Total live blocks: 0
Total live bytes: 0
Total live bytes (after alignment): 0
Total number of LBM containers: 0 (0 full)
Did not check for missing blocks
Did not check for orphaned blocks
Total full LBM containers with extra space: 0 (0 repaired)
Total full LBM container extra space in bytes: 0 (0 repaired)
Total incomplete LBM containers: 0 (0 repaired)
Total LBM partial records: 0 (0 repaired)
Total corrupted LBM metadata records in RocksDB: 0 (0 repaired)
I20260608 10:01:39.654841 18639 rpc_server.cc:225] running with OpenSSL 1.1.1  11 Sep 2018
I20260608 10:01:39.656147 18639 kserver.cc:163] Server-wide thread pool size limit: 3276
I20260608 10:01:39.657771 18639 txn_system_client.cc:432] TxnSystemClient initialization is disabled...
I20260608 10:01:39.660385 18639 ts_tablet_manager.cc:585] Loaded tablet metadata (0 total tablets, 0 live tablets)
I20260608 10:01:39.660643 18639 ts_tablet_manager.cc:531] Time spent load tablet metadata: real 0.000s	user 0.000s	sys 0.000s
I20260608 10:01:39.660907 18639 ts_tablet_manager.cc:616] Registered 0 tablets
I20260608 10:01:39.661095 18639 ts_tablet_manager.cc:595] Time spent register tablets: real 0.000s	user 0.000s	sys 0.000s
I20260608 10:01:39.705602 18639 rpc_server.cc:307] RPC server started. Bound to: 127.18.51.194:45373
I20260608 10:01:39.705771 21728 acceptor_pool.cc:272] collecting diagnostics on the listening RPC socket 127.18.51.194:45373 every 8 connection(s)
I20260608 10:01:39.711277 18639 file_cache.cc:492] Constructed file cache file cache with capacity 419430
W20260608 10:01:39.720674 21733 instance_detector.cc:116] could not retrieve Azure instance metadata: Network error: curl error: HTTP response code said error: The requested URL returned error: 404
W20260608 10:01:39.720305 21732 instance_detector.cc:116] could not retrieve AWS instance metadata: Network error: curl error: HTTP response code said error: The requested URL returned error: 404
W20260608 10:01:39.726888 21735 instance_detector.cc:116] could not retrieve OpenStack instance metadata: Network error: curl error: HTTP response code said error: The requested URL returned error: 404
I20260608 10:01:39.727373 18639 server_base.cc:1061] running on GCE node
I20260608 10:01:39.727499 21729 heartbeater.cc:344] Connected to a master server at 127.18.51.254:33857
I20260608 10:01:39.728053 21729 heartbeater.cc:461] Registering TS with master...
I20260608 10:01:39.728672 18639 hybrid_clock.cc:584] initializing the hybrid clock with 'system_unsync' time source
W20260608 10:01:39.728960 18639 system_unsync_time.cc:38] NTP support is disabled. Clock error bounds will not be accurate. This configuration is not suitable for distributed clusters.
I20260608 10:01:39.729075 21729 heartbeater.cc:507] Master 127.18.51.254:33857 requested a full tablet report, sending...
I20260608 10:01:39.729211 18639 hybrid_clock.cc:648] HybridClock initialized: now 1780912899729189 us; error 0 us; skew 500 ppm
I20260608 10:01:39.730202 18639 server_base.cc:861] Flag tcmalloc_max_total_thread_cache_bytes is not working since tcmalloc is not enabled.
I20260608 10:01:39.732359 21527 ts_manager.cc:194] Registered new tserver with Master: 4da1f146c70b4d57855a95c25255cd57 (127.18.51.194:45373)
I20260608 10:01:39.733421 18639 webserver.cc:533] Webserver started at http://127.18.51.195:44817/ using document root <none> and password file <none>
I20260608 10:01:39.734277 18639 fs_manager.cc:362] Metadata directory not provided
I20260608 10:01:39.734524 18639 fs_manager.cc:368] Using write-ahead log directory (fs_wal_dir) as metadata directory
I20260608 10:01:39.734867 18639 server_base.cc:909] This appears to be a new deployment of Kudu; creating new FS layout
I20260608 10:01:39.734829 21527 master_service.cc:502] Signed X509 certificate for tserver {username='slave'} at 127.0.0.1:48148
I20260608 10:01:39.736588 18639 fs_manager.cc:1068] Generated new instance metadata in path /tmp/dist-test-task3SkQlR/test-tmp/auto_rebalancer-test.0.AutoRebalancerTest.RangeAwareRebalancesNewRangeReplicas.1780912821905711-18639-0/minicluster-data/ts-2-root/instance:
uuid: "4900f0070a524f9687756f927dd88307"
format_stamp: "Formatted at 2026-06-08 10:01:39 on dist-test-slave-n6nf"
I20260608 10:01:39.742254 18639 fs_manager.cc:696] Time spent creating directory manager: real 0.005s	user 0.002s	sys 0.005s
I20260608 10:01:39.746160 21740 log_block_manager.cc:4031] Time spent loading block containers with low live blocks: real 0.000s	user 0.000s	sys 0.000s
I20260608 10:01:39.747143 18639 fs_manager.cc:730] Time spent opening block manager: real 0.003s	user 0.003s	sys 0.000s
I20260608 10:01:39.747507 18639 fs_manager.cc:647] Opened local filesystem: /tmp/dist-test-task3SkQlR/test-tmp/auto_rebalancer-test.0.AutoRebalancerTest.RangeAwareRebalancesNewRangeReplicas.1780912821905711-18639-0/minicluster-data/ts-2-root
uuid: "4900f0070a524f9687756f927dd88307"
format_stamp: "Formatted at 2026-06-08 10:01:39 on dist-test-slave-n6nf"
I20260608 10:01:39.747812 18639 fs_report.cc:389] FS layout report
--------------------
wal directory: /tmp/dist-test-task3SkQlR/test-tmp/auto_rebalancer-test.0.AutoRebalancerTest.RangeAwareRebalancesNewRangeReplicas.1780912821905711-18639-0/minicluster-data/ts-2-root
metadata directory: /tmp/dist-test-task3SkQlR/test-tmp/auto_rebalancer-test.0.AutoRebalancerTest.RangeAwareRebalancesNewRangeReplicas.1780912821905711-18639-0/minicluster-data/ts-2-root
1 data directories: /tmp/dist-test-task3SkQlR/test-tmp/auto_rebalancer-test.0.AutoRebalancerTest.RangeAwareRebalancesNewRangeReplicas.1780912821905711-18639-0/minicluster-data/ts-2-root/data
Total live blocks: 0
Total live bytes: 0
Total live bytes (after alignment): 0
Total number of LBM containers: 0 (0 full)
Did not check for missing blocks
Did not check for orphaned blocks
Total full LBM containers with extra space: 0 (0 repaired)
Total full LBM container extra space in bytes: 0 (0 repaired)
Total incomplete LBM containers: 0 (0 repaired)
Total LBM partial records: 0 (0 repaired)
Total corrupted LBM metadata records in RocksDB: 0 (0 repaired)
I20260608 10:01:39.769767 18639 rpc_server.cc:225] running with OpenSSL 1.1.1  11 Sep 2018
I20260608 10:01:39.771064 18639 kserver.cc:163] Server-wide thread pool size limit: 3276
I20260608 10:01:39.772691 18639 txn_system_client.cc:432] TxnSystemClient initialization is disabled...
I20260608 10:01:39.775228 18639 ts_tablet_manager.cc:585] Loaded tablet metadata (0 total tablets, 0 live tablets)
I20260608 10:01:39.775491 18639 ts_tablet_manager.cc:531] Time spent load tablet metadata: real 0.000s	user 0.000s	sys 0.000s
I20260608 10:01:39.775755 18639 ts_tablet_manager.cc:616] Registered 0 tablets
I20260608 10:01:39.775944 18639 ts_tablet_manager.cc:595] Time spent register tablets: real 0.000s	user 0.000s	sys 0.000s
I20260608 10:01:39.821123 18639 rpc_server.cc:307] RPC server started. Bound to: 127.18.51.195:40709
I20260608 10:01:39.821308 21802 acceptor_pool.cc:272] collecting diagnostics on the listening RPC socket 127.18.51.195:40709 every 8 connection(s)
I20260608 10:01:39.837113 21803 heartbeater.cc:344] Connected to a master server at 127.18.51.254:33857
I20260608 10:01:39.837558 21803 heartbeater.cc:461] Registering TS with master...
I20260608 10:01:39.838371 21803 heartbeater.cc:507] Master 127.18.51.254:33857 requested a full tablet report, sending...
I20260608 10:01:39.840656 21527 ts_manager.cc:194] Registered new tserver with Master: 4900f0070a524f9687756f927dd88307 (127.18.51.195:40709)
I20260608 10:01:39.841145 18639 internal_mini_cluster.cc:371] 3 TS(s) registered with all masters after 0.016321682s
I20260608 10:01:39.842231 21527 master_service.cc:502] Signed X509 certificate for tserver {username='slave'} at 127.0.0.1:48160
I20260608 10:01:40.623426 21654 heartbeater.cc:499] Master 127.18.51.254:33857 was elected leader, sending a full tablet report...
I20260608 10:01:40.738689 21729 heartbeater.cc:499] Master 127.18.51.254:33857 was elected leader, sending a full tablet report...
I20260608 10:01:40.845379 21803 heartbeater.cc:499] Master 127.18.51.254:33857 was elected leader, sending a full tablet report...
I20260608 10:01:40.908970 21527 catalog_manager.cc:2282] Servicing CreateTable request from {username='slave'} at 127.0.0.1:48162:
name: "range_aware_rebalance_new_range"
schema {
  columns {
    name: "key"
    type: INT32
    is_key: true
    is_nullable: false
    encoding: AUTO_ENCODING
    compression: DEFAULT_COMPRESSION
    cfile_block_size: 0
    immutable: false
  }
}
num_replicas: 3
split_rows_range_bounds {
  rows: "\006\001\000\000\000\000\007\001\n\000\000\000""\006\001\000\000\000\000\007\001\n\000\000\000"
  indirect_data: """"
}
partition_schema {
  hash_schema {
    columns {
      name: "key"
    }
    num_buckets: 8
    seed: 0
  }
  range_schema {
    columns {
      name: "key"
    }
  }
}
W20260608 10:01:40.911230 21527 catalog_manager.cc:7076] The number of live tablet servers is not enough to re-replicate a tablet replica of the newly created table range_aware_rebalance_new_range in case of a server failure: 4 tablet servers would be needed, 3 are available. Consider bringing up more tablet servers.
I20260608 10:01:40.980481 21619 tablet_service.cc:1511] Processing CreateTablet for tablet 9ae7e11bd93c4d9a9acbd44b56759313 (DEFAULT_TABLE table=range_aware_rebalance_new_range [id=d62e516892054fc088b7103f3617a87e]), partition=HASH (key) PARTITION 0, RANGE (key) PARTITION 0 <= VALUES < 10
I20260608 10:01:40.982455 21619 data_dirs.cc:400] Could only allocate 1 dirs of requested 3 for tablet 9ae7e11bd93c4d9a9acbd44b56759313. 1 dirs total, 0 dirs full, 0 dirs failed
I20260608 10:01:40.985311 21617 tablet_service.cc:1511] Processing CreateTablet for tablet 4739a9607c13449b992a3e145a62ee07 (DEFAULT_TABLE table=range_aware_rebalance_new_range [id=d62e516892054fc088b7103f3617a87e]), partition=HASH (key) PARTITION 2, RANGE (key) PARTITION 0 <= VALUES < 10
I20260608 10:01:40.987094 21617 data_dirs.cc:400] Could only allocate 1 dirs of requested 3 for tablet 4739a9607c13449b992a3e145a62ee07. 1 dirs total, 0 dirs full, 0 dirs failed
I20260608 10:01:40.991217 21616 tablet_service.cc:1511] Processing CreateTablet for tablet 07537276e3194759ae810095faf4e822 (DEFAULT_TABLE table=range_aware_rebalance_new_range [id=d62e516892054fc088b7103f3617a87e]), partition=HASH (key) PARTITION 3, RANGE (key) PARTITION 0 <= VALUES < 10
I20260608 10:01:40.993052 21616 data_dirs.cc:400] Could only allocate 1 dirs of requested 3 for tablet 07537276e3194759ae810095faf4e822. 1 dirs total, 0 dirs full, 0 dirs failed
I20260608 10:01:40.995131 21615 tablet_service.cc:1511] Processing CreateTablet for tablet fddbe6185f8e404ea93648b6a0a6cf0a (DEFAULT_TABLE table=range_aware_rebalance_new_range [id=d62e516892054fc088b7103f3617a87e]), partition=HASH (key) PARTITION 4, RANGE (key) PARTITION 0 <= VALUES < 10
I20260608 10:01:40.996877 21615 data_dirs.cc:400] Could only allocate 1 dirs of requested 3 for tablet fddbe6185f8e404ea93648b6a0a6cf0a. 1 dirs total, 0 dirs full, 0 dirs failed
I20260608 10:01:40.999176 21768 tablet_service.cc:1511] Processing CreateTablet for tablet 9ae7e11bd93c4d9a9acbd44b56759313 (DEFAULT_TABLE table=range_aware_rebalance_new_range [id=d62e516892054fc088b7103f3617a87e]), partition=HASH (key) PARTITION 0, RANGE (key) PARTITION 0 <= VALUES < 10
I20260608 10:01:41.000831 21768 data_dirs.cc:400] Could only allocate 1 dirs of requested 3 for tablet 9ae7e11bd93c4d9a9acbd44b56759313. 1 dirs total, 0 dirs full, 0 dirs failed
I20260608 10:01:40.998279 21618 tablet_service.cc:1511] Processing CreateTablet for tablet cde762278ecb435f8b14b18cafc4afa6 (DEFAULT_TABLE table=range_aware_rebalance_new_range [id=d62e516892054fc088b7103f3617a87e]), partition=HASH (key) PARTITION 1, RANGE (key) PARTITION 0 <= VALUES < 10
I20260608 10:01:41.003111 21618 data_dirs.cc:400] Could only allocate 1 dirs of requested 3 for tablet cde762278ecb435f8b14b18cafc4afa6. 1 dirs total, 0 dirs full, 0 dirs failed
I20260608 10:01:41.003307 21767 tablet_service.cc:1511] Processing CreateTablet for tablet cde762278ecb435f8b14b18cafc4afa6 (DEFAULT_TABLE table=range_aware_rebalance_new_range [id=d62e516892054fc088b7103f3617a87e]), partition=HASH (key) PARTITION 1, RANGE (key) PARTITION 0 <= VALUES < 10
I20260608 10:01:41.003479 21766 tablet_service.cc:1511] Processing CreateTablet for tablet 4739a9607c13449b992a3e145a62ee07 (DEFAULT_TABLE table=range_aware_rebalance_new_range [id=d62e516892054fc088b7103f3617a87e]), partition=HASH (key) PARTITION 2, RANGE (key) PARTITION 0 <= VALUES < 10
I20260608 10:01:41.004922 21767 data_dirs.cc:400] Could only allocate 1 dirs of requested 3 for tablet cde762278ecb435f8b14b18cafc4afa6. 1 dirs total, 0 dirs full, 0 dirs failed
I20260608 10:01:40.999191 21765 tablet_service.cc:1511] Processing CreateTablet for tablet 07537276e3194759ae810095faf4e822 (DEFAULT_TABLE table=range_aware_rebalance_new_range [id=d62e516892054fc088b7103f3617a87e]), partition=HASH (key) PARTITION 3, RANGE (key) PARTITION 0 <= VALUES < 10
I20260608 10:01:41.005774 21766 data_dirs.cc:400] Could only allocate 1 dirs of requested 3 for tablet 4739a9607c13449b992a3e145a62ee07. 1 dirs total, 0 dirs full, 0 dirs failed
I20260608 10:01:41.009075 21764 tablet_service.cc:1511] Processing CreateTablet for tablet fddbe6185f8e404ea93648b6a0a6cf0a (DEFAULT_TABLE table=range_aware_rebalance_new_range [id=d62e516892054fc088b7103f3617a87e]), partition=HASH (key) PARTITION 4, RANGE (key) PARTITION 0 <= VALUES < 10
I20260608 10:01:41.010980 21764 data_dirs.cc:400] Could only allocate 1 dirs of requested 3 for tablet fddbe6185f8e404ea93648b6a0a6cf0a. 1 dirs total, 0 dirs full, 0 dirs failed
I20260608 10:01:41.018195 21765 data_dirs.cc:400] Could only allocate 1 dirs of requested 3 for tablet 07537276e3194759ae810095faf4e822. 1 dirs total, 0 dirs full, 0 dirs failed
I20260608 10:01:41.031488 21763 tablet_service.cc:1511] Processing CreateTablet for tablet cd2533b02fbf42a5919bf4b2779d5ce5 (DEFAULT_TABLE table=range_aware_rebalance_new_range [id=d62e516892054fc088b7103f3617a87e]), partition=HASH (key) PARTITION 5, RANGE (key) PARTITION 0 <= VALUES < 10
I20260608 10:01:41.033427 21763 data_dirs.cc:400] Could only allocate 1 dirs of requested 3 for tablet cd2533b02fbf42a5919bf4b2779d5ce5. 1 dirs total, 0 dirs full, 0 dirs failed
I20260608 10:01:41.034614 21614 tablet_service.cc:1511] Processing CreateTablet for tablet cd2533b02fbf42a5919bf4b2779d5ce5 (DEFAULT_TABLE table=range_aware_rebalance_new_range [id=d62e516892054fc088b7103f3617a87e]), partition=HASH (key) PARTITION 5, RANGE (key) PARTITION 0 <= VALUES < 10
I20260608 10:01:41.036406 21614 data_dirs.cc:400] Could only allocate 1 dirs of requested 3 for tablet cd2533b02fbf42a5919bf4b2779d5ce5. 1 dirs total, 0 dirs full, 0 dirs failed
I20260608 10:01:41.041883 21613 tablet_service.cc:1511] Processing CreateTablet for tablet da9ad50035cf469d9c9d9dbfe6d7491d (DEFAULT_TABLE table=range_aware_rebalance_new_range [id=d62e516892054fc088b7103f3617a87e]), partition=HASH (key) PARTITION 6, RANGE (key) PARTITION 0 <= VALUES < 10
I20260608 10:01:41.044595 21612 tablet_service.cc:1511] Processing CreateTablet for tablet 1c1ff75ee9a74b76ba8373cc73376b25 (DEFAULT_TABLE table=range_aware_rebalance_new_range [id=d62e516892054fc088b7103f3617a87e]), partition=HASH (key) PARTITION 7, RANGE (key) PARTITION 0 <= VALUES < 10
I20260608 10:01:41.047261 21761 tablet_service.cc:1511] Processing CreateTablet for tablet 1c1ff75ee9a74b76ba8373cc73376b25 (DEFAULT_TABLE table=range_aware_rebalance_new_range [id=d62e516892054fc088b7103f3617a87e]), partition=HASH (key) PARTITION 7, RANGE (key) PARTITION 0 <= VALUES < 10
I20260608 10:01:41.049088 21761 data_dirs.cc:400] Could only allocate 1 dirs of requested 3 for tablet 1c1ff75ee9a74b76ba8373cc73376b25. 1 dirs total, 0 dirs full, 0 dirs failed
I20260608 10:01:41.051245 21762 tablet_service.cc:1511] Processing CreateTablet for tablet da9ad50035cf469d9c9d9dbfe6d7491d (DEFAULT_TABLE table=range_aware_rebalance_new_range [id=d62e516892054fc088b7103f3617a87e]), partition=HASH (key) PARTITION 6, RANGE (key) PARTITION 0 <= VALUES < 10
I20260608 10:01:41.054129 21693 tablet_service.cc:1511] Processing CreateTablet for tablet cde762278ecb435f8b14b18cafc4afa6 (DEFAULT_TABLE table=range_aware_rebalance_new_range [id=d62e516892054fc088b7103f3617a87e]), partition=HASH (key) PARTITION 1, RANGE (key) PARTITION 0 <= VALUES < 10
I20260608 10:01:41.055897 21693 data_dirs.cc:400] Could only allocate 1 dirs of requested 3 for tablet cde762278ecb435f8b14b18cafc4afa6. 1 dirs total, 0 dirs full, 0 dirs failed
I20260608 10:01:41.055763 21690 tablet_service.cc:1511] Processing CreateTablet for tablet fddbe6185f8e404ea93648b6a0a6cf0a (DEFAULT_TABLE table=range_aware_rebalance_new_range [id=d62e516892054fc088b7103f3617a87e]), partition=HASH (key) PARTITION 4, RANGE (key) PARTITION 0 <= VALUES < 10
I20260608 10:01:41.058403 21689 tablet_service.cc:1511] Processing CreateTablet for tablet cd2533b02fbf42a5919bf4b2779d5ce5 (DEFAULT_TABLE table=range_aware_rebalance_new_range [id=d62e516892054fc088b7103f3617a87e]), partition=HASH (key) PARTITION 5, RANGE (key) PARTITION 0 <= VALUES < 10
I20260608 10:01:41.059279 21691 tablet_service.cc:1511] Processing CreateTablet for tablet 07537276e3194759ae810095faf4e822 (DEFAULT_TABLE table=range_aware_rebalance_new_range [id=d62e516892054fc088b7103f3617a87e]), partition=HASH (key) PARTITION 3, RANGE (key) PARTITION 0 <= VALUES < 10
I20260608 10:01:41.061030 21688 tablet_service.cc:1511] Processing CreateTablet for tablet da9ad50035cf469d9c9d9dbfe6d7491d (DEFAULT_TABLE table=range_aware_rebalance_new_range [id=d62e516892054fc088b7103f3617a87e]), partition=HASH (key) PARTITION 6, RANGE (key) PARTITION 0 <= VALUES < 10
I20260608 10:01:41.062743 21694 tablet_service.cc:1511] Processing CreateTablet for tablet 9ae7e11bd93c4d9a9acbd44b56759313 (DEFAULT_TABLE table=range_aware_rebalance_new_range [id=d62e516892054fc088b7103f3617a87e]), partition=HASH (key) PARTITION 0, RANGE (key) PARTITION 0 <= VALUES < 10
I20260608 10:01:41.065073 21692 tablet_service.cc:1511] Processing CreateTablet for tablet 4739a9607c13449b992a3e145a62ee07 (DEFAULT_TABLE table=range_aware_rebalance_new_range [id=d62e516892054fc088b7103f3617a87e]), partition=HASH (key) PARTITION 2, RANGE (key) PARTITION 0 <= VALUES < 10
I20260608 10:01:41.066567 21687 tablet_service.cc:1511] Processing CreateTablet for tablet 1c1ff75ee9a74b76ba8373cc73376b25 (DEFAULT_TABLE table=range_aware_rebalance_new_range [id=d62e516892054fc088b7103f3617a87e]), partition=HASH (key) PARTITION 7, RANGE (key) PARTITION 0 <= VALUES < 10
I20260608 10:01:41.067437 21762 data_dirs.cc:400] Could only allocate 1 dirs of requested 3 for tablet da9ad50035cf469d9c9d9dbfe6d7491d. 1 dirs total, 0 dirs full, 0 dirs failed
I20260608 10:01:41.069283 21690 data_dirs.cc:400] Could only allocate 1 dirs of requested 3 for tablet fddbe6185f8e404ea93648b6a0a6cf0a. 1 dirs total, 0 dirs full, 0 dirs failed
I20260608 10:01:41.070577 21612 data_dirs.cc:400] Could only allocate 1 dirs of requested 3 for tablet 1c1ff75ee9a74b76ba8373cc73376b25. 1 dirs total, 0 dirs full, 0 dirs failed
I20260608 10:01:41.072664 21688 data_dirs.cc:400] Could only allocate 1 dirs of requested 3 for tablet da9ad50035cf469d9c9d9dbfe6d7491d. 1 dirs total, 0 dirs full, 0 dirs failed
I20260608 10:01:41.073544 21689 data_dirs.cc:400] Could only allocate 1 dirs of requested 3 for tablet cd2533b02fbf42a5919bf4b2779d5ce5. 1 dirs total, 0 dirs full, 0 dirs failed
I20260608 10:01:41.073889 21613 data_dirs.cc:400] Could only allocate 1 dirs of requested 3 for tablet da9ad50035cf469d9c9d9dbfe6d7491d. 1 dirs total, 0 dirs full, 0 dirs failed
I20260608 10:01:41.078590 21691 data_dirs.cc:400] Could only allocate 1 dirs of requested 3 for tablet 07537276e3194759ae810095faf4e822. 1 dirs total, 0 dirs full, 0 dirs failed
I20260608 10:01:41.081326 21692 data_dirs.cc:400] Could only allocate 1 dirs of requested 3 for tablet 4739a9607c13449b992a3e145a62ee07. 1 dirs total, 0 dirs full, 0 dirs failed
I20260608 10:01:41.098562 21687 data_dirs.cc:400] Could only allocate 1 dirs of requested 3 for tablet 1c1ff75ee9a74b76ba8373cc73376b25. 1 dirs total, 0 dirs full, 0 dirs failed
I20260608 10:01:41.102481 21694 data_dirs.cc:400] Could only allocate 1 dirs of requested 3 for tablet 9ae7e11bd93c4d9a9acbd44b56759313. 1 dirs total, 0 dirs full, 0 dirs failed
I20260608 10:01:41.182966 21825 tablet_bootstrap.cc:492] T cd2533b02fbf42a5919bf4b2779d5ce5 P 4da1f146c70b4d57855a95c25255cd57: Bootstrap starting.
I20260608 10:01:41.191984 21823 tablet_bootstrap.cc:492] T 07537276e3194759ae810095faf4e822 P 4900f0070a524f9687756f927dd88307: Bootstrap starting.
I20260608 10:01:41.201447 21825 tablet_bootstrap.cc:654] T cd2533b02fbf42a5919bf4b2779d5ce5 P 4da1f146c70b4d57855a95c25255cd57: Neither blocks nor log segments found. Creating new log.
I20260608 10:01:41.203008 21824 tablet_bootstrap.cc:492] T 07537276e3194759ae810095faf4e822 P 0b90166764774e3699f29b32347e4efc: Bootstrap starting.
I20260608 10:01:41.216419 21824 tablet_bootstrap.cc:654] T 07537276e3194759ae810095faf4e822 P 0b90166764774e3699f29b32347e4efc: Neither blocks nor log segments found. Creating new log.
I20260608 10:01:41.228087 21823 tablet_bootstrap.cc:654] T 07537276e3194759ae810095faf4e822 P 4900f0070a524f9687756f927dd88307: Neither blocks nor log segments found. Creating new log.
I20260608 10:01:41.229671 21825 tablet_bootstrap.cc:492] T cd2533b02fbf42a5919bf4b2779d5ce5 P 4da1f146c70b4d57855a95c25255cd57: No bootstrap required, opened a new log
I20260608 10:01:41.230283 21825 ts_tablet_manager.cc:1403] T cd2533b02fbf42a5919bf4b2779d5ce5 P 4da1f146c70b4d57855a95c25255cd57: Time spent bootstrapping tablet: real 0.048s	user 0.021s	sys 0.009s
I20260608 10:01:41.233268 21824 tablet_bootstrap.cc:492] T 07537276e3194759ae810095faf4e822 P 0b90166764774e3699f29b32347e4efc: No bootstrap required, opened a new log
I20260608 10:01:41.233830 21824 ts_tablet_manager.cc:1403] T 07537276e3194759ae810095faf4e822 P 0b90166764774e3699f29b32347e4efc: Time spent bootstrapping tablet: real 0.032s	user 0.009s	sys 0.003s
I20260608 10:01:41.233458 21825 raft_consensus.cc:359] T cd2533b02fbf42a5919bf4b2779d5ce5 P 4da1f146c70b4d57855a95c25255cd57 [term 0 FOLLOWER]: Replica starting. Triggering 0 pending ops. Active config: opid_index: -1 OBSOLETE_local: false peers { permanent_uuid: "0b90166764774e3699f29b32347e4efc" member_type: VOTER last_known_addr { host: "127.18.51.193" port: 33811 } } peers { permanent_uuid: "4da1f146c70b4d57855a95c25255cd57" member_type: VOTER last_known_addr { host: "127.18.51.194" port: 45373 } } peers { permanent_uuid: "4900f0070a524f9687756f927dd88307" member_type: VOTER last_known_addr { host: "127.18.51.195" port: 40709 } }
I20260608 10:01:41.234293 21825 raft_consensus.cc:385] T cd2533b02fbf42a5919bf4b2779d5ce5 P 4da1f146c70b4d57855a95c25255cd57 [term 0 FOLLOWER]: Consensus starting up: Expiring failure detector timer to make a prompt election more likely
I20260608 10:01:41.234606 21825 raft_consensus.cc:740] T cd2533b02fbf42a5919bf4b2779d5ce5 P 4da1f146c70b4d57855a95c25255cd57 [term 0 FOLLOWER]: Becoming Follower/Learner. State: Replica: 4da1f146c70b4d57855a95c25255cd57, State: Initialized, Role: FOLLOWER
I20260608 10:01:41.235442 21825 consensus_queue.cc:260] T cd2533b02fbf42a5919bf4b2779d5ce5 P 4da1f146c70b4d57855a95c25255cd57 [NON_LEADER]: Queue going to NON_LEADER mode. State: All replicated index: 0, Majority replicated index: 0, Committed index: 0, Last appended: 0.0, Last appended by leader: 0, Current term: 0, Majority size: -1, State: 0, Mode: NON_LEADER, active raft config: opid_index: -1 OBSOLETE_local: false peers { permanent_uuid: "0b90166764774e3699f29b32347e4efc" member_type: VOTER last_known_addr { host: "127.18.51.193" port: 33811 } } peers { permanent_uuid: "4da1f146c70b4d57855a95c25255cd57" member_type: VOTER last_known_addr { host: "127.18.51.194" port: 45373 } } peers { permanent_uuid: "4900f0070a524f9687756f927dd88307" member_type: VOTER last_known_addr { host: "127.18.51.195" port: 40709 } }
I20260608 10:01:41.237107 21824 raft_consensus.cc:359] T 07537276e3194759ae810095faf4e822 P 0b90166764774e3699f29b32347e4efc [term 0 FOLLOWER]: Replica starting. Triggering 0 pending ops. Active config: opid_index: -1 OBSOLETE_local: false peers { permanent_uuid: "4da1f146c70b4d57855a95c25255cd57" member_type: VOTER last_known_addr { host: "127.18.51.194" port: 45373 } } peers { permanent_uuid: "0b90166764774e3699f29b32347e4efc" member_type: VOTER last_known_addr { host: "127.18.51.193" port: 33811 } } peers { permanent_uuid: "4900f0070a524f9687756f927dd88307" member_type: VOTER last_known_addr { host: "127.18.51.195" port: 40709 } }
I20260608 10:01:41.238188 21824 raft_consensus.cc:385] T 07537276e3194759ae810095faf4e822 P 0b90166764774e3699f29b32347e4efc [term 0 FOLLOWER]: Consensus starting up: Expiring failure detector timer to make a prompt election more likely
I20260608 10:01:41.238590 21824 raft_consensus.cc:740] T 07537276e3194759ae810095faf4e822 P 0b90166764774e3699f29b32347e4efc [term 0 FOLLOWER]: Becoming Follower/Learner. State: Replica: 0b90166764774e3699f29b32347e4efc, State: Initialized, Role: FOLLOWER
I20260608 10:01:41.238850 21823 tablet_bootstrap.cc:492] T 07537276e3194759ae810095faf4e822 P 4900f0070a524f9687756f927dd88307: No bootstrap required, opened a new log
I20260608 10:01:41.239568 21823 ts_tablet_manager.cc:1403] T 07537276e3194759ae810095faf4e822 P 4900f0070a524f9687756f927dd88307: Time spent bootstrapping tablet: real 0.048s	user 0.013s	sys 0.000s
I20260608 10:01:41.240240 21825 ts_tablet_manager.cc:1434] T cd2533b02fbf42a5919bf4b2779d5ce5 P 4da1f146c70b4d57855a95c25255cd57: Time spent starting tablet: real 0.010s	user 0.005s	sys 0.004s
I20260608 10:01:41.239755 21824 consensus_queue.cc:260] T 07537276e3194759ae810095faf4e822 P 0b90166764774e3699f29b32347e4efc [NON_LEADER]: Queue going to NON_LEADER mode. State: All replicated index: 0, Majority replicated index: 0, Committed index: 0, Last appended: 0.0, Last appended by leader: 0, Current term: 0, Majority size: -1, State: 0, Mode: NON_LEADER, active raft config: opid_index: -1 OBSOLETE_local: false peers { permanent_uuid: "4da1f146c70b4d57855a95c25255cd57" member_type: VOTER last_known_addr { host: "127.18.51.194" port: 45373 } } peers { permanent_uuid: "0b90166764774e3699f29b32347e4efc" member_type: VOTER last_known_addr { host: "127.18.51.193" port: 33811 } } peers { permanent_uuid: "4900f0070a524f9687756f927dd88307" member_type: VOTER last_known_addr { host: "127.18.51.195" port: 40709 } }
I20260608 10:01:41.241671 21825 tablet_bootstrap.cc:492] T fddbe6185f8e404ea93648b6a0a6cf0a P 4da1f146c70b4d57855a95c25255cd57: Bootstrap starting.
I20260608 10:01:41.243322 21823 raft_consensus.cc:359] T 07537276e3194759ae810095faf4e822 P 4900f0070a524f9687756f927dd88307 [term 0 FOLLOWER]: Replica starting. Triggering 0 pending ops. Active config: opid_index: -1 OBSOLETE_local: false peers { permanent_uuid: "4da1f146c70b4d57855a95c25255cd57" member_type: VOTER last_known_addr { host: "127.18.51.194" port: 45373 } } peers { permanent_uuid: "0b90166764774e3699f29b32347e4efc" member_type: VOTER last_known_addr { host: "127.18.51.193" port: 33811 } } peers { permanent_uuid: "4900f0070a524f9687756f927dd88307" member_type: VOTER last_known_addr { host: "127.18.51.195" port: 40709 } }
I20260608 10:01:41.244299 21823 raft_consensus.cc:385] T 07537276e3194759ae810095faf4e822 P 4900f0070a524f9687756f927dd88307 [term 0 FOLLOWER]: Consensus starting up: Expiring failure detector timer to make a prompt election more likely
I20260608 10:01:41.244679 21823 raft_consensus.cc:740] T 07537276e3194759ae810095faf4e822 P 4900f0070a524f9687756f927dd88307 [term 0 FOLLOWER]: Becoming Follower/Learner. State: Replica: 4900f0070a524f9687756f927dd88307, State: Initialized, Role: FOLLOWER
I20260608 10:01:41.245749 21823 consensus_queue.cc:260] T 07537276e3194759ae810095faf4e822 P 4900f0070a524f9687756f927dd88307 [NON_LEADER]: Queue going to NON_LEADER mode. State: All replicated index: 0, Majority replicated index: 0, Committed index: 0, Last appended: 0.0, Last appended by leader: 0, Current term: 0, Majority size: -1, State: 0, Mode: NON_LEADER, active raft config: opid_index: -1 OBSOLETE_local: false peers { permanent_uuid: "4da1f146c70b4d57855a95c25255cd57" member_type: VOTER last_known_addr { host: "127.18.51.194" port: 45373 } } peers { permanent_uuid: "0b90166764774e3699f29b32347e4efc" member_type: VOTER last_known_addr { host: "127.18.51.193" port: 33811 } } peers { permanent_uuid: "4900f0070a524f9687756f927dd88307" member_type: VOTER last_known_addr { host: "127.18.51.195" port: 40709 } }
I20260608 10:01:41.252310 21825 tablet_bootstrap.cc:654] T fddbe6185f8e404ea93648b6a0a6cf0a P 4da1f146c70b4d57855a95c25255cd57: Neither blocks nor log segments found. Creating new log.
I20260608 10:01:41.261168 21824 ts_tablet_manager.cc:1434] T 07537276e3194759ae810095faf4e822 P 0b90166764774e3699f29b32347e4efc: Time spent starting tablet: real 0.027s	user 0.015s	sys 0.010s
I20260608 10:01:41.261765 21823 ts_tablet_manager.cc:1434] T 07537276e3194759ae810095faf4e822 P 4900f0070a524f9687756f927dd88307: Time spent starting tablet: real 0.022s	user 0.015s	sys 0.005s
I20260608 10:01:41.262631 21824 tablet_bootstrap.cc:492] T fddbe6185f8e404ea93648b6a0a6cf0a P 0b90166764774e3699f29b32347e4efc: Bootstrap starting.
I20260608 10:01:41.264955 21825 tablet_bootstrap.cc:492] T fddbe6185f8e404ea93648b6a0a6cf0a P 4da1f146c70b4d57855a95c25255cd57: No bootstrap required, opened a new log
I20260608 10:01:41.265640 21825 ts_tablet_manager.cc:1403] T fddbe6185f8e404ea93648b6a0a6cf0a P 4da1f146c70b4d57855a95c25255cd57: Time spent bootstrapping tablet: real 0.024s	user 0.022s	sys 0.000s
I20260608 10:01:41.266139 21823 tablet_bootstrap.cc:492] T 4739a9607c13449b992a3e145a62ee07 P 4900f0070a524f9687756f927dd88307: Bootstrap starting.
I20260608 10:01:41.268020 21830 raft_consensus.cc:493] T 07537276e3194759ae810095faf4e822 P 0b90166764774e3699f29b32347e4efc [term 0 FOLLOWER]: Starting pre-election (no leader contacted us within the election timeout)
I20260608 10:01:41.268635 21830 raft_consensus.cc:515] T 07537276e3194759ae810095faf4e822 P 0b90166764774e3699f29b32347e4efc [term 0 FOLLOWER]: Starting pre-election with config: opid_index: -1 OBSOLETE_local: false peers { permanent_uuid: "4da1f146c70b4d57855a95c25255cd57" member_type: VOTER last_known_addr { host: "127.18.51.194" port: 45373 } } peers { permanent_uuid: "0b90166764774e3699f29b32347e4efc" member_type: VOTER last_known_addr { host: "127.18.51.193" port: 33811 } } peers { permanent_uuid: "4900f0070a524f9687756f927dd88307" member_type: VOTER last_known_addr { host: "127.18.51.195" port: 40709 } }
I20260608 10:01:41.269287 21825 raft_consensus.cc:359] T fddbe6185f8e404ea93648b6a0a6cf0a P 4da1f146c70b4d57855a95c25255cd57 [term 0 FOLLOWER]: Replica starting. Triggering 0 pending ops. Active config: opid_index: -1 OBSOLETE_local: false peers { permanent_uuid: "0b90166764774e3699f29b32347e4efc" member_type: VOTER last_known_addr { host: "127.18.51.193" port: 33811 } } peers { permanent_uuid: "4da1f146c70b4d57855a95c25255cd57" member_type: VOTER last_known_addr { host: "127.18.51.194" port: 45373 } } peers { permanent_uuid: "4900f0070a524f9687756f927dd88307" member_type: VOTER last_known_addr { host: "127.18.51.195" port: 40709 } }
I20260608 10:01:41.270277 21825 raft_consensus.cc:385] T fddbe6185f8e404ea93648b6a0a6cf0a P 4da1f146c70b4d57855a95c25255cd57 [term 0 FOLLOWER]: Consensus starting up: Expiring failure detector timer to make a prompt election more likely
I20260608 10:01:41.270709 21825 raft_consensus.cc:740] T fddbe6185f8e404ea93648b6a0a6cf0a P 4da1f146c70b4d57855a95c25255cd57 [term 0 FOLLOWER]: Becoming Follower/Learner. State: Replica: 4da1f146c70b4d57855a95c25255cd57, State: Initialized, Role: FOLLOWER
I20260608 10:01:41.272082 21824 tablet_bootstrap.cc:654] T fddbe6185f8e404ea93648b6a0a6cf0a P 0b90166764774e3699f29b32347e4efc: Neither blocks nor log segments found. Creating new log.
I20260608 10:01:41.271652 21825 consensus_queue.cc:260] T fddbe6185f8e404ea93648b6a0a6cf0a P 4da1f146c70b4d57855a95c25255cd57 [NON_LEADER]: Queue going to NON_LEADER mode. State: All replicated index: 0, Majority replicated index: 0, Committed index: 0, Last appended: 0.0, Last appended by leader: 0, Current term: 0, Majority size: -1, State: 0, Mode: NON_LEADER, active raft config: opid_index: -1 OBSOLETE_local: false peers { permanent_uuid: "0b90166764774e3699f29b32347e4efc" member_type: VOTER last_known_addr { host: "127.18.51.193" port: 33811 } } peers { permanent_uuid: "4da1f146c70b4d57855a95c25255cd57" member_type: VOTER last_known_addr { host: "127.18.51.194" port: 45373 } } peers { permanent_uuid: "4900f0070a524f9687756f927dd88307" member_type: VOTER last_known_addr { host: "127.18.51.195" port: 40709 } }
I20260608 10:01:41.273677 21823 tablet_bootstrap.cc:654] T 4739a9607c13449b992a3e145a62ee07 P 4900f0070a524f9687756f927dd88307: Neither blocks nor log segments found. Creating new log.
I20260608 10:01:41.274519 21825 ts_tablet_manager.cc:1434] T fddbe6185f8e404ea93648b6a0a6cf0a P 4da1f146c70b4d57855a95c25255cd57: Time spent starting tablet: real 0.008s	user 0.007s	sys 0.000s
I20260608 10:01:41.275949 21825 tablet_bootstrap.cc:492] T cde762278ecb435f8b14b18cafc4afa6 P 4da1f146c70b4d57855a95c25255cd57: Bootstrap starting.
I20260608 10:01:41.285190 21825 tablet_bootstrap.cc:654] T cde762278ecb435f8b14b18cafc4afa6 P 4da1f146c70b4d57855a95c25255cd57: Neither blocks nor log segments found. Creating new log.
I20260608 10:01:41.286375 21823 tablet_bootstrap.cc:492] T 4739a9607c13449b992a3e145a62ee07 P 4900f0070a524f9687756f927dd88307: No bootstrap required, opened a new log
I20260608 10:01:41.287060 21823 ts_tablet_manager.cc:1403] T 4739a9607c13449b992a3e145a62ee07 P 4900f0070a524f9687756f927dd88307: Time spent bootstrapping tablet: real 0.021s	user 0.011s	sys 0.008s
I20260608 10:01:41.290585 21823 raft_consensus.cc:359] T 4739a9607c13449b992a3e145a62ee07 P 4900f0070a524f9687756f927dd88307 [term 0 FOLLOWER]: Replica starting. Triggering 0 pending ops. Active config: opid_index: -1 OBSOLETE_local: false peers { permanent_uuid: "0b90166764774e3699f29b32347e4efc" member_type: VOTER last_known_addr { host: "127.18.51.193" port: 33811 } } peers { permanent_uuid: "4da1f146c70b4d57855a95c25255cd57" member_type: VOTER last_known_addr { host: "127.18.51.194" port: 45373 } } peers { permanent_uuid: "4900f0070a524f9687756f927dd88307" member_type: VOTER last_known_addr { host: "127.18.51.195" port: 40709 } }
I20260608 10:01:41.291399 21823 raft_consensus.cc:385] T 4739a9607c13449b992a3e145a62ee07 P 4900f0070a524f9687756f927dd88307 [term 0 FOLLOWER]: Consensus starting up: Expiring failure detector timer to make a prompt election more likely
I20260608 10:01:41.291733 21823 raft_consensus.cc:740] T 4739a9607c13449b992a3e145a62ee07 P 4900f0070a524f9687756f927dd88307 [term 0 FOLLOWER]: Becoming Follower/Learner. State: Replica: 4900f0070a524f9687756f927dd88307, State: Initialized, Role: FOLLOWER
I20260608 10:01:41.292801 21823 consensus_queue.cc:260] T 4739a9607c13449b992a3e145a62ee07 P 4900f0070a524f9687756f927dd88307 [NON_LEADER]: Queue going to NON_LEADER mode. State: All replicated index: 0, Majority replicated index: 0, Committed index: 0, Last appended: 0.0, Last appended by leader: 0, Current term: 0, Majority size: -1, State: 0, Mode: NON_LEADER, active raft config: opid_index: -1 OBSOLETE_local: false peers { permanent_uuid: "0b90166764774e3699f29b32347e4efc" member_type: VOTER last_known_addr { host: "127.18.51.193" port: 33811 } } peers { permanent_uuid: "4da1f146c70b4d57855a95c25255cd57" member_type: VOTER last_known_addr { host: "127.18.51.194" port: 45373 } } peers { permanent_uuid: "4900f0070a524f9687756f927dd88307" member_type: VOTER last_known_addr { host: "127.18.51.195" port: 40709 } }
I20260608 10:01:41.295567 21823 ts_tablet_manager.cc:1434] T 4739a9607c13449b992a3e145a62ee07 P 4900f0070a524f9687756f927dd88307: Time spent starting tablet: real 0.008s	user 0.007s	sys 0.001s
I20260608 10:01:41.296693 21823 tablet_bootstrap.cc:492] T fddbe6185f8e404ea93648b6a0a6cf0a P 4900f0070a524f9687756f927dd88307: Bootstrap starting.
I20260608 10:01:41.299203 21830 leader_election.cc:290] T 07537276e3194759ae810095faf4e822 P 0b90166764774e3699f29b32347e4efc [CANDIDATE]: Term 1 pre-election: Requested pre-vote from peers 4da1f146c70b4d57855a95c25255cd57 (127.18.51.194:45373), 4900f0070a524f9687756f927dd88307 (127.18.51.195:40709)
I20260608 10:01:41.303435 21823 tablet_bootstrap.cc:654] T fddbe6185f8e404ea93648b6a0a6cf0a P 4900f0070a524f9687756f927dd88307: Neither blocks nor log segments found. Creating new log.
I20260608 10:01:41.314738 21824 tablet_bootstrap.cc:492] T fddbe6185f8e404ea93648b6a0a6cf0a P 0b90166764774e3699f29b32347e4efc: No bootstrap required, opened a new log
I20260608 10:01:41.315475 21824 ts_tablet_manager.cc:1403] T fddbe6185f8e404ea93648b6a0a6cf0a P 0b90166764774e3699f29b32347e4efc: Time spent bootstrapping tablet: real 0.053s	user 0.013s	sys 0.000s
I20260608 10:01:41.317140 21823 tablet_bootstrap.cc:492] T fddbe6185f8e404ea93648b6a0a6cf0a P 4900f0070a524f9687756f927dd88307: No bootstrap required, opened a new log
