I20260608 10:01:40.112468 10336 tablet_service.cc:1511] Processing CreateTablet for tablet f8714c26ed88448e8afcb4a65dc3f5f4 (DEFAULT_TABLE table=range_aware_rebalance_new_range [id=83651081548e42188822c8dea761d1fd]), partition=HASH (key) PARTITION 2, RANGE (key) PARTITION 10 <= VALUES < 20
I20260608 10:01:40.114548 10104 tablet_service.cc:1511] Processing CreateTablet for tablet 5f0b8b70f843409cbd5df4b916c4a6f0 (DEFAULT_TABLE table=range_aware_rebalance_new_range [id=83651081548e42188822c8dea761d1fd]), partition=HASH (key) PARTITION 3, RANGE (key) PARTITION 10 <= VALUES < 20
I20260608 10:01:40.115127 10335 tablet_service.cc:1511] Processing CreateTablet for tablet 5f0b8b70f843409cbd5df4b916c4a6f0 (DEFAULT_TABLE table=range_aware_rebalance_new_range [id=83651081548e42188822c8dea761d1fd]), partition=HASH (key) PARTITION 3, RANGE (key) PARTITION 10 <= VALUES < 20
I20260608 10:01:40.116209 10104 data_dirs.cc:400] Could only allocate 1 dirs of requested 3 for tablet 5f0b8b70f843409cbd5df4b916c4a6f0. 1 dirs total, 0 dirs full, 0 dirs failed
I20260608 10:01:40.113193 10338 tablet_service.cc:1511] Processing CreateTablet for tablet 2022bb865bdc4a3dad7b5ec95ec178bc (DEFAULT_TABLE table=range_aware_rebalance_new_range [id=83651081548e42188822c8dea761d1fd]), partition=HASH (key) PARTITION 0, RANGE (key) PARTITION 10 <= VALUES < 20
I20260608 10:01:40.115722 10336 data_dirs.cc:400] Could only allocate 1 dirs of requested 3 for tablet f8714c26ed88448e8afcb4a65dc3f5f4. 1 dirs total, 0 dirs full, 0 dirs failed
I20260608 10:01:40.110914 10337 tablet_service.cc:1511] Processing CreateTablet for tablet 0eb0bbaa7ec44e3680add477bbbf60e5 (DEFAULT_TABLE table=range_aware_rebalance_new_range [id=83651081548e42188822c8dea761d1fd]), partition=HASH (key) PARTITION 1, RANGE (key) PARTITION 10 <= VALUES < 20
I20260608 10:01:40.119966 10335 data_dirs.cc:400] Could only allocate 1 dirs of requested 3 for tablet 5f0b8b70f843409cbd5df4b916c4a6f0. 1 dirs total, 0 dirs full, 0 dirs failed
I20260608 10:01:40.131188 10192 raft_consensus.cc:3060] T 035e641741e84555bd0f6c874fc51480 P 94193f2fb3cb4c418063211eb82284a8 [term 0 FOLLOWER]: Advancing to term 1
I20260608 10:01:40.137290 10025 tablet_service.cc:1511] Processing CreateTablet for tablet 0eb0bbaa7ec44e3680add477bbbf60e5 (DEFAULT_TABLE table=range_aware_rebalance_new_range [id=83651081548e42188822c8dea761d1fd]), partition=HASH (key) PARTITION 1, RANGE (key) PARTITION 10 <= VALUES < 20
I20260608 10:01:40.139192 10239 tablet_bootstrap.cc:492] T 2022bb865bdc4a3dad7b5ec95ec178bc P 0e78f45ac6ca450db5d10d14fa1f257a: Bootstrap starting.
I20260608 10:01:40.139636 10025 data_dirs.cc:400] Could only allocate 1 dirs of requested 3 for tablet 0eb0bbaa7ec44e3680add477bbbf60e5. 1 dirs total, 0 dirs full, 0 dirs failed
I20260608 10:01:40.141147 10283 raft_consensus.cc:493] T 5e9337eda66b4b618e440d957f42f974 P 0e78f45ac6ca450db5d10d14fa1f257a [term 0 FOLLOWER]: Starting pre-election (no leader contacted us within the election timeout)
I20260608 10:01:40.141683 10283 raft_consensus.cc:515] T 5e9337eda66b4b618e440d957f42f974 P 0e78f45ac6ca450db5d10d14fa1f257a [term 0 FOLLOWER]: Starting pre-election with config: opid_index: -1 OBSOLETE_local: false peers { permanent_uuid: "650c75d0b33840f1a88910e9623363d5" member_type: VOTER last_known_addr { host: "127.6.226.2" port: 45735 } } peers { permanent_uuid: "0e78f45ac6ca450db5d10d14fa1f257a" member_type: VOTER last_known_addr { host: "127.6.226.1" port: 34161 } } peers { permanent_uuid: "94193f2fb3cb4c418063211eb82284a8" member_type: VOTER last_known_addr { host: "127.6.226.3" port: 38435 } }
I20260608 10:01:40.144374 10283 leader_election.cc:290] T 5e9337eda66b4b618e440d957f42f974 P 0e78f45ac6ca450db5d10d14fa1f257a [CANDIDATE]: Term 1 pre-election: Requested pre-vote from peers 650c75d0b33840f1a88910e9623363d5 (127.6.226.2:45735), 94193f2fb3cb4c418063211eb82284a8 (127.6.226.3:38435)
I20260608 10:01:40.146998 10338 data_dirs.cc:400] Could only allocate 1 dirs of requested 3 for tablet 2022bb865bdc4a3dad7b5ec95ec178bc. 1 dirs total, 0 dirs full, 0 dirs failed
I20260608 10:01:40.150900 10191 tablet_service.cc:1917] Received RequestConsensusVote() RPC: tablet_id: "5e9337eda66b4b618e440d957f42f974" candidate_uuid: "0e78f45ac6ca450db5d10d14fa1f257a" candidate_term: 1 candidate_status { last_received { term: 0 index: 0 } } ignore_live_leader: false dest_uuid: "94193f2fb3cb4c418063211eb82284a8" is_pre_election: true
I20260608 10:01:40.154697 10273 consensus_queue.cc:1048] T 6f6f42a8e51d43689e03f3bf84891ac6 P 650c75d0b33840f1a88910e9623363d5 [LEADER]: Connected to new peer: Peer: permanent_uuid: "0e78f45ac6ca450db5d10d14fa1f257a" member_type: VOTER last_known_addr { host: "127.6.226.1" port: 34161 }, Status: LMP_MISMATCH, Last received: 0.0, Next index: 1, Last known committed idx: 0, Time since last communication: 0.001s
I20260608 10:01:40.160967 10182 tablet_service.cc:1511] Processing CreateTablet for tablet f8714c26ed88448e8afcb4a65dc3f5f4 (DEFAULT_TABLE table=range_aware_rebalance_new_range [id=83651081548e42188822c8dea761d1fd]), partition=HASH (key) PARTITION 2, RANGE (key) PARTITION 10 <= VALUES < 20
I20260608 10:01:40.162766 10182 data_dirs.cc:400] Could only allocate 1 dirs of requested 3 for tablet f8714c26ed88448e8afcb4a65dc3f5f4. 1 dirs total, 0 dirs full, 0 dirs failed
I20260608 10:01:40.169320 10239 tablet_bootstrap.cc:654] T 2022bb865bdc4a3dad7b5ec95ec178bc P 0e78f45ac6ca450db5d10d14fa1f257a: Neither blocks nor log segments found. Creating new log.
I20260608 10:01:40.177053 10337 data_dirs.cc:400] Could only allocate 1 dirs of requested 3 for tablet 0eb0bbaa7ec44e3680add477bbbf60e5. 1 dirs total, 0 dirs full, 0 dirs failed
I20260608 10:01:40.181264 10379 tablet_bootstrap.cc:492] T 2022bb865bdc4a3dad7b5ec95ec178bc P 650c75d0b33840f1a88910e9623363d5: Bootstrap starting.
W20260608 10:01:40.184293  9986 auto_rebalancer.cc:259] Could not retrieve cluster info: Service unavailable: Tablet not running
I20260608 10:01:40.191666 10379 tablet_bootstrap.cc:654] T 2022bb865bdc4a3dad7b5ec95ec178bc P 650c75d0b33840f1a88910e9623363d5: Neither blocks nor log segments found. Creating new log.
I20260608 10:01:40.212177 10291 consensus_queue.cc:1048] T 5e9337eda66b4b618e440d957f42f974 P 94193f2fb3cb4c418063211eb82284a8 [LEADER]: Connected to new peer: Peer: permanent_uuid: "650c75d0b33840f1a88910e9623363d5" member_type: VOTER last_known_addr { host: "127.6.226.2" port: 45735 }, Status: LMP_MISMATCH, Last received: 0.0, Next index: 1, Last known committed idx: 0, Time since last communication: 0.001s
I20260608 10:01:40.219115 10334 tablet_service.cc:1511] Processing CreateTablet for tablet 376970318e0c4746b5b1d6b99ef36985 (DEFAULT_TABLE table=range_aware_rebalance_new_range [id=83651081548e42188822c8dea761d1fd]), partition=HASH (key) PARTITION 4, RANGE (key) PARTITION 10 <= VALUES < 20
I20260608 10:01:40.220695 10283 consensus_queue.cc:1048] T f747f392225c473faa3938a9729bb559 P 0e78f45ac6ca450db5d10d14fa1f257a [LEADER]: Connected to new peer: Peer: permanent_uuid: "94193f2fb3cb4c418063211eb82284a8" member_type: VOTER last_known_addr { host: "127.6.226.3" port: 38435 }, Status: LMP_MISMATCH, Last received: 0.0, Next index: 1, Last known committed idx: 0, Time since last communication: 0.001s
I20260608 10:01:40.222101 10117 tablet_service.cc:1917] Received RequestConsensusVote() RPC: tablet_id: "5e9337eda66b4b618e440d957f42f974" candidate_uuid: "0e78f45ac6ca450db5d10d14fa1f257a" candidate_term: 1 candidate_status { last_received { term: 0 index: 0 } } ignore_live_leader: false dest_uuid: "650c75d0b33840f1a88910e9623363d5" is_pre_election: true
I20260608 10:01:40.252121 10247 consensus_queue.cc:1048] T 035e641741e84555bd0f6c874fc51480 P 0e78f45ac6ca450db5d10d14fa1f257a [LEADER]: Connected to new peer: Peer: permanent_uuid: "94193f2fb3cb4c418063211eb82284a8" member_type: VOTER last_known_addr { host: "127.6.226.3" port: 38435 }, Status: LMP_MISMATCH, Last received: 0.0, Next index: 1, Last known committed idx: 0, Time since last communication: 0.001s
I20260608 10:01:40.254863 10274 raft_consensus.cc:493] T 035e641741e84555bd0f6c874fc51480 P 94193f2fb3cb4c418063211eb82284a8 [term 1 FOLLOWER]: Starting pre-election (no leader contacted us within the election timeout)
I20260608 10:01:40.255741 10274 raft_consensus.cc:515] T 035e641741e84555bd0f6c874fc51480 P 94193f2fb3cb4c418063211eb82284a8 [term 1 FOLLOWER]: Starting pre-election with config: opid_index: -1 OBSOLETE_local: false peers { permanent_uuid: "0e78f45ac6ca450db5d10d14fa1f257a" member_type: VOTER last_known_addr { host: "127.6.226.1" port: 34161 } } peers { permanent_uuid: "650c75d0b33840f1a88910e9623363d5" member_type: VOTER last_known_addr { host: "127.6.226.2" port: 45735 } } peers { permanent_uuid: "94193f2fb3cb4c418063211eb82284a8" member_type: VOTER last_known_addr { host: "127.6.226.3" port: 38435 } }
I20260608 10:01:40.261893 10334 data_dirs.cc:400] Could only allocate 1 dirs of requested 3 for tablet 376970318e0c4746b5b1d6b99ef36985. 1 dirs total, 0 dirs full, 0 dirs failed
I20260608 10:01:40.269989 10239 tablet_bootstrap.cc:492] T 2022bb865bdc4a3dad7b5ec95ec178bc P 0e78f45ac6ca450db5d10d14fa1f257a: No bootstrap required, opened a new log
I20260608 10:01:40.270635 10239 ts_tablet_manager.cc:1403] T 2022bb865bdc4a3dad7b5ec95ec178bc P 0e78f45ac6ca450db5d10d14fa1f257a: Time spent bootstrapping tablet: real 0.132s	user 0.012s	sys 0.003s
I20260608 10:01:40.283874 10179 tablet_service.cc:1511] Processing CreateTablet for tablet 376970318e0c4746b5b1d6b99ef36985 (DEFAULT_TABLE table=range_aware_rebalance_new_range [id=83651081548e42188822c8dea761d1fd]), partition=HASH (key) PARTITION 4, RANGE (key) PARTITION 10 <= VALUES < 20
I20260608 10:01:40.285653 10179 data_dirs.cc:400] Could only allocate 1 dirs of requested 3 for tablet 376970318e0c4746b5b1d6b99ef36985. 1 dirs total, 0 dirs full, 0 dirs failed
I20260608 10:01:40.320063 10333 tablet_service.cc:1511] Processing CreateTablet for tablet ae2e1f1a0c8a4831a907ef8bfab5b123 (DEFAULT_TABLE table=range_aware_rebalance_new_range [id=83651081548e42188822c8dea761d1fd]), partition=HASH (key) PARTITION 5, RANGE (key) PARTITION 10 <= VALUES < 20
I20260608 10:01:40.347554 10333 data_dirs.cc:400] Could only allocate 1 dirs of requested 3 for tablet ae2e1f1a0c8a4831a907ef8bfab5b123. 1 dirs total, 0 dirs full, 0 dirs failed
I20260608 10:01:40.347999 10107 tablet_service.cc:1511] Processing CreateTablet for tablet ae2e1f1a0c8a4831a907ef8bfab5b123 (DEFAULT_TABLE table=range_aware_rebalance_new_range [id=83651081548e42188822c8dea761d1fd]), partition=HASH (key) PARTITION 5, RANGE (key) PARTITION 10 <= VALUES < 20
I20260608 10:01:40.349617 10107 data_dirs.cc:400] Could only allocate 1 dirs of requested 3 for tablet ae2e1f1a0c8a4831a907ef8bfab5b123. 1 dirs total, 0 dirs full, 0 dirs failed
I20260608 10:01:40.519419 10239 raft_consensus.cc:359] T 2022bb865bdc4a3dad7b5ec95ec178bc P 0e78f45ac6ca450db5d10d14fa1f257a [term 0 FOLLOWER]: Replica starting. Triggering 0 pending ops. Active config: opid_index: -1 OBSOLETE_local: false peers { permanent_uuid: "650c75d0b33840f1a88910e9623363d5" member_type: VOTER last_known_addr { host: "127.6.226.2" port: 45735 } } peers { permanent_uuid: "7b678867f1be4208b8b2b139419aed7a" member_type: VOTER last_known_addr { host: "127.6.226.4" port: 34113 } } peers { permanent_uuid: "0e78f45ac6ca450db5d10d14fa1f257a" member_type: VOTER last_known_addr { host: "127.6.226.1" port: 34161 } }
I20260608 10:01:40.520985 10239 raft_consensus.cc:385] T 2022bb865bdc4a3dad7b5ec95ec178bc P 0e78f45ac6ca450db5d10d14fa1f257a [term 0 FOLLOWER]: Consensus starting up: Expiring failure detector timer to make a prompt election more likely
I20260608 10:01:40.521289 10239 raft_consensus.cc:740] T 2022bb865bdc4a3dad7b5ec95ec178bc P 0e78f45ac6ca450db5d10d14fa1f257a [term 0 FOLLOWER]: Becoming Follower/Learner. State: Replica: 0e78f45ac6ca450db5d10d14fa1f257a, State: Initialized, Role: FOLLOWER
I20260608 10:01:40.524067 10239 consensus_queue.cc:260] T 2022bb865bdc4a3dad7b5ec95ec178bc P 0e78f45ac6ca450db5d10d14fa1f257a [NON_LEADER]: Queue going to NON_LEADER mode. State: All replicated index: 0, Majority replicated index: 0, Committed index: 0, Last appended: 0.0, Last appended by leader: 0, Current term: 0, Majority size: -1, State: 0, Mode: NON_LEADER, active raft config: opid_index: -1 OBSOLETE_local: false peers { permanent_uuid: "650c75d0b33840f1a88910e9623363d5" member_type: VOTER last_known_addr { host: "127.6.226.2" port: 45735 } } peers { permanent_uuid: "7b678867f1be4208b8b2b139419aed7a" member_type: VOTER last_known_addr { host: "127.6.226.4" port: 34113 } } peers { permanent_uuid: "0e78f45ac6ca450db5d10d14fa1f257a" member_type: VOTER last_known_addr { host: "127.6.226.1" port: 34161 } }
W20260608 10:01:40.368729 10154 outbound_call.cc:321] RPC callback for RPC call kudu.consensus.ConsensusService.UpdateConsensus -> {remote=127.6.226.2:45735, user_credentials={real_user=slave}} blocked reactor thread for 98893.7us
I20260608 10:01:40.528687 10026 tablet_service.cc:1511] Processing CreateTablet for tablet 5f0b8b70f843409cbd5df4b916c4a6f0 (DEFAULT_TABLE table=range_aware_rebalance_new_range [id=83651081548e42188822c8dea761d1fd]), partition=HASH (key) PARTITION 3, RANGE (key) PARTITION 10 <= VALUES < 20
I20260608 10:01:40.528685 10239 ts_tablet_manager.cc:1434] T 2022bb865bdc4a3dad7b5ec95ec178bc P 0e78f45ac6ca450db5d10d14fa1f257a: Time spent starting tablet: real 0.258s	user 0.014s	sys 0.003s
I20260608 10:01:40.404393 10040 tablet_service.cc:1917] Received RequestConsensusVote() RPC: tablet_id: "035e641741e84555bd0f6c874fc51480" candidate_uuid: "94193f2fb3cb4c418063211eb82284a8" candidate_term: 2 candidate_status { last_received { term: 0 index: 0 } } ignore_live_leader: false dest_uuid: "0e78f45ac6ca450db5d10d14fa1f257a" is_pre_election: true
I20260608 10:01:40.531745 10042 raft_consensus.cc:3060] T 5e9337eda66b4b618e440d957f42f974 P 0e78f45ac6ca450db5d10d14fa1f257a [term 0 FOLLOWER]: Advancing to term 1
I20260608 10:01:40.534065 10274 leader_election.cc:290] T 035e641741e84555bd0f6c874fc51480 P 94193f2fb3cb4c418063211eb82284a8 [CANDIDATE]: Term 2 pre-election: Requested pre-vote from peers 0e78f45ac6ca450db5d10d14fa1f257a (127.6.226.1:34161), 650c75d0b33840f1a88910e9623363d5 (127.6.226.2:45735)
I20260608 10:01:40.538708 10239 tablet_bootstrap.cc:492] T 0eb0bbaa7ec44e3680add477bbbf60e5 P 0e78f45ac6ca450db5d10d14fa1f257a: Bootstrap starting.
I20260608 10:01:40.537940 10026 data_dirs.cc:400] Could only allocate 1 dirs of requested 3 for tablet 5f0b8b70f843409cbd5df4b916c4a6f0. 1 dirs total, 0 dirs full, 0 dirs failed
I20260608 10:01:40.419827 10180 tablet_service.cc:1511] Processing CreateTablet for tablet ae2e1f1a0c8a4831a907ef8bfab5b123 (DEFAULT_TABLE table=range_aware_rebalance_new_range [id=83651081548e42188822c8dea761d1fd]), partition=HASH (key) PARTITION 5, RANGE (key) PARTITION 10 <= VALUES < 20
I20260608 10:01:40.540459 10180 data_dirs.cc:400] Could only allocate 1 dirs of requested 3 for tablet ae2e1f1a0c8a4831a907ef8bfab5b123. 1 dirs total, 0 dirs full, 0 dirs failed
I20260608 10:01:40.548794 10025 tablet_service.cc:1511] Processing CreateTablet for tablet 376970318e0c4746b5b1d6b99ef36985 (DEFAULT_TABLE table=range_aware_rebalance_new_range [id=83651081548e42188822c8dea761d1fd]), partition=HASH (key) PARTITION 4, RANGE (key) PARTITION 10 <= VALUES < 20
I20260608 10:01:40.549571 10004 leader_election.cc:304] T 5e9337eda66b4b618e440d957f42f974 P 0e78f45ac6ca450db5d10d14fa1f257a [CANDIDATE]: Term 1 pre-election: Election decided. Result: candidate lost. Election summary: received 3 responses out of 3 voters: 1 yes votes; 2 no votes. yes voters: 0e78f45ac6ca450db5d10d14fa1f257a; no voters: 650c75d0b33840f1a88910e9623363d5, 94193f2fb3cb4c418063211eb82284a8
I20260608 10:01:40.550498 10025 data_dirs.cc:400] Could only allocate 1 dirs of requested 3 for tablet 376970318e0c4746b5b1d6b99ef36985. 1 dirs total, 0 dirs full, 0 dirs failed
I20260608 10:01:40.550146 10337 tablet_service.cc:1511] Processing CreateTablet for tablet 4e575e630d4743b68515d9ed26734e3e (DEFAULT_TABLE table=range_aware_rebalance_new_range [id=83651081548e42188822c8dea761d1fd]), partition=HASH (key) PARTITION 6, RANGE (key) PARTITION 10 <= VALUES < 20
I20260608 10:01:40.551674 10337 data_dirs.cc:400] Could only allocate 1 dirs of requested 3 for tablet 4e575e630d4743b68515d9ed26734e3e. 1 dirs total, 0 dirs full, 0 dirs failed
I20260608 10:01:40.556474 10115 tablet_service.cc:1917] Received RequestConsensusVote() RPC: tablet_id: "035e641741e84555bd0f6c874fc51480" candidate_uuid: "94193f2fb3cb4c418063211eb82284a8" candidate_term: 2 candidate_status { last_received { term: 0 index: 0 } } ignore_live_leader: false dest_uuid: "650c75d0b33840f1a88910e9623363d5" is_pre_election: true
I20260608 10:01:40.557075 10247 consensus_queue.cc:1048] T f747f392225c473faa3938a9729bb559 P 0e78f45ac6ca450db5d10d14fa1f257a [LEADER]: Connected to new peer: Peer: permanent_uuid: "650c75d0b33840f1a88910e9623363d5" member_type: VOTER last_known_addr { host: "127.6.226.2" port: 45735 }, Status: LMP_MISMATCH, Last received: 0.0, Next index: 1, Last known committed idx: 0, Time since last communication: 0.000s
I20260608 10:01:40.557518 10115 raft_consensus.cc:2468] T 035e641741e84555bd0f6c874fc51480 P 650c75d0b33840f1a88910e9623363d5 [term 1 FOLLOWER]: Leader pre-election vote request: Granting yes vote for candidate 94193f2fb3cb4c418063211eb82284a8 in term 1.
I20260608 10:01:40.564657 10030 tablet_service.cc:1511] Processing CreateTablet for tablet 4e575e630d4743b68515d9ed26734e3e (DEFAULT_TABLE table=range_aware_rebalance_new_range [id=83651081548e42188822c8dea761d1fd]), partition=HASH (key) PARTITION 6, RANGE (key) PARTITION 10 <= VALUES < 20
I20260608 10:01:40.566785 10030 data_dirs.cc:400] Could only allocate 1 dirs of requested 3 for tablet 4e575e630d4743b68515d9ed26734e3e. 1 dirs total, 0 dirs full, 0 dirs failed
I20260608 10:01:40.571877 10247 consensus_queue.cc:1048] T 3c247cf5ca56489590206b33dd8937b6 P 0e78f45ac6ca450db5d10d14fa1f257a [LEADER]: Connected to new peer: Peer: permanent_uuid: "94193f2fb3cb4c418063211eb82284a8" member_type: VOTER last_known_addr { host: "127.6.226.3" port: 38435 }, Status: LMP_MISMATCH, Last received: 0.0, Next index: 1, Last known committed idx: 0, Time since last communication: 0.000s
I20260608 10:01:40.576934 10388 tablet_bootstrap.cc:492] T 0eb0bbaa7ec44e3680add477bbbf60e5 P 7b678867f1be4208b8b2b139419aed7a: Bootstrap starting.
I20260608 10:01:40.597651 10261 raft_consensus.cc:2749] T 5e9337eda66b4b618e440d957f42f974 P 0e78f45ac6ca450db5d10d14fa1f257a [term 1 FOLLOWER]: Leader pre-election lost for term 1. Reason: could not achieve majority
I20260608 10:01:40.601313 10247 consensus_queue.cc:1048] T 3c247cf5ca56489590206b33dd8937b6 P 0e78f45ac6ca450db5d10d14fa1f257a [LEADER]: Connected to new peer: Peer: permanent_uuid: "650c75d0b33840f1a88910e9623363d5" member_type: VOTER last_known_addr { host: "127.6.226.2" port: 45735 }, Status: LMP_MISMATCH, Last received: 0.0, Next index: 1, Last known committed idx: 0, Time since last communication: 0.001s
I20260608 10:01:40.576618 10154 leader_election.cc:304] T 035e641741e84555bd0f6c874fc51480 P 94193f2fb3cb4c418063211eb82284a8 [CANDIDATE]: Term 2 pre-election: Election decided. Result: candidate won. Election summary: received 3 responses out of 3 voters: 2 yes votes; 1 no votes. yes voters: 650c75d0b33840f1a88910e9623363d5, 94193f2fb3cb4c418063211eb82284a8; no voters: 0e78f45ac6ca450db5d10d14fa1f257a
I20260608 10:01:40.607110 10239 tablet_bootstrap.cc:654] T 0eb0bbaa7ec44e3680add477bbbf60e5 P 0e78f45ac6ca450db5d10d14fa1f257a: Neither blocks nor log segments found. Creating new log.
I20260608 10:01:40.611260 10379 tablet_bootstrap.cc:492] T 2022bb865bdc4a3dad7b5ec95ec178bc P 650c75d0b33840f1a88910e9623363d5: No bootstrap required, opened a new log
I20260608 10:01:40.611857 10379 ts_tablet_manager.cc:1403] T 2022bb865bdc4a3dad7b5ec95ec178bc P 650c75d0b33840f1a88910e9623363d5: Time spent bootstrapping tablet: real 0.431s	user 0.024s	sys 0.020s
I20260608 10:01:40.615960 10248 consensus_queue.cc:1048] T 5e9337eda66b4b618e440d957f42f974 P 94193f2fb3cb4c418063211eb82284a8 [LEADER]: Connected to new peer: Peer: permanent_uuid: "0e78f45ac6ca450db5d10d14fa1f257a" member_type: VOTER last_known_addr { host: "127.6.226.1" port: 34161 }, Status: LMP_MISMATCH, Last received: 0.0, Next index: 1, Last known committed idx: 0, Time since last communication: 0.000s
I20260608 10:01:40.616930 10382 consensus_queue.cc:1048] T f84d156cbcf94f2bbe6fe5016a19aacb P 0e78f45ac6ca450db5d10d14fa1f257a [LEADER]: Connected to new peer: Peer: permanent_uuid: "650c75d0b33840f1a88910e9623363d5" member_type: VOTER last_known_addr { host: "127.6.226.2" port: 45735 }, Status: LMP_MISMATCH, Last received: 0.0, Next index: 1, Last known committed idx: 0, Time since last communication: 0.015s
I20260608 10:01:40.613629 10283 consensus_queue.cc:1048] T 035e641741e84555bd0f6c874fc51480 P 0e78f45ac6ca450db5d10d14fa1f257a [LEADER]: Connected to new peer: Peer: permanent_uuid: "650c75d0b33840f1a88910e9623363d5" member_type: VOTER last_known_addr { host: "127.6.226.2" port: 45735 }, Status: LMP_MISMATCH, Last received: 0.0, Next index: 1, Last known committed idx: 0, Time since last communication: 0.005s
I20260608 10:01:40.618999 10382 consensus_queue.cc:1048] T f84d156cbcf94f2bbe6fe5016a19aacb P 0e78f45ac6ca450db5d10d14fa1f257a [LEADER]: Connected to new peer: Peer: permanent_uuid: "94193f2fb3cb4c418063211eb82284a8" member_type: VOTER last_known_addr { host: "127.6.226.3" port: 38435 }, Status: LMP_MISMATCH, Last received: 0.0, Next index: 1, Last known committed idx: 0, Time since last communication: 0.000s
W20260608 10:01:40.622185 10154 outbound_call.cc:321] RPC callback for RPC call kudu.consensus.ConsensusService.RequestConsensusVote -> {remote=127.6.226.2:45735, user_credentials={real_user=slave}} blocked reactor thread for 48441.9us
I20260608 10:01:40.691267 10391 tablet_bootstrap.cc:492] T 0eb0bbaa7ec44e3680add477bbbf60e5 P 94193f2fb3cb4c418063211eb82284a8: Bootstrap starting.
I20260608 10:01:40.696182 10247 raft_consensus.cc:493] T 2022bb865bdc4a3dad7b5ec95ec178bc P 0e78f45ac6ca450db5d10d14fa1f257a [term 0 FOLLOWER]: Starting pre-election (no leader contacted us within the election timeout)
I20260608 10:01:40.696570 10379 raft_consensus.cc:359] T 2022bb865bdc4a3dad7b5ec95ec178bc P 650c75d0b33840f1a88910e9623363d5 [term 0 FOLLOWER]: Replica starting. Triggering 0 pending ops. Active config: opid_index: -1 OBSOLETE_local: false peers { permanent_uuid: "650c75d0b33840f1a88910e9623363d5" member_type: VOTER last_known_addr { host: "127.6.226.2" port: 45735 } } peers { permanent_uuid: "7b678867f1be4208b8b2b139419aed7a" member_type: VOTER last_known_addr { host: "127.6.226.4" port: 34113 } } peers { permanent_uuid: "0e78f45ac6ca450db5d10d14fa1f257a" member_type: VOTER last_known_addr { host: "127.6.226.1" port: 34161 } }
I20260608 10:01:40.697578 10379 raft_consensus.cc:385] T 2022bb865bdc4a3dad7b5ec95ec178bc P 650c75d0b33840f1a88910e9623363d5 [term 0 FOLLOWER]: Consensus starting up: Expiring failure detector timer to make a prompt election more likely
I20260608 10:01:40.697057 10247 raft_consensus.cc:515] T 2022bb865bdc4a3dad7b5ec95ec178bc P 0e78f45ac6ca450db5d10d14fa1f257a [term 0 FOLLOWER]: Starting pre-election with config: opid_index: -1 OBSOLETE_local: false peers { permanent_uuid: "650c75d0b33840f1a88910e9623363d5" member_type: VOTER last_known_addr { host: "127.6.226.2" port: 45735 } } peers { permanent_uuid: "7b678867f1be4208b8b2b139419aed7a" member_type: VOTER last_known_addr { host: "127.6.226.4" port: 34113 } } peers { permanent_uuid: "0e78f45ac6ca450db5d10d14fa1f257a" member_type: VOTER last_known_addr { host: "127.6.226.1" port: 34161 } }
I20260608 10:01:40.709267 10388 tablet_bootstrap.cc:654] T 0eb0bbaa7ec44e3680add477bbbf60e5 P 7b678867f1be4208b8b2b139419aed7a: Neither blocks nor log segments found. Creating new log.
I20260608 10:01:40.709414 10177 tablet_service.cc:1511] Processing CreateTablet for tablet 485df29d12b64aa993cfd477b3463871 (DEFAULT_TABLE table=range_aware_rebalance_new_range [id=83651081548e42188822c8dea761d1fd]), partition=HASH (key) PARTITION 7, RANGE (key) PARTITION 10 <= VALUES < 20
I20260608 10:01:40.711270 10177 data_dirs.cc:400] Could only allocate 1 dirs of requested 3 for tablet 485df29d12b64aa993cfd477b3463871. 1 dirs total, 0 dirs full, 0 dirs failed
I20260608 10:01:40.697959 10379 raft_consensus.cc:740] T 2022bb865bdc4a3dad7b5ec95ec178bc P 650c75d0b33840f1a88910e9623363d5 [term 0 FOLLOWER]: Becoming Follower/Learner. State: Replica: 650c75d0b33840f1a88910e9623363d5, State: Initialized, Role: FOLLOWER
I20260608 10:01:40.734692 10387 raft_consensus.cc:2804] T 035e641741e84555bd0f6c874fc51480 P 94193f2fb3cb4c418063211eb82284a8 [term 1 FOLLOWER]: Leader pre-election won for term 2
I20260608 10:01:40.739137 10387 raft_consensus.cc:493] T 035e641741e84555bd0f6c874fc51480 P 94193f2fb3cb4c418063211eb82284a8 [term 1 FOLLOWER]: Starting leader election (detected failure of leader 0e78f45ac6ca450db5d10d14fa1f257a)
I20260608 10:01:40.739723 10387 raft_consensus.cc:3060] T 035e641741e84555bd0f6c874fc51480 P 94193f2fb3cb4c418063211eb82284a8 [term 1 FOLLOWER]: Advancing to term 2
W20260608 10:01:40.723330 10007 outbound_call.cc:321] RPC callback for RPC call kudu.consensus.ConsensusService.UpdateConsensus -> {remote=127.6.226.3:38435, user_credentials={real_user=slave}} blocked reactor thread for 104869us
I20260608 10:01:40.746718 10030 tablet_service.cc:1511] Processing CreateTablet for tablet 485df29d12b64aa993cfd477b3463871 (DEFAULT_TABLE table=range_aware_rebalance_new_range [id=83651081548e42188822c8dea761d1fd]), partition=HASH (key) PARTITION 7, RANGE (key) PARTITION 10 <= VALUES < 20
I20260608 10:01:40.748297 10030 data_dirs.cc:400] Could only allocate 1 dirs of requested 3 for tablet 485df29d12b64aa993cfd477b3463871. 1 dirs total, 0 dirs full, 0 dirs failed
I20260608 10:01:40.759171 10334 tablet_service.cc:1511] Processing CreateTablet for tablet 485df29d12b64aa993cfd477b3463871 (DEFAULT_TABLE table=range_aware_rebalance_new_range [id=83651081548e42188822c8dea761d1fd]), partition=HASH (key) PARTITION 7, RANGE (key) PARTITION 10 <= VALUES < 20
I20260608 10:01:40.762024 10113 tablet_service.cc:1917] Received RequestConsensusVote() RPC: tablet_id: "2022bb865bdc4a3dad7b5ec95ec178bc" candidate_uuid: "0e78f45ac6ca450db5d10d14fa1f257a" candidate_term: 1 candidate_status { last_received { term: 0 index: 0 } } ignore_live_leader: false dest_uuid: "650c75d0b33840f1a88910e9623363d5" is_pre_election: true
I20260608 10:01:40.748592 10107 tablet_service.cc:1511] Processing CreateTablet for tablet 4e575e630d4743b68515d9ed26734e3e (DEFAULT_TABLE table=range_aware_rebalance_new_range [id=83651081548e42188822c8dea761d1fd]), partition=HASH (key) PARTITION 6, RANGE (key) PARTITION 10 <= VALUES < 20
I20260608 10:01:40.773061 10107 data_dirs.cc:400] Could only allocate 1 dirs of requested 3 for tablet 4e575e630d4743b68515d9ed26734e3e. 1 dirs total, 0 dirs full, 0 dirs failed
I20260608 10:01:40.774752 10334 data_dirs.cc:400] Could only allocate 1 dirs of requested 3 for tablet 485df29d12b64aa993cfd477b3463871. 1 dirs total, 0 dirs full, 0 dirs failed
I20260608 10:01:40.789803 10247 leader_election.cc:290] T 2022bb865bdc4a3dad7b5ec95ec178bc P 0e78f45ac6ca450db5d10d14fa1f257a [CANDIDATE]: Term 1 pre-election: Requested pre-vote from peers 650c75d0b33840f1a88910e9623363d5 (127.6.226.2:45735), 7b678867f1be4208b8b2b139419aed7a (127.6.226.4:34113)
I20260608 10:01:40.756412 10379 consensus_queue.cc:260] T 2022bb865bdc4a3dad7b5ec95ec178bc P 650c75d0b33840f1a88910e9623363d5 [NON_LEADER]: Queue going to NON_LEADER mode. State: All replicated index: 0, Majority replicated index: 0, Committed index: 0, Last appended: 0.0, Last appended by leader: 0, Current term: 0, Majority size: -1, State: 0, Mode: NON_LEADER, active raft config: opid_index: -1 OBSOLETE_local: false peers { permanent_uuid: "650c75d0b33840f1a88910e9623363d5" member_type: VOTER last_known_addr { host: "127.6.226.2" port: 45735 } } peers { permanent_uuid: "7b678867f1be4208b8b2b139419aed7a" member_type: VOTER last_known_addr { host: "127.6.226.4" port: 34113 } } peers { permanent_uuid: "0e78f45ac6ca450db5d10d14fa1f257a" member_type: VOTER last_known_addr { host: "127.6.226.1" port: 34161 } }
I20260608 10:01:40.804003 10113 raft_consensus.cc:2468] T 2022bb865bdc4a3dad7b5ec95ec178bc P 650c75d0b33840f1a88910e9623363d5 [term 0 FOLLOWER]: Leader pre-election vote request: Granting yes vote for candidate 0e78f45ac6ca450db5d10d14fa1f257a in term 0.
I20260608 10:01:40.810707 10379 ts_tablet_manager.cc:1434] T 2022bb865bdc4a3dad7b5ec95ec178bc P 650c75d0b33840f1a88910e9623363d5: Time spent starting tablet: real 0.198s	user 0.009s	sys 0.004s
I20260608 10:01:40.837728 10004 leader_election.cc:304] T 2022bb865bdc4a3dad7b5ec95ec178bc P 0e78f45ac6ca450db5d10d14fa1f257a [CANDIDATE]: Term 1 pre-election: Election decided. Result: candidate won. Election summary: received 2 responses out of 3 voters: 2 yes votes; 0 no votes. yes voters: 0e78f45ac6ca450db5d10d14fa1f257a, 650c75d0b33840f1a88910e9623363d5; no voters: 
I20260608 10:01:40.838867 10247 raft_consensus.cc:2804] T 2022bb865bdc4a3dad7b5ec95ec178bc P 0e78f45ac6ca450db5d10d14fa1f257a [term 0 FOLLOWER]: Leader pre-election won for term 1
I20260608 10:01:40.839323 10247 raft_consensus.cc:493] T 2022bb865bdc4a3dad7b5ec95ec178bc P 0e78f45ac6ca450db5d10d14fa1f257a [term 0 FOLLOWER]: Starting leader election (no leader contacted us within the election timeout)
I20260608 10:01:40.839870 10247 raft_consensus.cc:3060] T 2022bb865bdc4a3dad7b5ec95ec178bc P 0e78f45ac6ca450db5d10d14fa1f257a [term 0 FOLLOWER]: Advancing to term 1
I20260608 10:01:40.839357 10387 raft_consensus.cc:515] T 035e641741e84555bd0f6c874fc51480 P 94193f2fb3cb4c418063211eb82284a8 [term 2 FOLLOWER]: Starting leader election with config: opid_index: -1 OBSOLETE_local: false peers { permanent_uuid: "0e78f45ac6ca450db5d10d14fa1f257a" member_type: VOTER last_known_addr { host: "127.6.226.1" port: 34161 } } peers { permanent_uuid: "650c75d0b33840f1a88910e9623363d5" member_type: VOTER last_known_addr { host: "127.6.226.2" port: 45735 } } peers { permanent_uuid: "94193f2fb3cb4c418063211eb82284a8" member_type: VOTER last_known_addr { host: "127.6.226.3" port: 38435 } }
I20260608 10:01:40.825105 10379 tablet_bootstrap.cc:492] T 5f0b8b70f843409cbd5df4b916c4a6f0 P 650c75d0b33840f1a88910e9623363d5: Bootstrap starting.
I20260608 10:01:40.929159 10391 tablet_bootstrap.cc:654] T 0eb0bbaa7ec44e3680add477bbbf60e5 P 94193f2fb3cb4c418063211eb82284a8: Neither blocks nor log segments found. Creating new log.
W20260608 10:01:40.842398 10393 log.cc:927] Time spent T f84d156cbcf94f2bbe6fe5016a19aacb P 650c75d0b33840f1a88910e9623363d5: Append to log took a long time: real 0.086s	user 0.001s	sys 0.000s
I20260608 10:01:40.851146 10192 raft_consensus.cc:1240] T 035e641741e84555bd0f6c874fc51480 P 94193f2fb3cb4c418063211eb82284a8 [term 2 FOLLOWER]: Rejecting Update request from peer 0e78f45ac6ca450db5d10d14fa1f257a for earlier term 1. Current term is 2. Ops: []
I20260608 10:01:40.915498 10113 tablet_service.cc:1917] Received RequestConsensusVote() RPC: tablet_id: "035e641741e84555bd0f6c874fc51480" candidate_uuid: "94193f2fb3cb4c418063211eb82284a8" candidate_term: 2 candidate_status { last_received { term: 1 index: 1 } } ignore_live_leader: false dest_uuid: "650c75d0b33840f1a88910e9623363d5"
I20260608 10:01:40.928422 10042 tablet_service.cc:1917] Received RequestConsensusVote() RPC: tablet_id: "035e641741e84555bd0f6c874fc51480" candidate_uuid: "94193f2fb3cb4c418063211eb82284a8" candidate_term: 2 candidate_status { last_received { term: 1 index: 1 } } ignore_live_leader: false dest_uuid: "0e78f45ac6ca450db5d10d14fa1f257a"
I20260608 10:01:40.913548 10387 leader_election.cc:290] T 035e641741e84555bd0f6c874fc51480 P 94193f2fb3cb4c418063211eb82284a8 [CANDIDATE]: Term 2 election: Requested vote from peers 0e78f45ac6ca450db5d10d14fa1f257a (127.6.226.1:34161), 650c75d0b33840f1a88910e9623363d5 (127.6.226.2:45735)
I20260608 10:01:40.945786 10388 tablet_bootstrap.cc:492] T 0eb0bbaa7ec44e3680add477bbbf60e5 P 7b678867f1be4208b8b2b139419aed7a: No bootstrap required, opened a new log
I20260608 10:01:40.953092 10388 ts_tablet_manager.cc:1403] T 0eb0bbaa7ec44e3680add477bbbf60e5 P 7b678867f1be4208b8b2b139419aed7a: Time spent bootstrapping tablet: real 0.402s	user 0.025s	sys 0.017s
I20260608 10:01:40.957195 10239 tablet_bootstrap.cc:492] T 0eb0bbaa7ec44e3680add477bbbf60e5 P 0e78f45ac6ca450db5d10d14fa1f257a: No bootstrap required, opened a new log
I20260608 10:01:40.956859 10388 raft_consensus.cc:359] T 0eb0bbaa7ec44e3680add477bbbf60e5 P 7b678867f1be4208b8b2b139419aed7a [term 0 FOLLOWER]: Replica starting. Triggering 0 pending ops. Active config: opid_index: -1 OBSOLETE_local: false peers { permanent_uuid: "94193f2fb3cb4c418063211eb82284a8" member_type: VOTER last_known_addr { host: "127.6.226.3" port: 38435 } } peers { permanent_uuid: "7b678867f1be4208b8b2b139419aed7a" member_type: VOTER last_known_addr { host: "127.6.226.4" port: 34113 } } peers { permanent_uuid: "0e78f45ac6ca450db5d10d14fa1f257a" member_type: VOTER last_known_addr { host: "127.6.226.1" port: 34161 } }
I20260608 10:01:40.959175 10388 raft_consensus.cc:385] T 0eb0bbaa7ec44e3680add477bbbf60e5 P 7b678867f1be4208b8b2b139419aed7a [term 0 FOLLOWER]: Consensus starting up: Expiring failure detector timer to make a prompt election more likely
I20260608 10:01:40.959299 10239 ts_tablet_manager.cc:1403] T 0eb0bbaa7ec44e3680add477bbbf60e5 P 0e78f45ac6ca450db5d10d14fa1f257a: Time spent bootstrapping tablet: real 0.421s	user 0.058s	sys 0.049s
I20260608 10:01:40.959553 10388 raft_consensus.cc:740] T 0eb0bbaa7ec44e3680add477bbbf60e5 P 7b678867f1be4208b8b2b139419aed7a [term 0 FOLLOWER]: Becoming Follower/Learner. State: Replica: 7b678867f1be4208b8b2b139419aed7a, State: Initialized, Role: FOLLOWER
I20260608 10:01:40.960594 10388 consensus_queue.cc:260] T 0eb0bbaa7ec44e3680add477bbbf60e5 P 7b678867f1be4208b8b2b139419aed7a [NON_LEADER]: Queue going to NON_LEADER mode. State: All replicated index: 0, Majority replicated index: 0, Committed index: 0, Last appended: 0.0, Last appended by leader: 0, Current term: 0, Majority size: -1, State: 0, Mode: NON_LEADER, active raft config: opid_index: -1 OBSOLETE_local: false peers { permanent_uuid: "94193f2fb3cb4c418063211eb82284a8" member_type: VOTER last_known_addr { host: "127.6.226.3" port: 38435 } } peers { permanent_uuid: "7b678867f1be4208b8b2b139419aed7a" member_type: VOTER last_known_addr { host: "127.6.226.4" port: 34113 } } peers { permanent_uuid: "0e78f45ac6ca450db5d10d14fa1f257a" member_type: VOTER last_known_addr { host: "127.6.226.1" port: 34161 } }
I20260608 10:01:40.967403 10239 raft_consensus.cc:359] T 0eb0bbaa7ec44e3680add477bbbf60e5 P 0e78f45ac6ca450db5d10d14fa1f257a [term 0 FOLLOWER]: Replica starting. Triggering 0 pending ops. Active config: opid_index: -1 OBSOLETE_local: false peers { permanent_uuid: "94193f2fb3cb4c418063211eb82284a8" member_type: VOTER last_known_addr { host: "127.6.226.3" port: 38435 } } peers { permanent_uuid: "7b678867f1be4208b8b2b139419aed7a" member_type: VOTER last_known_addr { host: "127.6.226.4" port: 34113 } } peers { permanent_uuid: "0e78f45ac6ca450db5d10d14fa1f257a" member_type: VOTER last_known_addr { host: "127.6.226.1" port: 34161 } }
I20260608 10:01:40.968233 10239 raft_consensus.cc:385] T 0eb0bbaa7ec44e3680add477bbbf60e5 P 0e78f45ac6ca450db5d10d14fa1f257a [term 0 FOLLOWER]: Consensus starting up: Expiring failure detector timer to make a prompt election more likely
I20260608 10:01:40.968531 10239 raft_consensus.cc:740] T 0eb0bbaa7ec44e3680add477bbbf60e5 P 0e78f45ac6ca450db5d10d14fa1f257a [term 0 FOLLOWER]: Becoming Follower/Learner. State: Replica: 0e78f45ac6ca450db5d10d14fa1f257a, State: Initialized, Role: FOLLOWER
I20260608 10:01:40.965700 10247 raft_consensus.cc:515] T 2022bb865bdc4a3dad7b5ec95ec178bc P 0e78f45ac6ca450db5d10d14fa1f257a [term 1 FOLLOWER]: Starting leader election with config: opid_index: -1 OBSOLETE_local: false peers { permanent_uuid: "650c75d0b33840f1a88910e9623363d5" member_type: VOTER last_known_addr { host: "127.6.226.2" port: 45735 } } peers { permanent_uuid: "7b678867f1be4208b8b2b139419aed7a" member_type: VOTER last_known_addr { host: "127.6.226.4" port: 34113 } } peers { permanent_uuid: "0e78f45ac6ca450db5d10d14fa1f257a" member_type: VOTER last_known_addr { host: "127.6.226.1" port: 34161 } }
I20260608 10:01:40.972709 10247 leader_election.cc:290] T 2022bb865bdc4a3dad7b5ec95ec178bc P 0e78f45ac6ca450db5d10d14fa1f257a [CANDIDATE]: Term 1 election: Requested vote from peers 650c75d0b33840f1a88910e9623363d5 (127.6.226.2:45735), 7b678867f1be4208b8b2b139419aed7a (127.6.226.4:34113)
I20260608 10:01:40.973639 10115 tablet_service.cc:1917] Received RequestConsensusVote() RPC: tablet_id: "2022bb865bdc4a3dad7b5ec95ec178bc" candidate_uuid: "0e78f45ac6ca450db5d10d14fa1f257a" candidate_term: 1 candidate_status { last_received { term: 0 index: 0 } } ignore_live_leader: false dest_uuid: "650c75d0b33840f1a88910e9623363d5"
I20260608 10:01:40.974367 10115 raft_consensus.cc:3060] T 2022bb865bdc4a3dad7b5ec95ec178bc P 650c75d0b33840f1a88910e9623363d5 [term 0 FOLLOWER]: Advancing to term 1
I20260608 10:01:40.986403 10157 leader_election.cc:304] T 035e641741e84555bd0f6c874fc51480 P 94193f2fb3cb4c418063211eb82284a8 [CANDIDATE]: Term 2 election: Election decided. Result: candidate lost. Election summary: received 3 responses out of 3 voters: 1 yes votes; 2 no votes. yes voters: 94193f2fb3cb4c418063211eb82284a8; no voters: 0e78f45ac6ca450db5d10d14fa1f257a, 650c75d0b33840f1a88910e9623363d5
I20260608 10:01:40.992167 10392 consensus_queue.cc:1059] T 035e641741e84555bd0f6c874fc51480 P 0e78f45ac6ca450db5d10d14fa1f257a [LEADER]: Peer responded invalid term: Peer: permanent_uuid: "94193f2fb3cb4c418063211eb82284a8" member_type: VOTER last_known_addr { host: "127.6.226.3" port: 38435 }, Status: INVALID_TERM, Last received: 1.1, Next index: 2, Last known committed idx: 0, Time since last communication: 0.001s
I20260608 10:01:40.993458 10283 raft_consensus.cc:3055] T 035e641741e84555bd0f6c874fc51480 P 0e78f45ac6ca450db5d10d14fa1f257a [term 1 LEADER]: Stepping down as leader of term 1
I20260608 10:01:40.993862 10283 raft_consensus.cc:740] T 035e641741e84555bd0f6c874fc51480 P 0e78f45ac6ca450db5d10d14fa1f257a [term 1 LEADER]: Becoming Follower/Learner. State: Replica: 0e78f45ac6ca450db5d10d14fa1f257a, State: Running, Role: LEADER
I20260608 10:01:40.994938 10283 consensus_queue.cc:260] T 035e641741e84555bd0f6c874fc51480 P 0e78f45ac6ca450db5d10d14fa1f257a [NON_LEADER]: Queue going to NON_LEADER mode. State: All replicated index: 0, Majority replicated index: 1, Committed index: 1, Last appended: 1.1, Last appended by leader: 1, Current term: 1, Majority size: -1, State: 0, Mode: NON_LEADER, active raft config: opid_index: -1 OBSOLETE_local: false peers { permanent_uuid: "0e78f45ac6ca450db5d10d14fa1f257a" member_type: VOTER last_known_addr { host: "127.6.226.1" port: 34161 } } peers { permanent_uuid: "650c75d0b33840f1a88910e9623363d5" member_type: VOTER last_known_addr { host: "127.6.226.2" port: 45735 } } peers { permanent_uuid: "94193f2fb3cb4c418063211eb82284a8" member_type: VOTER last_known_addr { host: "127.6.226.3" port: 38435 } }
I20260608 10:01:40.996014 10283 raft_consensus.cc:3060] T 035e641741e84555bd0f6c874fc51480 P 0e78f45ac6ca450db5d10d14fa1f257a [term 1 FOLLOWER]: Advancing to term 2
I20260608 10:01:40.969352 10239 consensus_queue.cc:260] T 0eb0bbaa7ec44e3680add477bbbf60e5 P 0e78f45ac6ca450db5d10d14fa1f257a [NON_LEADER]: Queue going to NON_LEADER mode. State: All replicated index: 0, Majority replicated index: 0, Committed index: 0, Last appended: 0.0, Last appended by leader: 0, Current term: 0, Majority size: -1, State: 0, Mode: NON_LEADER, active raft config: opid_index: -1 OBSOLETE_local: false peers { permanent_uuid: "94193f2fb3cb4c418063211eb82284a8" member_type: VOTER last_known_addr { host: "127.6.226.3" port: 38435 } } peers { permanent_uuid: "7b678867f1be4208b8b2b139419aed7a" member_type: VOTER last_known_addr { host: "127.6.226.4" port: 34113 } } peers { permanent_uuid: "0e78f45ac6ca450db5d10d14fa1f257a" member_type: VOTER last_known_addr { host: "127.6.226.1" port: 34161 } }
I20260608 10:01:41.003664 10248 raft_consensus.cc:2749] T 035e641741e84555bd0f6c874fc51480 P 94193f2fb3cb4c418063211eb82284a8 [term 2 FOLLOWER]: Leader election lost for term 2. Reason: could not achieve majority
I20260608 10:01:41.008332 10373 heartbeater.cc:499] Master 127.6.226.62:37853 was elected leader, sending a full tablet report...
I20260608 10:01:41.012921 10388 ts_tablet_manager.cc:1434] T 0eb0bbaa7ec44e3680add477bbbf60e5 P 7b678867f1be4208b8b2b139419aed7a: Time spent starting tablet: real 0.059s	user 0.020s	sys 0.038s
I20260608 10:01:41.013578 10115 raft_consensus.cc:2468] T 2022bb865bdc4a3dad7b5ec95ec178bc P 650c75d0b33840f1a88910e9623363d5 [term 1 FOLLOWER]: Leader election vote request: Granting yes vote for candidate 0e78f45ac6ca450db5d10d14fa1f257a in term 1.
I20260608 10:01:41.014492 10388 tablet_bootstrap.cc:492] T f8714c26ed88448e8afcb4a65dc3f5f4 P 7b678867f1be4208b8b2b139419aed7a: Bootstrap starting.
I20260608 10:01:41.021514 10239 ts_tablet_manager.cc:1434] T 0eb0bbaa7ec44e3680add477bbbf60e5 P 0e78f45ac6ca450db5d10d14fa1f257a: Time spent starting tablet: real 0.062s	user 0.006s	sys 0.000s
I20260608 10:01:41.022630 10004 leader_election.cc:304] T 2022bb865bdc4a3dad7b5ec95ec178bc P 0e78f45ac6ca450db5d10d14fa1f257a [CANDIDATE]: Term 1 election: Election decided. Result: candidate won. Election summary: received 2 responses out of 3 voters: 2 yes votes; 0 no votes. yes voters: 0e78f45ac6ca450db5d10d14fa1f257a, 650c75d0b33840f1a88910e9623363d5; no voters: 
I20260608 10:01:41.025177 10239 tablet_bootstrap.cc:492] T 5f0b8b70f843409cbd5df4b916c4a6f0 P 0e78f45ac6ca450db5d10d14fa1f257a: Bootstrap starting.
I20260608 10:01:41.026201 10261 raft_consensus.cc:2804] T 2022bb865bdc4a3dad7b5ec95ec178bc P 0e78f45ac6ca450db5d10d14fa1f257a [term 1 FOLLOWER]: Leader election won for term 1
I20260608 10:01:41.026774 10261 raft_consensus.cc:697] T 2022bb865bdc4a3dad7b5ec95ec178bc P 0e78f45ac6ca450db5d10d14fa1f257a [term 1 LEADER]: Becoming Leader. State: Replica: 0e78f45ac6ca450db5d10d14fa1f257a, State: Running, Role: LEADER
I20260608 10:01:41.027769 10261 consensus_queue.cc:237] T 2022bb865bdc4a3dad7b5ec95ec178bc P 0e78f45ac6ca450db5d10d14fa1f257a [LEADER]: Queue going to LEADER mode. State: All replicated index: 0, Majority replicated index: 0, Committed index: 0, Last appended: 0.0, Last appended by leader: 0, Current term: 1, Majority size: 2, State: 0, Mode: LEADER, active raft config: opid_index: -1 OBSOLETE_local: false peers { permanent_uuid: "650c75d0b33840f1a88910e9623363d5" member_type: VOTER last_known_addr { host: "127.6.226.2" port: 45735 } } peers { permanent_uuid: "7b678867f1be4208b8b2b139419aed7a" member_type: VOTER last_known_addr { host: "127.6.226.4" port: 34113 } } peers { permanent_uuid: "0e78f45ac6ca450db5d10d14fa1f257a" member_type: VOTER last_known_addr { host: "127.6.226.1" port: 34161 } }
I20260608 10:01:41.102154 10239 tablet_bootstrap.cc:654] T 5f0b8b70f843409cbd5df4b916c4a6f0 P 0e78f45ac6ca450db5d10d14fa1f257a: Neither blocks nor log segments found. Creating new log.
I20260608 10:01:41.175469 10406 raft_consensus.cc:493] T 0eb0bbaa7ec44e3680add477bbbf60e5 P 7b678867f1be4208b8b2b139419aed7a [term 0 FOLLOWER]: Starting pre-election (no leader contacted us within the election timeout)
I20260608 10:01:41.176206 10406 raft_consensus.cc:515] T 0eb0bbaa7ec44e3680add477bbbf60e5 P 7b678867f1be4208b8b2b139419aed7a [term 0 FOLLOWER]: Starting pre-election with config: opid_index: -1 OBSOLETE_local: false peers { permanent_uuid: "94193f2fb3cb4c418063211eb82284a8" member_type: VOTER last_known_addr { host: "127.6.226.3" port: 38435 } } peers { permanent_uuid: "7b678867f1be4208b8b2b139419aed7a" member_type: VOTER last_known_addr { host: "127.6.226.4" port: 34113 } } peers { permanent_uuid: "0e78f45ac6ca450db5d10d14fa1f257a" member_type: VOTER last_known_addr { host: "127.6.226.1" port: 34161 } }
I20260608 10:01:41.184942 10348 tablet_service.cc:1917] Received RequestConsensusVote() RPC: tablet_id: "2022bb865bdc4a3dad7b5ec95ec178bc" candidate_uuid: "0e78f45ac6ca450db5d10d14fa1f257a" candidate_term: 1 candidate_status { last_received { term: 0 index: 0 } } ignore_live_leader: false dest_uuid: "7b678867f1be4208b8b2b139419aed7a" is_pre_election: true
W20260608 10:01:41.192862 10007 outbound_call.cc:321] RPC callback for RPC call kudu.consensus.ConsensusService.UpdateConsensus -> {remote=127.6.226.3:38435, user_credentials={real_user=slave}} blocked reactor thread for 68702.9us
W20260608 10:01:41.193109 10006 leader_election.cc:343] T 2022bb865bdc4a3dad7b5ec95ec178bc P 0e78f45ac6ca450db5d10d14fa1f257a [CANDIDATE]: Term 1 pre-election: Tablet error from VoteRequest() call to peer 7b678867f1be4208b8b2b139419aed7a (127.6.226.4:34113): Illegal state: must be running to vote when last-logged opid is not known
I20260608 10:01:41.189807 10388 tablet_bootstrap.cc:654] T f8714c26ed88448e8afcb4a65dc3f5f4 P 7b678867f1be4208b8b2b139419aed7a: Neither blocks nor log segments found. Creating new log.
W20260608 10:01:41.206401  9923 catalog_manager.cc:4809] Async tablet task AlterTable RPC for tablet 485df29d12b64aa993cfd477b3463871 (table range_aware_rebalance_new_range [id=83651081548e42188822c8dea761d1fd], current schema version=0) failed: Not found: failed to reset TS proxy: No leader found: Tablet 485df29d12b64aa993cfd477b3463871 consensus state has no leader
I20260608 10:01:41.207031 10347 tablet_service.cc:1917] Received RequestConsensusVote() RPC: tablet_id: "2022bb865bdc4a3dad7b5ec95ec178bc" candidate_uuid: "0e78f45ac6ca450db5d10d14fa1f257a" candidate_term: 1 candidate_status { last_received { term: 0 index: 0 } } ignore_live_leader: false dest_uuid: "7b678867f1be4208b8b2b139419aed7a"
I20260608 10:01:41.207135 10406 leader_election.cc:290] T 0eb0bbaa7ec44e3680add477bbbf60e5 P 7b678867f1be4208b8b2b139419aed7a [CANDIDATE]: Term 1 pre-election: Requested pre-vote from peers 94193f2fb3cb4c418063211eb82284a8 (127.6.226.3:38435), 0e78f45ac6ca450db5d10d14fa1f257a (127.6.226.1:34161)
W20260608 10:01:41.209179 10006 leader_election.cc:343] T 2022bb865bdc4a3dad7b5ec95ec178bc P 0e78f45ac6ca450db5d10d14fa1f257a [CANDIDATE]: Term 1 election: Tablet error from VoteRequest() call to peer 7b678867f1be4208b8b2b139419aed7a (127.6.226.4:34113): Illegal state: must be running to vote when last-logged opid is not known
W20260608 10:01:41.226293  9986 auto_rebalancer.cc:259] Could not retrieve cluster info: Service unavailable: Tablet not running
I20260608 10:01:41.231751  9991 auto_leader_rebalancer.cc:140] leader rebalance for table range_aware_rebalance_new_range
I20260608 10:01:41.239387 10239 tablet_bootstrap.cc:492] T 5f0b8b70f843409cbd5df4b916c4a6f0 P 0e78f45ac6ca450db5d10d14fa1f257a: No bootstrap required, opened a new log
I20260608 10:01:41.240208 10239 ts_tablet_manager.cc:1403] T 5f0b8b70f843409cbd5df4b916c4a6f0 P 0e78f45ac6ca450db5d10d14fa1f257a: Time spent bootstrapping tablet: real 0.215s	user 0.011s	sys 0.009s
W20260608 10:01:41.246980  9991 auto_leader_rebalancer.cc:460] the master instance isn't leader: Service unavailable: Tablet not running
I20260608 10:01:41.277236 10379 tablet_bootstrap.cc:654] T 5f0b8b70f843409cbd5df4b916c4a6f0 P 650c75d0b33840f1a88910e9623363d5: Neither blocks nor log segments found. Creating new log.
I20260608 10:01:41.290248 10239 raft_consensus.cc:359] T 5f0b8b70f843409cbd5df4b916c4a6f0 P 0e78f45ac6ca450db5d10d14fa1f257a [term 0 FOLLOWER]: Replica starting. Triggering 0 pending ops. Active config: opid_index: -1 OBSOLETE_local: false peers { permanent_uuid: "7b678867f1be4208b8b2b139419aed7a" member_type: VOTER last_known_addr { host: "127.6.226.4" port: 34113 } } peers { permanent_uuid: "0e78f45ac6ca450db5d10d14fa1f257a" member_type: VOTER last_known_addr { host: "127.6.226.1" port: 34161 } } peers { permanent_uuid: "650c75d0b33840f1a88910e9623363d5" member_type: VOTER last_known_addr { host: "127.6.226.2" port: 45735 } }
I20260608 10:01:41.290940 10239 raft_consensus.cc:385] T 5f0b8b70f843409cbd5df4b916c4a6f0 P 0e78f45ac6ca450db5d10d14fa1f257a [term 0 FOLLOWER]: Consensus starting up: Expiring failure detector timer to make a prompt election more likely
I20260608 10:01:41.291193 10239 raft_consensus.cc:740] T 5f0b8b70f843409cbd5df4b916c4a6f0 P 0e78f45ac6ca450db5d10d14fa1f257a [term 0 FOLLOWER]: Becoming Follower/Learner. State: Replica: 0e78f45ac6ca450db5d10d14fa1f257a, State: Initialized, Role: FOLLOWER
I20260608 10:01:41.292635 10239 consensus_queue.cc:260] T 5f0b8b70f843409cbd5df4b916c4a6f0 P 0e78f45ac6ca450db5d10d14fa1f257a [NON_LEADER]: Queue going to NON_LEADER mode. State: All replicated index: 0, Majority replicated index: 0, Committed index: 0, Last appended: 0.0, Last appended by leader: 0, Current term: 0, Majority size: -1, State: 0, Mode: NON_LEADER, active raft config: opid_index: -1 OBSOLETE_local: false peers { permanent_uuid: "7b678867f1be4208b8b2b139419aed7a" member_type: VOTER last_known_addr { host: "127.6.226.4" port: 34113 } } peers { permanent_uuid: "0e78f45ac6ca450db5d10d14fa1f257a" member_type: VOTER last_known_addr { host: "127.6.226.1" port: 34161 } } peers { permanent_uuid: "650c75d0b33840f1a88910e9623363d5" member_type: VOTER last_known_addr { host: "127.6.226.2" port: 45735 } }
I20260608 10:01:41.297926 10239 ts_tablet_manager.cc:1434] T 5f0b8b70f843409cbd5df4b916c4a6f0 P 0e78f45ac6ca450db5d10d14fa1f257a: Time spent starting tablet: real 0.057s	user 0.009s	sys 0.000s
I20260608 10:01:41.299440 10239 tablet_bootstrap.cc:492] T 4e575e630d4743b68515d9ed26734e3e P 0e78f45ac6ca450db5d10d14fa1f257a: Bootstrap starting.
