I20260608 10:00:34.657828 22364 data_dirs.cc:400] Could only allocate 1 dirs of requested 3 for tablet 1cad2740d06d496eadc3a809b3975ddd. 1 dirs total, 0 dirs full, 0 dirs failed
I20260608 10:00:34.668677 22532 tablet_service.cc:1511] Processing CreateTablet for tablet ffeca238af144ae3bf4101d0964f3330 (DEFAULT_TABLE table=test-workload [id=73f4d940f5ce42f5ac19a294a725c709]), partition=RANGE (key) PARTITION 1431655764 <= VALUES
I20260608 10:00:34.669436 22454 tablet_service.cc:1511] Processing CreateTablet for tablet 730fa4de1c7241ce9229d5976360fc0d (DEFAULT_TABLE table=test-workload [id=73f4d940f5ce42f5ac19a294a725c709]), partition=RANGE (key) PARTITION 715827882 <= VALUES < 1431655764
I20260608 10:00:34.670189 22532 data_dirs.cc:400] Could only allocate 1 dirs of requested 3 for tablet ffeca238af144ae3bf4101d0964f3330. 1 dirs total, 0 dirs full, 0 dirs failed
I20260608 10:00:34.670909 22454 data_dirs.cc:400] Could only allocate 1 dirs of requested 3 for tablet 730fa4de1c7241ce9229d5976360fc0d. 1 dirs total, 0 dirs full, 0 dirs failed
I20260608 10:00:34.671396 22401 heartbeater.cc:499] Master 127.20.135.126:42437 was elected leader, sending a full tablet report...
I20260608 10:00:34.680485 22603 tablet_bootstrap.cc:492] T 1cad2740d06d496eadc3a809b3975ddd P 3400cd81cacb4314852783487f472866: Bootstrap starting.
I20260608 10:00:34.685556 22603 tablet_bootstrap.cc:654] T 1cad2740d06d496eadc3a809b3975ddd P 3400cd81cacb4314852783487f472866: Neither blocks nor log segments found. Creating new log.
I20260608 10:00:34.689827 22605 tablet_bootstrap.cc:492] T 730fa4de1c7241ce9229d5976360fc0d P 55b98444890142e088a22a8a110e80ad: Bootstrap starting.
I20260608 10:00:34.692322 22604 tablet_bootstrap.cc:492] T ffeca238af144ae3bf4101d0964f3330 P 52d7f87c00ca44e7935b6c1f135d5652: Bootstrap starting.
I20260608 10:00:34.694868 22603 tablet_bootstrap.cc:492] T 1cad2740d06d496eadc3a809b3975ddd P 3400cd81cacb4314852783487f472866: No bootstrap required, opened a new log
I20260608 10:00:34.695431 22603 ts_tablet_manager.cc:1403] T 1cad2740d06d496eadc3a809b3975ddd P 3400cd81cacb4314852783487f472866: Time spent bootstrapping tablet: real 0.015s	user 0.004s	sys 0.008s
I20260608 10:00:34.697425 22605 tablet_bootstrap.cc:654] T 730fa4de1c7241ce9229d5976360fc0d P 55b98444890142e088a22a8a110e80ad: Neither blocks nor log segments found. Creating new log.
I20260608 10:00:34.697949 22604 tablet_bootstrap.cc:654] T ffeca238af144ae3bf4101d0964f3330 P 52d7f87c00ca44e7935b6c1f135d5652: Neither blocks nor log segments found. Creating new log.
I20260608 10:00:34.698786 22603 raft_consensus.cc:359] T 1cad2740d06d496eadc3a809b3975ddd P 3400cd81cacb4314852783487f472866 [term 0 FOLLOWER]: Replica starting. Triggering 0 pending ops. Active config: opid_index: -1 OBSOLETE_local: true peers { permanent_uuid: "3400cd81cacb4314852783487f472866" member_type: VOTER last_known_addr { host: "127.20.135.65" port: 43631 } }
I20260608 10:00:34.699417 22603 raft_consensus.cc:385] T 1cad2740d06d496eadc3a809b3975ddd P 3400cd81cacb4314852783487f472866 [term 0 FOLLOWER]: Consensus starting up: Expiring failure detector timer to make a prompt election more likely
I20260608 10:00:34.699733 22603 raft_consensus.cc:740] T 1cad2740d06d496eadc3a809b3975ddd P 3400cd81cacb4314852783487f472866 [term 0 FOLLOWER]: Becoming Follower/Learner. State: Replica: 3400cd81cacb4314852783487f472866, State: Initialized, Role: FOLLOWER
I20260608 10:00:34.700510 22603 consensus_queue.cc:260] T 1cad2740d06d496eadc3a809b3975ddd P 3400cd81cacb4314852783487f472866 [NON_LEADER]: Queue going to NON_LEADER mode. State: All replicated index: 0, Majority replicated index: 0, Committed index: 0, Last appended: 0.0, Last appended by leader: 0, Current term: 0, Majority size: -1, State: 0, Mode: NON_LEADER, active raft config: opid_index: -1 OBSOLETE_local: true peers { permanent_uuid: "3400cd81cacb4314852783487f472866" member_type: VOTER last_known_addr { host: "127.20.135.65" port: 43631 } }
I20260608 10:00:34.701292 22603 raft_consensus.cc:399] T 1cad2740d06d496eadc3a809b3975ddd P 3400cd81cacb4314852783487f472866 [term 0 FOLLOWER]: Only one voter in the Raft config. Triggering election immediately
I20260608 10:00:34.701674 22603 raft_consensus.cc:493] T 1cad2740d06d496eadc3a809b3975ddd P 3400cd81cacb4314852783487f472866 [term 0 FOLLOWER]: Starting leader election (initial election of a single-replica configuration)
I20260608 10:00:34.702100 22603 raft_consensus.cc:3060] T 1cad2740d06d496eadc3a809b3975ddd P 3400cd81cacb4314852783487f472866 [term 0 FOLLOWER]: Advancing to term 1
I20260608 10:00:34.704015 22604 tablet_bootstrap.cc:492] T ffeca238af144ae3bf4101d0964f3330 P 52d7f87c00ca44e7935b6c1f135d5652: No bootstrap required, opened a new log
I20260608 10:00:34.704478 22604 ts_tablet_manager.cc:1403] T ffeca238af144ae3bf4101d0964f3330 P 52d7f87c00ca44e7935b6c1f135d5652: Time spent bootstrapping tablet: real 0.012s	user 0.010s	sys 0.000s
I20260608 10:00:34.706364 22605 tablet_bootstrap.cc:492] T 730fa4de1c7241ce9229d5976360fc0d P 55b98444890142e088a22a8a110e80ad: No bootstrap required, opened a new log
I20260608 10:00:34.706851 22605 ts_tablet_manager.cc:1403] T 730fa4de1c7241ce9229d5976360fc0d P 55b98444890142e088a22a8a110e80ad: Time spent bootstrapping tablet: real 0.017s	user 0.012s	sys 0.003s
I20260608 10:00:34.707708 22603 raft_consensus.cc:515] T 1cad2740d06d496eadc3a809b3975ddd P 3400cd81cacb4314852783487f472866 [term 1 FOLLOWER]: Starting leader election with config: opid_index: -1 OBSOLETE_local: true peers { permanent_uuid: "3400cd81cacb4314852783487f472866" member_type: VOTER last_known_addr { host: "127.20.135.65" port: 43631 } }
I20260608 10:00:34.707638 22604 raft_consensus.cc:359] T ffeca238af144ae3bf4101d0964f3330 P 52d7f87c00ca44e7935b6c1f135d5652 [term 0 FOLLOWER]: Replica starting. Triggering 0 pending ops. Active config: opid_index: -1 OBSOLETE_local: true peers { permanent_uuid: "52d7f87c00ca44e7935b6c1f135d5652" member_type: VOTER last_known_addr { host: "127.20.135.67" port: 36921 } }
I20260608 10:00:34.708535 22604 raft_consensus.cc:385] T ffeca238af144ae3bf4101d0964f3330 P 52d7f87c00ca44e7935b6c1f135d5652 [term 0 FOLLOWER]: Consensus starting up: Expiring failure detector timer to make a prompt election more likely
I20260608 10:00:34.708606 22603 leader_election.cc:304] T 1cad2740d06d496eadc3a809b3975ddd P 3400cd81cacb4314852783487f472866 [CANDIDATE]: Term 1 election: Election decided. Result: candidate won. Election summary: received 1 responses out of 1 voters: 1 yes votes; 0 no votes. yes voters: 3400cd81cacb4314852783487f472866; no voters: 
I20260608 10:00:34.708956 22604 raft_consensus.cc:740] T ffeca238af144ae3bf4101d0964f3330 P 52d7f87c00ca44e7935b6c1f135d5652 [term 0 FOLLOWER]: Becoming Follower/Learner. State: Replica: 52d7f87c00ca44e7935b6c1f135d5652, State: Initialized, Role: FOLLOWER
I20260608 10:00:34.710037 22605 raft_consensus.cc:359] T 730fa4de1c7241ce9229d5976360fc0d P 55b98444890142e088a22a8a110e80ad [term 0 FOLLOWER]: Replica starting. Triggering 0 pending ops. Active config: opid_index: -1 OBSOLETE_local: true peers { permanent_uuid: "55b98444890142e088a22a8a110e80ad" member_type: VOTER last_known_addr { host: "127.20.135.66" port: 38153 } }
I20260608 10:00:34.709966 22604 consensus_queue.cc:260] T ffeca238af144ae3bf4101d0964f3330 P 52d7f87c00ca44e7935b6c1f135d5652 [NON_LEADER]: Queue going to NON_LEADER mode. State: All replicated index: 0, Majority replicated index: 0, Committed index: 0, Last appended: 0.0, Last appended by leader: 0, Current term: 0, Majority size: -1, State: 0, Mode: NON_LEADER, active raft config: opid_index: -1 OBSOLETE_local: true peers { permanent_uuid: "52d7f87c00ca44e7935b6c1f135d5652" member_type: VOTER last_known_addr { host: "127.20.135.67" port: 36921 } }
I20260608 10:00:34.710439 22603 leader_election.cc:290] T 1cad2740d06d496eadc3a809b3975ddd P 3400cd81cacb4314852783487f472866 [CANDIDATE]: Term 1 election: Requested vote from peers 
I20260608 10:00:34.710870 22605 raft_consensus.cc:385] T 730fa4de1c7241ce9229d5976360fc0d P 55b98444890142e088a22a8a110e80ad [term 0 FOLLOWER]: Consensus starting up: Expiring failure detector timer to make a prompt election more likely
I20260608 10:00:34.710942 22609 raft_consensus.cc:2804] T 1cad2740d06d496eadc3a809b3975ddd P 3400cd81cacb4314852783487f472866 [term 1 FOLLOWER]: Leader election won for term 1
I20260608 10:00:34.711046 22604 raft_consensus.cc:399] T ffeca238af144ae3bf4101d0964f3330 P 52d7f87c00ca44e7935b6c1f135d5652 [term 0 FOLLOWER]: Only one voter in the Raft config. Triggering election immediately
I20260608 10:00:34.711421 22605 raft_consensus.cc:740] T 730fa4de1c7241ce9229d5976360fc0d P 55b98444890142e088a22a8a110e80ad [term 0 FOLLOWER]: Becoming Follower/Learner. State: Replica: 55b98444890142e088a22a8a110e80ad, State: Initialized, Role: FOLLOWER
I20260608 10:00:34.711840 22604 raft_consensus.cc:493] T ffeca238af144ae3bf4101d0964f3330 P 52d7f87c00ca44e7935b6c1f135d5652 [term 0 FOLLOWER]: Starting leader election (initial election of a single-replica configuration)
I20260608 10:00:34.712319 22604 raft_consensus.cc:3060] T ffeca238af144ae3bf4101d0964f3330 P 52d7f87c00ca44e7935b6c1f135d5652 [term 0 FOLLOWER]: Advancing to term 1
I20260608 10:00:34.712508 22605 consensus_queue.cc:260] T 730fa4de1c7241ce9229d5976360fc0d P 55b98444890142e088a22a8a110e80ad [NON_LEADER]: Queue going to NON_LEADER mode. State: All replicated index: 0, Majority replicated index: 0, Committed index: 0, Last appended: 0.0, Last appended by leader: 0, Current term: 0, Majority size: -1, State: 0, Mode: NON_LEADER, active raft config: opid_index: -1 OBSOLETE_local: true peers { permanent_uuid: "55b98444890142e088a22a8a110e80ad" member_type: VOTER last_known_addr { host: "127.20.135.66" port: 38153 } }
I20260608 10:00:34.713440 22605 raft_consensus.cc:399] T 730fa4de1c7241ce9229d5976360fc0d P 55b98444890142e088a22a8a110e80ad [term 0 FOLLOWER]: Only one voter in the Raft config. Triggering election immediately
I20260608 10:00:34.713825 22605 raft_consensus.cc:493] T 730fa4de1c7241ce9229d5976360fc0d P 55b98444890142e088a22a8a110e80ad [term 0 FOLLOWER]: Starting leader election (initial election of a single-replica configuration)
I20260608 10:00:34.714272 22605 raft_consensus.cc:3060] T 730fa4de1c7241ce9229d5976360fc0d P 55b98444890142e088a22a8a110e80ad [term 0 FOLLOWER]: Advancing to term 1
I20260608 10:00:34.720683 22603 ts_tablet_manager.cc:1434] T 1cad2740d06d496eadc3a809b3975ddd P 3400cd81cacb4314852783487f472866: Time spent starting tablet: real 0.025s	user 0.018s	sys 0.004s
I20260608 10:00:34.720759 22604 raft_consensus.cc:515] T ffeca238af144ae3bf4101d0964f3330 P 52d7f87c00ca44e7935b6c1f135d5652 [term 1 FOLLOWER]: Starting leader election with config: opid_index: -1 OBSOLETE_local: true peers { permanent_uuid: "52d7f87c00ca44e7935b6c1f135d5652" member_type: VOTER last_known_addr { host: "127.20.135.67" port: 36921 } }
I20260608 10:00:34.721982 22604 leader_election.cc:304] T ffeca238af144ae3bf4101d0964f3330 P 52d7f87c00ca44e7935b6c1f135d5652 [CANDIDATE]: Term 1 election: Election decided. Result: candidate won. Election summary: received 1 responses out of 1 voters: 1 yes votes; 0 no votes. yes voters: 52d7f87c00ca44e7935b6c1f135d5652; no voters: 
I20260608 10:00:34.722507 22605 raft_consensus.cc:515] T 730fa4de1c7241ce9229d5976360fc0d P 55b98444890142e088a22a8a110e80ad [term 1 FOLLOWER]: Starting leader election with config: opid_index: -1 OBSOLETE_local: true peers { permanent_uuid: "55b98444890142e088a22a8a110e80ad" member_type: VOTER last_known_addr { host: "127.20.135.66" port: 38153 } }
I20260608 10:00:34.723495 22605 leader_election.cc:304] T 730fa4de1c7241ce9229d5976360fc0d P 55b98444890142e088a22a8a110e80ad [CANDIDATE]: Term 1 election: Election decided. Result: candidate won. Election summary: received 1 responses out of 1 voters: 1 yes votes; 0 no votes. yes voters: 55b98444890142e088a22a8a110e80ad; no voters: 
I20260608 10:00:34.724255 22609 raft_consensus.cc:697] T 1cad2740d06d496eadc3a809b3975ddd P 3400cd81cacb4314852783487f472866 [term 1 LEADER]: Becoming Leader. State: Replica: 3400cd81cacb4314852783487f472866, State: Running, Role: LEADER
I20260608 10:00:34.725159 22609 consensus_queue.cc:237] T 1cad2740d06d496eadc3a809b3975ddd P 3400cd81cacb4314852783487f472866 [LEADER]: Queue going to LEADER mode. State: All replicated index: 0, Majority replicated index: 0, Committed index: 0, Last appended: 0.0, Last appended by leader: 0, Current term: 1, Majority size: 1, State: 0, Mode: LEADER, active raft config: opid_index: -1 OBSOLETE_local: true peers { permanent_uuid: "3400cd81cacb4314852783487f472866" member_type: VOTER last_known_addr { host: "127.20.135.65" port: 43631 } }
I20260608 10:00:34.725739 22605 leader_election.cc:290] T 730fa4de1c7241ce9229d5976360fc0d P 55b98444890142e088a22a8a110e80ad [CANDIDATE]: Term 1 election: Requested vote from peers 
I20260608 10:00:34.726372 22613 raft_consensus.cc:2804] T 730fa4de1c7241ce9229d5976360fc0d P 55b98444890142e088a22a8a110e80ad [term 1 FOLLOWER]: Leader election won for term 1
I20260608 10:00:34.730857 22604 leader_election.cc:290] T ffeca238af144ae3bf4101d0964f3330 P 52d7f87c00ca44e7935b6c1f135d5652 [CANDIDATE]: Term 1 election: Requested vote from peers 
I20260608 10:00:34.731374 22612 raft_consensus.cc:2804] T ffeca238af144ae3bf4101d0964f3330 P 52d7f87c00ca44e7935b6c1f135d5652 [term 1 FOLLOWER]: Leader election won for term 1
I20260608 10:00:34.731680 22613 raft_consensus.cc:697] T 730fa4de1c7241ce9229d5976360fc0d P 55b98444890142e088a22a8a110e80ad [term 1 LEADER]: Becoming Leader. State: Replica: 55b98444890142e088a22a8a110e80ad, State: Running, Role: LEADER
I20260608 10:00:34.738070 22613 consensus_queue.cc:237] T 730fa4de1c7241ce9229d5976360fc0d P 55b98444890142e088a22a8a110e80ad [LEADER]: Queue going to LEADER mode. State: All replicated index: 0, Majority replicated index: 0, Committed index: 0, Last appended: 0.0, Last appended by leader: 0, Current term: 1, Majority size: 1, State: 0, Mode: LEADER, active raft config: opid_index: -1 OBSOLETE_local: true peers { permanent_uuid: "55b98444890142e088a22a8a110e80ad" member_type: VOTER last_known_addr { host: "127.20.135.66" port: 38153 } }
I20260608 10:00:34.741787 22604 ts_tablet_manager.cc:1434] T ffeca238af144ae3bf4101d0964f3330 P 52d7f87c00ca44e7935b6c1f135d5652: Time spent starting tablet: real 0.037s	user 0.027s	sys 0.008s
I20260608 10:00:34.737000 22605 ts_tablet_manager.cc:1434] T 730fa4de1c7241ce9229d5976360fc0d P 55b98444890142e088a22a8a110e80ad: Time spent starting tablet: real 0.030s	user 0.023s	sys 0.005s
I20260608 10:00:34.759604 22119 catalog_manager.cc:5696] T 1cad2740d06d496eadc3a809b3975ddd P 3400cd81cacb4314852783487f472866 reported cstate change: term changed from 0 to 1, leader changed from <none> to 3400cd81cacb4314852783487f472866 (127.20.135.65). New cstate: current_term: 1 leader_uuid: "3400cd81cacb4314852783487f472866" committed_config { opid_index: -1 OBSOLETE_local: true peers { permanent_uuid: "3400cd81cacb4314852783487f472866" member_type: VOTER last_known_addr { host: "127.20.135.65" port: 43631 } health_report { overall_health: HEALTHY } } }
I20260608 10:00:34.762938 22118 catalog_manager.cc:5696] T 730fa4de1c7241ce9229d5976360fc0d P 55b98444890142e088a22a8a110e80ad reported cstate change: term changed from 0 to 1, leader changed from <none> to 55b98444890142e088a22a8a110e80ad (127.20.135.66). New cstate: current_term: 1 leader_uuid: "55b98444890142e088a22a8a110e80ad" committed_config { opid_index: -1 OBSOLETE_local: true peers { permanent_uuid: "55b98444890142e088a22a8a110e80ad" member_type: VOTER last_known_addr { host: "127.20.135.66" port: 38153 } health_report { overall_health: HEALTHY } } }
I20260608 10:00:34.774857 22612 raft_consensus.cc:697] T ffeca238af144ae3bf4101d0964f3330 P 52d7f87c00ca44e7935b6c1f135d5652 [term 1 LEADER]: Becoming Leader. State: Replica: 52d7f87c00ca44e7935b6c1f135d5652, State: Running, Role: LEADER
I20260608 10:00:34.779924 22612 consensus_queue.cc:237] T ffeca238af144ae3bf4101d0964f3330 P 52d7f87c00ca44e7935b6c1f135d5652 [LEADER]: Queue going to LEADER mode. State: All replicated index: 0, Majority replicated index: 0, Committed index: 0, Last appended: 0.0, Last appended by leader: 0, Current term: 1, Majority size: 1, State: 0, Mode: LEADER, active raft config: opid_index: -1 OBSOLETE_local: true peers { permanent_uuid: "52d7f87c00ca44e7935b6c1f135d5652" member_type: VOTER last_known_addr { host: "127.20.135.67" port: 36921 } }
I20260608 10:00:34.795439 22117 catalog_manager.cc:5696] T ffeca238af144ae3bf4101d0964f3330 P 52d7f87c00ca44e7935b6c1f135d5652 reported cstate change: term changed from 0 to 1, leader changed from <none> to 52d7f87c00ca44e7935b6c1f135d5652 (127.20.135.67). New cstate: current_term: 1 leader_uuid: "52d7f87c00ca44e7935b6c1f135d5652" committed_config { opid_index: -1 OBSOLETE_local: true peers { permanent_uuid: "52d7f87c00ca44e7935b6c1f135d5652" member_type: VOTER last_known_addr { host: "127.20.135.67" port: 36921 } health_report { overall_health: HEALTHY } } }
I20260608 10:00:34.857726 21021 master.cc:562] Master@127.20.135.126:42437 shutting down...
I20260608 10:00:34.876612 21021 raft_consensus.cc:2243] T 00000000000000000000000000000000 P 16b0250b248c40e8b2c107c55fa27a8b [term 1 LEADER]: Raft consensus shutting down.
I20260608 10:00:34.877552 21021 raft_consensus.cc:2272] T 00000000000000000000000000000000 P 16b0250b248c40e8b2c107c55fa27a8b [term 1 FOLLOWER]: Raft consensus is shut down!
I20260608 10:00:34.877974 21021 tablet_replica.cc:333] T 00000000000000000000000000000000 P 16b0250b248c40e8b2c107c55fa27a8b: stopping tablet replica
I20260608 10:00:34.900498 21021 master.cc:584] Master@127.20.135.126:42437 shutdown complete.
W20260608 10:00:35.810530 22401 heartbeater.cc:646] Failed to heartbeat to 127.20.135.126:42437 (0 consecutive failures): Network error: Failed to send heartbeat to master: Client connection negotiation failed: client connection to 127.20.135.126:42437: connect: Connection refused (error 111)
I20260608 10:00:36.339749 22628 raft_consensus.cc:493] T 00000000000000000000000000000000 P 2539d5e4659649dfb35f2cc074f7f301 [term 1 FOLLOWER]: Starting pre-election (detected failure of leader 16b0250b248c40e8b2c107c55fa27a8b)
I20260608 10:00:36.340309 22628 raft_consensus.cc:515] T 00000000000000000000000000000000 P 2539d5e4659649dfb35f2cc074f7f301 [term 1 FOLLOWER]: Starting pre-election with config: opid_index: -1 OBSOLETE_local: false peers { permanent_uuid: "16b0250b248c40e8b2c107c55fa27a8b" member_type: VOTER last_known_addr { host: "127.20.135.126" port: 42437 } } peers { permanent_uuid: "fdad1fdec42d41239ff4294d5e5066b5" member_type: VOTER last_known_addr { host: "127.20.135.125" port: 37307 } } peers { permanent_uuid: "2539d5e4659649dfb35f2cc074f7f301" member_type: VOTER last_known_addr { host: "127.20.135.124" port: 45815 } }
I20260608 10:00:36.342095 22628 leader_election.cc:290] T 00000000000000000000000000000000 P 2539d5e4659649dfb35f2cc074f7f301 [CANDIDATE]: Term 2 pre-election: Requested pre-vote from peers 16b0250b248c40e8b2c107c55fa27a8b (127.20.135.126:42437), fdad1fdec42d41239ff4294d5e5066b5 (127.20.135.125:37307)
I20260608 10:00:36.346480 22630 raft_consensus.cc:493] T 00000000000000000000000000000000 P fdad1fdec42d41239ff4294d5e5066b5 [term 1 FOLLOWER]: Starting pre-election (detected failure of leader 16b0250b248c40e8b2c107c55fa27a8b)
I20260608 10:00:36.347172 22630 raft_consensus.cc:515] T 00000000000000000000000000000000 P fdad1fdec42d41239ff4294d5e5066b5 [term 1 FOLLOWER]: Starting pre-election with config: opid_index: -1 OBSOLETE_local: false peers { permanent_uuid: "16b0250b248c40e8b2c107c55fa27a8b" member_type: VOTER last_known_addr { host: "127.20.135.126" port: 42437 } } peers { permanent_uuid: "fdad1fdec42d41239ff4294d5e5066b5" member_type: VOTER last_known_addr { host: "127.20.135.125" port: 37307 } } peers { permanent_uuid: "2539d5e4659649dfb35f2cc074f7f301" member_type: VOTER last_known_addr { host: "127.20.135.124" port: 45815 } }
I20260608 10:00:36.348142 22193 tablet_service.cc:1917] Received RequestConsensusVote() RPC: tablet_id: "00000000000000000000000000000000" candidate_uuid: "2539d5e4659649dfb35f2cc074f7f301" candidate_term: 2 candidate_status { last_received { term: 1 index: 10 } } ignore_live_leader: false dest_uuid: "fdad1fdec42d41239ff4294d5e5066b5" is_pre_election: true
I20260608 10:00:36.348889 22193 raft_consensus.cc:2468] T 00000000000000000000000000000000 P fdad1fdec42d41239ff4294d5e5066b5 [term 1 FOLLOWER]: Leader pre-election vote request: Granting yes vote for candidate 2539d5e4659649dfb35f2cc074f7f301 in term 1.
I20260608 10:00:36.349557 22630 leader_election.cc:290] T 00000000000000000000000000000000 P fdad1fdec42d41239ff4294d5e5066b5 [CANDIDATE]: Term 2 pre-election: Requested pre-vote from peers 16b0250b248c40e8b2c107c55fa27a8b (127.20.135.126:42437), 2539d5e4659649dfb35f2cc074f7f301 (127.20.135.124:45815)
I20260608 10:00:36.351802 22233 leader_election.cc:304] T 00000000000000000000000000000000 P 2539d5e4659649dfb35f2cc074f7f301 [CANDIDATE]: Term 2 pre-election: Election decided. Result: candidate won. Election summary: received 2 responses out of 3 voters: 2 yes votes; 0 no votes. yes voters: 2539d5e4659649dfb35f2cc074f7f301, fdad1fdec42d41239ff4294d5e5066b5; no voters: 
I20260608 10:00:36.352747 22628 raft_consensus.cc:2804] T 00000000000000000000000000000000 P 2539d5e4659649dfb35f2cc074f7f301 [term 1 FOLLOWER]: Leader pre-election won for term 2
I20260608 10:00:36.353307 22259 tablet_service.cc:1917] Received RequestConsensusVote() RPC: tablet_id: "00000000000000000000000000000000" candidate_uuid: "fdad1fdec42d41239ff4294d5e5066b5" candidate_term: 2 candidate_status { last_received { term: 1 index: 10 } } ignore_live_leader: false dest_uuid: "2539d5e4659649dfb35f2cc074f7f301" is_pre_election: true
I20260608 10:00:36.353300 22628 raft_consensus.cc:493] T 00000000000000000000000000000000 P 2539d5e4659649dfb35f2cc074f7f301 [term 1 FOLLOWER]: Starting leader election (detected failure of leader 16b0250b248c40e8b2c107c55fa27a8b)
I20260608 10:00:36.354074 22628 raft_consensus.cc:3060] T 00000000000000000000000000000000 P 2539d5e4659649dfb35f2cc074f7f301 [term 1 FOLLOWER]: Advancing to term 2
W20260608 10:00:36.355723 22233 leader_election.cc:336] T 00000000000000000000000000000000 P 2539d5e4659649dfb35f2cc074f7f301 [CANDIDATE]: Term 2 pre-election: RPC error from VoteRequest() call to peer 16b0250b248c40e8b2c107c55fa27a8b (127.20.135.126:42437): Network error: Client connection negotiation failed: client connection to 127.20.135.126:42437: connect: Connection refused (error 111)
W20260608 10:00:36.356151 22169 leader_election.cc:336] T 00000000000000000000000000000000 P fdad1fdec42d41239ff4294d5e5066b5 [CANDIDATE]: Term 2 pre-election: RPC error from VoteRequest() call to peer 16b0250b248c40e8b2c107c55fa27a8b (127.20.135.126:42437): Network error: Client connection negotiation failed: client connection to 127.20.135.126:42437: connect: Connection refused (error 111)
I20260608 10:00:36.359557 22628 raft_consensus.cc:515] T 00000000000000000000000000000000 P 2539d5e4659649dfb35f2cc074f7f301 [term 2 FOLLOWER]: Starting leader election with config: opid_index: -1 OBSOLETE_local: false peers { permanent_uuid: "16b0250b248c40e8b2c107c55fa27a8b" member_type: VOTER last_known_addr { host: "127.20.135.126" port: 42437 } } peers { permanent_uuid: "fdad1fdec42d41239ff4294d5e5066b5" member_type: VOTER last_known_addr { host: "127.20.135.125" port: 37307 } } peers { permanent_uuid: "2539d5e4659649dfb35f2cc074f7f301" member_type: VOTER last_known_addr { host: "127.20.135.124" port: 45815 } }
I20260608 10:00:36.360522 22259 raft_consensus.cc:2393] T 00000000000000000000000000000000 P 2539d5e4659649dfb35f2cc074f7f301 [term 2 FOLLOWER]: Leader pre-election vote request: Denying vote to candidate fdad1fdec42d41239ff4294d5e5066b5 in current term 2: Already voted for candidate 2539d5e4659649dfb35f2cc074f7f301 in this term.
I20260608 10:00:36.361399 22628 leader_election.cc:290] T 00000000000000000000000000000000 P 2539d5e4659649dfb35f2cc074f7f301 [CANDIDATE]: Term 2 election: Requested vote from peers 16b0250b248c40e8b2c107c55fa27a8b (127.20.135.126:42437), fdad1fdec42d41239ff4294d5e5066b5 (127.20.135.125:37307)
I20260608 10:00:36.363185 22193 tablet_service.cc:1917] Received RequestConsensusVote() RPC: tablet_id: "00000000000000000000000000000000" candidate_uuid: "2539d5e4659649dfb35f2cc074f7f301" candidate_term: 2 candidate_status { last_received { term: 1 index: 10 } } ignore_live_leader: false dest_uuid: "fdad1fdec42d41239ff4294d5e5066b5"
I20260608 10:00:36.363785 22193 raft_consensus.cc:3060] T 00000000000000000000000000000000 P fdad1fdec42d41239ff4294d5e5066b5 [term 1 FOLLOWER]: Advancing to term 2
I20260608 10:00:36.363915 22168 leader_election.cc:304] T 00000000000000000000000000000000 P fdad1fdec42d41239ff4294d5e5066b5 [CANDIDATE]: Term 2 pre-election: Election decided. Result: candidate lost. Election summary: received 3 responses out of 3 voters: 1 yes votes; 2 no votes. yes voters: fdad1fdec42d41239ff4294d5e5066b5; no voters: 16b0250b248c40e8b2c107c55fa27a8b, 2539d5e4659649dfb35f2cc074f7f301
W20260608 10:00:36.365865 22233 leader_election.cc:336] T 00000000000000000000000000000000 P 2539d5e4659649dfb35f2cc074f7f301 [CANDIDATE]: Term 2 election: RPC error from VoteRequest() call to peer 16b0250b248c40e8b2c107c55fa27a8b (127.20.135.126:42437): Network error: Client connection negotiation failed: client connection to 127.20.135.126:42437: connect: Connection refused (error 111)
I20260608 10:00:36.369161 22193 raft_consensus.cc:2468] T 00000000000000000000000000000000 P fdad1fdec42d41239ff4294d5e5066b5 [term 2 FOLLOWER]: Leader election vote request: Granting yes vote for candidate 2539d5e4659649dfb35f2cc074f7f301 in term 2.
I20260608 10:00:36.369676 22630 raft_consensus.cc:2749] T 00000000000000000000000000000000 P fdad1fdec42d41239ff4294d5e5066b5 [term 2 FOLLOWER]: Leader pre-election lost for term 2. Reason: could not achieve majority
I20260608 10:00:36.370268 22233 leader_election.cc:304] T 00000000000000000000000000000000 P 2539d5e4659649dfb35f2cc074f7f301 [CANDIDATE]: Term 2 election: Election decided. Result: candidate won. Election summary: received 3 responses out of 3 voters: 2 yes votes; 1 no votes. yes voters: 2539d5e4659649dfb35f2cc074f7f301, fdad1fdec42d41239ff4294d5e5066b5; no voters: 16b0250b248c40e8b2c107c55fa27a8b
I20260608 10:00:36.371089 22628 raft_consensus.cc:2804] T 00000000000000000000000000000000 P 2539d5e4659649dfb35f2cc074f7f301 [term 2 FOLLOWER]: Leader election won for term 2
I20260608 10:00:36.372291 22628 raft_consensus.cc:697] T 00000000000000000000000000000000 P 2539d5e4659649dfb35f2cc074f7f301 [term 2 LEADER]: Becoming Leader. State: Replica: 2539d5e4659649dfb35f2cc074f7f301, State: Running, Role: LEADER
I20260608 10:00:36.372992 22628 consensus_queue.cc:237] T 00000000000000000000000000000000 P 2539d5e4659649dfb35f2cc074f7f301 [LEADER]: Queue going to LEADER mode. State: All replicated index: 0, Majority replicated index: 10, Committed index: 10, Last appended: 1.10, Last appended by leader: 10, Current term: 2, Majority size: 2, State: 0, Mode: LEADER, active raft config: opid_index: -1 OBSOLETE_local: false peers { permanent_uuid: "16b0250b248c40e8b2c107c55fa27a8b" member_type: VOTER last_known_addr { host: "127.20.135.126" port: 42437 } } peers { permanent_uuid: "fdad1fdec42d41239ff4294d5e5066b5" member_type: VOTER last_known_addr { host: "127.20.135.125" port: 37307 } } peers { permanent_uuid: "2539d5e4659649dfb35f2cc074f7f301" member_type: VOTER last_known_addr { host: "127.20.135.124" port: 45815 } }
I20260608 10:00:36.376845 22634 sys_catalog.cc:455] T 00000000000000000000000000000000 P 2539d5e4659649dfb35f2cc074f7f301 [sys.catalog]: SysCatalogTable state changed. Reason: New leader 2539d5e4659649dfb35f2cc074f7f301. Latest consensus state: current_term: 2 leader_uuid: "2539d5e4659649dfb35f2cc074f7f301" committed_config { opid_index: -1 OBSOLETE_local: false peers { permanent_uuid: "16b0250b248c40e8b2c107c55fa27a8b" member_type: VOTER last_known_addr { host: "127.20.135.126" port: 42437 } } peers { permanent_uuid: "fdad1fdec42d41239ff4294d5e5066b5" member_type: VOTER last_known_addr { host: "127.20.135.125" port: 37307 } } peers { permanent_uuid: "2539d5e4659649dfb35f2cc074f7f301" member_type: VOTER last_known_addr { host: "127.20.135.124" port: 45815 } } }
I20260608 10:00:36.377597 22634 sys_catalog.cc:458] T 00000000000000000000000000000000 P 2539d5e4659649dfb35f2cc074f7f301 [sys.catalog]: This master's current role is: LEADER
I20260608 10:00:36.379053 22636 catalog_manager.cc:1510] Loading table and tablet metadata into memory...
I20260608 10:00:36.383965 22636 catalog_manager.cc:679] Loaded metadata for table test-workload [id=73f4d940f5ce42f5ac19a294a725c709]
I20260608 10:00:36.388903 22636 tablet_loader.cc:96] loaded metadata for tablet 1cad2740d06d496eadc3a809b3975ddd (table test-workload [id=73f4d940f5ce42f5ac19a294a725c709])
I20260608 10:00:36.390067 22636 tablet_loader.cc:96] loaded metadata for tablet 730fa4de1c7241ce9229d5976360fc0d (table test-workload [id=73f4d940f5ce42f5ac19a294a725c709])
I20260608 10:00:36.391080 22636 tablet_loader.cc:96] loaded metadata for tablet ffeca238af144ae3bf4101d0964f3330 (table test-workload [id=73f4d940f5ce42f5ac19a294a725c709])
I20260608 10:00:36.392022 22636 catalog_manager.cc:1519] Initializing Kudu cluster ID...
I20260608 10:00:36.395270 22636 catalog_manager.cc:1294] Loaded cluster ID: 24ea8d73207648ab8323da0cb3af3774
I20260608 10:00:36.395514 22636 catalog_manager.cc:1530] Initializing Kudu internal certificate authority...
I20260608 10:00:36.399036 22636 catalog_manager.cc:1539] Loading token signing keys...
I20260608 10:00:36.403220 22636 catalog_manager.cc:6080] T 00000000000000000000000000000000 P 2539d5e4659649dfb35f2cc074f7f301: Loaded TSK: 0
I20260608 10:00:36.404186 22636 catalog_manager.cc:1549] Initializing in-progress tserver states...
I20260608 10:00:36.495141 22326 auto_leader_rebalancer.cc:140] leader rebalance for table test-workload
I20260608 10:00:36.495561 22326 auto_leader_rebalancer.cc:451] All tables' leader rebalancing finished this round
I20260608 10:00:36.500267 21021 tablet_server.cc:179] TabletServer@127.20.135.65:0 shutting down...
I20260608 10:00:36.518554 21021 ts_tablet_manager.cc:1507] Shutting down tablet manager...
I20260608 10:00:36.519215 21021 tablet_replica.cc:333] T 1cad2740d06d496eadc3a809b3975ddd P 3400cd81cacb4314852783487f472866: stopping tablet replica
I20260608 10:00:36.519825 21021 raft_consensus.cc:2243] T 1cad2740d06d496eadc3a809b3975ddd P 3400cd81cacb4314852783487f472866 [term 1 LEADER]: Raft consensus shutting down.
I20260608 10:00:36.520294 21021 raft_consensus.cc:2272] T 1cad2740d06d496eadc3a809b3975ddd P 3400cd81cacb4314852783487f472866 [term 1 FOLLOWER]: Raft consensus is shut down!
I20260608 10:00:36.538595 21021 tablet_server.cc:196] TabletServer@127.20.135.65:0 shutdown complete.
I20260608 10:00:36.547253 21021 tablet_server.cc:179] TabletServer@127.20.135.66:0 shutting down...
I20260608 10:00:36.565779 21021 ts_tablet_manager.cc:1507] Shutting down tablet manager...
I20260608 10:00:36.566552 21021 tablet_replica.cc:333] T 730fa4de1c7241ce9229d5976360fc0d P 55b98444890142e088a22a8a110e80ad: stopping tablet replica
I20260608 10:00:36.567155 21021 raft_consensus.cc:2243] T 730fa4de1c7241ce9229d5976360fc0d P 55b98444890142e088a22a8a110e80ad [term 1 LEADER]: Raft consensus shutting down.
I20260608 10:00:36.567638 21021 raft_consensus.cc:2272] T 730fa4de1c7241ce9229d5976360fc0d P 55b98444890142e088a22a8a110e80ad [term 1 FOLLOWER]: Raft consensus is shut down!
I20260608 10:00:36.586033 21021 tablet_server.cc:196] TabletServer@127.20.135.66:0 shutdown complete.
I20260608 10:00:36.594952 21021 tablet_server.cc:179] TabletServer@127.20.135.67:0 shutting down...
I20260608 10:00:36.612322 21021 ts_tablet_manager.cc:1507] Shutting down tablet manager...
I20260608 10:00:36.612965 21021 tablet_replica.cc:333] T ffeca238af144ae3bf4101d0964f3330 P 52d7f87c00ca44e7935b6c1f135d5652: stopping tablet replica
I20260608 10:00:36.613639 21021 raft_consensus.cc:2243] T ffeca238af144ae3bf4101d0964f3330 P 52d7f87c00ca44e7935b6c1f135d5652 [term 1 LEADER]: Raft consensus shutting down.
I20260608 10:00:36.614137 21021 raft_consensus.cc:2272] T ffeca238af144ae3bf4101d0964f3330 P 52d7f87c00ca44e7935b6c1f135d5652 [term 1 FOLLOWER]: Raft consensus is shut down!
I20260608 10:00:36.632652 21021 tablet_server.cc:196] TabletServer@127.20.135.67:0 shutdown complete.
I20260608 10:00:36.643456 21021 master.cc:562] Master@127.20.135.125:37307 shutting down...
I20260608 10:00:36.659377 21021 raft_consensus.cc:2243] T 00000000000000000000000000000000 P fdad1fdec42d41239ff4294d5e5066b5 [term 2 FOLLOWER]: Raft consensus shutting down.
I20260608 10:00:36.659955 21021 raft_consensus.cc:2272] T 00000000000000000000000000000000 P fdad1fdec42d41239ff4294d5e5066b5 [term 2 FOLLOWER]: Raft consensus is shut down!
I20260608 10:00:36.660318 21021 tablet_replica.cc:333] T 00000000000000000000000000000000 P fdad1fdec42d41239ff4294d5e5066b5: stopping tablet replica
I20260608 10:00:36.679916 21021 master.cc:584] Master@127.20.135.125:37307 shutdown complete.
I20260608 10:00:36.691030 21021 master.cc:562] Master@127.20.135.124:45815 shutting down...
I20260608 10:00:36.706022 21021 raft_consensus.cc:2243] T 00000000000000000000000000000000 P 2539d5e4659649dfb35f2cc074f7f301 [term 2 LEADER]: Raft consensus shutting down.
I20260608 10:00:36.706894 21021 pending_rounds.cc:70] T 00000000000000000000000000000000 P 2539d5e4659649dfb35f2cc074f7f301: Trying to abort 1 pending ops.
I20260608 10:00:36.707167 21021 pending_rounds.cc:77] T 00000000000000000000000000000000 P 2539d5e4659649dfb35f2cc074f7f301: Aborting op as it isn't in flight: id { term: 2 index: 11 } timestamp: 7294618977791578112 op_type: NO_OP noop_request { }
I20260608 10:00:36.707481 21021 raft_consensus.cc:2889] T 00000000000000000000000000000000 P 2539d5e4659649dfb35f2cc074f7f301 [term 2 LEADER]: NO_OP replication failed: Aborted: Op aborted
I20260608 10:00:36.707824 21021 raft_consensus.cc:2272] T 00000000000000000000000000000000 P 2539d5e4659649dfb35f2cc074f7f301 [term 2 FOLLOWER]: Raft consensus is shut down!
I20260608 10:00:36.708227 21021 tablet_replica.cc:333] T 00000000000000000000000000000000 P 2539d5e4659649dfb35f2cc074f7f301: stopping tablet replica
I20260608 10:00:36.727967 21021 master.cc:584] Master@127.20.135.124:45815 shutdown complete.
[       OK ] AutoRebalancerTest.NextLeaderResumesAutoRebalancing (4671 ms)
[ RUN      ] AutoRebalancerTest.MovesScheduledIfAddTserver
I20260608 10:00:36.754794 21021 internal_mini_cluster.cc:156] Creating distributed mini masters. Addrs: 127.20.135.126:33803
I20260608 10:00:36.756002 21021 file_cache.cc:492] Constructed file cache file cache with capacity 419430
W20260608 10:00:36.761732 22637 instance_detector.cc:116] could not retrieve AWS instance metadata: Network error: curl error: HTTP response code said error: The requested URL returned error: 404
W20260608 10:00:36.762212 22638 instance_detector.cc:116] could not retrieve Azure instance metadata: Network error: curl error: HTTP response code said error: The requested URL returned error: 404
W20260608 10:00:36.763468 22640 instance_detector.cc:116] could not retrieve OpenStack instance metadata: Network error: curl error: HTTP response code said error: The requested URL returned error: 404
I20260608 10:00:36.764786 21021 server_base.cc:1061] running on GCE node
I20260608 10:00:36.765645 21021 hybrid_clock.cc:584] initializing the hybrid clock with 'system_unsync' time source
W20260608 10:00:36.765847 21021 system_unsync_time.cc:38] NTP support is disabled. Clock error bounds will not be accurate. This configuration is not suitable for distributed clusters.
I20260608 10:00:36.766063 21021 hybrid_clock.cc:648] HybridClock initialized: now 1780912836766025 us; error 0 us; skew 500 ppm
I20260608 10:00:36.766757 21021 server_base.cc:861] Flag tcmalloc_max_total_thread_cache_bytes is not working since tcmalloc is not enabled.
I20260608 10:00:36.769230 21021 webserver.cc:533] Webserver started at http://127.20.135.126:36953/ using document root <none> and password file <none>
I20260608 10:00:36.769769 21021 fs_manager.cc:362] Metadata directory not provided
I20260608 10:00:36.769981 21021 fs_manager.cc:368] Using write-ahead log directory (fs_wal_dir) as metadata directory
I20260608 10:00:36.770273 21021 server_base.cc:909] This appears to be a new deployment of Kudu; creating new FS layout
I20260608 10:00:36.771512 21021 fs_manager.cc:1068] Generated new instance metadata in path /tmp/dist-test-taskBvg7XN/test-tmp/auto_rebalancer-test.0.AutoRebalancerTest.MovesScheduledIfAddTserver.1780912817926972-21021-0/minicluster-data/master-0-root/instance:
uuid: "3f67e4b514474a058a63ba4a0fce8328"
format_stamp: "Formatted at 2026-06-08 10:00:36 on dist-test-slave-l651"
I20260608 10:00:36.776364 21021 fs_manager.cc:696] Time spent creating directory manager: real 0.004s	user 0.005s	sys 0.000s
I20260608 10:00:36.780138 22645 log_block_manager.cc:4031] Time spent loading block containers with low live blocks: real 0.000s	user 0.000s	sys 0.000s
I20260608 10:00:36.780968 21021 fs_manager.cc:730] Time spent opening block manager: real 0.002s	user 0.001s	sys 0.000s
I20260608 10:00:36.781307 21021 fs_manager.cc:647] Opened local filesystem: /tmp/dist-test-taskBvg7XN/test-tmp/auto_rebalancer-test.0.AutoRebalancerTest.MovesScheduledIfAddTserver.1780912817926972-21021-0/minicluster-data/master-0-root
uuid: "3f67e4b514474a058a63ba4a0fce8328"
format_stamp: "Formatted at 2026-06-08 10:00:36 on dist-test-slave-l651"
I20260608 10:00:36.781641 21021 fs_report.cc:389] FS layout report
--------------------
wal directory: /tmp/dist-test-taskBvg7XN/test-tmp/auto_rebalancer-test.0.AutoRebalancerTest.MovesScheduledIfAddTserver.1780912817926972-21021-0/minicluster-data/master-0-root
metadata directory: /tmp/dist-test-taskBvg7XN/test-tmp/auto_rebalancer-test.0.AutoRebalancerTest.MovesScheduledIfAddTserver.1780912817926972-21021-0/minicluster-data/master-0-root
1 data directories: /tmp/dist-test-taskBvg7XN/test-tmp/auto_rebalancer-test.0.AutoRebalancerTest.MovesScheduledIfAddTserver.1780912817926972-21021-0/minicluster-data/master-0-root/data
Total live blocks: 0
Total live bytes: 0
Total live bytes (after alignment): 0
Total number of LBM containers: 0 (0 full)
Did not check for missing blocks
Did not check for orphaned blocks
Total full LBM containers with extra space: 0 (0 repaired)
Total full LBM container extra space in bytes: 0 (0 repaired)
Total incomplete LBM containers: 0 (0 repaired)
Total LBM partial records: 0 (0 repaired)
Total corrupted LBM metadata records in RocksDB: 0 (0 repaired)
I20260608 10:00:36.818197 21021 rpc_server.cc:225] running with OpenSSL 1.1.1  11 Sep 2018
I20260608 10:00:36.819511 21021 kserver.cc:163] Server-wide thread pool size limit: 3276
I20260608 10:00:36.856381 21021 rpc_server.cc:307] RPC server started. Bound to: 127.20.135.126:33803
I20260608 10:00:36.856527 22696 acceptor_pool.cc:272] collecting diagnostics on the listening RPC socket 127.20.135.126:33803 every 8 connection(s)
I20260608 10:00:36.860795 22697 data_dirs.cc:400] Could only allocate 1 dirs of requested 3 for tablet 00000000000000000000000000000000. 1 dirs total, 0 dirs full, 0 dirs failed
I20260608 10:00:36.871834 22697 tablet_bootstrap.cc:492] T 00000000000000000000000000000000 P 3f67e4b514474a058a63ba4a0fce8328: Bootstrap starting.
I20260608 10:00:36.876392 22697 tablet_bootstrap.cc:654] T 00000000000000000000000000000000 P 3f67e4b514474a058a63ba4a0fce8328: Neither blocks nor log segments found. Creating new log.
I20260608 10:00:36.880662 22697 tablet_bootstrap.cc:492] T 00000000000000000000000000000000 P 3f67e4b514474a058a63ba4a0fce8328: No bootstrap required, opened a new log
I20260608 10:00:36.882952 22697 raft_consensus.cc:359] T 00000000000000000000000000000000 P 3f67e4b514474a058a63ba4a0fce8328 [term 0 FOLLOWER]: Replica starting. Triggering 0 pending ops. Active config: opid_index: -1 OBSOLETE_local: true peers { permanent_uuid: "3f67e4b514474a058a63ba4a0fce8328" member_type: VOTER }
I20260608 10:00:36.883445 22697 raft_consensus.cc:385] T 00000000000000000000000000000000 P 3f67e4b514474a058a63ba4a0fce8328 [term 0 FOLLOWER]: Consensus starting up: Expiring failure detector timer to make a prompt election more likely
I20260608 10:00:36.883673 22697 raft_consensus.cc:740] T 00000000000000000000000000000000 P 3f67e4b514474a058a63ba4a0fce8328 [term 0 FOLLOWER]: Becoming Follower/Learner. State: Replica: 3f67e4b514474a058a63ba4a0fce8328, State: Initialized, Role: FOLLOWER
I20260608 10:00:36.884400 22697 consensus_queue.cc:260] T 00000000000000000000000000000000 P 3f67e4b514474a058a63ba4a0fce8328 [NON_LEADER]: Queue going to NON_LEADER mode. State: All replicated index: 0, Majority replicated index: 0, Committed index: 0, Last appended: 0.0, Last appended by leader: 0, Current term: 0, Majority size: -1, State: 0, Mode: NON_LEADER, active raft config: opid_index: -1 OBSOLETE_local: true peers { permanent_uuid: "3f67e4b514474a058a63ba4a0fce8328" member_type: VOTER }
I20260608 10:00:36.884902 22697 raft_consensus.cc:399] T 00000000000000000000000000000000 P 3f67e4b514474a058a63ba4a0fce8328 [term 0 FOLLOWER]: Only one voter in the Raft config. Triggering election immediately
I20260608 10:00:36.885141 22697 raft_consensus.cc:493] T 00000000000000000000000000000000 P 3f67e4b514474a058a63ba4a0fce8328 [term 0 FOLLOWER]: Starting leader election (initial election of a single-replica configuration)
I20260608 10:00:36.885393 22697 raft_consensus.cc:3060] T 00000000000000000000000000000000 P 3f67e4b514474a058a63ba4a0fce8328 [term 0 FOLLOWER]: Advancing to term 1
I20260608 10:00:36.889858 22697 raft_consensus.cc:515] T 00000000000000000000000000000000 P 3f67e4b514474a058a63ba4a0fce8328 [term 1 FOLLOWER]: Starting leader election with config: opid_index: -1 OBSOLETE_local: true peers { permanent_uuid: "3f67e4b514474a058a63ba4a0fce8328" member_type: VOTER }
I20260608 10:00:36.890502 22697 leader_election.cc:304] T 00000000000000000000000000000000 P 3f67e4b514474a058a63ba4a0fce8328 [CANDIDATE]: Term 1 election: Election decided. Result: candidate won. Election summary: received 1 responses out of 1 voters: 1 yes votes; 0 no votes. yes voters: 3f67e4b514474a058a63ba4a0fce8328; no voters: 
I20260608 10:00:36.891748 22697 leader_election.cc:290] T 00000000000000000000000000000000 P 3f67e4b514474a058a63ba4a0fce8328 [CANDIDATE]: Term 1 election: Requested vote from peers 
I20260608 10:00:36.892169 22700 raft_consensus.cc:2804] T 00000000000000000000000000000000 P 3f67e4b514474a058a63ba4a0fce8328 [term 1 FOLLOWER]: Leader election won for term 1
I20260608 10:00:36.893574 22700 raft_consensus.cc:697] T 00000000000000000000000000000000 P 3f67e4b514474a058a63ba4a0fce8328 [term 1 LEADER]: Becoming Leader. State: Replica: 3f67e4b514474a058a63ba4a0fce8328, State: Running, Role: LEADER
I20260608 10:00:36.894411 22700 consensus_queue.cc:237] T 00000000000000000000000000000000 P 3f67e4b514474a058a63ba4a0fce8328 [LEADER]: Queue going to LEADER mode. State: All replicated index: 0, Majority replicated index: 0, Committed index: 0, Last appended: 0.0, Last appended by leader: 0, Current term: 1, Majority size: 1, State: 0, Mode: LEADER, active raft config: opid_index: -1 OBSOLETE_local: true peers { permanent_uuid: "3f67e4b514474a058a63ba4a0fce8328" member_type: VOTER }
I20260608 10:00:36.894965 22697 sys_catalog.cc:565] T 00000000000000000000000000000000 P 3f67e4b514474a058a63ba4a0fce8328 [sys.catalog]: configured and running, proceeding with master startup.
I20260608 10:00:36.899022 22701 sys_catalog.cc:455] T 00000000000000000000000000000000 P 3f67e4b514474a058a63ba4a0fce8328 [sys.catalog]: SysCatalogTable state changed. Reason: RaftConsensus started. Latest consensus state: current_term: 1 leader_uuid: "3f67e4b514474a058a63ba4a0fce8328" committed_config { opid_index: -1 OBSOLETE_local: true peers { permanent_uuid: "3f67e4b514474a058a63ba4a0fce8328" member_type: VOTER } }
I20260608 10:00:36.899677 22701 sys_catalog.cc:458] T 00000000000000000000000000000000 P 3f67e4b514474a058a63ba4a0fce8328 [sys.catalog]: This master's current role is: LEADER
I20260608 10:00:36.899993 22702 sys_catalog.cc:455] T 00000000000000000000000000000000 P 3f67e4b514474a058a63ba4a0fce8328 [sys.catalog]: SysCatalogTable state changed. Reason: New leader 3f67e4b514474a058a63ba4a0fce8328. Latest consensus state: current_term: 1 leader_uuid: "3f67e4b514474a058a63ba4a0fce8328" committed_config { opid_index: -1 OBSOLETE_local: true peers { permanent_uuid: "3f67e4b514474a058a63ba4a0fce8328" member_type: VOTER } }
I20260608 10:00:36.900687 22702 sys_catalog.cc:458] T 00000000000000000000000000000000 P 3f67e4b514474a058a63ba4a0fce8328 [sys.catalog]: This master's current role is: LEADER
I20260608 10:00:36.907717 22708 catalog_manager.cc:1510] Loading table and tablet metadata into memory...
I20260608 10:00:36.916635 22708 catalog_manager.cc:1519] Initializing Kudu cluster ID...
I20260608 10:00:36.917678 21021 internal_mini_cluster.cc:184] Waiting to initialize catalog manager on master 0
I20260608 10:00:36.926301 22708 catalog_manager.cc:1382] Generated new cluster ID: 2d5af1d82d014b38b6690a5ffa578e01
I20260608 10:00:36.926656 22708 catalog_manager.cc:1530] Initializing Kudu internal certificate authority...
I20260608 10:00:36.948308 22708 catalog_manager.cc:1405] Generated new certificate authority record
I20260608 10:00:36.949677 22708 catalog_manager.cc:1539] Loading token signing keys...
I20260608 10:00:36.967831 22708 catalog_manager.cc:6069] T 00000000000000000000000000000000 P 3f67e4b514474a058a63ba4a0fce8328: Generated new TSK 0
I20260608 10:00:36.968485 22708 catalog_manager.cc:1549] Initializing in-progress tserver states...
I20260608 10:00:36.984395 21021 file_cache.cc:492] Constructed file cache file cache with capacity 419430
W20260608 10:00:36.990826 22718 instance_detector.cc:116] could not retrieve AWS instance metadata: Network error: curl error: HTTP response code said error: The requested URL returned error: 404
W20260608 10:00:36.991900 22719 instance_detector.cc:116] could not retrieve Azure instance metadata: Network error: curl error: HTTP response code said error: The requested URL returned error: 404
I20260608 10:00:36.993646 21021 server_base.cc:1061] running on GCE node
W20260608 10:00:36.993594 22721 instance_detector.cc:116] could not retrieve OpenStack instance metadata: Network error: curl error: HTTP response code said error: The requested URL returned error: 404
I20260608 10:00:36.994827 21021 hybrid_clock.cc:584] initializing the hybrid clock with 'system_unsync' time source
W20260608 10:00:36.995033 21021 system_unsync_time.cc:38] NTP support is disabled. Clock error bounds will not be accurate. This configuration is not suitable for distributed clusters.
I20260608 10:00:36.995163 21021 hybrid_clock.cc:648] HybridClock initialized: now 1780912836995151 us; error 0 us; skew 500 ppm
I20260608 10:00:36.995685 21021 server_base.cc:861] Flag tcmalloc_max_total_thread_cache_bytes is not working since tcmalloc is not enabled.
I20260608 10:00:36.998217 21021 webserver.cc:533] Webserver started at http://127.20.135.65:43925/ using document root <none> and password file <none>
I20260608 10:00:36.998817 21021 fs_manager.cc:362] Metadata directory not provided
I20260608 10:00:36.998979 21021 fs_manager.cc:368] Using write-ahead log directory (fs_wal_dir) as metadata directory
I20260608 10:00:36.999214 21021 server_base.cc:909] This appears to be a new deployment of Kudu; creating new FS layout
I20260608 10:00:37.000288 21021 fs_manager.cc:1068] Generated new instance metadata in path /tmp/dist-test-taskBvg7XN/test-tmp/auto_rebalancer-test.0.AutoRebalancerTest.MovesScheduledIfAddTserver.1780912817926972-21021-0/minicluster-data/ts-0-root/instance:
uuid: "6065ee3d18c949cd9442b3e1efed7962"
format_stamp: "Formatted at 2026-06-08 10:00:36 on dist-test-slave-l651"
I20260608 10:00:37.005029 21021 fs_manager.cc:696] Time spent creating directory manager: real 0.004s	user 0.005s	sys 0.001s
I20260608 10:00:37.008572 22726 log_block_manager.cc:4031] Time spent loading block containers with low live blocks: real 0.000s	user 0.000s	sys 0.000s
I20260608 10:00:37.009419 21021 fs_manager.cc:730] Time spent opening block manager: real 0.002s	user 0.002s	sys 0.000s
I20260608 10:00:37.009764 21021 fs_manager.cc:647] Opened local filesystem: /tmp/dist-test-taskBvg7XN/test-tmp/auto_rebalancer-test.0.AutoRebalancerTest.MovesScheduledIfAddTserver.1780912817926972-21021-0/minicluster-data/ts-0-root
uuid: "6065ee3d18c949cd9442b3e1efed7962"
format_stamp: "Formatted at 2026-06-08 10:00:36 on dist-test-slave-l651"
I20260608 10:00:37.010092 21021 fs_report.cc:389] FS layout report
--------------------
wal directory: /tmp/dist-test-taskBvg7XN/test-tmp/auto_rebalancer-test.0.AutoRebalancerTest.MovesScheduledIfAddTserver.1780912817926972-21021-0/minicluster-data/ts-0-root
metadata directory: /tmp/dist-test-taskBvg7XN/test-tmp/auto_rebalancer-test.0.AutoRebalancerTest.MovesScheduledIfAddTserver.1780912817926972-21021-0/minicluster-data/ts-0-root
1 data directories: /tmp/dist-test-taskBvg7XN/test-tmp/auto_rebalancer-test.0.AutoRebalancerTest.MovesScheduledIfAddTserver.1780912817926972-21021-0/minicluster-data/ts-0-root/data
Total live blocks: 0
Total live bytes: 0
Total live bytes (after alignment): 0
Total number of LBM containers: 0 (0 full)
Did not check for missing blocks
Did not check for orphaned blocks
Total full LBM containers with extra space: 0 (0 repaired)
Total full LBM container extra space in bytes: 0 (0 repaired)
Total incomplete LBM containers: 0 (0 repaired)
Total LBM partial records: 0 (0 repaired)
