Total corrupted LBM metadata records in RocksDB: 0 (0 repaired)
I20260608 10:00:37.025352 21021 rpc_server.cc:225] running with OpenSSL 1.1.1  11 Sep 2018
I20260608 10:00:37.026537 21021 kserver.cc:163] Server-wide thread pool size limit: 3276
I20260608 10:00:37.028041 21021 txn_system_client.cc:432] TxnSystemClient initialization is disabled...
I20260608 10:00:37.030558 21021 ts_tablet_manager.cc:585] Loaded tablet metadata (0 total tablets, 0 live tablets)
I20260608 10:00:37.030792 21021 ts_tablet_manager.cc:531] Time spent load tablet metadata: real 0.000s	user 0.000s	sys 0.000s
I20260608 10:00:37.031077 21021 ts_tablet_manager.cc:616] Registered 0 tablets
I20260608 10:00:37.031273 21021 ts_tablet_manager.cc:595] Time spent register tablets: real 0.000s	user 0.000s	sys 0.000s
I20260608 10:00:37.070926 21021 rpc_server.cc:307] RPC server started. Bound to: 127.20.135.65:42847
I20260608 10:00:37.071044 22788 acceptor_pool.cc:272] collecting diagnostics on the listening RPC socket 127.20.135.65:42847 every 8 connection(s)
I20260608 10:00:37.076161 21021 file_cache.cc:492] Constructed file cache file cache with capacity 419430
W20260608 10:00:37.085184 22793 instance_detector.cc:116] could not retrieve AWS instance metadata: Network error: curl error: HTTP response code said error: The requested URL returned error: 404
W20260608 10:00:37.085456 22794 instance_detector.cc:116] could not retrieve Azure instance metadata: Network error: curl error: HTTP response code said error: The requested URL returned error: 404
W20260608 10:00:37.088781 22796 instance_detector.cc:116] could not retrieve OpenStack instance metadata: Network error: curl error: HTTP response code said error: The requested URL returned error: 404
I20260608 10:00:37.089112 21021 server_base.cc:1061] running on GCE node
I20260608 10:00:37.089949 21021 hybrid_clock.cc:584] initializing the hybrid clock with 'system_unsync' time source
W20260608 10:00:37.090147 21021 system_unsync_time.cc:38] NTP support is disabled. Clock error bounds will not be accurate. This configuration is not suitable for distributed clusters.
I20260608 10:00:37.090279 21021 hybrid_clock.cc:648] HybridClock initialized: now 1780912837090267 us; error 0 us; skew 500 ppm
I20260608 10:00:37.090898 21021 server_base.cc:861] Flag tcmalloc_max_total_thread_cache_bytes is not working since tcmalloc is not enabled.
I20260608 10:00:37.093923 21021 webserver.cc:533] Webserver started at http://127.20.135.66:44335/ using document root <none> and password file <none>
I20260608 10:00:37.094663 21021 fs_manager.cc:362] Metadata directory not provided
I20260608 10:00:37.094941 21021 fs_manager.cc:368] Using write-ahead log directory (fs_wal_dir) as metadata directory
I20260608 10:00:37.095281 21021 server_base.cc:909] This appears to be a new deployment of Kudu; creating new FS layout
I20260608 10:00:37.095681 22789 heartbeater.cc:344] Connected to a master server at 127.20.135.126:33803
I20260608 10:00:37.096123 22789 heartbeater.cc:461] Registering TS with master...
I20260608 10:00:37.096877 21021 fs_manager.cc:1068] Generated new instance metadata in path /tmp/dist-test-taskBvg7XN/test-tmp/auto_rebalancer-test.0.AutoRebalancerTest.MovesScheduledIfAddTserver.1780912817926972-21021-0/minicluster-data/ts-1-root/instance:
uuid: "4fda4b70a4234bc0b21193d7068e77a1"
format_stamp: "Formatted at 2026-06-08 10:00:37 on dist-test-slave-l651"
I20260608 10:00:37.097198 22789 heartbeater.cc:507] Master 127.20.135.126:33803 requested a full tablet report, sending...
I20260608 10:00:37.099720 22662 ts_manager.cc:194] Registered new tserver with Master: 6065ee3d18c949cd9442b3e1efed7962 (127.20.135.65:42847)
I20260608 10:00:37.101598 22662 master_service.cc:502] Signed X509 certificate for tserver {username='slave'} at 127.0.0.1:50394
I20260608 10:00:37.102662 21021 fs_manager.cc:696] Time spent creating directory manager: real 0.005s	user 0.003s	sys 0.004s
I20260608 10:00:37.106774 22801 log_block_manager.cc:4031] Time spent loading block containers with low live blocks: real 0.000s	user 0.000s	sys 0.000s
I20260608 10:00:37.107568 21021 fs_manager.cc:730] Time spent opening block manager: real 0.002s	user 0.002s	sys 0.002s
I20260608 10:00:37.107834 21021 fs_manager.cc:647] Opened local filesystem: /tmp/dist-test-taskBvg7XN/test-tmp/auto_rebalancer-test.0.AutoRebalancerTest.MovesScheduledIfAddTserver.1780912817926972-21021-0/minicluster-data/ts-1-root
uuid: "4fda4b70a4234bc0b21193d7068e77a1"
format_stamp: "Formatted at 2026-06-08 10:00:37 on dist-test-slave-l651"
I20260608 10:00:37.108072 21021 fs_report.cc:389] FS layout report
--------------------
wal directory: /tmp/dist-test-taskBvg7XN/test-tmp/auto_rebalancer-test.0.AutoRebalancerTest.MovesScheduledIfAddTserver.1780912817926972-21021-0/minicluster-data/ts-1-root
metadata directory: /tmp/dist-test-taskBvg7XN/test-tmp/auto_rebalancer-test.0.AutoRebalancerTest.MovesScheduledIfAddTserver.1780912817926972-21021-0/minicluster-data/ts-1-root
1 data directories: /tmp/dist-test-taskBvg7XN/test-tmp/auto_rebalancer-test.0.AutoRebalancerTest.MovesScheduledIfAddTserver.1780912817926972-21021-0/minicluster-data/ts-1-root/data
Total live blocks: 0
Total live bytes: 0
Total live bytes (after alignment): 0
Total number of LBM containers: 0 (0 full)
Did not check for missing blocks
Did not check for orphaned blocks
Total full LBM containers with extra space: 0 (0 repaired)
Total full LBM container extra space in bytes: 0 (0 repaired)
Total incomplete LBM containers: 0 (0 repaired)
Total LBM partial records: 0 (0 repaired)
Total corrupted LBM metadata records in RocksDB: 0 (0 repaired)
I20260608 10:00:37.123045 21021 rpc_server.cc:225] running with OpenSSL 1.1.1  11 Sep 2018
I20260608 10:00:37.124140 21021 kserver.cc:163] Server-wide thread pool size limit: 3276
I20260608 10:00:37.125540 21021 txn_system_client.cc:432] TxnSystemClient initialization is disabled...
I20260608 10:00:37.127991 21021 ts_tablet_manager.cc:585] Loaded tablet metadata (0 total tablets, 0 live tablets)
I20260608 10:00:37.128245 21021 ts_tablet_manager.cc:531] Time spent load tablet metadata: real 0.000s	user 0.000s	sys 0.000s
I20260608 10:00:37.128523 21021 ts_tablet_manager.cc:616] Registered 0 tablets
I20260608 10:00:37.128713 21021 ts_tablet_manager.cc:595] Time spent register tablets: real 0.000s	user 0.000s	sys 0.000s
I20260608 10:00:37.166724 21021 rpc_server.cc:307] RPC server started. Bound to: 127.20.135.66:37377
I20260608 10:00:37.166826 22863 acceptor_pool.cc:272] collecting diagnostics on the listening RPC socket 127.20.135.66:37377 every 8 connection(s)
I20260608 10:00:37.171809 21021 file_cache.cc:492] Constructed file cache file cache with capacity 419430
W20260608 10:00:37.179301 22867 instance_detector.cc:116] could not retrieve AWS instance metadata: Network error: curl error: HTTP response code said error: The requested URL returned error: 404
W20260608 10:00:37.182371 22868 instance_detector.cc:116] could not retrieve Azure instance metadata: Network error: curl error: HTTP response code said error: The requested URL returned error: 404
W20260608 10:00:37.183590 22870 instance_detector.cc:116] could not retrieve OpenStack instance metadata: Network error: curl error: HTTP response code said error: The requested URL returned error: 404
I20260608 10:00:37.184113 21021 server_base.cc:1061] running on GCE node
I20260608 10:00:37.185084 21021 hybrid_clock.cc:584] initializing the hybrid clock with 'system_unsync' time source
W20260608 10:00:37.185326 21021 system_unsync_time.cc:38] NTP support is disabled. Clock error bounds will not be accurate. This configuration is not suitable for distributed clusters.
I20260608 10:00:37.185539 21021 hybrid_clock.cc:648] HybridClock initialized: now 1780912837185519 us; error 0 us; skew 500 ppm
I20260608 10:00:37.186039 22864 heartbeater.cc:344] Connected to a master server at 127.20.135.126:33803
I20260608 10:00:37.186378 21021 server_base.cc:861] Flag tcmalloc_max_total_thread_cache_bytes is not working since tcmalloc is not enabled.
I20260608 10:00:37.186486 22864 heartbeater.cc:461] Registering TS with master...
I20260608 10:00:37.187521 22864 heartbeater.cc:507] Master 127.20.135.126:33803 requested a full tablet report, sending...
I20260608 10:00:37.189393 21021 webserver.cc:533] Webserver started at http://127.20.135.67:35163/ using document root <none> and password file <none>
I20260608 10:00:37.189975 22662 ts_manager.cc:194] Registered new tserver with Master: 4fda4b70a4234bc0b21193d7068e77a1 (127.20.135.66:37377)
I20260608 10:00:37.190121 21021 fs_manager.cc:362] Metadata directory not provided
I20260608 10:00:37.190478 21021 fs_manager.cc:368] Using write-ahead log directory (fs_wal_dir) as metadata directory
I20260608 10:00:37.190831 21021 server_base.cc:909] This appears to be a new deployment of Kudu; creating new FS layout
I20260608 10:00:37.191898 22662 master_service.cc:502] Signed X509 certificate for tserver {username='slave'} at 127.0.0.1:50400
I20260608 10:00:37.192267 21021 fs_manager.cc:1068] Generated new instance metadata in path /tmp/dist-test-taskBvg7XN/test-tmp/auto_rebalancer-test.0.AutoRebalancerTest.MovesScheduledIfAddTserver.1780912817926972-21021-0/minicluster-data/ts-2-root/instance:
uuid: "0c27a3a825ee45b6945f979256f70600"
format_stamp: "Formatted at 2026-06-08 10:00:37 on dist-test-slave-l651"
I20260608 10:00:37.197696 21021 fs_manager.cc:696] Time spent creating directory manager: real 0.005s	user 0.005s	sys 0.002s
I20260608 10:00:37.201095 22875 log_block_manager.cc:4031] Time spent loading block containers with low live blocks: real 0.000s	user 0.000s	sys 0.000s
I20260608 10:00:37.201926 21021 fs_manager.cc:730] Time spent opening block manager: real 0.002s	user 0.002s	sys 0.000s
I20260608 10:00:37.202245 21021 fs_manager.cc:647] Opened local filesystem: /tmp/dist-test-taskBvg7XN/test-tmp/auto_rebalancer-test.0.AutoRebalancerTest.MovesScheduledIfAddTserver.1780912817926972-21021-0/minicluster-data/ts-2-root
uuid: "0c27a3a825ee45b6945f979256f70600"
format_stamp: "Formatted at 2026-06-08 10:00:37 on dist-test-slave-l651"
I20260608 10:00:37.202600 21021 fs_report.cc:389] FS layout report
--------------------
wal directory: /tmp/dist-test-taskBvg7XN/test-tmp/auto_rebalancer-test.0.AutoRebalancerTest.MovesScheduledIfAddTserver.1780912817926972-21021-0/minicluster-data/ts-2-root
metadata directory: /tmp/dist-test-taskBvg7XN/test-tmp/auto_rebalancer-test.0.AutoRebalancerTest.MovesScheduledIfAddTserver.1780912817926972-21021-0/minicluster-data/ts-2-root
1 data directories: /tmp/dist-test-taskBvg7XN/test-tmp/auto_rebalancer-test.0.AutoRebalancerTest.MovesScheduledIfAddTserver.1780912817926972-21021-0/minicluster-data/ts-2-root/data
Total live blocks: 0
Total live bytes: 0
Total live bytes (after alignment): 0
Total number of LBM containers: 0 (0 full)
Did not check for missing blocks
Did not check for orphaned blocks
Total full LBM containers with extra space: 0 (0 repaired)
Total full LBM container extra space in bytes: 0 (0 repaired)
Total incomplete LBM containers: 0 (0 repaired)
Total LBM partial records: 0 (0 repaired)
Total corrupted LBM metadata records in RocksDB: 0 (0 repaired)
I20260608 10:00:37.220010 21021 rpc_server.cc:225] running with OpenSSL 1.1.1  11 Sep 2018
I20260608 10:00:37.221124 21021 kserver.cc:163] Server-wide thread pool size limit: 3276
I20260608 10:00:37.222641 21021 txn_system_client.cc:432] TxnSystemClient initialization is disabled...
I20260608 10:00:37.224962 21021 ts_tablet_manager.cc:585] Loaded tablet metadata (0 total tablets, 0 live tablets)
I20260608 10:00:37.225203 21021 ts_tablet_manager.cc:531] Time spent load tablet metadata: real 0.000s	user 0.000s	sys 0.000s
I20260608 10:00:37.225458 21021 ts_tablet_manager.cc:616] Registered 0 tablets
I20260608 10:00:37.225653 21021 ts_tablet_manager.cc:595] Time spent register tablets: real 0.000s	user 0.000s	sys 0.000s
I20260608 10:00:37.263790 21021 rpc_server.cc:307] RPC server started. Bound to: 127.20.135.67:40197
I20260608 10:00:37.263919 22937 acceptor_pool.cc:272] collecting diagnostics on the listening RPC socket 127.20.135.67:40197 every 8 connection(s)
I20260608 10:00:37.278384 22938 heartbeater.cc:344] Connected to a master server at 127.20.135.126:33803
I20260608 10:00:37.278791 22938 heartbeater.cc:461] Registering TS with master...
I20260608 10:00:37.279754 22938 heartbeater.cc:507] Master 127.20.135.126:33803 requested a full tablet report, sending...
I20260608 10:00:37.281786 22662 ts_manager.cc:194] Registered new tserver with Master: 0c27a3a825ee45b6945f979256f70600 (127.20.135.67:40197)
I20260608 10:00:37.281971 21021 internal_mini_cluster.cc:371] 3 TS(s) registered with all masters after 0.014739249s
I20260608 10:00:37.283529 22662 master_service.cc:502] Signed X509 certificate for tserver {username='slave'} at 127.0.0.1:50406
I20260608 10:00:38.104755 22789 heartbeater.cc:499] Master 127.20.135.126:33803 was elected leader, sending a full tablet report...
I20260608 10:00:38.198192 22864 heartbeater.cc:499] Master 127.20.135.126:33803 was elected leader, sending a full tablet report...
I20260608 10:00:38.286507 22938 heartbeater.cc:499] Master 127.20.135.126:33803 was elected leader, sending a full tablet report...
I20260608 10:00:38.342782 22662 catalog_manager.cc:2282] Servicing CreateTable request from {username='slave'} at 127.0.0.1:50414:
name: "test-workload"
schema {
  columns {
    name: "key"
    type: INT32
    is_key: true
    is_nullable: false
    encoding: AUTO_ENCODING
    compression: DEFAULT_COMPRESSION
    cfile_block_size: 0
    immutable: false
  }
  columns {
    name: "int_val"
    type: INT32
    is_key: false
    is_nullable: false
    encoding: AUTO_ENCODING
    compression: DEFAULT_COMPRESSION
    cfile_block_size: 0
    immutable: false
  }
  columns {
    name: "string_val"
    type: STRING
    is_key: false
    is_nullable: true
    encoding: AUTO_ENCODING
    compression: DEFAULT_COMPRESSION
    cfile_block_size: 0
    immutable: false
  }
}
num_replicas: 3
split_rows_range_bounds {
  rows: "\004\001\000\377\377\377?""\004\001\000\377\377\377?"
  indirect_data: """"
}
partition_schema {
  range_schema {
    columns {
      name: "key"
    }
  }
}
W20260608 10:00:38.345326 22662 catalog_manager.cc:7076] The number of live tablet servers is not enough to re-replicate a tablet replica of the newly created table test-workload in case of a server failure: 4 tablet servers would be needed, 3 are available. Consider bringing up more tablet servers.
I20260608 10:00:38.402423 22903 tablet_service.cc:1511] Processing CreateTablet for tablet c6547aa387034a1288acc3545adae171 (DEFAULT_TABLE table=test-workload [id=71e0b17447ae4ad285d2ebae9304f130]), partition=RANGE (key) PARTITION VALUES < 1073741823
I20260608 10:00:38.404760 22903 data_dirs.cc:400] Could only allocate 1 dirs of requested 3 for tablet c6547aa387034a1288acc3545adae171. 1 dirs total, 0 dirs full, 0 dirs failed
I20260608 10:00:38.404697 22829 tablet_service.cc:1511] Processing CreateTablet for tablet c6547aa387034a1288acc3545adae171 (DEFAULT_TABLE table=test-workload [id=71e0b17447ae4ad285d2ebae9304f130]), partition=RANGE (key) PARTITION VALUES < 1073741823
I20260608 10:00:38.405083 22902 tablet_service.cc:1511] Processing CreateTablet for tablet a94809bbe71a49c29316998b478fe946 (DEFAULT_TABLE table=test-workload [id=71e0b17447ae4ad285d2ebae9304f130]), partition=RANGE (key) PARTITION 1073741823 <= VALUES
I20260608 10:00:38.406311 22829 data_dirs.cc:400] Could only allocate 1 dirs of requested 3 for tablet c6547aa387034a1288acc3545adae171. 1 dirs total, 0 dirs full, 0 dirs failed
I20260608 10:00:38.406559 22902 data_dirs.cc:400] Could only allocate 1 dirs of requested 3 for tablet a94809bbe71a49c29316998b478fe946. 1 dirs total, 0 dirs full, 0 dirs failed
I20260608 10:00:38.408054 22828 tablet_service.cc:1511] Processing CreateTablet for tablet a94809bbe71a49c29316998b478fe946 (DEFAULT_TABLE table=test-workload [id=71e0b17447ae4ad285d2ebae9304f130]), partition=RANGE (key) PARTITION 1073741823 <= VALUES
I20260608 10:00:38.411983 22828 data_dirs.cc:400] Could only allocate 1 dirs of requested 3 for tablet a94809bbe71a49c29316998b478fe946. 1 dirs total, 0 dirs full, 0 dirs failed
I20260608 10:00:38.421706 22754 tablet_service.cc:1511] Processing CreateTablet for tablet c6547aa387034a1288acc3545adae171 (DEFAULT_TABLE table=test-workload [id=71e0b17447ae4ad285d2ebae9304f130]), partition=RANGE (key) PARTITION VALUES < 1073741823
I20260608 10:00:38.423416 22754 data_dirs.cc:400] Could only allocate 1 dirs of requested 3 for tablet c6547aa387034a1288acc3545adae171. 1 dirs total, 0 dirs full, 0 dirs failed
I20260608 10:00:38.421706 22753 tablet_service.cc:1511] Processing CreateTablet for tablet a94809bbe71a49c29316998b478fe946 (DEFAULT_TABLE table=test-workload [id=71e0b17447ae4ad285d2ebae9304f130]), partition=RANGE (key) PARTITION 1073741823 <= VALUES
I20260608 10:00:38.427240 22753 data_dirs.cc:400] Could only allocate 1 dirs of requested 3 for tablet a94809bbe71a49c29316998b478fe946. 1 dirs total, 0 dirs full, 0 dirs failed
I20260608 10:00:38.448447 22959 tablet_bootstrap.cc:492] T c6547aa387034a1288acc3545adae171 P 0c27a3a825ee45b6945f979256f70600: Bootstrap starting.
I20260608 10:00:38.468066 22960 tablet_bootstrap.cc:492] T c6547aa387034a1288acc3545adae171 P 6065ee3d18c949cd9442b3e1efed7962: Bootstrap starting.
I20260608 10:00:38.469638 22959 tablet_bootstrap.cc:654] T c6547aa387034a1288acc3545adae171 P 0c27a3a825ee45b6945f979256f70600: Neither blocks nor log segments found. Creating new log.
I20260608 10:00:38.475610 22959 tablet_bootstrap.cc:492] T c6547aa387034a1288acc3545adae171 P 0c27a3a825ee45b6945f979256f70600: No bootstrap required, opened a new log
I20260608 10:00:38.475744 22961 tablet_bootstrap.cc:492] T c6547aa387034a1288acc3545adae171 P 4fda4b70a4234bc0b21193d7068e77a1: Bootstrap starting.
I20260608 10:00:38.476218 22959 ts_tablet_manager.cc:1403] T c6547aa387034a1288acc3545adae171 P 0c27a3a825ee45b6945f979256f70600: Time spent bootstrapping tablet: real 0.028s	user 0.014s	sys 0.000s
I20260608 10:00:38.478202 22960 tablet_bootstrap.cc:654] T c6547aa387034a1288acc3545adae171 P 6065ee3d18c949cd9442b3e1efed7962: Neither blocks nor log segments found. Creating new log.
I20260608 10:00:38.479877 22959 raft_consensus.cc:359] T c6547aa387034a1288acc3545adae171 P 0c27a3a825ee45b6945f979256f70600 [term 0 FOLLOWER]: Replica starting. Triggering 0 pending ops. Active config: opid_index: -1 OBSOLETE_local: false peers { permanent_uuid: "0c27a3a825ee45b6945f979256f70600" member_type: VOTER last_known_addr { host: "127.20.135.67" port: 40197 } } peers { permanent_uuid: "4fda4b70a4234bc0b21193d7068e77a1" member_type: VOTER last_known_addr { host: "127.20.135.66" port: 37377 } } peers { permanent_uuid: "6065ee3d18c949cd9442b3e1efed7962" member_type: VOTER last_known_addr { host: "127.20.135.65" port: 42847 } }
I20260608 10:00:38.480934 22959 raft_consensus.cc:385] T c6547aa387034a1288acc3545adae171 P 0c27a3a825ee45b6945f979256f70600 [term 0 FOLLOWER]: Consensus starting up: Expiring failure detector timer to make a prompt election more likely
I20260608 10:00:38.481348 22959 raft_consensus.cc:740] T c6547aa387034a1288acc3545adae171 P 0c27a3a825ee45b6945f979256f70600 [term 0 FOLLOWER]: Becoming Follower/Learner. State: Replica: 0c27a3a825ee45b6945f979256f70600, State: Initialized, Role: FOLLOWER
I20260608 10:00:38.482677 22959 consensus_queue.cc:260] T c6547aa387034a1288acc3545adae171 P 0c27a3a825ee45b6945f979256f70600 [NON_LEADER]: Queue going to NON_LEADER mode. State: All replicated index: 0, Majority replicated index: 0, Committed index: 0, Last appended: 0.0, Last appended by leader: 0, Current term: 0, Majority size: -1, State: 0, Mode: NON_LEADER, active raft config: opid_index: -1 OBSOLETE_local: false peers { permanent_uuid: "0c27a3a825ee45b6945f979256f70600" member_type: VOTER last_known_addr { host: "127.20.135.67" port: 40197 } } peers { permanent_uuid: "4fda4b70a4234bc0b21193d7068e77a1" member_type: VOTER last_known_addr { host: "127.20.135.66" port: 37377 } } peers { permanent_uuid: "6065ee3d18c949cd9442b3e1efed7962" member_type: VOTER last_known_addr { host: "127.20.135.65" port: 42847 } }
I20260608 10:00:38.484004 22961 tablet_bootstrap.cc:654] T c6547aa387034a1288acc3545adae171 P 4fda4b70a4234bc0b21193d7068e77a1: Neither blocks nor log segments found. Creating new log.
I20260608 10:00:38.484434 22960 tablet_bootstrap.cc:492] T c6547aa387034a1288acc3545adae171 P 6065ee3d18c949cd9442b3e1efed7962: No bootstrap required, opened a new log
I20260608 10:00:38.485020 22960 ts_tablet_manager.cc:1403] T c6547aa387034a1288acc3545adae171 P 6065ee3d18c949cd9442b3e1efed7962: Time spent bootstrapping tablet: real 0.017s	user 0.010s	sys 0.005s
I20260608 10:00:38.489331 22960 raft_consensus.cc:359] T c6547aa387034a1288acc3545adae171 P 6065ee3d18c949cd9442b3e1efed7962 [term 0 FOLLOWER]: Replica starting. Triggering 0 pending ops. Active config: opid_index: -1 OBSOLETE_local: false peers { permanent_uuid: "0c27a3a825ee45b6945f979256f70600" member_type: VOTER last_known_addr { host: "127.20.135.67" port: 40197 } } peers { permanent_uuid: "4fda4b70a4234bc0b21193d7068e77a1" member_type: VOTER last_known_addr { host: "127.20.135.66" port: 37377 } } peers { permanent_uuid: "6065ee3d18c949cd9442b3e1efed7962" member_type: VOTER last_known_addr { host: "127.20.135.65" port: 42847 } }
I20260608 10:00:38.490154 22960 raft_consensus.cc:385] T c6547aa387034a1288acc3545adae171 P 6065ee3d18c949cd9442b3e1efed7962 [term 0 FOLLOWER]: Consensus starting up: Expiring failure detector timer to make a prompt election more likely
I20260608 10:00:38.490630 22960 raft_consensus.cc:740] T c6547aa387034a1288acc3545adae171 P 6065ee3d18c949cd9442b3e1efed7962 [term 0 FOLLOWER]: Becoming Follower/Learner. State: Replica: 6065ee3d18c949cd9442b3e1efed7962, State: Initialized, Role: FOLLOWER
I20260608 10:00:38.490238 22959 ts_tablet_manager.cc:1434] T c6547aa387034a1288acc3545adae171 P 0c27a3a825ee45b6945f979256f70600: Time spent starting tablet: real 0.014s	user 0.010s	sys 0.000s
I20260608 10:00:38.491600 22960 consensus_queue.cc:260] T c6547aa387034a1288acc3545adae171 P 6065ee3d18c949cd9442b3e1efed7962 [NON_LEADER]: Queue going to NON_LEADER mode. State: All replicated index: 0, Majority replicated index: 0, Committed index: 0, Last appended: 0.0, Last appended by leader: 0, Current term: 0, Majority size: -1, State: 0, Mode: NON_LEADER, active raft config: opid_index: -1 OBSOLETE_local: false peers { permanent_uuid: "0c27a3a825ee45b6945f979256f70600" member_type: VOTER last_known_addr { host: "127.20.135.67" port: 40197 } } peers { permanent_uuid: "4fda4b70a4234bc0b21193d7068e77a1" member_type: VOTER last_known_addr { host: "127.20.135.66" port: 37377 } } peers { permanent_uuid: "6065ee3d18c949cd9442b3e1efed7962" member_type: VOTER last_known_addr { host: "127.20.135.65" port: 42847 } }
I20260608 10:00:38.492722 22959 tablet_bootstrap.cc:492] T a94809bbe71a49c29316998b478fe946 P 0c27a3a825ee45b6945f979256f70600: Bootstrap starting.
I20260608 10:00:38.493774 22961 tablet_bootstrap.cc:492] T c6547aa387034a1288acc3545adae171 P 4fda4b70a4234bc0b21193d7068e77a1: No bootstrap required, opened a new log
I20260608 10:00:38.494359 22961 ts_tablet_manager.cc:1403] T c6547aa387034a1288acc3545adae171 P 4fda4b70a4234bc0b21193d7068e77a1: Time spent bootstrapping tablet: real 0.019s	user 0.012s	sys 0.004s
I20260608 10:00:38.497714 22961 raft_consensus.cc:359] T c6547aa387034a1288acc3545adae171 P 4fda4b70a4234bc0b21193d7068e77a1 [term 0 FOLLOWER]: Replica starting. Triggering 0 pending ops. Active config: opid_index: -1 OBSOLETE_local: false peers { permanent_uuid: "0c27a3a825ee45b6945f979256f70600" member_type: VOTER last_known_addr { host: "127.20.135.67" port: 40197 } } peers { permanent_uuid: "4fda4b70a4234bc0b21193d7068e77a1" member_type: VOTER last_known_addr { host: "127.20.135.66" port: 37377 } } peers { permanent_uuid: "6065ee3d18c949cd9442b3e1efed7962" member_type: VOTER last_known_addr { host: "127.20.135.65" port: 42847 } }
I20260608 10:00:38.498574 22961 raft_consensus.cc:385] T c6547aa387034a1288acc3545adae171 P 4fda4b70a4234bc0b21193d7068e77a1 [term 0 FOLLOWER]: Consensus starting up: Expiring failure detector timer to make a prompt election more likely
I20260608 10:00:38.498952 22961 raft_consensus.cc:740] T c6547aa387034a1288acc3545adae171 P 4fda4b70a4234bc0b21193d7068e77a1 [term 0 FOLLOWER]: Becoming Follower/Learner. State: Replica: 4fda4b70a4234bc0b21193d7068e77a1, State: Initialized, Role: FOLLOWER
I20260608 10:00:38.499936 22961 consensus_queue.cc:260] T c6547aa387034a1288acc3545adae171 P 4fda4b70a4234bc0b21193d7068e77a1 [NON_LEADER]: Queue going to NON_LEADER mode. State: All replicated index: 0, Majority replicated index: 0, Committed index: 0, Last appended: 0.0, Last appended by leader: 0, Current term: 0, Majority size: -1, State: 0, Mode: NON_LEADER, active raft config: opid_index: -1 OBSOLETE_local: false peers { permanent_uuid: "0c27a3a825ee45b6945f979256f70600" member_type: VOTER last_known_addr { host: "127.20.135.67" port: 40197 } } peers { permanent_uuid: "4fda4b70a4234bc0b21193d7068e77a1" member_type: VOTER last_known_addr { host: "127.20.135.66" port: 37377 } } peers { permanent_uuid: "6065ee3d18c949cd9442b3e1efed7962" member_type: VOTER last_known_addr { host: "127.20.135.65" port: 42847 } }
I20260608 10:00:38.502339 22959 tablet_bootstrap.cc:654] T a94809bbe71a49c29316998b478fe946 P 0c27a3a825ee45b6945f979256f70600: Neither blocks nor log segments found. Creating new log.
I20260608 10:00:38.503124 22960 ts_tablet_manager.cc:1434] T c6547aa387034a1288acc3545adae171 P 6065ee3d18c949cd9442b3e1efed7962: Time spent starting tablet: real 0.018s	user 0.013s	sys 0.003s
I20260608 10:00:38.504616 22960 tablet_bootstrap.cc:492] T a94809bbe71a49c29316998b478fe946 P 6065ee3d18c949cd9442b3e1efed7962: Bootstrap starting.
I20260608 10:00:38.509433 22961 ts_tablet_manager.cc:1434] T c6547aa387034a1288acc3545adae171 P 4fda4b70a4234bc0b21193d7068e77a1: Time spent starting tablet: real 0.015s	user 0.006s	sys 0.004s
I20260608 10:00:38.512362 22961 tablet_bootstrap.cc:492] T a94809bbe71a49c29316998b478fe946 P 4fda4b70a4234bc0b21193d7068e77a1: Bootstrap starting.
I20260608 10:00:38.516152 22959 tablet_bootstrap.cc:492] T a94809bbe71a49c29316998b478fe946 P 0c27a3a825ee45b6945f979256f70600: No bootstrap required, opened a new log
I20260608 10:00:38.516857 22959 ts_tablet_manager.cc:1403] T a94809bbe71a49c29316998b478fe946 P 0c27a3a825ee45b6945f979256f70600: Time spent bootstrapping tablet: real 0.024s	user 0.015s	sys 0.009s
I20260608 10:00:38.517197 22960 tablet_bootstrap.cc:654] T a94809bbe71a49c29316998b478fe946 P 6065ee3d18c949cd9442b3e1efed7962: Neither blocks nor log segments found. Creating new log.
I20260608 10:00:38.520895 22959 raft_consensus.cc:359] T a94809bbe71a49c29316998b478fe946 P 0c27a3a825ee45b6945f979256f70600 [term 0 FOLLOWER]: Replica starting. Triggering 0 pending ops. Active config: opid_index: -1 OBSOLETE_local: false peers { permanent_uuid: "6065ee3d18c949cd9442b3e1efed7962" member_type: VOTER last_known_addr { host: "127.20.135.65" port: 42847 } } peers { permanent_uuid: "4fda4b70a4234bc0b21193d7068e77a1" member_type: VOTER last_known_addr { host: "127.20.135.66" port: 37377 } } peers { permanent_uuid: "0c27a3a825ee45b6945f979256f70600" member_type: VOTER last_known_addr { host: "127.20.135.67" port: 40197 } }
I20260608 10:00:38.521785 22959 raft_consensus.cc:385] T a94809bbe71a49c29316998b478fe946 P 0c27a3a825ee45b6945f979256f70600 [term 0 FOLLOWER]: Consensus starting up: Expiring failure detector timer to make a prompt election more likely
I20260608 10:00:38.522158 22959 raft_consensus.cc:740] T a94809bbe71a49c29316998b478fe946 P 0c27a3a825ee45b6945f979256f70600 [term 0 FOLLOWER]: Becoming Follower/Learner. State: Replica: 0c27a3a825ee45b6945f979256f70600, State: Initialized, Role: FOLLOWER
I20260608 10:00:38.523303 22959 consensus_queue.cc:260] T a94809bbe71a49c29316998b478fe946 P 0c27a3a825ee45b6945f979256f70600 [NON_LEADER]: Queue going to NON_LEADER mode. State: All replicated index: 0, Majority replicated index: 0, Committed index: 0, Last appended: 0.0, Last appended by leader: 0, Current term: 0, Majority size: -1, State: 0, Mode: NON_LEADER, active raft config: opid_index: -1 OBSOLETE_local: false peers { permanent_uuid: "6065ee3d18c949cd9442b3e1efed7962" member_type: VOTER last_known_addr { host: "127.20.135.65" port: 42847 } } peers { permanent_uuid: "4fda4b70a4234bc0b21193d7068e77a1" member_type: VOTER last_known_addr { host: "127.20.135.66" port: 37377 } } peers { permanent_uuid: "0c27a3a825ee45b6945f979256f70600" member_type: VOTER last_known_addr { host: "127.20.135.67" port: 40197 } }
I20260608 10:00:38.524833 22961 tablet_bootstrap.cc:654] T a94809bbe71a49c29316998b478fe946 P 4fda4b70a4234bc0b21193d7068e77a1: Neither blocks nor log segments found. Creating new log.
I20260608 10:00:38.525583 22960 tablet_bootstrap.cc:492] T a94809bbe71a49c29316998b478fe946 P 6065ee3d18c949cd9442b3e1efed7962: No bootstrap required, opened a new log
I20260608 10:00:38.525578 22959 ts_tablet_manager.cc:1434] T a94809bbe71a49c29316998b478fe946 P 0c27a3a825ee45b6945f979256f70600: Time spent starting tablet: real 0.008s	user 0.005s	sys 0.000s
I20260608 10:00:38.526278 22960 ts_tablet_manager.cc:1403] T a94809bbe71a49c29316998b478fe946 P 6065ee3d18c949cd9442b3e1efed7962: Time spent bootstrapping tablet: real 0.022s	user 0.010s	sys 0.007s
I20260608 10:00:38.530030 22961 tablet_bootstrap.cc:492] T a94809bbe71a49c29316998b478fe946 P 4fda4b70a4234bc0b21193d7068e77a1: No bootstrap required, opened a new log
I20260608 10:00:38.529582 22960 raft_consensus.cc:359] T a94809bbe71a49c29316998b478fe946 P 6065ee3d18c949cd9442b3e1efed7962 [term 0 FOLLOWER]: Replica starting. Triggering 0 pending ops. Active config: opid_index: -1 OBSOLETE_local: false peers { permanent_uuid: "6065ee3d18c949cd9442b3e1efed7962" member_type: VOTER last_known_addr { host: "127.20.135.65" port: 42847 } } peers { permanent_uuid: "4fda4b70a4234bc0b21193d7068e77a1" member_type: VOTER last_known_addr { host: "127.20.135.66" port: 37377 } } peers { permanent_uuid: "0c27a3a825ee45b6945f979256f70600" member_type: VOTER last_known_addr { host: "127.20.135.67" port: 40197 } }
I20260608 10:00:38.530447 22960 raft_consensus.cc:385] T a94809bbe71a49c29316998b478fe946 P 6065ee3d18c949cd9442b3e1efed7962 [term 0 FOLLOWER]: Consensus starting up: Expiring failure detector timer to make a prompt election more likely
I20260608 10:00:38.530586 22961 ts_tablet_manager.cc:1403] T a94809bbe71a49c29316998b478fe946 P 4fda4b70a4234bc0b21193d7068e77a1: Time spent bootstrapping tablet: real 0.018s	user 0.004s	sys 0.008s
I20260608 10:00:38.530809 22960 raft_consensus.cc:740] T a94809bbe71a49c29316998b478fe946 P 6065ee3d18c949cd9442b3e1efed7962 [term 0 FOLLOWER]: Becoming Follower/Learner. State: Replica: 6065ee3d18c949cd9442b3e1efed7962, State: Initialized, Role: FOLLOWER
I20260608 10:00:38.531715 22960 consensus_queue.cc:260] T a94809bbe71a49c29316998b478fe946 P 6065ee3d18c949cd9442b3e1efed7962 [NON_LEADER]: Queue going to NON_LEADER mode. State: All replicated index: 0, Majority replicated index: 0, Committed index: 0, Last appended: 0.0, Last appended by leader: 0, Current term: 0, Majority size: -1, State: 0, Mode: NON_LEADER, active raft config: opid_index: -1 OBSOLETE_local: false peers { permanent_uuid: "6065ee3d18c949cd9442b3e1efed7962" member_type: VOTER last_known_addr { host: "127.20.135.65" port: 42847 } } peers { permanent_uuid: "4fda4b70a4234bc0b21193d7068e77a1" member_type: VOTER last_known_addr { host: "127.20.135.66" port: 37377 } } peers { permanent_uuid: "0c27a3a825ee45b6945f979256f70600" member_type: VOTER last_known_addr { host: "127.20.135.67" port: 40197 } }
I20260608 10:00:38.533812 22961 raft_consensus.cc:359] T a94809bbe71a49c29316998b478fe946 P 4fda4b70a4234bc0b21193d7068e77a1 [term 0 FOLLOWER]: Replica starting. Triggering 0 pending ops. Active config: opid_index: -1 OBSOLETE_local: false peers { permanent_uuid: "6065ee3d18c949cd9442b3e1efed7962" member_type: VOTER last_known_addr { host: "127.20.135.65" port: 42847 } } peers { permanent_uuid: "4fda4b70a4234bc0b21193d7068e77a1" member_type: VOTER last_known_addr { host: "127.20.135.66" port: 37377 } } peers { permanent_uuid: "0c27a3a825ee45b6945f979256f70600" member_type: VOTER last_known_addr { host: "127.20.135.67" port: 40197 } }
I20260608 10:00:38.534538 22961 raft_consensus.cc:385] T a94809bbe71a49c29316998b478fe946 P 4fda4b70a4234bc0b21193d7068e77a1 [term 0 FOLLOWER]: Consensus starting up: Expiring failure detector timer to make a prompt election more likely
I20260608 10:00:38.534900 22961 raft_consensus.cc:740] T a94809bbe71a49c29316998b478fe946 P 4fda4b70a4234bc0b21193d7068e77a1 [term 0 FOLLOWER]: Becoming Follower/Learner. State: Replica: 4fda4b70a4234bc0b21193d7068e77a1, State: Initialized, Role: FOLLOWER
I20260608 10:00:38.535475 22960 ts_tablet_manager.cc:1434] T a94809bbe71a49c29316998b478fe946 P 6065ee3d18c949cd9442b3e1efed7962: Time spent starting tablet: real 0.009s	user 0.007s	sys 0.000s
I20260608 10:00:38.535822 22961 consensus_queue.cc:260] T a94809bbe71a49c29316998b478fe946 P 4fda4b70a4234bc0b21193d7068e77a1 [NON_LEADER]: Queue going to NON_LEADER mode. State: All replicated index: 0, Majority replicated index: 0, Committed index: 0, Last appended: 0.0, Last appended by leader: 0, Current term: 0, Majority size: -1, State: 0, Mode: NON_LEADER, active raft config: opid_index: -1 OBSOLETE_local: false peers { permanent_uuid: "6065ee3d18c949cd9442b3e1efed7962" member_type: VOTER last_known_addr { host: "127.20.135.65" port: 42847 } } peers { permanent_uuid: "4fda4b70a4234bc0b21193d7068e77a1" member_type: VOTER last_known_addr { host: "127.20.135.66" port: 37377 } } peers { permanent_uuid: "0c27a3a825ee45b6945f979256f70600" member_type: VOTER last_known_addr { host: "127.20.135.67" port: 40197 } }
I20260608 10:00:38.537847 22961 ts_tablet_manager.cc:1434] T a94809bbe71a49c29316998b478fe946 P 4fda4b70a4234bc0b21193d7068e77a1: Time spent starting tablet: real 0.007s	user 0.005s	sys 0.000s
I20260608 10:00:38.769589 22966 raft_consensus.cc:493] T c6547aa387034a1288acc3545adae171 P 6065ee3d18c949cd9442b3e1efed7962 [term 0 FOLLOWER]: Starting pre-election (no leader contacted us within the election timeout)
I20260608 10:00:38.770088 22966 raft_consensus.cc:515] T c6547aa387034a1288acc3545adae171 P 6065ee3d18c949cd9442b3e1efed7962 [term 0 FOLLOWER]: Starting pre-election with config: opid_index: -1 OBSOLETE_local: false peers { permanent_uuid: "0c27a3a825ee45b6945f979256f70600" member_type: VOTER last_known_addr { host: "127.20.135.67" port: 40197 } } peers { permanent_uuid: "4fda4b70a4234bc0b21193d7068e77a1" member_type: VOTER last_known_addr { host: "127.20.135.66" port: 37377 } } peers { permanent_uuid: "6065ee3d18c949cd9442b3e1efed7962" member_type: VOTER last_known_addr { host: "127.20.135.65" port: 42847 } }
I20260608 10:00:38.772727 22966 leader_election.cc:290] T c6547aa387034a1288acc3545adae171 P 6065ee3d18c949cd9442b3e1efed7962 [CANDIDATE]: Term 1 pre-election: Requested pre-vote from peers 0c27a3a825ee45b6945f979256f70600 (127.20.135.67:40197), 4fda4b70a4234bc0b21193d7068e77a1 (127.20.135.66:37377)
I20260608 10:00:38.783170 22913 tablet_service.cc:1917] Received RequestConsensusVote() RPC: tablet_id: "c6547aa387034a1288acc3545adae171" candidate_uuid: "6065ee3d18c949cd9442b3e1efed7962" candidate_term: 1 candidate_status { last_received { term: 0 index: 0 } } ignore_live_leader: false dest_uuid: "0c27a3a825ee45b6945f979256f70600" is_pre_election: true
I20260608 10:00:38.784078 22913 raft_consensus.cc:2468] T c6547aa387034a1288acc3545adae171 P 0c27a3a825ee45b6945f979256f70600 [term 0 FOLLOWER]: Leader pre-election vote request: Granting yes vote for candidate 6065ee3d18c949cd9442b3e1efed7962 in term 0.
I20260608 10:00:38.785465 22727 leader_election.cc:304] T c6547aa387034a1288acc3545adae171 P 6065ee3d18c949cd9442b3e1efed7962 [CANDIDATE]: Term 1 pre-election: Election decided. Result: candidate won. Election summary: received 2 responses out of 3 voters: 2 yes votes; 0 no votes. yes voters: 0c27a3a825ee45b6945f979256f70600, 6065ee3d18c949cd9442b3e1efed7962; no voters: 
I20260608 10:00:38.785815 22839 tablet_service.cc:1917] Received RequestConsensusVote() RPC: tablet_id: "c6547aa387034a1288acc3545adae171" candidate_uuid: "6065ee3d18c949cd9442b3e1efed7962" candidate_term: 1 candidate_status { last_received { term: 0 index: 0 } } ignore_live_leader: false dest_uuid: "4fda4b70a4234bc0b21193d7068e77a1" is_pre_election: true
I20260608 10:00:38.786368 22966 raft_consensus.cc:2804] T c6547aa387034a1288acc3545adae171 P 6065ee3d18c949cd9442b3e1efed7962 [term 0 FOLLOWER]: Leader pre-election won for term 1
I20260608 10:00:38.786784 22966 raft_consensus.cc:493] T c6547aa387034a1288acc3545adae171 P 6065ee3d18c949cd9442b3e1efed7962 [term 0 FOLLOWER]: Starting leader election (no leader contacted us within the election timeout)
I20260608 10:00:38.786598 22839 raft_consensus.cc:2468] T c6547aa387034a1288acc3545adae171 P 4fda4b70a4234bc0b21193d7068e77a1 [term 0 FOLLOWER]: Leader pre-election vote request: Granting yes vote for candidate 6065ee3d18c949cd9442b3e1efed7962 in term 0.
I20260608 10:00:38.787159 22966 raft_consensus.cc:3060] T c6547aa387034a1288acc3545adae171 P 6065ee3d18c949cd9442b3e1efed7962 [term 0 FOLLOWER]: Advancing to term 1
I20260608 10:00:38.792158 22966 raft_consensus.cc:515] T c6547aa387034a1288acc3545adae171 P 6065ee3d18c949cd9442b3e1efed7962 [term 1 FOLLOWER]: Starting leader election with config: opid_index: -1 OBSOLETE_local: false peers { permanent_uuid: "0c27a3a825ee45b6945f979256f70600" member_type: VOTER last_known_addr { host: "127.20.135.67" port: 40197 } } peers { permanent_uuid: "4fda4b70a4234bc0b21193d7068e77a1" member_type: VOTER last_known_addr { host: "127.20.135.66" port: 37377 } } peers { permanent_uuid: "6065ee3d18c949cd9442b3e1efed7962" member_type: VOTER last_known_addr { host: "127.20.135.65" port: 42847 } }
I20260608 10:00:38.793767 22966 leader_election.cc:290] T c6547aa387034a1288acc3545adae171 P 6065ee3d18c949cd9442b3e1efed7962 [CANDIDATE]: Term 1 election: Requested vote from peers 0c27a3a825ee45b6945f979256f70600 (127.20.135.67:40197), 4fda4b70a4234bc0b21193d7068e77a1 (127.20.135.66:37377)
I20260608 10:00:38.794656 22913 tablet_service.cc:1917] Received RequestConsensusVote() RPC: tablet_id: "c6547aa387034a1288acc3545adae171" candidate_uuid: "6065ee3d18c949cd9442b3e1efed7962" candidate_term: 1 candidate_status { last_received { term: 0 index: 0 } } ignore_live_leader: false dest_uuid: "0c27a3a825ee45b6945f979256f70600"
I20260608 10:00:38.794983 22839 tablet_service.cc:1917] Received RequestConsensusVote() RPC: tablet_id: "c6547aa387034a1288acc3545adae171" candidate_uuid: "6065ee3d18c949cd9442b3e1efed7962" candidate_term: 1 candidate_status { last_received { term: 0 index: 0 } } ignore_live_leader: false dest_uuid: "4fda4b70a4234bc0b21193d7068e77a1"
I20260608 10:00:38.795162 22913 raft_consensus.cc:3060] T c6547aa387034a1288acc3545adae171 P 0c27a3a825ee45b6945f979256f70600 [term 0 FOLLOWER]: Advancing to term 1
I20260608 10:00:38.795547 22839 raft_consensus.cc:3060] T c6547aa387034a1288acc3545adae171 P 4fda4b70a4234bc0b21193d7068e77a1 [term 0 FOLLOWER]: Advancing to term 1
I20260608 10:00:38.797799 22966 raft_consensus.cc:493] T a94809bbe71a49c29316998b478fe946 P 6065ee3d18c949cd9442b3e1efed7962 [term 0 FOLLOWER]: Starting pre-election (no leader contacted us within the election timeout)
I20260608 10:00:38.798355 22966 raft_consensus.cc:515] T a94809bbe71a49c29316998b478fe946 P 6065ee3d18c949cd9442b3e1efed7962 [term 0 FOLLOWER]: Starting pre-election with config: opid_index: -1 OBSOLETE_local: false peers { permanent_uuid: "6065ee3d18c949cd9442b3e1efed7962" member_type: VOTER last_known_addr { host: "127.20.135.65" port: 42847 } } peers { permanent_uuid: "4fda4b70a4234bc0b21193d7068e77a1" member_type: VOTER last_known_addr { host: "127.20.135.66" port: 37377 } } peers { permanent_uuid: "0c27a3a825ee45b6945f979256f70600" member_type: VOTER last_known_addr { host: "127.20.135.67" port: 40197 } }
I20260608 10:00:38.800628 22966 leader_election.cc:290] T a94809bbe71a49c29316998b478fe946 P 6065ee3d18c949cd9442b3e1efed7962 [CANDIDATE]: Term 1 pre-election: Requested pre-vote from peers 4fda4b70a4234bc0b21193d7068e77a1 (127.20.135.66:37377), 0c27a3a825ee45b6945f979256f70600 (127.20.135.67:40197)
I20260608 10:00:38.801731 22913 raft_consensus.cc:2468] T c6547aa387034a1288acc3545adae171 P 0c27a3a825ee45b6945f979256f70600 [term 1 FOLLOWER]: Leader election vote request: Granting yes vote for candidate 6065ee3d18c949cd9442b3e1efed7962 in term 1.
I20260608 10:00:38.801740 22839 raft_consensus.cc:2468] T c6547aa387034a1288acc3545adae171 P 4fda4b70a4234bc0b21193d7068e77a1 [term 1 FOLLOWER]: Leader election vote request: Granting yes vote for candidate 6065ee3d18c949cd9442b3e1efed7962 in term 1.
I20260608 10:00:38.801719 22838 tablet_service.cc:1917] Received RequestConsensusVote() RPC: tablet_id: "a94809bbe71a49c29316998b478fe946" candidate_uuid: "6065ee3d18c949cd9442b3e1efed7962" candidate_term: 1 candidate_status { last_received { term: 0 index: 0 } } ignore_live_leader: false dest_uuid: "4fda4b70a4234bc0b21193d7068e77a1" is_pre_election: true
I20260608 10:00:38.802645 22912 tablet_service.cc:1917] Received RequestConsensusVote() RPC: tablet_id: "a94809bbe71a49c29316998b478fe946" candidate_uuid: "6065ee3d18c949cd9442b3e1efed7962" candidate_term: 1 candidate_status { last_received { term: 0 index: 0 } } ignore_live_leader: false dest_uuid: "0c27a3a825ee45b6945f979256f70600" is_pre_election: true
I20260608 10:00:38.803015 22838 raft_consensus.cc:2468] T a94809bbe71a49c29316998b478fe946 P 4fda4b70a4234bc0b21193d7068e77a1 [term 0 FOLLOWER]: Leader pre-election vote request: Granting yes vote for candidate 6065ee3d18c949cd9442b3e1efed7962 in term 0.
I20260608 10:00:38.803398 22912 raft_consensus.cc:2468] T a94809bbe71a49c29316998b478fe946 P 0c27a3a825ee45b6945f979256f70600 [term 0 FOLLOWER]: Leader pre-election vote request: Granting yes vote for candidate 6065ee3d18c949cd9442b3e1efed7962 in term 0.
I20260608 10:00:38.803380 22727 leader_election.cc:304] T c6547aa387034a1288acc3545adae171 P 6065ee3d18c949cd9442b3e1efed7962 [CANDIDATE]: Term 1 election: Election decided. Result: candidate won. Election summary: received 2 responses out of 3 voters: 2 yes votes; 0 no votes. yes voters: 0c27a3a825ee45b6945f979256f70600, 6065ee3d18c949cd9442b3e1efed7962; no voters: 
I20260608 10:00:38.804438 22966 raft_consensus.cc:2804] T c6547aa387034a1288acc3545adae171 P 6065ee3d18c949cd9442b3e1efed7962 [term 1 FOLLOWER]: Leader election won for term 1
I20260608 10:00:38.805023 22727 leader_election.cc:304] T a94809bbe71a49c29316998b478fe946 P 6065ee3d18c949cd9442b3e1efed7962 [CANDIDATE]: Term 1 pre-election: Election decided. Result: candidate won. Election summary: received 2 responses out of 3 voters: 2 yes votes; 0 no votes. yes voters: 4fda4b70a4234bc0b21193d7068e77a1, 6065ee3d18c949cd9442b3e1efed7962; no voters: 
I20260608 10:00:38.805861 22966 raft_consensus.cc:697] T c6547aa387034a1288acc3545adae171 P 6065ee3d18c949cd9442b3e1efed7962 [term 1 LEADER]: Becoming Leader. State: Replica: 6065ee3d18c949cd9442b3e1efed7962, State: Running, Role: LEADER
I20260608 10:00:38.806602 22973 raft_consensus.cc:2804] T a94809bbe71a49c29316998b478fe946 P 6065ee3d18c949cd9442b3e1efed7962 [term 0 FOLLOWER]: Leader pre-election won for term 1
I20260608 10:00:38.807044 22973 raft_consensus.cc:493] T a94809bbe71a49c29316998b478fe946 P 6065ee3d18c949cd9442b3e1efed7962 [term 0 FOLLOWER]: Starting leader election (no leader contacted us within the election timeout)
I20260608 10:00:38.807674 22973 raft_consensus.cc:3060] T a94809bbe71a49c29316998b478fe946 P 6065ee3d18c949cd9442b3e1efed7962 [term 0 FOLLOWER]: Advancing to term 1
I20260608 10:00:38.807041 22966 consensus_queue.cc:237] T c6547aa387034a1288acc3545adae171 P 6065ee3d18c949cd9442b3e1efed7962 [LEADER]: Queue going to LEADER mode. State: All replicated index: 0, Majority replicated index: 0, Committed index: 0, Last appended: 0.0, Last appended by leader: 0, Current term: 1, Majority size: 2, State: 0, Mode: LEADER, active raft config: opid_index: -1 OBSOLETE_local: false peers { permanent_uuid: "0c27a3a825ee45b6945f979256f70600" member_type: VOTER last_known_addr { host: "127.20.135.67" port: 40197 } } peers { permanent_uuid: "4fda4b70a4234bc0b21193d7068e77a1" member_type: VOTER last_known_addr { host: "127.20.135.66" port: 37377 } } peers { permanent_uuid: "6065ee3d18c949cd9442b3e1efed7962" member_type: VOTER last_known_addr { host: "127.20.135.65" port: 42847 } }
I20260608 10:00:38.814455 22973 raft_consensus.cc:515] T a94809bbe71a49c29316998b478fe946 P 6065ee3d18c949cd9442b3e1efed7962 [term 1 FOLLOWER]: Starting leader election with config: opid_index: -1 OBSOLETE_local: false peers { permanent_uuid: "6065ee3d18c949cd9442b3e1efed7962" member_type: VOTER last_known_addr { host: "127.20.135.65" port: 42847 } } peers { permanent_uuid: "4fda4b70a4234bc0b21193d7068e77a1" member_type: VOTER last_known_addr { host: "127.20.135.66" port: 37377 } } peers { permanent_uuid: "0c27a3a825ee45b6945f979256f70600" member_type: VOTER last_known_addr { host: "127.20.135.67" port: 40197 } }
I20260608 10:00:38.816594 22973 leader_election.cc:290] T a94809bbe71a49c29316998b478fe946 P 6065ee3d18c949cd9442b3e1efed7962 [CANDIDATE]: Term 1 election: Requested vote from peers 4fda4b70a4234bc0b21193d7068e77a1 (127.20.135.66:37377), 0c27a3a825ee45b6945f979256f70600 (127.20.135.67:40197)
I20260608 10:00:38.817265 22839 tablet_service.cc:1917] Received RequestConsensusVote() RPC: tablet_id: "a94809bbe71a49c29316998b478fe946" candidate_uuid: "6065ee3d18c949cd9442b3e1efed7962" candidate_term: 1 candidate_status { last_received { term: 0 index: 0 } } ignore_live_leader: false dest_uuid: "4fda4b70a4234bc0b21193d7068e77a1"
I20260608 10:00:38.817891 22839 raft_consensus.cc:3060] T a94809bbe71a49c29316998b478fe946 P 4fda4b70a4234bc0b21193d7068e77a1 [term 0 FOLLOWER]: Advancing to term 1
I20260608 10:00:38.817888 22912 tablet_service.cc:1917] Received RequestConsensusVote() RPC: tablet_id: "a94809bbe71a49c29316998b478fe946" candidate_uuid: "6065ee3d18c949cd9442b3e1efed7962" candidate_term: 1 candidate_status { last_received { term: 0 index: 0 } } ignore_live_leader: false dest_uuid: "0c27a3a825ee45b6945f979256f70600"
I20260608 10:00:38.818665 22912 raft_consensus.cc:3060] T a94809bbe71a49c29316998b478fe946 P 0c27a3a825ee45b6945f979256f70600 [term 0 FOLLOWER]: Advancing to term 1
I20260608 10:00:38.818598 22661 catalog_manager.cc:5696] T c6547aa387034a1288acc3545adae171 P 6065ee3d18c949cd9442b3e1efed7962 reported cstate change: term changed from 0 to 1, leader changed from <none> to 6065ee3d18c949cd9442b3e1efed7962 (127.20.135.65). New cstate: current_term: 1 leader_uuid: "6065ee3d18c949cd9442b3e1efed7962" committed_config { opid_index: -1 OBSOLETE_local: false peers { permanent_uuid: "0c27a3a825ee45b6945f979256f70600" member_type: VOTER last_known_addr { host: "127.20.135.67" port: 40197 } health_report { overall_health: UNKNOWN } } peers { permanent_uuid: "4fda4b70a4234bc0b21193d7068e77a1" member_type: VOTER last_known_addr { host: "127.20.135.66" port: 37377 } health_report { overall_health: UNKNOWN } } peers { permanent_uuid: "6065ee3d18c949cd9442b3e1efed7962" member_type: VOTER last_known_addr { host: "127.20.135.65" port: 42847 } health_report { overall_health: HEALTHY } } }
I20260608 10:00:38.823318 22839 raft_consensus.cc:2468] T a94809bbe71a49c29316998b478fe946 P 4fda4b70a4234bc0b21193d7068e77a1 [term 1 FOLLOWER]: Leader election vote request: Granting yes vote for candidate 6065ee3d18c949cd9442b3e1efed7962 in term 1.
I20260608 10:00:38.824738 22727 leader_election.cc:304] T a94809bbe71a49c29316998b478fe946 P 6065ee3d18c949cd9442b3e1efed7962 [CANDIDATE]: Term 1 election: Election decided. Result: candidate won. Election summary: received 2 responses out of 3 voters: 2 yes votes; 0 no votes. yes voters: 4fda4b70a4234bc0b21193d7068e77a1, 6065ee3d18c949cd9442b3e1efed7962; no voters: 
I20260608 10:00:38.825305 22912 raft_consensus.cc:2468] T a94809bbe71a49c29316998b478fe946 P 0c27a3a825ee45b6945f979256f70600 [term 1 FOLLOWER]: Leader election vote request: Granting yes vote for candidate 6065ee3d18c949cd9442b3e1efed7962 in term 1.
I20260608 10:00:38.825646 22973 raft_consensus.cc:2804] T a94809bbe71a49c29316998b478fe946 P 6065ee3d18c949cd9442b3e1efed7962 [term 1 FOLLOWER]: Leader election won for term 1
I20260608 10:00:38.826220 22973 raft_consensus.cc:697] T a94809bbe71a49c29316998b478fe946 P 6065ee3d18c949cd9442b3e1efed7962 [term 1 LEADER]: Becoming Leader. State: Replica: 6065ee3d18c949cd9442b3e1efed7962, State: Running, Role: LEADER
I20260608 10:00:38.827032 22973 consensus_queue.cc:237] T a94809bbe71a49c29316998b478fe946 P 6065ee3d18c949cd9442b3e1efed7962 [LEADER]: Queue going to LEADER mode. State: All replicated index: 0, Majority replicated index: 0, Committed index: 0, Last appended: 0.0, Last appended by leader: 0, Current term: 1, Majority size: 2, State: 0, Mode: LEADER, active raft config: opid_index: -1 OBSOLETE_local: false peers { permanent_uuid: "6065ee3d18c949cd9442b3e1efed7962" member_type: VOTER last_known_addr { host: "127.20.135.65" port: 42847 } } peers { permanent_uuid: "4fda4b70a4234bc0b21193d7068e77a1" member_type: VOTER last_known_addr { host: "127.20.135.66" port: 37377 } } peers { permanent_uuid: "0c27a3a825ee45b6945f979256f70600" member_type: VOTER last_known_addr { host: "127.20.135.67" port: 40197 } }
