I20260608 10:02:16.669032 20471 consensus_queue.cc:237] T 6b609fb492ad43e7b5c69dac74112a57 P 1ce81883630348f48b610a232ea2ee7e [LEADER]: Queue going to LEADER mode. State: All replicated index: 0, Majority replicated index: 26, Committed index: 26, Last appended: 1.26, Last appended by leader: 0, Current term: 1, Majority size: 2, State: 0, Mode: LEADER, active raft config: opid_index: 27 OBSOLETE_local: false peers { permanent_uuid: "b6e9ebffe385446b93632c3c9d681c7a" member_type: VOTER last_known_addr { host: "127.15.116.193" port: 35959 } } peers { permanent_uuid: "98ca89e401ef4da9b1996c3edd5afff9" member_type: VOTER last_known_addr { host: "127.15.116.194" port: 45175 } attrs { replace: true } } peers { permanent_uuid: "1ce81883630348f48b610a232ea2ee7e" member_type: VOTER last_known_addr { host: "127.15.116.195" port: 40937 } } peers { permanent_uuid: "789359c4768049ccaa9c421010039265" member_type: NON_VOTER last_known_addr { host: "127.15.116.197" port: 40297 } attrs { promote: true } }
I20260608 10:02:16.677795 20323 raft_consensus.cc:1275] T 6b609fb492ad43e7b5c69dac74112a57 P b6e9ebffe385446b93632c3c9d681c7a [term 1 FOLLOWER]: Refusing update from remote peer 1ce81883630348f48b610a232ea2ee7e: Log matching property violated. Preceding OpId in replica: term: 1 index: 26. Preceding OpId from leader: term: 1 index: 27. (index mismatch)
I20260608 10:02:16.678210 20397 raft_consensus.cc:1275] T 6b609fb492ad43e7b5c69dac74112a57 P 98ca89e401ef4da9b1996c3edd5afff9 [term 1 FOLLOWER]: Refusing update from remote peer 1ce81883630348f48b610a232ea2ee7e: Log matching property violated. Preceding OpId in replica: term: 1 index: 26. Preceding OpId from leader: term: 1 index: 27. (index mismatch)
I20260608 10:02:16.679600 20698 consensus_queue.cc:1048] T 6b609fb492ad43e7b5c69dac74112a57 P 1ce81883630348f48b610a232ea2ee7e [LEADER]: Connected to new peer: Peer: permanent_uuid: "b6e9ebffe385446b93632c3c9d681c7a" member_type: VOTER last_known_addr { host: "127.15.116.193" port: 35959 }, Status: LMP_MISMATCH, Last received: 0.0, Next index: 27, Last known committed idx: 26, Time since last communication: 0.001s
I20260608 10:02:16.680697 20968 consensus_queue.cc:1048] T 6b609fb492ad43e7b5c69dac74112a57 P 1ce81883630348f48b610a232ea2ee7e [LEADER]: Connected to new peer: Peer: permanent_uuid: "98ca89e401ef4da9b1996c3edd5afff9" member_type: VOTER last_known_addr { host: "127.15.116.194" port: 45175 } attrs { replace: true }, Status: LMP_MISMATCH, Last received: 0.0, Next index: 27, Last known committed idx: 26, Time since last communication: 0.000s
W20260608 10:02:16.688740 20438 consensus_peers.cc:597] T 6b609fb492ad43e7b5c69dac74112a57 P 1ce81883630348f48b610a232ea2ee7e -> Peer 789359c4768049ccaa9c421010039265 (127.15.116.197:40297): Couldn't send request to peer 789359c4768049ccaa9c421010039265. Error code: TABLET_NOT_FOUND (6). Status: Not found: Tablet not found: 6b609fb492ad43e7b5c69dac74112a57. This is attempt 1: this message will repeat every 5th retry.
I20260608 10:02:16.694283 20972 raft_consensus.cc:2955] T 6b609fb492ad43e7b5c69dac74112a57 P 1ce81883630348f48b610a232ea2ee7e [term 1 LEADER]: Committing config change with OpId 1.27: config changed from index -1 to 27, NON_VOTER 789359c4768049ccaa9c421010039265 (127.15.116.197) added. New config: { opid_index: 27 OBSOLETE_local: false peers { permanent_uuid: "b6e9ebffe385446b93632c3c9d681c7a" member_type: VOTER last_known_addr { host: "127.15.116.193" port: 35959 } } peers { permanent_uuid: "98ca89e401ef4da9b1996c3edd5afff9" member_type: VOTER last_known_addr { host: "127.15.116.194" port: 45175 } attrs { replace: true } } peers { permanent_uuid: "1ce81883630348f48b610a232ea2ee7e" member_type: VOTER last_known_addr { host: "127.15.116.195" port: 40937 } } peers { permanent_uuid: "789359c4768049ccaa9c421010039265" member_type: NON_VOTER last_known_addr { host: "127.15.116.197" port: 40297 } attrs { promote: true } } }
I20260608 10:02:16.695581 20323 raft_consensus.cc:2955] T 6b609fb492ad43e7b5c69dac74112a57 P b6e9ebffe385446b93632c3c9d681c7a [term 1 FOLLOWER]: Committing config change with OpId 1.27: config changed from index -1 to 27, NON_VOTER 789359c4768049ccaa9c421010039265 (127.15.116.197) added. New config: { opid_index: 27 OBSOLETE_local: false peers { permanent_uuid: "b6e9ebffe385446b93632c3c9d681c7a" member_type: VOTER last_known_addr { host: "127.15.116.193" port: 35959 } } peers { permanent_uuid: "98ca89e401ef4da9b1996c3edd5afff9" member_type: VOTER last_known_addr { host: "127.15.116.194" port: 45175 } attrs { replace: true } } peers { permanent_uuid: "1ce81883630348f48b610a232ea2ee7e" member_type: VOTER last_known_addr { host: "127.15.116.195" port: 40937 } } peers { permanent_uuid: "789359c4768049ccaa9c421010039265" member_type: NON_VOTER last_known_addr { host: "127.15.116.197" port: 40297 } attrs { promote: true } } }
I20260608 10:02:16.695370 20397 raft_consensus.cc:2955] T 6b609fb492ad43e7b5c69dac74112a57 P 98ca89e401ef4da9b1996c3edd5afff9 [term 1 FOLLOWER]: Committing config change with OpId 1.27: config changed from index -1 to 27, NON_VOTER 789359c4768049ccaa9c421010039265 (127.15.116.197) added. New config: { opid_index: 27 OBSOLETE_local: false peers { permanent_uuid: "b6e9ebffe385446b93632c3c9d681c7a" member_type: VOTER last_known_addr { host: "127.15.116.193" port: 35959 } } peers { permanent_uuid: "98ca89e401ef4da9b1996c3edd5afff9" member_type: VOTER last_known_addr { host: "127.15.116.194" port: 45175 } attrs { replace: true } } peers { permanent_uuid: "1ce81883630348f48b610a232ea2ee7e" member_type: VOTER last_known_addr { host: "127.15.116.195" port: 40937 } } peers { permanent_uuid: "789359c4768049ccaa9c421010039265" member_type: NON_VOTER last_known_addr { host: "127.15.116.197" port: 40297 } attrs { promote: true } } }
I20260608 10:02:16.710573 20219 catalog_manager.cc:5696] T 6b609fb492ad43e7b5c69dac74112a57 P b6e9ebffe385446b93632c3c9d681c7a reported cstate change: config changed from index -1 to 27, NON_VOTER 789359c4768049ccaa9c421010039265 (127.15.116.197) added. New cstate: current_term: 1 leader_uuid: "1ce81883630348f48b610a232ea2ee7e" committed_config { opid_index: 27 OBSOLETE_local: false peers { permanent_uuid: "b6e9ebffe385446b93632c3c9d681c7a" member_type: VOTER last_known_addr { host: "127.15.116.193" port: 35959 } } peers { permanent_uuid: "98ca89e401ef4da9b1996c3edd5afff9" member_type: VOTER last_known_addr { host: "127.15.116.194" port: 45175 } attrs { replace: true } } peers { permanent_uuid: "1ce81883630348f48b610a232ea2ee7e" member_type: VOTER last_known_addr { host: "127.15.116.195" port: 40937 } } peers { permanent_uuid: "789359c4768049ccaa9c421010039265" member_type: NON_VOTER last_known_addr { host: "127.15.116.197" port: 40297 } attrs { promote: true } } }
I20260608 10:02:16.712584 20323 consensus_queue.cc:237] T 1acdd78a12c540e6883913a3f2d2e080 P b6e9ebffe385446b93632c3c9d681c7a [LEADER]: Queue going to LEADER mode. State: All replicated index: 0, Majority replicated index: 25, Committed index: 25, Last appended: 1.25, Last appended by leader: 0, Current term: 1, Majority size: 2, State: 0, Mode: LEADER, active raft config: opid_index: 26 OBSOLETE_local: false peers { permanent_uuid: "b6e9ebffe385446b93632c3c9d681c7a" member_type: VOTER last_known_addr { host: "127.15.116.193" port: 35959 } } peers { permanent_uuid: "98ca89e401ef4da9b1996c3edd5afff9" member_type: VOTER last_known_addr { host: "127.15.116.194" port: 45175 } } peers { permanent_uuid: "1ce81883630348f48b610a232ea2ee7e" member_type: VOTER last_known_addr { host: "127.15.116.195" port: 40937 } attrs { replace: true } } peers { permanent_uuid: "32941e83fe4e40779c06a015a9f6587d" member_type: NON_VOTER last_known_addr { host: "127.15.116.198" port: 42931 } attrs { promote: true } }
W20260608 10:02:16.719882 20288 consensus_peers.cc:597] T 1acdd78a12c540e6883913a3f2d2e080 P b6e9ebffe385446b93632c3c9d681c7a -> Peer 32941e83fe4e40779c06a015a9f6587d (127.15.116.198:42931): Couldn't send request to peer 32941e83fe4e40779c06a015a9f6587d. Error code: TABLET_NOT_FOUND (6). Status: Not found: Tablet not found: 1acdd78a12c540e6883913a3f2d2e080. This is attempt 1: this message will repeat every 5th retry.
I20260608 10:02:16.720722 20471 raft_consensus.cc:1275] T 1acdd78a12c540e6883913a3f2d2e080 P 1ce81883630348f48b610a232ea2ee7e [term 1 FOLLOWER]: Refusing update from remote peer b6e9ebffe385446b93632c3c9d681c7a: Log matching property violated. Preceding OpId in replica: term: 1 index: 25. Preceding OpId from leader: term: 1 index: 26. (index mismatch)
I20260608 10:02:16.721568 20397 raft_consensus.cc:1275] T 1acdd78a12c540e6883913a3f2d2e080 P 98ca89e401ef4da9b1996c3edd5afff9 [term 1 FOLLOWER]: Refusing update from remote peer b6e9ebffe385446b93632c3c9d681c7a: Log matching property violated. Preceding OpId in replica: term: 1 index: 25. Preceding OpId from leader: term: 1 index: 26. (index mismatch)
I20260608 10:02:16.722782 20947 consensus_queue.cc:1048] T 1acdd78a12c540e6883913a3f2d2e080 P b6e9ebffe385446b93632c3c9d681c7a [LEADER]: Connected to new peer: Peer: permanent_uuid: "1ce81883630348f48b610a232ea2ee7e" member_type: VOTER last_known_addr { host: "127.15.116.195" port: 40937 } attrs { replace: true }, Status: LMP_MISMATCH, Last received: 0.0, Next index: 26, Last known committed idx: 25, Time since last communication: 0.000s
I20260608 10:02:16.723739 20685 consensus_queue.cc:1048] T 1acdd78a12c540e6883913a3f2d2e080 P b6e9ebffe385446b93632c3c9d681c7a [LEADER]: Connected to new peer: Peer: permanent_uuid: "98ca89e401ef4da9b1996c3edd5afff9" member_type: VOTER last_known_addr { host: "127.15.116.194" port: 45175 }, Status: LMP_MISMATCH, Last received: 0.0, Next index: 26, Last known committed idx: 25, Time since last communication: 0.000s
I20260608 10:02:16.733179 20685 raft_consensus.cc:2955] T 1acdd78a12c540e6883913a3f2d2e080 P b6e9ebffe385446b93632c3c9d681c7a [term 1 LEADER]: Committing config change with OpId 1.26: config changed from index -1 to 26, NON_VOTER 32941e83fe4e40779c06a015a9f6587d (127.15.116.198) added. New config: { opid_index: 26 OBSOLETE_local: false peers { permanent_uuid: "b6e9ebffe385446b93632c3c9d681c7a" member_type: VOTER last_known_addr { host: "127.15.116.193" port: 35959 } } peers { permanent_uuid: "98ca89e401ef4da9b1996c3edd5afff9" member_type: VOTER last_known_addr { host: "127.15.116.194" port: 45175 } } peers { permanent_uuid: "1ce81883630348f48b610a232ea2ee7e" member_type: VOTER last_known_addr { host: "127.15.116.195" port: 40937 } attrs { replace: true } } peers { permanent_uuid: "32941e83fe4e40779c06a015a9f6587d" member_type: NON_VOTER last_known_addr { host: "127.15.116.198" port: 42931 } attrs { promote: true } } }
I20260608 10:02:16.735641 20471 raft_consensus.cc:2955] T 1acdd78a12c540e6883913a3f2d2e080 P 1ce81883630348f48b610a232ea2ee7e [term 1 FOLLOWER]: Committing config change with OpId 1.26: config changed from index -1 to 26, NON_VOTER 32941e83fe4e40779c06a015a9f6587d (127.15.116.198) added. New config: { opid_index: 26 OBSOLETE_local: false peers { permanent_uuid: "b6e9ebffe385446b93632c3c9d681c7a" member_type: VOTER last_known_addr { host: "127.15.116.193" port: 35959 } } peers { permanent_uuid: "98ca89e401ef4da9b1996c3edd5afff9" member_type: VOTER last_known_addr { host: "127.15.116.194" port: 45175 } } peers { permanent_uuid: "1ce81883630348f48b610a232ea2ee7e" member_type: VOTER last_known_addr { host: "127.15.116.195" port: 40937 } attrs { replace: true } } peers { permanent_uuid: "32941e83fe4e40779c06a015a9f6587d" member_type: NON_VOTER last_known_addr { host: "127.15.116.198" port: 42931 } attrs { promote: true } } }
I20260608 10:02:16.737108 20397 raft_consensus.cc:2955] T 1acdd78a12c540e6883913a3f2d2e080 P 98ca89e401ef4da9b1996c3edd5afff9 [term 1 FOLLOWER]: Committing config change with OpId 1.26: config changed from index -1 to 26, NON_VOTER 32941e83fe4e40779c06a015a9f6587d (127.15.116.198) added. New config: { opid_index: 26 OBSOLETE_local: false peers { permanent_uuid: "b6e9ebffe385446b93632c3c9d681c7a" member_type: VOTER last_known_addr { host: "127.15.116.193" port: 35959 } } peers { permanent_uuid: "98ca89e401ef4da9b1996c3edd5afff9" member_type: VOTER last_known_addr { host: "127.15.116.194" port: 45175 } } peers { permanent_uuid: "1ce81883630348f48b610a232ea2ee7e" member_type: VOTER last_known_addr { host: "127.15.116.195" port: 40937 } attrs { replace: true } } peers { permanent_uuid: "32941e83fe4e40779c06a015a9f6587d" member_type: NON_VOTER last_known_addr { host: "127.15.116.198" port: 42931 } attrs { promote: true } } }
I20260608 10:02:16.750679 20218 catalog_manager.cc:5696] T 1acdd78a12c540e6883913a3f2d2e080 P 1ce81883630348f48b610a232ea2ee7e reported cstate change: config changed from index -1 to 26, NON_VOTER 32941e83fe4e40779c06a015a9f6587d (127.15.116.198) added. New cstate: current_term: 1 leader_uuid: "b6e9ebffe385446b93632c3c9d681c7a" committed_config { opid_index: 26 OBSOLETE_local: false peers { permanent_uuid: "b6e9ebffe385446b93632c3c9d681c7a" member_type: VOTER last_known_addr { host: "127.15.116.193" port: 35959 } } peers { permanent_uuid: "98ca89e401ef4da9b1996c3edd5afff9" member_type: VOTER last_known_addr { host: "127.15.116.194" port: 45175 } } peers { permanent_uuid: "1ce81883630348f48b610a232ea2ee7e" member_type: VOTER last_known_addr { host: "127.15.116.195" port: 40937 } attrs { replace: true } } peers { permanent_uuid: "32941e83fe4e40779c06a015a9f6587d" member_type: NON_VOTER last_known_addr { host: "127.15.116.198" port: 42931 } attrs { promote: true } } }
I20260608 10:02:16.751986 20792 heartbeater.cc:499] Master 127.15.116.254:45713 was elected leader, sending a full tablet report...
I20260608 10:02:16.757673 20398 consensus_queue.cc:237] T 6ee2ec483b664c51b8a79fea3452f3aa P 98ca89e401ef4da9b1996c3edd5afff9 [LEADER]: Queue going to LEADER mode. State: All replicated index: 0, Majority replicated index: 25, Committed index: 25, Last appended: 1.25, Last appended by leader: 0, Current term: 1, Majority size: 2, State: 0, Mode: LEADER, active raft config: opid_index: 26 OBSOLETE_local: false peers { permanent_uuid: "b6e9ebffe385446b93632c3c9d681c7a" member_type: VOTER last_known_addr { host: "127.15.116.193" port: 35959 } attrs { replace: true } } peers { permanent_uuid: "98ca89e401ef4da9b1996c3edd5afff9" member_type: VOTER last_known_addr { host: "127.15.116.194" port: 45175 } } peers { permanent_uuid: "1ce81883630348f48b610a232ea2ee7e" member_type: VOTER last_known_addr { host: "127.15.116.195" port: 40937 } } peers { permanent_uuid: "6c811662e6bd4c84b4b8049683489fdb" member_type: NON_VOTER last_known_addr { host: "127.15.116.196" port: 41537 } attrs { promote: true } }
W20260608 10:02:16.769922 20361 consensus_peers.cc:597] T 6ee2ec483b664c51b8a79fea3452f3aa P 98ca89e401ef4da9b1996c3edd5afff9 -> Peer 6c811662e6bd4c84b4b8049683489fdb (127.15.116.196:41537): Couldn't send request to peer 6c811662e6bd4c84b4b8049683489fdb. Error code: TABLET_NOT_FOUND (6). Status: Not found: Tablet not found: 6ee2ec483b664c51b8a79fea3452f3aa. This is attempt 1: this message will repeat every 5th retry.
I20260608 10:02:16.772876 20471 raft_consensus.cc:1275] T 6ee2ec483b664c51b8a79fea3452f3aa P 1ce81883630348f48b610a232ea2ee7e [term 1 FOLLOWER]: Refusing update from remote peer 98ca89e401ef4da9b1996c3edd5afff9: Log matching property violated. Preceding OpId in replica: term: 1 index: 25. Preceding OpId from leader: term: 1 index: 26. (index mismatch)
I20260608 10:02:16.774678 20322 raft_consensus.cc:1275] T 6ee2ec483b664c51b8a79fea3452f3aa P b6e9ebffe385446b93632c3c9d681c7a [term 1 FOLLOWER]: Refusing update from remote peer 98ca89e401ef4da9b1996c3edd5afff9: Log matching property violated. Preceding OpId in replica: term: 1 index: 25. Preceding OpId from leader: term: 1 index: 26. (index mismatch)
I20260608 10:02:16.774688 20965 consensus_queue.cc:1048] T 6ee2ec483b664c51b8a79fea3452f3aa P 98ca89e401ef4da9b1996c3edd5afff9 [LEADER]: Connected to new peer: Peer: permanent_uuid: "1ce81883630348f48b610a232ea2ee7e" member_type: VOTER last_known_addr { host: "127.15.116.195" port: 40937 }, Status: LMP_MISMATCH, Last received: 0.0, Next index: 26, Last known committed idx: 25, Time since last communication: 0.001s
I20260608 10:02:16.776376 20952 consensus_queue.cc:1048] T 6ee2ec483b664c51b8a79fea3452f3aa P 98ca89e401ef4da9b1996c3edd5afff9 [LEADER]: Connected to new peer: Peer: permanent_uuid: "b6e9ebffe385446b93632c3c9d681c7a" member_type: VOTER last_known_addr { host: "127.15.116.193" port: 35959 } attrs { replace: true }, Status: LMP_MISMATCH, Last received: 0.0, Next index: 26, Last known committed idx: 25, Time since last communication: 0.000s
I20260608 10:02:16.786234 20952 raft_consensus.cc:2955] T 6ee2ec483b664c51b8a79fea3452f3aa P 98ca89e401ef4da9b1996c3edd5afff9 [term 1 LEADER]: Committing config change with OpId 1.26: config changed from index -1 to 26, NON_VOTER 6c811662e6bd4c84b4b8049683489fdb (127.15.116.196) added. New config: { opid_index: 26 OBSOLETE_local: false peers { permanent_uuid: "b6e9ebffe385446b93632c3c9d681c7a" member_type: VOTER last_known_addr { host: "127.15.116.193" port: 35959 } attrs { replace: true } } peers { permanent_uuid: "98ca89e401ef4da9b1996c3edd5afff9" member_type: VOTER last_known_addr { host: "127.15.116.194" port: 45175 } } peers { permanent_uuid: "1ce81883630348f48b610a232ea2ee7e" member_type: VOTER last_known_addr { host: "127.15.116.195" port: 40937 } } peers { permanent_uuid: "6c811662e6bd4c84b4b8049683489fdb" member_type: NON_VOTER last_known_addr { host: "127.15.116.196" port: 41537 } attrs { promote: true } } }
I20260608 10:02:16.788045 20322 raft_consensus.cc:2955] T 6ee2ec483b664c51b8a79fea3452f3aa P b6e9ebffe385446b93632c3c9d681c7a [term 1 FOLLOWER]: Committing config change with OpId 1.26: config changed from index -1 to 26, NON_VOTER 6c811662e6bd4c84b4b8049683489fdb (127.15.116.196) added. New config: { opid_index: 26 OBSOLETE_local: false peers { permanent_uuid: "b6e9ebffe385446b93632c3c9d681c7a" member_type: VOTER last_known_addr { host: "127.15.116.193" port: 35959 } attrs { replace: true } } peers { permanent_uuid: "98ca89e401ef4da9b1996c3edd5afff9" member_type: VOTER last_known_addr { host: "127.15.116.194" port: 45175 } } peers { permanent_uuid: "1ce81883630348f48b610a232ea2ee7e" member_type: VOTER last_known_addr { host: "127.15.116.195" port: 40937 } } peers { permanent_uuid: "6c811662e6bd4c84b4b8049683489fdb" member_type: NON_VOTER last_known_addr { host: "127.15.116.196" port: 41537 } attrs { promote: true } } }
I20260608 10:02:16.789902 20471 raft_consensus.cc:2955] T 6ee2ec483b664c51b8a79fea3452f3aa P 1ce81883630348f48b610a232ea2ee7e [term 1 FOLLOWER]: Committing config change with OpId 1.26: config changed from index -1 to 26, NON_VOTER 6c811662e6bd4c84b4b8049683489fdb (127.15.116.196) added. New config: { opid_index: 26 OBSOLETE_local: false peers { permanent_uuid: "b6e9ebffe385446b93632c3c9d681c7a" member_type: VOTER last_known_addr { host: "127.15.116.193" port: 35959 } attrs { replace: true } } peers { permanent_uuid: "98ca89e401ef4da9b1996c3edd5afff9" member_type: VOTER last_known_addr { host: "127.15.116.194" port: 45175 } } peers { permanent_uuid: "1ce81883630348f48b610a232ea2ee7e" member_type: VOTER last_known_addr { host: "127.15.116.195" port: 40937 } } peers { permanent_uuid: "6c811662e6bd4c84b4b8049683489fdb" member_type: NON_VOTER last_known_addr { host: "127.15.116.196" port: 41537 } attrs { promote: true } } }
I20260608 10:02:16.802205 20216 catalog_manager.cc:5696] T 6ee2ec483b664c51b8a79fea3452f3aa P b6e9ebffe385446b93632c3c9d681c7a reported cstate change: config changed from index -1 to 26, NON_VOTER 6c811662e6bd4c84b4b8049683489fdb (127.15.116.196) added. New cstate: current_term: 1 leader_uuid: "98ca89e401ef4da9b1996c3edd5afff9" committed_config { opid_index: 26 OBSOLETE_local: false peers { permanent_uuid: "b6e9ebffe385446b93632c3c9d681c7a" member_type: VOTER last_known_addr { host: "127.15.116.193" port: 35959 } attrs { replace: true } } peers { permanent_uuid: "98ca89e401ef4da9b1996c3edd5afff9" member_type: VOTER last_known_addr { host: "127.15.116.194" port: 45175 } } peers { permanent_uuid: "1ce81883630348f48b610a232ea2ee7e" member_type: VOTER last_known_addr { host: "127.15.116.195" port: 40937 } } peers { permanent_uuid: "6c811662e6bd4c84b4b8049683489fdb" member_type: NON_VOTER last_known_addr { host: "127.15.116.196" port: 41537 } attrs { promote: true } } }
I20260608 10:02:16.883751 20867 heartbeater.cc:499] Master 127.15.116.254:45713 was elected leader, sending a full tablet report...
I20260608 10:02:16.890674 20979 ts_tablet_manager.cc:933] T 3ce2f083a003437fb7872524e0672ad6 P 789359c4768049ccaa9c421010039265: Initiating tablet copy from peer b6e9ebffe385446b93632c3c9d681c7a (127.15.116.193:35959)
I20260608 10:02:16.892710 20979 tablet_copy_client.cc:323] T 3ce2f083a003437fb7872524e0672ad6 P 789359c4768049ccaa9c421010039265: tablet copy: Beginning tablet copy session from remote peer at address 127.15.116.193:35959
I20260608 10:02:16.903620 20333 tablet_copy_service.cc:140] P b6e9ebffe385446b93632c3c9d681c7a: Received BeginTabletCopySession request for tablet 3ce2f083a003437fb7872524e0672ad6 from peer 789359c4768049ccaa9c421010039265 ({username='slave'} at 127.0.0.1:33582)
I20260608 10:02:16.904203 20333 tablet_copy_service.cc:161] P b6e9ebffe385446b93632c3c9d681c7a: Beginning new tablet copy session on tablet 3ce2f083a003437fb7872524e0672ad6 from peer 789359c4768049ccaa9c421010039265 at {username='slave'} at 127.0.0.1:33582: session id = 789359c4768049ccaa9c421010039265-3ce2f083a003437fb7872524e0672ad6
I20260608 10:02:16.910009 20333 tablet_copy_source_session.cc:215] T 3ce2f083a003437fb7872524e0672ad6 P b6e9ebffe385446b93632c3c9d681c7a: Tablet Copy: opened 0 blocks and 1 log segments
I20260608 10:02:16.913048 20979 data_dirs.cc:400] Could only allocate 1 dirs of requested 3 for tablet 3ce2f083a003437fb7872524e0672ad6. 1 dirs total, 0 dirs full, 0 dirs failed
I20260608 10:02:16.925902 20979 tablet_copy_client.cc:806] T 3ce2f083a003437fb7872524e0672ad6 P 789359c4768049ccaa9c421010039265: tablet copy: Starting download of 0 data blocks...
I20260608 10:02:16.926637 20979 tablet_copy_client.cc:670] T 3ce2f083a003437fb7872524e0672ad6 P 789359c4768049ccaa9c421010039265: tablet copy: Starting download of 1 WAL segments...
I20260608 10:02:16.931275 20980 tablet_copy_client.cc:1025] T 3ce2f083a003437fb7872524e0672ad6 P 789359c4768049ccaa9c421010039265: tablet copy: Injecting latency into file download: 2000
I20260608 10:02:17.040545 20941 heartbeater.cc:499] Master 127.15.116.254:45713 was elected leader, sending a full tablet report...
I20260608 10:02:17.084146 20982 ts_tablet_manager.cc:933] T 28fe759df5af429cb35f2d3eb634d94c P 32941e83fe4e40779c06a015a9f6587d: Initiating tablet copy from peer b6e9ebffe385446b93632c3c9d681c7a (127.15.116.193:35959)
I20260608 10:02:17.086022 20982 tablet_copy_client.cc:323] T 28fe759df5af429cb35f2d3eb634d94c P 32941e83fe4e40779c06a015a9f6587d: tablet copy: Beginning tablet copy session from remote peer at address 127.15.116.193:35959
I20260608 10:02:17.097980 20333 tablet_copy_service.cc:140] P b6e9ebffe385446b93632c3c9d681c7a: Received BeginTabletCopySession request for tablet 28fe759df5af429cb35f2d3eb634d94c from peer 32941e83fe4e40779c06a015a9f6587d ({username='slave'} at 127.0.0.1:33596)
I20260608 10:02:17.098634 20333 tablet_copy_service.cc:161] P b6e9ebffe385446b93632c3c9d681c7a: Beginning new tablet copy session on tablet 28fe759df5af429cb35f2d3eb634d94c from peer 32941e83fe4e40779c06a015a9f6587d at {username='slave'} at 127.0.0.1:33596: session id = 32941e83fe4e40779c06a015a9f6587d-28fe759df5af429cb35f2d3eb634d94c
I20260608 10:02:17.106673 20333 tablet_copy_source_session.cc:215] T 28fe759df5af429cb35f2d3eb634d94c P b6e9ebffe385446b93632c3c9d681c7a: Tablet Copy: opened 0 blocks and 1 log segments
I20260608 10:02:17.110414 20982 data_dirs.cc:400] Could only allocate 1 dirs of requested 3 for tablet 28fe759df5af429cb35f2d3eb634d94c. 1 dirs total, 0 dirs full, 0 dirs failed
I20260608 10:02:17.126996 20982 tablet_copy_client.cc:806] T 28fe759df5af429cb35f2d3eb634d94c P 32941e83fe4e40779c06a015a9f6587d: tablet copy: Starting download of 0 data blocks...
I20260608 10:02:17.127694 20982 tablet_copy_client.cc:670] T 28fe759df5af429cb35f2d3eb634d94c P 32941e83fe4e40779c06a015a9f6587d: tablet copy: Starting download of 1 WAL segments...
I20260608 10:02:17.132352 20983 tablet_copy_client.cc:1025] T 28fe759df5af429cb35f2d3eb634d94c P 32941e83fe4e40779c06a015a9f6587d: tablet copy: Injecting latency into file download: 2000
I20260608 10:02:17.133908 20985 ts_tablet_manager.cc:933] T 6b609fb492ad43e7b5c69dac74112a57 P 789359c4768049ccaa9c421010039265: Initiating tablet copy from peer 1ce81883630348f48b610a232ea2ee7e (127.15.116.195:40937)
I20260608 10:02:17.136436 20985 tablet_copy_client.cc:323] T 6b609fb492ad43e7b5c69dac74112a57 P 789359c4768049ccaa9c421010039265: tablet copy: Beginning tablet copy session from remote peer at address 127.15.116.195:40937
I20260608 10:02:17.137745 20987 ts_tablet_manager.cc:933] T a19a5b0d122f4d0d85e9bbdbf2d2c865 P 6c811662e6bd4c84b4b8049683489fdb: Initiating tablet copy from peer 98ca89e401ef4da9b1996c3edd5afff9 (127.15.116.194:45175)
I20260608 10:02:17.140411 20987 tablet_copy_client.cc:323] T a19a5b0d122f4d0d85e9bbdbf2d2c865 P 6c811662e6bd4c84b4b8049683489fdb: tablet copy: Beginning tablet copy session from remote peer at address 127.15.116.194:45175
I20260608 10:02:17.149415 20482 tablet_copy_service.cc:140] P 1ce81883630348f48b610a232ea2ee7e: Received BeginTabletCopySession request for tablet 6b609fb492ad43e7b5c69dac74112a57 from peer 789359c4768049ccaa9c421010039265 ({username='slave'} at 127.0.0.1:50636)
I20260608 10:02:17.150081 20482 tablet_copy_service.cc:161] P 1ce81883630348f48b610a232ea2ee7e: Beginning new tablet copy session on tablet 6b609fb492ad43e7b5c69dac74112a57 from peer 789359c4768049ccaa9c421010039265 at {username='slave'} at 127.0.0.1:50636: session id = 789359c4768049ccaa9c421010039265-6b609fb492ad43e7b5c69dac74112a57
I20260608 10:02:17.157719 20408 tablet_copy_service.cc:140] P 98ca89e401ef4da9b1996c3edd5afff9: Received BeginTabletCopySession request for tablet a19a5b0d122f4d0d85e9bbdbf2d2c865 from peer 6c811662e6bd4c84b4b8049683489fdb ({username='slave'} at 127.0.0.1:41382)
I20260608 10:02:17.157884 20482 tablet_copy_source_session.cc:215] T 6b609fb492ad43e7b5c69dac74112a57 P 1ce81883630348f48b610a232ea2ee7e: Tablet Copy: opened 0 blocks and 1 log segments
I20260608 10:02:17.158387 20408 tablet_copy_service.cc:161] P 98ca89e401ef4da9b1996c3edd5afff9: Beginning new tablet copy session on tablet a19a5b0d122f4d0d85e9bbdbf2d2c865 from peer 6c811662e6bd4c84b4b8049683489fdb at {username='slave'} at 127.0.0.1:41382: session id = 6c811662e6bd4c84b4b8049683489fdb-a19a5b0d122f4d0d85e9bbdbf2d2c865
I20260608 10:02:17.161890 20985 data_dirs.cc:400] Could only allocate 1 dirs of requested 3 for tablet 6b609fb492ad43e7b5c69dac74112a57. 1 dirs total, 0 dirs full, 0 dirs failed
I20260608 10:02:17.166292 20408 tablet_copy_source_session.cc:215] T a19a5b0d122f4d0d85e9bbdbf2d2c865 P 98ca89e401ef4da9b1996c3edd5afff9: Tablet Copy: opened 0 blocks and 1 log segments
I20260608 10:02:17.170171 20987 data_dirs.cc:400] Could only allocate 1 dirs of requested 3 for tablet a19a5b0d122f4d0d85e9bbdbf2d2c865. 1 dirs total, 0 dirs full, 0 dirs failed
I20260608 10:02:17.177799 20985 tablet_copy_client.cc:806] T 6b609fb492ad43e7b5c69dac74112a57 P 789359c4768049ccaa9c421010039265: tablet copy: Starting download of 0 data blocks...
I20260608 10:02:17.178494 20985 tablet_copy_client.cc:670] T 6b609fb492ad43e7b5c69dac74112a57 P 789359c4768049ccaa9c421010039265: tablet copy: Starting download of 1 WAL segments...
I20260608 10:02:17.183856 20986 tablet_copy_client.cc:1025] T 6b609fb492ad43e7b5c69dac74112a57 P 789359c4768049ccaa9c421010039265: tablet copy: Injecting latency into file download: 2000
I20260608 10:02:17.186847 20987 tablet_copy_client.cc:806] T a19a5b0d122f4d0d85e9bbdbf2d2c865 P 6c811662e6bd4c84b4b8049683489fdb: tablet copy: Starting download of 0 data blocks...
I20260608 10:02:17.187795 20987 tablet_copy_client.cc:670] T a19a5b0d122f4d0d85e9bbdbf2d2c865 P 6c811662e6bd4c84b4b8049683489fdb: tablet copy: Starting download of 1 WAL segments...
I20260608 10:02:17.194346 20991 ts_tablet_manager.cc:933] T 1acdd78a12c540e6883913a3f2d2e080 P 32941e83fe4e40779c06a015a9f6587d: Initiating tablet copy from peer b6e9ebffe385446b93632c3c9d681c7a (127.15.116.193:35959)
I20260608 10:02:17.196391 20991 tablet_copy_client.cc:323] T 1acdd78a12c540e6883913a3f2d2e080 P 32941e83fe4e40779c06a015a9f6587d: tablet copy: Beginning tablet copy session from remote peer at address 127.15.116.193:35959
I20260608 10:02:17.196403 20988 tablet_copy_client.cc:1025] T a19a5b0d122f4d0d85e9bbdbf2d2c865 P 6c811662e6bd4c84b4b8049683489fdb: tablet copy: Injecting latency into file download: 2000
I20260608 10:02:17.198424 20333 tablet_copy_service.cc:140] P b6e9ebffe385446b93632c3c9d681c7a: Received BeginTabletCopySession request for tablet 1acdd78a12c540e6883913a3f2d2e080 from peer 32941e83fe4e40779c06a015a9f6587d ({username='slave'} at 127.0.0.1:33596)
I20260608 10:02:17.199044 20333 tablet_copy_service.cc:161] P b6e9ebffe385446b93632c3c9d681c7a: Beginning new tablet copy session on tablet 1acdd78a12c540e6883913a3f2d2e080 from peer 32941e83fe4e40779c06a015a9f6587d at {username='slave'} at 127.0.0.1:33596: session id = 32941e83fe4e40779c06a015a9f6587d-1acdd78a12c540e6883913a3f2d2e080
I20260608 10:02:17.204533 20333 tablet_copy_source_session.cc:215] T 1acdd78a12c540e6883913a3f2d2e080 P b6e9ebffe385446b93632c3c9d681c7a: Tablet Copy: opened 0 blocks and 1 log segments
I20260608 10:02:17.207748 20991 data_dirs.cc:400] Could only allocate 1 dirs of requested 3 for tablet 1acdd78a12c540e6883913a3f2d2e080. 1 dirs total, 0 dirs full, 0 dirs failed
I20260608 10:02:17.224256 20991 tablet_copy_client.cc:806] T 1acdd78a12c540e6883913a3f2d2e080 P 32941e83fe4e40779c06a015a9f6587d: tablet copy: Starting download of 0 data blocks...
I20260608 10:02:17.224929 20993 ts_tablet_manager.cc:933] T 6ee2ec483b664c51b8a79fea3452f3aa P 6c811662e6bd4c84b4b8049683489fdb: Initiating tablet copy from peer 98ca89e401ef4da9b1996c3edd5afff9 (127.15.116.194:45175)
I20260608 10:02:17.224990 20991 tablet_copy_client.cc:670] T 1acdd78a12c540e6883913a3f2d2e080 P 32941e83fe4e40779c06a015a9f6587d: tablet copy: Starting download of 1 WAL segments...
I20260608 10:02:17.227183 20993 tablet_copy_client.cc:323] T 6ee2ec483b664c51b8a79fea3452f3aa P 6c811662e6bd4c84b4b8049683489fdb: tablet copy: Beginning tablet copy session from remote peer at address 127.15.116.194:45175
I20260608 10:02:17.228981 20408 tablet_copy_service.cc:140] P 98ca89e401ef4da9b1996c3edd5afff9: Received BeginTabletCopySession request for tablet 6ee2ec483b664c51b8a79fea3452f3aa from peer 6c811662e6bd4c84b4b8049683489fdb ({username='slave'} at 127.0.0.1:41382)
I20260608 10:02:17.229588 20408 tablet_copy_service.cc:161] P 98ca89e401ef4da9b1996c3edd5afff9: Beginning new tablet copy session on tablet 6ee2ec483b664c51b8a79fea3452f3aa from peer 6c811662e6bd4c84b4b8049683489fdb at {username='slave'} at 127.0.0.1:41382: session id = 6c811662e6bd4c84b4b8049683489fdb-6ee2ec483b664c51b8a79fea3452f3aa
I20260608 10:02:17.229902 20992 tablet_copy_client.cc:1025] T 1acdd78a12c540e6883913a3f2d2e080 P 32941e83fe4e40779c06a015a9f6587d: tablet copy: Injecting latency into file download: 2000
I20260608 10:02:17.234867 20408 tablet_copy_source_session.cc:215] T 6ee2ec483b664c51b8a79fea3452f3aa P 98ca89e401ef4da9b1996c3edd5afff9: Tablet Copy: opened 0 blocks and 1 log segments
I20260608 10:02:17.237746 20993 data_dirs.cc:400] Could only allocate 1 dirs of requested 3 for tablet 6ee2ec483b664c51b8a79fea3452f3aa. 1 dirs total, 0 dirs full, 0 dirs failed
I20260608 10:02:17.248761 20993 tablet_copy_client.cc:806] T 6ee2ec483b664c51b8a79fea3452f3aa P 6c811662e6bd4c84b4b8049683489fdb: tablet copy: Starting download of 0 data blocks...
I20260608 10:02:17.249368 20993 tablet_copy_client.cc:670] T 6ee2ec483b664c51b8a79fea3452f3aa P 6c811662e6bd4c84b4b8049683489fdb: tablet copy: Starting download of 1 WAL segments...
I20260608 10:02:17.253599 20994 tablet_copy_client.cc:1025] T 6ee2ec483b664c51b8a79fea3452f3aa P 6c811662e6bd4c84b4b8049683489fdb: tablet copy: Injecting latency into file download: 2000
I20260608 10:02:18.932364 20979 tablet_copy_client.cc:538] T 3ce2f083a003437fb7872524e0672ad6 P 789359c4768049ccaa9c421010039265: tablet copy: Tablet Copy complete. Replacing tablet superblock.
I20260608 10:02:18.940717 20979 tablet_bootstrap.cc:492] T 3ce2f083a003437fb7872524e0672ad6 P 789359c4768049ccaa9c421010039265: Bootstrap starting.
I20260608 10:02:19.063902 20979 tablet_bootstrap.cc:492] T 3ce2f083a003437fb7872524e0672ad6 P 789359c4768049ccaa9c421010039265: Bootstrap replayed 1/1 log segments. Stats: ops{read=26 overwritten=0 applied=26 ignored=0} inserts{seen=93 ignored=0} mutations{seen=0 ignored=0} orphaned_commits=0. Pending: 0 replicates
I20260608 10:02:19.064883 20979 tablet_bootstrap.cc:492] T 3ce2f083a003437fb7872524e0672ad6 P 789359c4768049ccaa9c421010039265: Bootstrap complete.
I20260608 10:02:19.065549 20979 ts_tablet_manager.cc:1403] T 3ce2f083a003437fb7872524e0672ad6 P 789359c4768049ccaa9c421010039265: Time spent bootstrapping tablet: real 0.125s	user 0.102s	sys 0.021s
I20260608 10:02:19.068346 20979 raft_consensus.cc:359] T 3ce2f083a003437fb7872524e0672ad6 P 789359c4768049ccaa9c421010039265 [term 1 LEARNER]: Replica starting. Triggering 0 pending ops. Active config: opid_index: 26 OBSOLETE_local: false peers { permanent_uuid: "98ca89e401ef4da9b1996c3edd5afff9" member_type: VOTER last_known_addr { host: "127.15.116.194" port: 45175 } attrs { replace: true } } peers { permanent_uuid: "1ce81883630348f48b610a232ea2ee7e" member_type: VOTER last_known_addr { host: "127.15.116.195" port: 40937 } } peers { permanent_uuid: "b6e9ebffe385446b93632c3c9d681c7a" member_type: VOTER last_known_addr { host: "127.15.116.193" port: 35959 } } peers { permanent_uuid: "789359c4768049ccaa9c421010039265" member_type: NON_VOTER last_known_addr { host: "127.15.116.197" port: 40297 } attrs { promote: true } }
I20260608 10:02:19.069123 20979 raft_consensus.cc:740] T 3ce2f083a003437fb7872524e0672ad6 P 789359c4768049ccaa9c421010039265 [term 1 LEARNER]: Becoming Follower/Learner. State: Replica: 789359c4768049ccaa9c421010039265, State: Initialized, Role: LEARNER
I20260608 10:02:19.069730 20979 consensus_queue.cc:260] T 3ce2f083a003437fb7872524e0672ad6 P 789359c4768049ccaa9c421010039265 [NON_LEADER]: Queue going to NON_LEADER mode. State: All replicated index: 0, Majority replicated index: 0, Committed index: 26, Last appended: 1.26, Last appended by leader: 26, Current term: 0, Majority size: -1, State: 0, Mode: NON_LEADER, active raft config: opid_index: 26 OBSOLETE_local: false peers { permanent_uuid: "98ca89e401ef4da9b1996c3edd5afff9" member_type: VOTER last_known_addr { host: "127.15.116.194" port: 45175 } attrs { replace: true } } peers { permanent_uuid: "1ce81883630348f48b610a232ea2ee7e" member_type: VOTER last_known_addr { host: "127.15.116.195" port: 40937 } } peers { permanent_uuid: "b6e9ebffe385446b93632c3c9d681c7a" member_type: VOTER last_known_addr { host: "127.15.116.193" port: 35959 } } peers { permanent_uuid: "789359c4768049ccaa9c421010039265" member_type: NON_VOTER last_known_addr { host: "127.15.116.197" port: 40297 } attrs { promote: true } }
I20260608 10:02:19.072213 20979 ts_tablet_manager.cc:1434] T 3ce2f083a003437fb7872524e0672ad6 P 789359c4768049ccaa9c421010039265: Time spent starting tablet: real 0.006s	user 0.004s	sys 0.004s
I20260608 10:02:19.074014 20333 tablet_copy_service.cc:342] P b6e9ebffe385446b93632c3c9d681c7a: Request end of tablet copy session 789359c4768049ccaa9c421010039265-3ce2f083a003437fb7872524e0672ad6 received from {username='slave'} at 127.0.0.1:33582
I20260608 10:02:19.074429 20333 tablet_copy_service.cc:434] P b6e9ebffe385446b93632c3c9d681c7a: ending tablet copy session 789359c4768049ccaa9c421010039265-3ce2f083a003437fb7872524e0672ad6 on tablet 3ce2f083a003437fb7872524e0672ad6 with peer 789359c4768049ccaa9c421010039265
I20260608 10:02:19.110682 20842 raft_consensus.cc:1217] T 3ce2f083a003437fb7872524e0672ad6 P 789359c4768049ccaa9c421010039265 [term 1 LEARNER]: Deduplicated request from leader. Original: 1.25->[1.26-1.26]   Dedup: 1.26->[]
I20260608 10:02:19.133453 20982 tablet_copy_client.cc:538] T 28fe759df5af429cb35f2d3eb634d94c P 32941e83fe4e40779c06a015a9f6587d: tablet copy: Tablet Copy complete. Replacing tablet superblock.
I20260608 10:02:19.140311 20982 tablet_bootstrap.cc:492] T 28fe759df5af429cb35f2d3eb634d94c P 32941e83fe4e40779c06a015a9f6587d: Bootstrap starting.
I20260608 10:02:19.184837 20985 tablet_copy_client.cc:538] T 6b609fb492ad43e7b5c69dac74112a57 P 789359c4768049ccaa9c421010039265: tablet copy: Tablet Copy complete. Replacing tablet superblock.
I20260608 10:02:19.200009 20987 tablet_copy_client.cc:538] T a19a5b0d122f4d0d85e9bbdbf2d2c865 P 6c811662e6bd4c84b4b8049683489fdb: tablet copy: Tablet Copy complete. Replacing tablet superblock.
I20260608 10:02:19.211655 20985 tablet_bootstrap.cc:492] T 6b609fb492ad43e7b5c69dac74112a57 P 789359c4768049ccaa9c421010039265: Bootstrap starting.
I20260608 10:02:19.229657 20987 tablet_bootstrap.cc:492] T a19a5b0d122f4d0d85e9bbdbf2d2c865 P 6c811662e6bd4c84b4b8049683489fdb: Bootstrap starting.
I20260608 10:02:19.230780 20991 tablet_copy_client.cc:538] T 1acdd78a12c540e6883913a3f2d2e080 P 32941e83fe4e40779c06a015a9f6587d: tablet copy: Tablet Copy complete. Replacing tablet superblock.
I20260608 10:02:19.241299 20991 tablet_bootstrap.cc:492] T 1acdd78a12c540e6883913a3f2d2e080 P 32941e83fe4e40779c06a015a9f6587d: Bootstrap starting.
I20260608 10:02:19.254541 20993 tablet_copy_client.cc:538] T 6ee2ec483b664c51b8a79fea3452f3aa P 6c811662e6bd4c84b4b8049683489fdb: tablet copy: Tablet Copy complete. Replacing tablet superblock.
I20260608 10:02:19.264557 20993 tablet_bootstrap.cc:492] T 6ee2ec483b664c51b8a79fea3452f3aa P 6c811662e6bd4c84b4b8049683489fdb: Bootstrap starting.
I20260608 10:02:19.295321 20982 tablet_bootstrap.cc:492] T 28fe759df5af429cb35f2d3eb634d94c P 32941e83fe4e40779c06a015a9f6587d: Bootstrap replayed 1/1 log segments. Stats: ops{read=25 overwritten=0 applied=25 ignored=0} inserts{seen=99 ignored=0} mutations{seen=0 ignored=0} orphaned_commits=0. Pending: 0 replicates
I20260608 10:02:19.296734 20982 tablet_bootstrap.cc:492] T 28fe759df5af429cb35f2d3eb634d94c P 32941e83fe4e40779c06a015a9f6587d: Bootstrap complete.
I20260608 10:02:19.297711 20982 ts_tablet_manager.cc:1403] T 28fe759df5af429cb35f2d3eb634d94c P 32941e83fe4e40779c06a015a9f6587d: Time spent bootstrapping tablet: real 0.158s	user 0.141s	sys 0.009s
I20260608 10:02:19.301919 20982 raft_consensus.cc:359] T 28fe759df5af429cb35f2d3eb634d94c P 32941e83fe4e40779c06a015a9f6587d [term 1 LEARNER]: Replica starting. Triggering 0 pending ops. Active config: opid_index: 25 OBSOLETE_local: false peers { permanent_uuid: "b6e9ebffe385446b93632c3c9d681c7a" member_type: VOTER last_known_addr { host: "127.15.116.193" port: 35959 } } peers { permanent_uuid: "98ca89e401ef4da9b1996c3edd5afff9" member_type: VOTER last_known_addr { host: "127.15.116.194" port: 45175 } } peers { permanent_uuid: "1ce81883630348f48b610a232ea2ee7e" member_type: VOTER last_known_addr { host: "127.15.116.195" port: 40937 } attrs { replace: true } } peers { permanent_uuid: "32941e83fe4e40779c06a015a9f6587d" member_type: NON_VOTER last_known_addr { host: "127.15.116.198" port: 42931 } attrs { promote: true } }
I20260608 10:02:19.302794 20982 raft_consensus.cc:740] T 28fe759df5af429cb35f2d3eb634d94c P 32941e83fe4e40779c06a015a9f6587d [term 1 LEARNER]: Becoming Follower/Learner. State: Replica: 32941e83fe4e40779c06a015a9f6587d, State: Initialized, Role: LEARNER
I20260608 10:02:19.303498 20982 consensus_queue.cc:260] T 28fe759df5af429cb35f2d3eb634d94c P 32941e83fe4e40779c06a015a9f6587d [NON_LEADER]: Queue going to NON_LEADER mode. State: All replicated index: 0, Majority replicated index: 0, Committed index: 25, Last appended: 1.25, Last appended by leader: 25, Current term: 0, Majority size: -1, State: 0, Mode: NON_LEADER, active raft config: opid_index: 25 OBSOLETE_local: false peers { permanent_uuid: "b6e9ebffe385446b93632c3c9d681c7a" member_type: VOTER last_known_addr { host: "127.15.116.193" port: 35959 } } peers { permanent_uuid: "98ca89e401ef4da9b1996c3edd5afff9" member_type: VOTER last_known_addr { host: "127.15.116.194" port: 45175 } } peers { permanent_uuid: "1ce81883630348f48b610a232ea2ee7e" member_type: VOTER last_known_addr { host: "127.15.116.195" port: 40937 } attrs { replace: true } } peers { permanent_uuid: "32941e83fe4e40779c06a015a9f6587d" member_type: NON_VOTER last_known_addr { host: "127.15.116.198" port: 42931 } attrs { promote: true } }
I20260608 10:02:19.319080 20982 ts_tablet_manager.cc:1434] T 28fe759df5af429cb35f2d3eb634d94c P 32941e83fe4e40779c06a015a9f6587d: Time spent starting tablet: real 0.021s	user 0.006s	sys 0.007s
I20260608 10:02:19.324230 20333 tablet_copy_service.cc:342] P b6e9ebffe385446b93632c3c9d681c7a: Request end of tablet copy session 32941e83fe4e40779c06a015a9f6587d-28fe759df5af429cb35f2d3eb634d94c received from {username='slave'} at 127.0.0.1:33596
I20260608 10:02:19.324716 20333 tablet_copy_service.cc:434] P b6e9ebffe385446b93632c3c9d681c7a: ending tablet copy session 32941e83fe4e40779c06a015a9f6587d-28fe759df5af429cb35f2d3eb634d94c on tablet 28fe759df5af429cb35f2d3eb634d94c with peer 32941e83fe4e40779c06a015a9f6587d
W20260608 10:02:19.462529 20361 consensus_peers.cc:597] T 6ee2ec483b664c51b8a79fea3452f3aa P 98ca89e401ef4da9b1996c3edd5afff9 -> Peer 6c811662e6bd4c84b4b8049683489fdb (127.15.116.196:41537): Couldn't send request to peer 6c811662e6bd4c84b4b8049683489fdb. Error code: TABLET_NOT_RUNNING (12). Status: Illegal state: Tablet not RUNNING: BOOTSTRAPPING. This is attempt 6: this message will repeat every 5th retry.
I20260608 10:02:19.471871 20985 tablet_bootstrap.cc:492] T 6b609fb492ad43e7b5c69dac74112a57 P 789359c4768049ccaa9c421010039265: Bootstrap replayed 1/1 log segments. Stats: ops{read=27 overwritten=0 applied=27 ignored=0} inserts{seen=117 ignored=0} mutations{seen=0 ignored=0} orphaned_commits=0. Pending: 0 replicates
I20260608 10:02:19.472918 20985 tablet_bootstrap.cc:492] T 6b609fb492ad43e7b5c69dac74112a57 P 789359c4768049ccaa9c421010039265: Bootstrap complete.
I20260608 10:02:19.473654 20985 ts_tablet_manager.cc:1403] T 6b609fb492ad43e7b5c69dac74112a57 P 789359c4768049ccaa9c421010039265: Time spent bootstrapping tablet: real 0.262s	user 0.152s	sys 0.023s
I20260608 10:02:19.478081 20985 raft_consensus.cc:359] T 6b609fb492ad43e7b5c69dac74112a57 P 789359c4768049ccaa9c421010039265 [term 1 LEARNER]: Replica starting. Triggering 0 pending ops. Active config: opid_index: 27 OBSOLETE_local: false peers { permanent_uuid: "b6e9ebffe385446b93632c3c9d681c7a" member_type: VOTER last_known_addr { host: "127.15.116.193" port: 35959 } } peers { permanent_uuid: "98ca89e401ef4da9b1996c3edd5afff9" member_type: VOTER last_known_addr { host: "127.15.116.194" port: 45175 } attrs { replace: true } } peers { permanent_uuid: "1ce81883630348f48b610a232ea2ee7e" member_type: VOTER last_known_addr { host: "127.15.116.195" port: 40937 } } peers { permanent_uuid: "789359c4768049ccaa9c421010039265" member_type: NON_VOTER last_known_addr { host: "127.15.116.197" port: 40297 } attrs { promote: true } }
I20260608 10:02:19.478976 20985 raft_consensus.cc:740] T 6b609fb492ad43e7b5c69dac74112a57 P 789359c4768049ccaa9c421010039265 [term 1 LEARNER]: Becoming Follower/Learner. State: Replica: 789359c4768049ccaa9c421010039265, State: Initialized, Role: LEARNER
I20260608 10:02:19.479657 20985 consensus_queue.cc:260] T 6b609fb492ad43e7b5c69dac74112a57 P 789359c4768049ccaa9c421010039265 [NON_LEADER]: Queue going to NON_LEADER mode. State: All replicated index: 0, Majority replicated index: 0, Committed index: 27, Last appended: 1.27, Last appended by leader: 27, Current term: 0, Majority size: -1, State: 0, Mode: NON_LEADER, active raft config: opid_index: 27 OBSOLETE_local: false peers { permanent_uuid: "b6e9ebffe385446b93632c3c9d681c7a" member_type: VOTER last_known_addr { host: "127.15.116.193" port: 35959 } } peers { permanent_uuid: "98ca89e401ef4da9b1996c3edd5afff9" member_type: VOTER last_known_addr { host: "127.15.116.194" port: 45175 } attrs { replace: true } } peers { permanent_uuid: "1ce81883630348f48b610a232ea2ee7e" member_type: VOTER last_known_addr { host: "127.15.116.195" port: 40937 } } peers { permanent_uuid: "789359c4768049ccaa9c421010039265" member_type: NON_VOTER last_known_addr { host: "127.15.116.197" port: 40297 } attrs { promote: true } }
I20260608 10:02:19.482106 20985 ts_tablet_manager.cc:1434] T 6b609fb492ad43e7b5c69dac74112a57 P 789359c4768049ccaa9c421010039265: Time spent starting tablet: real 0.008s	user 0.005s	sys 0.000s
I20260608 10:02:19.485421 20991 tablet_bootstrap.cc:492] T 1acdd78a12c540e6883913a3f2d2e080 P 32941e83fe4e40779c06a015a9f6587d: Bootstrap replayed 1/1 log segments. Stats: ops{read=26 overwritten=0 applied=26 ignored=0} inserts{seen=102 ignored=0} mutations{seen=0 ignored=0} orphaned_commits=0. Pending: 0 replicates
I20260608 10:02:19.485950 20482 tablet_copy_service.cc:342] P 1ce81883630348f48b610a232ea2ee7e: Request end of tablet copy session 789359c4768049ccaa9c421010039265-6b609fb492ad43e7b5c69dac74112a57 received from {username='slave'} at 127.0.0.1:50636
I20260608 10:02:19.486479 20482 tablet_copy_service.cc:434] P 1ce81883630348f48b610a232ea2ee7e: ending tablet copy session 789359c4768049ccaa9c421010039265-6b609fb492ad43e7b5c69dac74112a57 on tablet 6b609fb492ad43e7b5c69dac74112a57 with peer 789359c4768049ccaa9c421010039265
I20260608 10:02:19.486536 20991 tablet_bootstrap.cc:492] T 1acdd78a12c540e6883913a3f2d2e080 P 32941e83fe4e40779c06a015a9f6587d: Bootstrap complete.
I20260608 10:02:19.487565 20991 ts_tablet_manager.cc:1403] T 1acdd78a12c540e6883913a3f2d2e080 P 32941e83fe4e40779c06a015a9f6587d: Time spent bootstrapping tablet: real 0.246s	user 0.143s	sys 0.023s
I20260608 10:02:19.490525 20991 raft_consensus.cc:359] T 1acdd78a12c540e6883913a3f2d2e080 P 32941e83fe4e40779c06a015a9f6587d [term 1 LEARNER]: Replica starting. Triggering 0 pending ops. Active config: opid_index: 26 OBSOLETE_local: false peers { permanent_uuid: "b6e9ebffe385446b93632c3c9d681c7a" member_type: VOTER last_known_addr { host: "127.15.116.193" port: 35959 } } peers { permanent_uuid: "98ca89e401ef4da9b1996c3edd5afff9" member_type: VOTER last_known_addr { host: "127.15.116.194" port: 45175 } } peers { permanent_uuid: "1ce81883630348f48b610a232ea2ee7e" member_type: VOTER last_known_addr { host: "127.15.116.195" port: 40937 } attrs { replace: true } } peers { permanent_uuid: "32941e83fe4e40779c06a015a9f6587d" member_type: NON_VOTER last_known_addr { host: "127.15.116.198" port: 42931 } attrs { promote: true } }
I20260608 10:02:19.491370 20991 raft_consensus.cc:740] T 1acdd78a12c540e6883913a3f2d2e080 P 32941e83fe4e40779c06a015a9f6587d [term 1 LEARNER]: Becoming Follower/Learner. State: Replica: 32941e83fe4e40779c06a015a9f6587d, State: Initialized, Role: LEARNER
I20260608 10:02:19.492120 20991 consensus_queue.cc:260] T 1acdd78a12c540e6883913a3f2d2e080 P 32941e83fe4e40779c06a015a9f6587d [NON_LEADER]: Queue going to NON_LEADER mode. State: All replicated index: 0, Majority replicated index: 0, Committed index: 26, Last appended: 1.26, Last appended by leader: 26, Current term: 0, Majority size: -1, State: 0, Mode: NON_LEADER, active raft config: opid_index: 26 OBSOLETE_local: false peers { permanent_uuid: "b6e9ebffe385446b93632c3c9d681c7a" member_type: VOTER last_known_addr { host: "127.15.116.193" port: 35959 } } peers { permanent_uuid: "98ca89e401ef4da9b1996c3edd5afff9" member_type: VOTER last_known_addr { host: "127.15.116.194" port: 45175 } } peers { permanent_uuid: "1ce81883630348f48b610a232ea2ee7e" member_type: VOTER last_known_addr { host: "127.15.116.195" port: 40937 } attrs { replace: true } } peers { permanent_uuid: "32941e83fe4e40779c06a015a9f6587d" member_type: NON_VOTER last_known_addr { host: "127.15.116.198" port: 42931 } attrs { promote: true } }
I20260608 10:02:19.496495 20991 ts_tablet_manager.cc:1434] T 1acdd78a12c540e6883913a3f2d2e080 P 32941e83fe4e40779c06a015a9f6587d: Time spent starting tablet: real 0.009s	user 0.006s	sys 0.000s
I20260608 10:02:19.498826 20916 raft_consensus.cc:1217] T 28fe759df5af429cb35f2d3eb634d94c P 32941e83fe4e40779c06a015a9f6587d [term 1 LEARNER]: Deduplicated request from leader. Original: 1.24->[1.25-1.25]   Dedup: 1.25->[]
I20260608 10:02:19.500636 20333 tablet_copy_service.cc:342] P b6e9ebffe385446b93632c3c9d681c7a: Request end of tablet copy session 32941e83fe4e40779c06a015a9f6587d-1acdd78a12c540e6883913a3f2d2e080 received from {username='slave'} at 127.0.0.1:33596
I20260608 10:02:19.501099 20333 tablet_copy_service.cc:434] P b6e9ebffe385446b93632c3c9d681c7a: ending tablet copy session 32941e83fe4e40779c06a015a9f6587d-1acdd78a12c540e6883913a3f2d2e080 on tablet 1acdd78a12c540e6883913a3f2d2e080 with peer 32941e83fe4e40779c06a015a9f6587d
I20260608 10:02:19.555788 21013 raft_consensus.cc:1064] T 3ce2f083a003437fb7872524e0672ad6 P b6e9ebffe385446b93632c3c9d681c7a: attempting to promote NON_VOTER 789359c4768049ccaa9c421010039265 to VOTER
