1 data directories: /tmp/dist-test-taskRbnhnb/test-tmp/auto_rebalancer-test.0.AutoRebalancerTest.OnlyLeaderDoesAutoRebalancing.1780912808837409-12848-0/minicluster-data/ts-1-root/data
Total live blocks: 0
Total live bytes: 0
Total live bytes (after alignment): 0
Total number of LBM containers: 0 (0 full)
Did not check for missing blocks
Did not check for orphaned blocks
Total full LBM containers with extra space: 0 (0 repaired)
Total full LBM container extra space in bytes: 0 (0 repaired)
Total incomplete LBM containers: 0 (0 repaired)
Total LBM partial records: 0 (0 repaired)
Total corrupted LBM metadata records in RocksDB: 0 (0 repaired)
I20260608 10:00:11.241837 13178 sys_catalog.cc:455] T 00000000000000000000000000000000 P e978d4aecc51473aa7d497d0644a6129 [sys.catalog]: SysCatalogTable state changed. Reason: New leader e978d4aecc51473aa7d497d0644a6129. Latest consensus state: current_term: 1 leader_uuid: "e978d4aecc51473aa7d497d0644a6129" committed_config { opid_index: -1 OBSOLETE_local: false peers { permanent_uuid: "d8136beae46a4f01897b3d1e5a57d37b" member_type: VOTER last_known_addr { host: "127.12.140.62" port: 34199 } } peers { permanent_uuid: "aaab07bad17849809ec41e6c8f01f40e" member_type: VOTER last_known_addr { host: "127.12.140.61" port: 41683 } } peers { permanent_uuid: "e978d4aecc51473aa7d497d0644a6129" member_type: VOTER last_known_addr { host: "127.12.140.60" port: 45135 } } }
I20260608 10:00:11.243016 13178 sys_catalog.cc:458] T 00000000000000000000000000000000 P e978d4aecc51473aa7d497d0644a6129 [sys.catalog]: This master's current role is: LEADER
I20260608 10:00:11.249589 13183 catalog_manager.cc:1510] Loading table and tablet metadata into memory...
I20260608 10:00:11.256417 13183 catalog_manager.cc:1519] Initializing Kudu cluster ID...
I20260608 10:00:11.272284 12956 raft_consensus.cc:1275] T 00000000000000000000000000000000 P aaab07bad17849809ec41e6c8f01f40e [term 1 FOLLOWER]: Refusing update from remote peer e978d4aecc51473aa7d497d0644a6129: Log matching property violated. Preceding OpId in replica: term: 0 index: 0. Preceding OpId from leader: term: 1 index: 2. (index mismatch)
I20260608 10:00:11.272866 12891 raft_consensus.cc:1275] T 00000000000000000000000000000000 P d8136beae46a4f01897b3d1e5a57d37b [term 1 FOLLOWER]: Refusing update from remote peer e978d4aecc51473aa7d497d0644a6129: Log matching property violated. Preceding OpId in replica: term: 0 index: 0. Preceding OpId from leader: term: 1 index: 2. (index mismatch)
I20260608 10:00:11.274489 13178 consensus_queue.cc:1048] T 00000000000000000000000000000000 P e978d4aecc51473aa7d497d0644a6129 [LEADER]: Connected to new peer: Peer: permanent_uuid: "aaab07bad17849809ec41e6c8f01f40e" member_type: VOTER last_known_addr { host: "127.12.140.61" port: 41683 }, Status: LMP_MISMATCH, Last received: 0.0, Next index: 1, Last known committed idx: 0, Time since last communication: 0.000s
I20260608 10:00:11.275435 13052 consensus_queue.cc:1048] T 00000000000000000000000000000000 P e978d4aecc51473aa7d497d0644a6129 [LEADER]: Connected to new peer: Peer: permanent_uuid: "d8136beae46a4f01897b3d1e5a57d37b" member_type: VOTER last_known_addr { host: "127.12.140.62" port: 34199 }, Status: LMP_MISMATCH, Last received: 0.0, Next index: 1, Last known committed idx: 0, Time since last communication: 0.000s
I20260608 10:00:11.280615 12848 rpc_server.cc:225] running with OpenSSL 1.1.1  11 Sep 2018
I20260608 10:00:11.282951 12848 kserver.cc:163] Server-wide thread pool size limit: 3276
I20260608 10:00:11.296577 12848 txn_system_client.cc:432] TxnSystemClient initialization is disabled...
I20260608 10:00:11.299316 13069 sys_catalog.cc:455] T 00000000000000000000000000000000 P aaab07bad17849809ec41e6c8f01f40e [sys.catalog]: SysCatalogTable state changed. Reason: New leader e978d4aecc51473aa7d497d0644a6129. Latest consensus state: current_term: 1 leader_uuid: "e978d4aecc51473aa7d497d0644a6129" committed_config { opid_index: -1 OBSOLETE_local: false peers { permanent_uuid: "d8136beae46a4f01897b3d1e5a57d37b" member_type: VOTER last_known_addr { host: "127.12.140.62" port: 34199 } } peers { permanent_uuid: "aaab07bad17849809ec41e6c8f01f40e" member_type: VOTER last_known_addr { host: "127.12.140.61" port: 41683 } } peers { permanent_uuid: "e978d4aecc51473aa7d497d0644a6129" member_type: VOTER last_known_addr { host: "127.12.140.60" port: 45135 } } }
I20260608 10:00:11.300495 13069 sys_catalog.cc:458] T 00000000000000000000000000000000 P aaab07bad17849809ec41e6c8f01f40e [sys.catalog]: This master's current role is: FOLLOWER
I20260608 10:00:11.303490 13067 sys_catalog.cc:455] T 00000000000000000000000000000000 P d8136beae46a4f01897b3d1e5a57d37b [sys.catalog]: SysCatalogTable state changed. Reason: New leader e978d4aecc51473aa7d497d0644a6129. Latest consensus state: current_term: 1 leader_uuid: "e978d4aecc51473aa7d497d0644a6129" committed_config { opid_index: -1 OBSOLETE_local: false peers { permanent_uuid: "d8136beae46a4f01897b3d1e5a57d37b" member_type: VOTER last_known_addr { host: "127.12.140.62" port: 34199 } } peers { permanent_uuid: "aaab07bad17849809ec41e6c8f01f40e" member_type: VOTER last_known_addr { host: "127.12.140.61" port: 41683 } } peers { permanent_uuid: "e978d4aecc51473aa7d497d0644a6129" member_type: VOTER last_known_addr { host: "127.12.140.60" port: 45135 } } }
I20260608 10:00:11.304328 13067 sys_catalog.cc:458] T 00000000000000000000000000000000 P d8136beae46a4f01897b3d1e5a57d37b [sys.catalog]: This master's current role is: FOLLOWER
I20260608 10:00:11.318161 12848 ts_tablet_manager.cc:585] Loaded tablet metadata (0 total tablets, 0 live tablets)
I20260608 10:00:11.318562 12848 ts_tablet_manager.cc:531] Time spent load tablet metadata: real 0.000s	user 0.000s	sys 0.000s
I20260608 10:00:11.318948 12848 ts_tablet_manager.cc:616] Registered 0 tablets
I20260608 10:00:11.319192 12848 ts_tablet_manager.cc:595] Time spent register tablets: real 0.000s	user 0.000s	sys 0.000s
I20260608 10:00:11.319489 13052 sys_catalog.cc:455] T 00000000000000000000000000000000 P e978d4aecc51473aa7d497d0644a6129 [sys.catalog]: SysCatalogTable state changed. Reason: Peer health change. Latest consensus state: current_term: 1 leader_uuid: "e978d4aecc51473aa7d497d0644a6129" committed_config { opid_index: -1 OBSOLETE_local: false peers { permanent_uuid: "d8136beae46a4f01897b3d1e5a57d37b" member_type: VOTER last_known_addr { host: "127.12.140.62" port: 34199 } } peers { permanent_uuid: "aaab07bad17849809ec41e6c8f01f40e" member_type: VOTER last_known_addr { host: "127.12.140.61" port: 41683 } } peers { permanent_uuid: "e978d4aecc51473aa7d497d0644a6129" member_type: VOTER last_known_addr { host: "127.12.140.60" port: 45135 } } }
I20260608 10:00:11.320668 13052 sys_catalog.cc:458] T 00000000000000000000000000000000 P e978d4aecc51473aa7d497d0644a6129 [sys.catalog]: This master's current role is: LEADER
I20260608 10:00:11.323253 13183 catalog_manager.cc:1382] Generated new cluster ID: a159af87bfc84877be2526777984e86c
I20260608 10:00:11.323658 13183 catalog_manager.cc:1530] Initializing Kudu internal certificate authority...
I20260608 10:00:11.321772 13052 sys_catalog.cc:455] T 00000000000000000000000000000000 P e978d4aecc51473aa7d497d0644a6129 [sys.catalog]: SysCatalogTable state changed. Reason: Peer health change. Latest consensus state: current_term: 1 leader_uuid: "e978d4aecc51473aa7d497d0644a6129" committed_config { opid_index: -1 OBSOLETE_local: false peers { permanent_uuid: "d8136beae46a4f01897b3d1e5a57d37b" member_type: VOTER last_known_addr { host: "127.12.140.62" port: 34199 } } peers { permanent_uuid: "aaab07bad17849809ec41e6c8f01f40e" member_type: VOTER last_known_addr { host: "127.12.140.61" port: 41683 } } peers { permanent_uuid: "e978d4aecc51473aa7d497d0644a6129" member_type: VOTER last_known_addr { host: "127.12.140.60" port: 45135 } } }
I20260608 10:00:11.328363 13052 sys_catalog.cc:458] T 00000000000000000000000000000000 P e978d4aecc51473aa7d497d0644a6129 [sys.catalog]: This master's current role is: LEADER
I20260608 10:00:11.328452 13069 sys_catalog.cc:455] T 00000000000000000000000000000000 P aaab07bad17849809ec41e6c8f01f40e [sys.catalog]: SysCatalogTable state changed. Reason: Replicated consensus-only round. Latest consensus state: current_term: 1 leader_uuid: "e978d4aecc51473aa7d497d0644a6129" committed_config { opid_index: -1 OBSOLETE_local: false peers { permanent_uuid: "d8136beae46a4f01897b3d1e5a57d37b" member_type: VOTER last_known_addr { host: "127.12.140.62" port: 34199 } } peers { permanent_uuid: "aaab07bad17849809ec41e6c8f01f40e" member_type: VOTER last_known_addr { host: "127.12.140.61" port: 41683 } } peers { permanent_uuid: "e978d4aecc51473aa7d497d0644a6129" member_type: VOTER last_known_addr { host: "127.12.140.60" port: 45135 } } }
I20260608 10:00:11.329463 13069 sys_catalog.cc:458] T 00000000000000000000000000000000 P aaab07bad17849809ec41e6c8f01f40e [sys.catalog]: This master's current role is: FOLLOWER
I20260608 10:00:11.337543 13067 sys_catalog.cc:455] T 00000000000000000000000000000000 P d8136beae46a4f01897b3d1e5a57d37b [sys.catalog]: SysCatalogTable state changed. Reason: Replicated consensus-only round. Latest consensus state: current_term: 1 leader_uuid: "e978d4aecc51473aa7d497d0644a6129" committed_config { opid_index: -1 OBSOLETE_local: false peers { permanent_uuid: "d8136beae46a4f01897b3d1e5a57d37b" member_type: VOTER last_known_addr { host: "127.12.140.62" port: 34199 } } peers { permanent_uuid: "aaab07bad17849809ec41e6c8f01f40e" member_type: VOTER last_known_addr { host: "127.12.140.61" port: 41683 } } peers { permanent_uuid: "e978d4aecc51473aa7d497d0644a6129" member_type: VOTER last_known_addr { host: "127.12.140.60" port: 45135 } } }
I20260608 10:00:11.338385 13067 sys_catalog.cc:458] T 00000000000000000000000000000000 P d8136beae46a4f01897b3d1e5a57d37b [sys.catalog]: This master's current role is: FOLLOWER
I20260608 10:00:11.367098 13183 catalog_manager.cc:1405] Generated new certificate authority record
I20260608 10:00:11.369442 13183 catalog_manager.cc:1539] Loading token signing keys...
I20260608 10:00:11.417932 13183 catalog_manager.cc:6069] T 00000000000000000000000000000000 P e978d4aecc51473aa7d497d0644a6129: Generated new TSK 0
I20260608 10:00:11.419608 13183 catalog_manager.cc:1549] Initializing in-progress tserver states...
I20260608 10:00:11.475028 12848 rpc_server.cc:307] RPC server started. Bound to: 127.12.140.2:35327
I20260608 10:00:11.475221 13252 acceptor_pool.cc:272] collecting diagnostics on the listening RPC socket 127.12.140.2:35327 every 8 connection(s)
I20260608 10:00:11.502271 13253 heartbeater.cc:344] Connected to a master server at 127.12.140.60:45135
I20260608 10:00:11.502907 13253 heartbeater.cc:461] Registering TS with master...
I20260608 10:00:11.504199 13253 heartbeater.cc:507] Master 127.12.140.60:45135 requested a full tablet report, sending...
I20260608 10:00:11.513248 13254 heartbeater.cc:344] Connected to a master server at 127.12.140.61:41683
I20260608 10:00:11.513720 13254 heartbeater.cc:461] Registering TS with master...
I20260608 10:00:11.514766 13254 heartbeater.cc:507] Master 127.12.140.61:41683 requested a full tablet report, sending...
I20260608 10:00:11.517951 12946 ts_manager.cc:194] Registered new tserver with Master: 65b9ac03870248c69c0ceb06b5417fbb (127.12.140.2:35327)
I20260608 10:00:11.521781 12848 file_cache.cc:492] Constructed file cache file cache with capacity 419430
I20260608 10:00:11.522289 13012 ts_manager.cc:194] Registered new tserver with Master: 65b9ac03870248c69c0ceb06b5417fbb (127.12.140.2:35327)
I20260608 10:00:11.525653 13012 master_service.cc:502] Signed X509 certificate for tserver {username='slave'} at 127.0.0.1:57110
I20260608 10:00:11.526441 13255 heartbeater.cc:344] Connected to a master server at 127.12.140.62:34199
I20260608 10:00:11.526888 13255 heartbeater.cc:461] Registering TS with master...
I20260608 10:00:11.527936 13255 heartbeater.cc:507] Master 127.12.140.62:34199 requested a full tablet report, sending...
I20260608 10:00:11.532866 12881 ts_manager.cc:194] Registered new tserver with Master: 65b9ac03870248c69c0ceb06b5417fbb (127.12.140.2:35327)
W20260608 10:00:11.533689 13259 instance_detector.cc:116] could not retrieve AWS instance metadata: Network error: curl error: HTTP response code said error: The requested URL returned error: 404
W20260608 10:00:11.534682 13260 instance_detector.cc:116] could not retrieve Azure instance metadata: Network error: curl error: HTTP response code said error: The requested URL returned error: 404
W20260608 10:00:11.539958 13262 instance_detector.cc:116] could not retrieve OpenStack instance metadata: Network error: curl error: HTTP response code said error: The requested URL returned error: 404
I20260608 10:00:11.540769 12848 server_base.cc:1061] running on GCE node
I20260608 10:00:11.541913 12848 hybrid_clock.cc:584] initializing the hybrid clock with 'system_unsync' time source
W20260608 10:00:11.542198 12848 system_unsync_time.cc:38] NTP support is disabled. Clock error bounds will not be accurate. This configuration is not suitable for distributed clusters.
I20260608 10:00:11.542428 12848 hybrid_clock.cc:648] HybridClock initialized: now 1780912811542407 us; error 0 us; skew 500 ppm
I20260608 10:00:11.543218 12848 server_base.cc:861] Flag tcmalloc_max_total_thread_cache_bytes is not working since tcmalloc is not enabled.
I20260608 10:00:11.546265 12848 webserver.cc:533] Webserver started at http://127.12.140.3:38507/ using document root <none> and password file <none>
I20260608 10:00:11.546975 12848 fs_manager.cc:362] Metadata directory not provided
I20260608 10:00:11.547235 12848 fs_manager.cc:368] Using write-ahead log directory (fs_wal_dir) as metadata directory
I20260608 10:00:11.547567 12848 server_base.cc:909] This appears to be a new deployment of Kudu; creating new FS layout
I20260608 10:00:11.549067 12848 fs_manager.cc:1068] Generated new instance metadata in path /tmp/dist-test-taskRbnhnb/test-tmp/auto_rebalancer-test.0.AutoRebalancerTest.OnlyLeaderDoesAutoRebalancing.1780912808837409-12848-0/minicluster-data/ts-2-root/instance:
uuid: "abc4b8645dd645b287ea289cdd904dd3"
format_stamp: "Formatted at 2026-06-08 10:00:11 on dist-test-slave-3nwg"
I20260608 10:00:11.555200 12848 fs_manager.cc:696] Time spent creating directory manager: real 0.005s	user 0.006s	sys 0.001s
I20260608 10:00:11.559902 13267 log_block_manager.cc:4031] Time spent loading block containers with low live blocks: real 0.000s	user 0.000s	sys 0.000s
I20260608 10:00:11.560858 12848 fs_manager.cc:730] Time spent opening block manager: real 0.003s	user 0.003s	sys 0.000s
I20260608 10:00:11.561225 12848 fs_manager.cc:647] Opened local filesystem: /tmp/dist-test-taskRbnhnb/test-tmp/auto_rebalancer-test.0.AutoRebalancerTest.OnlyLeaderDoesAutoRebalancing.1780912808837409-12848-0/minicluster-data/ts-2-root
uuid: "abc4b8645dd645b287ea289cdd904dd3"
format_stamp: "Formatted at 2026-06-08 10:00:11 on dist-test-slave-3nwg"
I20260608 10:00:11.561592 12848 fs_report.cc:389] FS layout report
--------------------
wal directory: /tmp/dist-test-taskRbnhnb/test-tmp/auto_rebalancer-test.0.AutoRebalancerTest.OnlyLeaderDoesAutoRebalancing.1780912808837409-12848-0/minicluster-data/ts-2-root
metadata directory: /tmp/dist-test-taskRbnhnb/test-tmp/auto_rebalancer-test.0.AutoRebalancerTest.OnlyLeaderDoesAutoRebalancing.1780912808837409-12848-0/minicluster-data/ts-2-root
1 data directories: /tmp/dist-test-taskRbnhnb/test-tmp/auto_rebalancer-test.0.AutoRebalancerTest.OnlyLeaderDoesAutoRebalancing.1780912808837409-12848-0/minicluster-data/ts-2-root/data
Total live blocks: 0
Total live bytes: 0
Total live bytes (after alignment): 0
Total number of LBM containers: 0 (0 full)
Did not check for missing blocks
Did not check for orphaned blocks
Total full LBM containers with extra space: 0 (0 repaired)
Total full LBM container extra space in bytes: 0 (0 repaired)
Total incomplete LBM containers: 0 (0 repaired)
Total LBM partial records: 0 (0 repaired)
Total corrupted LBM metadata records in RocksDB: 0 (0 repaired)
I20260608 10:00:11.598228 12848 rpc_server.cc:225] running with OpenSSL 1.1.1  11 Sep 2018
I20260608 10:00:11.599658 12848 kserver.cc:163] Server-wide thread pool size limit: 3276
I20260608 10:00:11.601890 12848 txn_system_client.cc:432] TxnSystemClient initialization is disabled...
I20260608 10:00:11.605090 12848 ts_tablet_manager.cc:585] Loaded tablet metadata (0 total tablets, 0 live tablets)
I20260608 10:00:11.605365 12848 ts_tablet_manager.cc:531] Time spent load tablet metadata: real 0.000s	user 0.000s	sys 0.000s
I20260608 10:00:11.605623 12848 ts_tablet_manager.cc:616] Registered 0 tablets
I20260608 10:00:11.605819 12848 ts_tablet_manager.cc:595] Time spent register tablets: real 0.000s	user 0.000s	sys 0.000s
I20260608 10:00:11.706478 12848 rpc_server.cc:307] RPC server started. Bound to: 127.12.140.3:37007
I20260608 10:00:11.706705 13330 acceptor_pool.cc:272] collecting diagnostics on the listening RPC socket 127.12.140.3:37007 every 8 connection(s)
I20260608 10:00:11.740954 13331 heartbeater.cc:344] Connected to a master server at 127.12.140.60:45135
I20260608 10:00:11.741412 13331 heartbeater.cc:461] Registering TS with master...
I20260608 10:00:11.742136 13332 heartbeater.cc:344] Connected to a master server at 127.12.140.61:41683
I20260608 10:00:11.742489 13332 heartbeater.cc:461] Registering TS with master...
I20260608 10:00:11.742511 13331 heartbeater.cc:507] Master 127.12.140.60:45135 requested a full tablet report, sending...
I20260608 10:00:11.743360 13332 heartbeater.cc:507] Master 127.12.140.61:41683 requested a full tablet report, sending...
I20260608 10:00:11.745458 13012 ts_manager.cc:194] Registered new tserver with Master: abc4b8645dd645b287ea289cdd904dd3 (127.12.140.3:37007)
I20260608 10:00:11.746186 12946 ts_manager.cc:194] Registered new tserver with Master: abc4b8645dd645b287ea289cdd904dd3 (127.12.140.3:37007)
I20260608 10:00:11.747344 13012 master_service.cc:502] Signed X509 certificate for tserver {username='slave'} at 127.0.0.1:57124
I20260608 10:00:11.747728 13333 heartbeater.cc:344] Connected to a master server at 127.12.140.62:34199
I20260608 10:00:11.748160 13333 heartbeater.cc:461] Registering TS with master...
I20260608 10:00:11.749267 13333 heartbeater.cc:507] Master 127.12.140.62:34199 requested a full tablet report, sending...
I20260608 10:00:11.752147 12881 ts_manager.cc:194] Registered new tserver with Master: abc4b8645dd645b287ea289cdd904dd3 (127.12.140.3:37007)
I20260608 10:00:11.752774 12848 internal_mini_cluster.cc:371] 3 TS(s) registered with all masters after 0.032409405s
I20260608 10:00:11.961606 13085 catalog_manager.cc:1294] Loaded cluster ID: a159af87bfc84877be2526777984e86c
I20260608 10:00:11.961942 13085 catalog_manager.cc:1587] T 00000000000000000000000000000000 P d8136beae46a4f01897b3d1e5a57d37b: loading cluster ID for follower catalog manager: success
I20260608 10:00:11.967067 13085 catalog_manager.cc:1609] T 00000000000000000000000000000000 P d8136beae46a4f01897b3d1e5a57d37b: acquiring CA information for follower catalog manager: success
I20260608 10:00:11.971069 13090 catalog_manager.cc:1294] Loaded cluster ID: a159af87bfc84877be2526777984e86c
I20260608 10:00:11.971405 13090 catalog_manager.cc:1587] T 00000000000000000000000000000000 P aaab07bad17849809ec41e6c8f01f40e: loading cluster ID for follower catalog manager: success
I20260608 10:00:11.972258 13085 catalog_manager.cc:1637] T 00000000000000000000000000000000 P d8136beae46a4f01897b3d1e5a57d37b: importing token verification keys for follower catalog manager: success; most recent TSK sequence number 0
I20260608 10:00:11.978807 13090 catalog_manager.cc:1609] T 00000000000000000000000000000000 P aaab07bad17849809ec41e6c8f01f40e: acquiring CA information for follower catalog manager: success
I20260608 10:00:11.984582 13090 catalog_manager.cc:1637] T 00000000000000000000000000000000 P aaab07bad17849809ec41e6c8f01f40e: importing token verification keys for follower catalog manager: success; most recent TSK sequence number 0
I20260608 10:00:12.181173 13012 master_service.cc:502] Signed X509 certificate for tserver {username='slave'} at 127.0.0.1:57098
I20260608 10:00:12.530296 13253 heartbeater.cc:499] Master 127.12.140.60:45135 was elected leader, sending a full tablet report...
I20260608 10:00:12.750862 13331 heartbeater.cc:499] Master 127.12.140.60:45135 was elected leader, sending a full tablet report...
I20260608 10:00:12.891018 13062 auto_leader_rebalancer.cc:451] All tables' leader rebalancing finished this round
I20260608 10:00:13.010084 13012 catalog_manager.cc:2282] Servicing CreateTable request from {username='slave'} at 127.0.0.1:36262:
name: "test-workload"
schema {
  columns {
    name: "key"
    type: INT32
    is_key: true
    is_nullable: false
    encoding: AUTO_ENCODING
    compression: DEFAULT_COMPRESSION
    cfile_block_size: 0
    immutable: false
  }
  columns {
    name: "int_val"
    type: INT32
    is_key: false
    is_nullable: false
    encoding: AUTO_ENCODING
    compression: DEFAULT_COMPRESSION
    cfile_block_size: 0
    immutable: false
  }
  columns {
    name: "string_val"
    type: STRING
    is_key: false
    is_nullable: true
    encoding: AUTO_ENCODING
    compression: DEFAULT_COMPRESSION
    cfile_block_size: 0
    immutable: false
  }
}
num_replicas: 1
split_rows_range_bounds {
  rows: "\004\001\000\377\377\377\037\004\001\000\376\377\377?\004\001\000\375\377\377_""\004\001\000\377\377\377\037\004\001\000\376\377\377?\004\001\000\375\377\377_"
  indirect_data: """"
}
partition_schema {
  range_schema {
    columns {
      name: "key"
    }
  }
}
I20260608 10:00:13.101161 13217 tablet_service.cc:1511] Processing CreateTablet for tablet cb55b6a0411f4deaab0c7c3fbc7aed01 (DEFAULT_TABLE table=test-workload [id=473019cf7b2a4d24b28c8eacef591ec0]), partition=RANGE (key) PARTITION VALUES < 536870911
I20260608 10:00:13.103012 13217 data_dirs.cc:400] Could only allocate 1 dirs of requested 3 for tablet cb55b6a0411f4deaab0c7c3fbc7aed01. 1 dirs total, 0 dirs full, 0 dirs failed
I20260608 10:00:13.107363 13295 tablet_service.cc:1511] Processing CreateTablet for tablet 919a0ea091dc4fb5a1a68d6536114943 (DEFAULT_TABLE table=test-workload [id=473019cf7b2a4d24b28c8eacef591ec0]), partition=RANGE (key) PARTITION 536870911 <= VALUES < 1073741822
I20260608 10:00:13.108860 13295 data_dirs.cc:400] Could only allocate 1 dirs of requested 3 for tablet 919a0ea091dc4fb5a1a68d6536114943. 1 dirs total, 0 dirs full, 0 dirs failed
I20260608 10:00:13.111529 13127 tablet_service.cc:1511] Processing CreateTablet for tablet 62615b13d96941caafecefaa1a31e945 (DEFAULT_TABLE table=test-workload [id=473019cf7b2a4d24b28c8eacef591ec0]), partition=RANGE (key) PARTITION 1073741822 <= VALUES < 1610612733
I20260608 10:00:13.111984 13126 tablet_service.cc:1511] Processing CreateTablet for tablet 2110a7d9e6784b0092a96111a81445cd (DEFAULT_TABLE table=test-workload [id=473019cf7b2a4d24b28c8eacef591ec0]), partition=RANGE (key) PARTITION 1610612733 <= VALUES
I20260608 10:00:13.112828 13127 data_dirs.cc:400] Could only allocate 1 dirs of requested 3 for tablet 62615b13d96941caafecefaa1a31e945. 1 dirs total, 0 dirs full, 0 dirs failed
I20260608 10:00:13.113619 13126 data_dirs.cc:400] Could only allocate 1 dirs of requested 3 for tablet 2110a7d9e6784b0092a96111a81445cd. 1 dirs total, 0 dirs full, 0 dirs failed
I20260608 10:00:13.126504 13366 tablet_bootstrap.cc:492] T cb55b6a0411f4deaab0c7c3fbc7aed01 P 65b9ac03870248c69c0ceb06b5417fbb: Bootstrap starting.
I20260608 10:00:13.138664 13366 tablet_bootstrap.cc:654] T cb55b6a0411f4deaab0c7c3fbc7aed01 P 65b9ac03870248c69c0ceb06b5417fbb: Neither blocks nor log segments found. Creating new log.
I20260608 10:00:13.139794 13368 tablet_bootstrap.cc:492] T 2110a7d9e6784b0092a96111a81445cd P 1b4dea81337746a1aa4e74b56498e20c: Bootstrap starting.
I20260608 10:00:13.140060 13367 tablet_bootstrap.cc:492] T 919a0ea091dc4fb5a1a68d6536114943 P abc4b8645dd645b287ea289cdd904dd3: Bootstrap starting.
I20260608 10:00:13.145825 13366 tablet_bootstrap.cc:492] T cb55b6a0411f4deaab0c7c3fbc7aed01 P 65b9ac03870248c69c0ceb06b5417fbb: No bootstrap required, opened a new log
I20260608 10:00:13.146433 13366 ts_tablet_manager.cc:1403] T cb55b6a0411f4deaab0c7c3fbc7aed01 P 65b9ac03870248c69c0ceb06b5417fbb: Time spent bootstrapping tablet: real 0.020s	user 0.009s	sys 0.005s
I20260608 10:00:13.146595 13367 tablet_bootstrap.cc:654] T 919a0ea091dc4fb5a1a68d6536114943 P abc4b8645dd645b287ea289cdd904dd3: Neither blocks nor log segments found. Creating new log.
I20260608 10:00:13.148277 13368 tablet_bootstrap.cc:654] T 2110a7d9e6784b0092a96111a81445cd P 1b4dea81337746a1aa4e74b56498e20c: Neither blocks nor log segments found. Creating new log.
I20260608 10:00:13.149835 13366 raft_consensus.cc:359] T cb55b6a0411f4deaab0c7c3fbc7aed01 P 65b9ac03870248c69c0ceb06b5417fbb [term 0 FOLLOWER]: Replica starting. Triggering 0 pending ops. Active config: opid_index: -1 OBSOLETE_local: true peers { permanent_uuid: "65b9ac03870248c69c0ceb06b5417fbb" member_type: VOTER last_known_addr { host: "127.12.140.2" port: 35327 } }
I20260608 10:00:13.150491 13366 raft_consensus.cc:385] T cb55b6a0411f4deaab0c7c3fbc7aed01 P 65b9ac03870248c69c0ceb06b5417fbb [term 0 FOLLOWER]: Consensus starting up: Expiring failure detector timer to make a prompt election more likely
I20260608 10:00:13.150943 13366 raft_consensus.cc:740] T cb55b6a0411f4deaab0c7c3fbc7aed01 P 65b9ac03870248c69c0ceb06b5417fbb [term 0 FOLLOWER]: Becoming Follower/Learner. State: Replica: 65b9ac03870248c69c0ceb06b5417fbb, State: Initialized, Role: FOLLOWER
I20260608 10:00:13.151916 13366 consensus_queue.cc:260] T cb55b6a0411f4deaab0c7c3fbc7aed01 P 65b9ac03870248c69c0ceb06b5417fbb [NON_LEADER]: Queue going to NON_LEADER mode. State: All replicated index: 0, Majority replicated index: 0, Committed index: 0, Last appended: 0.0, Last appended by leader: 0, Current term: 0, Majority size: -1, State: 0, Mode: NON_LEADER, active raft config: opid_index: -1 OBSOLETE_local: true peers { permanent_uuid: "65b9ac03870248c69c0ceb06b5417fbb" member_type: VOTER last_known_addr { host: "127.12.140.2" port: 35327 } }
I20260608 10:00:13.152732 13367 tablet_bootstrap.cc:492] T 919a0ea091dc4fb5a1a68d6536114943 P abc4b8645dd645b287ea289cdd904dd3: No bootstrap required, opened a new log
I20260608 10:00:13.152810 13366 raft_consensus.cc:399] T cb55b6a0411f4deaab0c7c3fbc7aed01 P 65b9ac03870248c69c0ceb06b5417fbb [term 0 FOLLOWER]: Only one voter in the Raft config. Triggering election immediately
I20260608 10:00:13.153148 13367 ts_tablet_manager.cc:1403] T 919a0ea091dc4fb5a1a68d6536114943 P abc4b8645dd645b287ea289cdd904dd3: Time spent bootstrapping tablet: real 0.016s	user 0.008s	sys 0.004s
I20260608 10:00:13.153331 13366 raft_consensus.cc:493] T cb55b6a0411f4deaab0c7c3fbc7aed01 P 65b9ac03870248c69c0ceb06b5417fbb [term 0 FOLLOWER]: Starting leader election (initial election of a single-replica configuration)
I20260608 10:00:13.153944 13366 raft_consensus.cc:3060] T cb55b6a0411f4deaab0c7c3fbc7aed01 P 65b9ac03870248c69c0ceb06b5417fbb [term 0 FOLLOWER]: Advancing to term 1
I20260608 10:00:13.156078 13367 raft_consensus.cc:359] T 919a0ea091dc4fb5a1a68d6536114943 P abc4b8645dd645b287ea289cdd904dd3 [term 0 FOLLOWER]: Replica starting. Triggering 0 pending ops. Active config: opid_index: -1 OBSOLETE_local: true peers { permanent_uuid: "abc4b8645dd645b287ea289cdd904dd3" member_type: VOTER last_known_addr { host: "127.12.140.3" port: 37007 } }
I20260608 10:00:13.156754 13367 raft_consensus.cc:385] T 919a0ea091dc4fb5a1a68d6536114943 P abc4b8645dd645b287ea289cdd904dd3 [term 0 FOLLOWER]: Consensus starting up: Expiring failure detector timer to make a prompt election more likely
I20260608 10:00:13.157064 13367 raft_consensus.cc:740] T 919a0ea091dc4fb5a1a68d6536114943 P abc4b8645dd645b287ea289cdd904dd3 [term 0 FOLLOWER]: Becoming Follower/Learner. State: Replica: abc4b8645dd645b287ea289cdd904dd3, State: Initialized, Role: FOLLOWER
I20260608 10:00:13.157730 13367 consensus_queue.cc:260] T 919a0ea091dc4fb5a1a68d6536114943 P abc4b8645dd645b287ea289cdd904dd3 [NON_LEADER]: Queue going to NON_LEADER mode. State: All replicated index: 0, Majority replicated index: 0, Committed index: 0, Last appended: 0.0, Last appended by leader: 0, Current term: 0, Majority size: -1, State: 0, Mode: NON_LEADER, active raft config: opid_index: -1 OBSOLETE_local: true peers { permanent_uuid: "abc4b8645dd645b287ea289cdd904dd3" member_type: VOTER last_known_addr { host: "127.12.140.3" port: 37007 } }
I20260608 10:00:13.158257 13367 raft_consensus.cc:399] T 919a0ea091dc4fb5a1a68d6536114943 P abc4b8645dd645b287ea289cdd904dd3 [term 0 FOLLOWER]: Only one voter in the Raft config. Triggering election immediately
I20260608 10:00:13.158533 13367 raft_consensus.cc:493] T 919a0ea091dc4fb5a1a68d6536114943 P abc4b8645dd645b287ea289cdd904dd3 [term 0 FOLLOWER]: Starting leader election (initial election of a single-replica configuration)
I20260608 10:00:13.158849 13367 raft_consensus.cc:3060] T 919a0ea091dc4fb5a1a68d6536114943 P abc4b8645dd645b287ea289cdd904dd3 [term 0 FOLLOWER]: Advancing to term 1
I20260608 10:00:13.162367 13366 raft_consensus.cc:515] T cb55b6a0411f4deaab0c7c3fbc7aed01 P 65b9ac03870248c69c0ceb06b5417fbb [term 1 FOLLOWER]: Starting leader election with config: opid_index: -1 OBSOLETE_local: true peers { permanent_uuid: "65b9ac03870248c69c0ceb06b5417fbb" member_type: VOTER last_known_addr { host: "127.12.140.2" port: 35327 } }
I20260608 10:00:13.162791 13368 tablet_bootstrap.cc:492] T 2110a7d9e6784b0092a96111a81445cd P 1b4dea81337746a1aa4e74b56498e20c: No bootstrap required, opened a new log
I20260608 10:00:13.163271 13368 ts_tablet_manager.cc:1403] T 2110a7d9e6784b0092a96111a81445cd P 1b4dea81337746a1aa4e74b56498e20c: Time spent bootstrapping tablet: real 0.024s	user 0.010s	sys 0.011s
I20260608 10:00:13.163146 13366 leader_election.cc:304] T cb55b6a0411f4deaab0c7c3fbc7aed01 P 65b9ac03870248c69c0ceb06b5417fbb [CANDIDATE]: Term 1 election: Election decided. Result: candidate won. Election summary: received 1 responses out of 1 voters: 1 yes votes; 0 no votes. yes voters: 65b9ac03870248c69c0ceb06b5417fbb; no voters: 
I20260608 10:00:13.163996 13367 raft_consensus.cc:515] T 919a0ea091dc4fb5a1a68d6536114943 P abc4b8645dd645b287ea289cdd904dd3 [term 1 FOLLOWER]: Starting leader election with config: opid_index: -1 OBSOLETE_local: true peers { permanent_uuid: "abc4b8645dd645b287ea289cdd904dd3" member_type: VOTER last_known_addr { host: "127.12.140.3" port: 37007 } }
I20260608 10:00:13.164685 13367 leader_election.cc:304] T 919a0ea091dc4fb5a1a68d6536114943 P abc4b8645dd645b287ea289cdd904dd3 [CANDIDATE]: Term 1 election: Election decided. Result: candidate won. Election summary: received 1 responses out of 1 voters: 1 yes votes; 0 no votes. yes voters: abc4b8645dd645b287ea289cdd904dd3; no voters: 
I20260608 10:00:13.166742 13366 leader_election.cc:290] T cb55b6a0411f4deaab0c7c3fbc7aed01 P 65b9ac03870248c69c0ceb06b5417fbb [CANDIDATE]: Term 1 election: Requested vote from peers 
I20260608 10:00:13.167191 13368 raft_consensus.cc:359] T 2110a7d9e6784b0092a96111a81445cd P 1b4dea81337746a1aa4e74b56498e20c [term 0 FOLLOWER]: Replica starting. Triggering 0 pending ops. Active config: opid_index: -1 OBSOLETE_local: true peers { permanent_uuid: "1b4dea81337746a1aa4e74b56498e20c" member_type: VOTER last_known_addr { host: "127.12.140.1" port: 46693 } }
I20260608 10:00:13.167514 13372 raft_consensus.cc:2804] T cb55b6a0411f4deaab0c7c3fbc7aed01 P 65b9ac03870248c69c0ceb06b5417fbb [term 1 FOLLOWER]: Leader election won for term 1
I20260608 10:00:13.167869 13368 raft_consensus.cc:385] T 2110a7d9e6784b0092a96111a81445cd P 1b4dea81337746a1aa4e74b56498e20c [term 0 FOLLOWER]: Consensus starting up: Expiring failure detector timer to make a prompt election more likely
I20260608 10:00:13.168388 13368 raft_consensus.cc:740] T 2110a7d9e6784b0092a96111a81445cd P 1b4dea81337746a1aa4e74b56498e20c [term 0 FOLLOWER]: Becoming Follower/Learner. State: Replica: 1b4dea81337746a1aa4e74b56498e20c, State: Initialized, Role: FOLLOWER
I20260608 10:00:13.169744 13368 consensus_queue.cc:260] T 2110a7d9e6784b0092a96111a81445cd P 1b4dea81337746a1aa4e74b56498e20c [NON_LEADER]: Queue going to NON_LEADER mode. State: All replicated index: 0, Majority replicated index: 0, Committed index: 0, Last appended: 0.0, Last appended by leader: 0, Current term: 0, Majority size: -1, State: 0, Mode: NON_LEADER, active raft config: opid_index: -1 OBSOLETE_local: true peers { permanent_uuid: "1b4dea81337746a1aa4e74b56498e20c" member_type: VOTER last_known_addr { host: "127.12.140.1" port: 46693 } }
I20260608 10:00:13.170758 13368 raft_consensus.cc:399] T 2110a7d9e6784b0092a96111a81445cd P 1b4dea81337746a1aa4e74b56498e20c [term 0 FOLLOWER]: Only one voter in the Raft config. Triggering election immediately
I20260608 10:00:13.171237 13368 raft_consensus.cc:493] T 2110a7d9e6784b0092a96111a81445cd P 1b4dea81337746a1aa4e74b56498e20c [term 0 FOLLOWER]: Starting leader election (initial election of a single-replica configuration)
I20260608 10:00:13.171746 13368 raft_consensus.cc:3060] T 2110a7d9e6784b0092a96111a81445cd P 1b4dea81337746a1aa4e74b56498e20c [term 0 FOLLOWER]: Advancing to term 1
I20260608 10:00:13.176309 13367 leader_election.cc:290] T 919a0ea091dc4fb5a1a68d6536114943 P abc4b8645dd645b287ea289cdd904dd3 [CANDIDATE]: Term 1 election: Requested vote from peers 
I20260608 10:00:13.176442 13366 ts_tablet_manager.cc:1434] T cb55b6a0411f4deaab0c7c3fbc7aed01 P 65b9ac03870248c69c0ceb06b5417fbb: Time spent starting tablet: real 0.030s	user 0.026s	sys 0.005s
I20260608 10:00:13.179864 13373 raft_consensus.cc:2804] T 919a0ea091dc4fb5a1a68d6536114943 P abc4b8645dd645b287ea289cdd904dd3 [term 1 FOLLOWER]: Leader election won for term 1
I20260608 10:00:13.180760 13372 raft_consensus.cc:697] T cb55b6a0411f4deaab0c7c3fbc7aed01 P 65b9ac03870248c69c0ceb06b5417fbb [term 1 LEADER]: Becoming Leader. State: Replica: 65b9ac03870248c69c0ceb06b5417fbb, State: Running, Role: LEADER
I20260608 10:00:13.181552 13368 raft_consensus.cc:515] T 2110a7d9e6784b0092a96111a81445cd P 1b4dea81337746a1aa4e74b56498e20c [term 1 FOLLOWER]: Starting leader election with config: opid_index: -1 OBSOLETE_local: true peers { permanent_uuid: "1b4dea81337746a1aa4e74b56498e20c" member_type: VOTER last_known_addr { host: "127.12.140.1" port: 46693 } }
I20260608 10:00:13.181921 13372 consensus_queue.cc:237] T cb55b6a0411f4deaab0c7c3fbc7aed01 P 65b9ac03870248c69c0ceb06b5417fbb [LEADER]: Queue going to LEADER mode. State: All replicated index: 0, Majority replicated index: 0, Committed index: 0, Last appended: 0.0, Last appended by leader: 0, Current term: 1, Majority size: 1, State: 0, Mode: LEADER, active raft config: opid_index: -1 OBSOLETE_local: true peers { permanent_uuid: "65b9ac03870248c69c0ceb06b5417fbb" member_type: VOTER last_known_addr { host: "127.12.140.2" port: 35327 } }
I20260608 10:00:13.182790 13368 leader_election.cc:304] T 2110a7d9e6784b0092a96111a81445cd P 1b4dea81337746a1aa4e74b56498e20c [CANDIDATE]: Term 1 election: Election decided. Result: candidate won. Election summary: received 1 responses out of 1 voters: 1 yes votes; 0 no votes. yes voters: 1b4dea81337746a1aa4e74b56498e20c; no voters: 
I20260608 10:00:13.184046 13163 heartbeater.cc:499] Master 127.12.140.60:45135 was elected leader, sending a full tablet report...
I20260608 10:00:13.187417 13367 ts_tablet_manager.cc:1434] T 919a0ea091dc4fb5a1a68d6536114943 P abc4b8645dd645b287ea289cdd904dd3: Time spent starting tablet: real 0.034s	user 0.022s	sys 0.012s
I20260608 10:00:13.194383 13378 raft_consensus.cc:2804] T 2110a7d9e6784b0092a96111a81445cd P 1b4dea81337746a1aa4e74b56498e20c [term 1 FOLLOWER]: Leader election won for term 1
I20260608 10:00:13.194921 13368 leader_election.cc:290] T 2110a7d9e6784b0092a96111a81445cd P 1b4dea81337746a1aa4e74b56498e20c [CANDIDATE]: Term 1 election: Requested vote from peers 
I20260608 10:00:13.196439 13373 raft_consensus.cc:697] T 919a0ea091dc4fb5a1a68d6536114943 P abc4b8645dd645b287ea289cdd904dd3 [term 1 LEADER]: Becoming Leader. State: Replica: abc4b8645dd645b287ea289cdd904dd3, State: Running, Role: LEADER
I20260608 10:00:13.197430 13373 consensus_queue.cc:237] T 919a0ea091dc4fb5a1a68d6536114943 P abc4b8645dd645b287ea289cdd904dd3 [LEADER]: Queue going to LEADER mode. State: All replicated index: 0, Majority replicated index: 0, Committed index: 0, Last appended: 0.0, Last appended by leader: 0, Current term: 1, Majority size: 1, State: 0, Mode: LEADER, active raft config: opid_index: -1 OBSOLETE_local: true peers { permanent_uuid: "abc4b8645dd645b287ea289cdd904dd3" member_type: VOTER last_known_addr { host: "127.12.140.3" port: 37007 } }
I20260608 10:00:13.199905 13378 raft_consensus.cc:697] T 2110a7d9e6784b0092a96111a81445cd P 1b4dea81337746a1aa4e74b56498e20c [term 1 LEADER]: Becoming Leader. State: Replica: 1b4dea81337746a1aa4e74b56498e20c, State: Running, Role: LEADER
I20260608 10:00:13.201395 13378 consensus_queue.cc:237] T 2110a7d9e6784b0092a96111a81445cd P 1b4dea81337746a1aa4e74b56498e20c [LEADER]: Queue going to LEADER mode. State: All replicated index: 0, Majority replicated index: 0, Committed index: 0, Last appended: 0.0, Last appended by leader: 0, Current term: 1, Majority size: 1, State: 0, Mode: LEADER, active raft config: opid_index: -1 OBSOLETE_local: true peers { permanent_uuid: "1b4dea81337746a1aa4e74b56498e20c" member_type: VOTER last_known_addr { host: "127.12.140.1" port: 46693 } }
I20260608 10:00:13.210547 13011 catalog_manager.cc:5696] T cb55b6a0411f4deaab0c7c3fbc7aed01 P 65b9ac03870248c69c0ceb06b5417fbb reported cstate change: term changed from 0 to 1, leader changed from <none> to 65b9ac03870248c69c0ceb06b5417fbb (127.12.140.2). New cstate: current_term: 1 leader_uuid: "65b9ac03870248c69c0ceb06b5417fbb" committed_config { opid_index: -1 OBSOLETE_local: true peers { permanent_uuid: "65b9ac03870248c69c0ceb06b5417fbb" member_type: VOTER last_known_addr { host: "127.12.140.2" port: 35327 } health_report { overall_health: HEALTHY } } }
I20260608 10:00:13.239881 13012 catalog_manager.cc:5696] T 919a0ea091dc4fb5a1a68d6536114943 P abc4b8645dd645b287ea289cdd904dd3 reported cstate change: term changed from 0 to 1, leader changed from <none> to abc4b8645dd645b287ea289cdd904dd3 (127.12.140.3). New cstate: current_term: 1 leader_uuid: "abc4b8645dd645b287ea289cdd904dd3" committed_config { opid_index: -1 OBSOLETE_local: true peers { permanent_uuid: "abc4b8645dd645b287ea289cdd904dd3" member_type: VOTER last_known_addr { host: "127.12.140.3" port: 37007 } health_report { overall_health: HEALTHY } } }
I20260608 10:00:13.254540 13368 ts_tablet_manager.cc:1434] T 2110a7d9e6784b0092a96111a81445cd P 1b4dea81337746a1aa4e74b56498e20c: Time spent starting tablet: real 0.091s	user 0.035s	sys 0.024s
I20260608 10:00:13.255856 13368 tablet_bootstrap.cc:492] T 62615b13d96941caafecefaa1a31e945 P 1b4dea81337746a1aa4e74b56498e20c: Bootstrap starting.
I20260608 10:00:13.305361 13010 catalog_manager.cc:5696] T 2110a7d9e6784b0092a96111a81445cd P 1b4dea81337746a1aa4e74b56498e20c reported cstate change: term changed from 0 to 1, leader changed from <none> to 1b4dea81337746a1aa4e74b56498e20c (127.12.140.1). New cstate: current_term: 1 leader_uuid: "1b4dea81337746a1aa4e74b56498e20c" committed_config { opid_index: -1 OBSOLETE_local: true peers { permanent_uuid: "1b4dea81337746a1aa4e74b56498e20c" member_type: VOTER last_known_addr { host: "127.12.140.1" port: 46693 } health_report { overall_health: HEALTHY } } }
I20260608 10:00:13.306231 13368 tablet_bootstrap.cc:654] T 62615b13d96941caafecefaa1a31e945 P 1b4dea81337746a1aa4e74b56498e20c: Neither blocks nor log segments found. Creating new log.
I20260608 10:00:13.313068 13368 tablet_bootstrap.cc:492] T 62615b13d96941caafecefaa1a31e945 P 1b4dea81337746a1aa4e74b56498e20c: No bootstrap required, opened a new log
I20260608 10:00:13.313603 13368 ts_tablet_manager.cc:1403] T 62615b13d96941caafecefaa1a31e945 P 1b4dea81337746a1aa4e74b56498e20c: Time spent bootstrapping tablet: real 0.058s	user 0.013s	sys 0.000s
I20260608 10:00:13.317209 13368 raft_consensus.cc:359] T 62615b13d96941caafecefaa1a31e945 P 1b4dea81337746a1aa4e74b56498e20c [term 0 FOLLOWER]: Replica starting. Triggering 0 pending ops. Active config: opid_index: -1 OBSOLETE_local: true peers { permanent_uuid: "1b4dea81337746a1aa4e74b56498e20c" member_type: VOTER last_known_addr { host: "127.12.140.1" port: 46693 } }
I20260608 10:00:13.317809 13368 raft_consensus.cc:385] T 62615b13d96941caafecefaa1a31e945 P 1b4dea81337746a1aa4e74b56498e20c [term 0 FOLLOWER]: Consensus starting up: Expiring failure detector timer to make a prompt election more likely
I20260608 10:00:13.318125 13368 raft_consensus.cc:740] T 62615b13d96941caafecefaa1a31e945 P 1b4dea81337746a1aa4e74b56498e20c [term 0 FOLLOWER]: Becoming Follower/Learner. State: Replica: 1b4dea81337746a1aa4e74b56498e20c, State: Initialized, Role: FOLLOWER
I20260608 10:00:13.318920 13368 consensus_queue.cc:260] T 62615b13d96941caafecefaa1a31e945 P 1b4dea81337746a1aa4e74b56498e20c [NON_LEADER]: Queue going to NON_LEADER mode. State: All replicated index: 0, Majority replicated index: 0, Committed index: 0, Last appended: 0.0, Last appended by leader: 0, Current term: 0, Majority size: -1, State: 0, Mode: NON_LEADER, active raft config: opid_index: -1 OBSOLETE_local: true peers { permanent_uuid: "1b4dea81337746a1aa4e74b56498e20c" member_type: VOTER last_known_addr { host: "127.12.140.1" port: 46693 } }
I20260608 10:00:13.320168 13368 raft_consensus.cc:399] T 62615b13d96941caafecefaa1a31e945 P 1b4dea81337746a1aa4e74b56498e20c [term 0 FOLLOWER]: Only one voter in the Raft config. Triggering election immediately
I20260608 10:00:13.320526 13368 raft_consensus.cc:493] T 62615b13d96941caafecefaa1a31e945 P 1b4dea81337746a1aa4e74b56498e20c [term 0 FOLLOWER]: Starting leader election (initial election of a single-replica configuration)
I20260608 10:00:13.320911 13368 raft_consensus.cc:3060] T 62615b13d96941caafecefaa1a31e945 P 1b4dea81337746a1aa4e74b56498e20c [term 0 FOLLOWER]: Advancing to term 1
I20260608 10:00:13.327428 13368 raft_consensus.cc:515] T 62615b13d96941caafecefaa1a31e945 P 1b4dea81337746a1aa4e74b56498e20c [term 1 FOLLOWER]: Starting leader election with config: opid_index: -1 OBSOLETE_local: true peers { permanent_uuid: "1b4dea81337746a1aa4e74b56498e20c" member_type: VOTER last_known_addr { host: "127.12.140.1" port: 46693 } }
I20260608 10:00:13.328259 13368 leader_election.cc:304] T 62615b13d96941caafecefaa1a31e945 P 1b4dea81337746a1aa4e74b56498e20c [CANDIDATE]: Term 1 election: Election decided. Result: candidate won. Election summary: received 1 responses out of 1 voters: 1 yes votes; 0 no votes. yes voters: 1b4dea81337746a1aa4e74b56498e20c; no voters: 
I20260608 10:00:13.328972 13368 leader_election.cc:290] T 62615b13d96941caafecefaa1a31e945 P 1b4dea81337746a1aa4e74b56498e20c [CANDIDATE]: Term 1 election: Requested vote from peers 
I20260608 10:00:13.329289 13380 raft_consensus.cc:2804] T 62615b13d96941caafecefaa1a31e945 P 1b4dea81337746a1aa4e74b56498e20c [term 1 FOLLOWER]: Leader election won for term 1
I20260608 10:00:13.329794 13380 raft_consensus.cc:697] T 62615b13d96941caafecefaa1a31e945 P 1b4dea81337746a1aa4e74b56498e20c [term 1 LEADER]: Becoming Leader. State: Replica: 1b4dea81337746a1aa4e74b56498e20c, State: Running, Role: LEADER
I20260608 10:00:13.330889 13368 ts_tablet_manager.cc:1434] T 62615b13d96941caafecefaa1a31e945 P 1b4dea81337746a1aa4e74b56498e20c: Time spent starting tablet: real 0.017s	user 0.011s	sys 0.005s
I20260608 10:00:13.330576 13380 consensus_queue.cc:237] T 62615b13d96941caafecefaa1a31e945 P 1b4dea81337746a1aa4e74b56498e20c [LEADER]: Queue going to LEADER mode. State: All replicated index: 0, Majority replicated index: 0, Committed index: 0, Last appended: 0.0, Last appended by leader: 0, Current term: 1, Majority size: 1, State: 0, Mode: LEADER, active raft config: opid_index: -1 OBSOLETE_local: true peers { permanent_uuid: "1b4dea81337746a1aa4e74b56498e20c" member_type: VOTER last_known_addr { host: "127.12.140.1" port: 46693 } }
I20260608 10:00:13.355815 13010 catalog_manager.cc:5696] T 62615b13d96941caafecefaa1a31e945 P 1b4dea81337746a1aa4e74b56498e20c reported cstate change: term changed from 0 to 1, leader changed from <none> to 1b4dea81337746a1aa4e74b56498e20c (127.12.140.1). New cstate: current_term: 1 leader_uuid: "1b4dea81337746a1aa4e74b56498e20c" committed_config { opid_index: -1 OBSOLETE_local: true peers { permanent_uuid: "1b4dea81337746a1aa4e74b56498e20c" member_type: VOTER last_known_addr { host: "127.12.140.1" port: 46693 } health_report { overall_health: HEALTHY } } }
I20260608 10:00:13.419836 12848 tablet_server.cc:179] TabletServer@127.12.140.1:0 shutting down...
I20260608 10:00:13.438964 12848 ts_tablet_manager.cc:1507] Shutting down tablet manager...
I20260608 10:00:13.439947 12848 tablet_replica.cc:333] T 62615b13d96941caafecefaa1a31e945 P 1b4dea81337746a1aa4e74b56498e20c: stopping tablet replica
I20260608 10:00:13.440590 12848 raft_consensus.cc:2243] T 62615b13d96941caafecefaa1a31e945 P 1b4dea81337746a1aa4e74b56498e20c [term 1 LEADER]: Raft consensus shutting down.
I20260608 10:00:13.441085 12848 raft_consensus.cc:2272] T 62615b13d96941caafecefaa1a31e945 P 1b4dea81337746a1aa4e74b56498e20c [term 1 FOLLOWER]: Raft consensus is shut down!
I20260608 10:00:13.443848 12848 tablet_replica.cc:333] T 2110a7d9e6784b0092a96111a81445cd P 1b4dea81337746a1aa4e74b56498e20c: stopping tablet replica
I20260608 10:00:13.444406 12848 raft_consensus.cc:2243] T 2110a7d9e6784b0092a96111a81445cd P 1b4dea81337746a1aa4e74b56498e20c [term 1 LEADER]: Raft consensus shutting down.
I20260608 10:00:13.444818 12848 raft_consensus.cc:2272] T 2110a7d9e6784b0092a96111a81445cd P 1b4dea81337746a1aa4e74b56498e20c [term 1 FOLLOWER]: Raft consensus is shut down!
I20260608 10:00:13.594425 12848 tablet_server.cc:196] TabletServer@127.12.140.1:0 shutdown complete.
I20260608 10:00:13.604660 12848 tablet_server.cc:179] TabletServer@127.12.140.2:0 shutting down...
I20260608 10:00:13.621393 12848 ts_tablet_manager.cc:1507] Shutting down tablet manager...
I20260608 10:00:13.622243 12848 tablet_replica.cc:333] T cb55b6a0411f4deaab0c7c3fbc7aed01 P 65b9ac03870248c69c0ceb06b5417fbb: stopping tablet replica
I20260608 10:00:13.622910 12848 raft_consensus.cc:2243] T cb55b6a0411f4deaab0c7c3fbc7aed01 P 65b9ac03870248c69c0ceb06b5417fbb [term 1 LEADER]: Raft consensus shutting down.
I20260608 10:00:13.623450 12848 raft_consensus.cc:2272] T cb55b6a0411f4deaab0c7c3fbc7aed01 P 65b9ac03870248c69c0ceb06b5417fbb [term 1 FOLLOWER]: Raft consensus is shut down!
I20260608 10:00:13.632292 12848 tablet_server.cc:196] TabletServer@127.12.140.2:0 shutdown complete.
I20260608 10:00:13.640185 12848 tablet_server.cc:179] TabletServer@127.12.140.3:0 shutting down...
I20260608 10:00:13.656230 12848 ts_tablet_manager.cc:1507] Shutting down tablet manager...
I20260608 10:00:13.656972 12848 tablet_replica.cc:333] T 919a0ea091dc4fb5a1a68d6536114943 P abc4b8645dd645b287ea289cdd904dd3: stopping tablet replica
I20260608 10:00:13.657487 12848 raft_consensus.cc:2243] T 919a0ea091dc4fb5a1a68d6536114943 P abc4b8645dd645b287ea289cdd904dd3 [term 1 LEADER]: Raft consensus shutting down.
I20260608 10:00:13.657923 12848 raft_consensus.cc:2272] T 919a0ea091dc4fb5a1a68d6536114943 P abc4b8645dd645b287ea289cdd904dd3 [term 1 FOLLOWER]: Raft consensus is shut down!
I20260608 10:00:13.676539 12848 tablet_server.cc:196] TabletServer@127.12.140.3:0 shutdown complete.
I20260608 10:00:13.684588 12848 master.cc:562] Master@127.12.140.62:34199 shutting down...
I20260608 10:00:13.779893 12848 raft_consensus.cc:2243] T 00000000000000000000000000000000 P d8136beae46a4f01897b3d1e5a57d37b [term 1 FOLLOWER]: Raft consensus shutting down.
I20260608 10:00:13.780442 12848 raft_consensus.cc:2272] T 00000000000000000000000000000000 P d8136beae46a4f01897b3d1e5a57d37b [term 1 FOLLOWER]: Raft consensus is shut down!
I20260608 10:00:13.780874 12848 tablet_replica.cc:333] T 00000000000000000000000000000000 P d8136beae46a4f01897b3d1e5a57d37b: stopping tablet replica
W20260608 10:00:13.783512 12996 consensus_peers.cc:597] T 00000000000000000000000000000000 P e978d4aecc51473aa7d497d0644a6129 -> Peer d8136beae46a4f01897b3d1e5a57d37b (127.12.140.62:34199): Couldn't send request to peer d8136beae46a4f01897b3d1e5a57d37b. Status: Remote error: Service unavailable: service kudu.consensus.ConsensusService not registered on Master. This is attempt 1: this message will repeat every 5th retry.
I20260608 10:00:13.800822 12848 master.cc:584] Master@127.12.140.62:34199 shutdown complete.
I20260608 10:00:13.810961 12848 master.cc:562] Master@127.12.140.61:41683 shutting down...
W20260608 10:00:13.817798 12995 consensus_peers.cc:597] T 00000000000000000000000000000000 P e978d4aecc51473aa7d497d0644a6129 -> Peer aaab07bad17849809ec41e6c8f01f40e (127.12.140.61:41683): Couldn't send request to peer aaab07bad17849809ec41e6c8f01f40e. Status: Remote error: Service unavailable: service kudu.consensus.ConsensusService not registered on Master. This is attempt 1: this message will repeat every 5th retry.
I20260608 10:00:13.830205 12848 raft_consensus.cc:2243] T 00000000000000000000000000000000 P aaab07bad17849809ec41e6c8f01f40e [term 1 FOLLOWER]: Raft consensus shutting down.
I20260608 10:00:13.830775 12848 raft_consensus.cc:2272] T 00000000000000000000000000000000 P aaab07bad17849809ec41e6c8f01f40e [term 1 FOLLOWER]: Raft consensus is shut down!
I20260608 10:00:13.831112 12848 tablet_replica.cc:333] T 00000000000000000000000000000000 P aaab07bad17849809ec41e6c8f01f40e: stopping tablet replica
I20260608 10:00:13.864197 12848 master.cc:584] Master@127.12.140.61:41683 shutdown complete.
I20260608 10:00:13.876032 12848 master.cc:562] Master@127.12.140.60:45135 shutting down...
