Total corrupted LBM metadata records in RocksDB: 0 (0 repaired)
I20260608 10:01:35.121042  5820 rpc_server.cc:225] running with OpenSSL 1.1.1  11 Sep 2018
I20260608 10:01:35.122160  5820 kserver.cc:163] Server-wide thread pool size limit: 3276
I20260608 10:01:35.123517  5820 txn_system_client.cc:432] TxnSystemClient initialization is disabled...
I20260608 10:01:35.125797  5820 ts_tablet_manager.cc:585] Loaded tablet metadata (0 total tablets, 0 live tablets)
I20260608 10:01:35.125978  5820 ts_tablet_manager.cc:531] Time spent load tablet metadata: real 0.000s	user 0.000s	sys 0.000s
I20260608 10:01:35.126226  5820 ts_tablet_manager.cc:616] Registered 0 tablets
I20260608 10:01:35.126367  5820 ts_tablet_manager.cc:595] Time spent register tablets: real 0.000s	user 0.000s	sys 0.000s
I20260608 10:01:35.165304  5820 rpc_server.cc:307] RPC server started. Bound to: 127.5.175.2:46313
I20260608 10:01:35.165444  9648 acceptor_pool.cc:272] collecting diagnostics on the listening RPC socket 127.5.175.2:46313 every 8 connection(s)
I20260608 10:01:35.170081  5820 file_cache.cc:492] Constructed file cache file cache with capacity 419430
W20260608 10:01:35.178836  9652 instance_detector.cc:116] could not retrieve AWS instance metadata: Network error: curl error: HTTP response code said error: The requested URL returned error: 404
W20260608 10:01:35.178764  9653 instance_detector.cc:116] could not retrieve Azure instance metadata: Network error: curl error: HTTP response code said error: The requested URL returned error: 404
I20260608 10:01:35.179914  5820 server_base.cc:1061] running on GCE node
W20260608 10:01:35.180047  9655 instance_detector.cc:116] could not retrieve OpenStack instance metadata: Network error: curl error: HTTP response code said error: The requested URL returned error: 404
I20260608 10:01:35.181272  5820 hybrid_clock.cc:584] initializing the hybrid clock with 'system_unsync' time source
W20260608 10:01:35.181540  5820 system_unsync_time.cc:38] NTP support is disabled. Clock error bounds will not be accurate. This configuration is not suitable for distributed clusters.
I20260608 10:01:35.181747  5820 hybrid_clock.cc:648] HybridClock initialized: now 1780912895181727 us; error 0 us; skew 500 ppm
I20260608 10:01:35.182389  5820 server_base.cc:861] Flag tcmalloc_max_total_thread_cache_bytes is not working since tcmalloc is not enabled.
I20260608 10:01:35.183964  9649 heartbeater.cc:344] Connected to a master server at 127.5.175.62:38285
I20260608 10:01:35.184382  9649 heartbeater.cc:461] Registering TS with master...
I20260608 10:01:35.185220  5820 webserver.cc:533] Webserver started at http://127.5.175.3:41799/ using document root <none> and password file <none>
I20260608 10:01:35.185338  9649 heartbeater.cc:507] Master 127.5.175.62:38285 requested a full tablet report, sending...
I20260608 10:01:35.185963  5820 fs_manager.cc:362] Metadata directory not provided
I20260608 10:01:35.186236  5820 fs_manager.cc:368] Using write-ahead log directory (fs_wal_dir) as metadata directory
I20260608 10:01:35.186543  5820 server_base.cc:909] This appears to be a new deployment of Kudu; creating new FS layout
I20260608 10:01:35.187522  9447 ts_manager.cc:194] Registered new tserver with Master: d914130b6fac4fddb7f18adb802d3dd3 (127.5.175.2:46313)
I20260608 10:01:35.187656  5820 fs_manager.cc:1068] Generated new instance metadata in path /tmp/dist-test-taskqONi5q/test-tmp/auto_rebalancer-test.0.AutoRebalancerTest.NoReplicaMovesIfLocationLoadSkewedByOne.1780912807197691-5820-0/minicluster-data/ts-2-root/instance:
uuid: "fcb123ba5733405a97d168db383c4efb"
format_stamp: "Formatted at 2026-06-08 10:01:35 on dist-test-slave-3403"
I20260608 10:01:35.189059  9447 master_service.cc:502] Signed X509 certificate for tserver {username='slave'} at 127.0.0.1:36928
I20260608 10:01:35.192911  5820 fs_manager.cc:696] Time spent creating directory manager: real 0.005s	user 0.003s	sys 0.001s
I20260608 10:01:35.196332  9660 log_block_manager.cc:4031] Time spent loading block containers with low live blocks: real 0.000s	user 0.000s	sys 0.000s
I20260608 10:01:35.197186  5820 fs_manager.cc:730] Time spent opening block manager: real 0.002s	user 0.002s	sys 0.001s
I20260608 10:01:35.197469  5820 fs_manager.cc:647] Opened local filesystem: /tmp/dist-test-taskqONi5q/test-tmp/auto_rebalancer-test.0.AutoRebalancerTest.NoReplicaMovesIfLocationLoadSkewedByOne.1780912807197691-5820-0/minicluster-data/ts-2-root
uuid: "fcb123ba5733405a97d168db383c4efb"
format_stamp: "Formatted at 2026-06-08 10:01:35 on dist-test-slave-3403"
I20260608 10:01:35.197736  5820 fs_report.cc:389] FS layout report
--------------------
wal directory: /tmp/dist-test-taskqONi5q/test-tmp/auto_rebalancer-test.0.AutoRebalancerTest.NoReplicaMovesIfLocationLoadSkewedByOne.1780912807197691-5820-0/minicluster-data/ts-2-root
metadata directory: /tmp/dist-test-taskqONi5q/test-tmp/auto_rebalancer-test.0.AutoRebalancerTest.NoReplicaMovesIfLocationLoadSkewedByOne.1780912807197691-5820-0/minicluster-data/ts-2-root
1 data directories: /tmp/dist-test-taskqONi5q/test-tmp/auto_rebalancer-test.0.AutoRebalancerTest.NoReplicaMovesIfLocationLoadSkewedByOne.1780912807197691-5820-0/minicluster-data/ts-2-root/data
Total live blocks: 0
Total live bytes: 0
Total live bytes (after alignment): 0
Total number of LBM containers: 0 (0 full)
Did not check for missing blocks
Did not check for orphaned blocks
Total full LBM containers with extra space: 0 (0 repaired)
Total full LBM container extra space in bytes: 0 (0 repaired)
Total incomplete LBM containers: 0 (0 repaired)
Total LBM partial records: 0 (0 repaired)
Total corrupted LBM metadata records in RocksDB: 0 (0 repaired)
I20260608 10:01:35.211222  5820 rpc_server.cc:225] running with OpenSSL 1.1.1  11 Sep 2018
I20260608 10:01:35.212481  5820 kserver.cc:163] Server-wide thread pool size limit: 3276
I20260608 10:01:35.213904  5820 txn_system_client.cc:432] TxnSystemClient initialization is disabled...
I20260608 10:01:35.216172  5820 ts_tablet_manager.cc:585] Loaded tablet metadata (0 total tablets, 0 live tablets)
I20260608 10:01:35.216411  5820 ts_tablet_manager.cc:531] Time spent load tablet metadata: real 0.000s	user 0.000s	sys 0.000s
I20260608 10:01:35.216635  5820 ts_tablet_manager.cc:616] Registered 0 tablets
I20260608 10:01:35.216790  5820 ts_tablet_manager.cc:595] Time spent register tablets: real 0.000s	user 0.000s	sys 0.000s
I20260608 10:01:35.254113  5820 rpc_server.cc:307] RPC server started. Bound to: 127.5.175.3:45069
I20260608 10:01:35.254233  9722 acceptor_pool.cc:272] collecting diagnostics on the listening RPC socket 127.5.175.3:45069 every 8 connection(s)
I20260608 10:01:35.258831  5820 file_cache.cc:492] Constructed file cache file cache with capacity 419430
W20260608 10:01:35.266045  9726 instance_detector.cc:116] could not retrieve AWS instance metadata: Network error: curl error: HTTP response code said error: The requested URL returned error: 404
W20260608 10:01:35.267835  9727 instance_detector.cc:116] could not retrieve Azure instance metadata: Network error: curl error: HTTP response code said error: The requested URL returned error: 404
I20260608 10:01:35.269760  5820 server_base.cc:1061] running on GCE node
W20260608 10:01:35.270748  9730 instance_detector.cc:116] could not retrieve OpenStack instance metadata: Network error: curl error: HTTP response code said error: The requested URL returned error: 404
I20260608 10:01:35.271239  9723 heartbeater.cc:344] Connected to a master server at 127.5.175.62:38285
I20260608 10:01:35.271631  9723 heartbeater.cc:461] Registering TS with master...
I20260608 10:01:35.271687  5820 hybrid_clock.cc:584] initializing the hybrid clock with 'system_unsync' time source
W20260608 10:01:35.271968  5820 system_unsync_time.cc:38] NTP support is disabled. Clock error bounds will not be accurate. This configuration is not suitable for distributed clusters.
I20260608 10:01:35.272126  5820 hybrid_clock.cc:648] HybridClock initialized: now 1780912895272111 us; error 0 us; skew 500 ppm
I20260608 10:01:35.272527  9723 heartbeater.cc:507] Master 127.5.175.62:38285 requested a full tablet report, sending...
I20260608 10:01:35.272816  5820 server_base.cc:861] Flag tcmalloc_max_total_thread_cache_bytes is not working since tcmalloc is not enabled.
I20260608 10:01:35.274729  9447 ts_manager.cc:194] Registered new tserver with Master: fcb123ba5733405a97d168db383c4efb (127.5.175.3:45069)
I20260608 10:01:35.275436  5820 webserver.cc:533] Webserver started at http://127.5.175.4:34599/ using document root <none> and password file <none>
I20260608 10:01:35.275969  5820 fs_manager.cc:362] Metadata directory not provided
I20260608 10:01:35.276151  5820 fs_manager.cc:368] Using write-ahead log directory (fs_wal_dir) as metadata directory
I20260608 10:01:35.276273  9447 master_service.cc:502] Signed X509 certificate for tserver {username='slave'} at 127.0.0.1:36930
I20260608 10:01:35.276440  5820 server_base.cc:909] This appears to be a new deployment of Kudu; creating new FS layout
I20260608 10:01:35.277699  5820 fs_manager.cc:1068] Generated new instance metadata in path /tmp/dist-test-taskqONi5q/test-tmp/auto_rebalancer-test.0.AutoRebalancerTest.NoReplicaMovesIfLocationLoadSkewedByOne.1780912807197691-5820-0/minicluster-data/ts-3-root/instance:
uuid: "75cd87fdd8a948198cef6d941afccbb0"
format_stamp: "Formatted at 2026-06-08 10:01:35 on dist-test-slave-3403"
I20260608 10:01:35.282131  5820 fs_manager.cc:696] Time spent creating directory manager: real 0.004s	user 0.005s	sys 0.000s
I20260608 10:01:35.285351  9734 log_block_manager.cc:4031] Time spent loading block containers with low live blocks: real 0.000s	user 0.000s	sys 0.000s
I20260608 10:01:35.286109  5820 fs_manager.cc:730] Time spent opening block manager: real 0.002s	user 0.002s	sys 0.001s
I20260608 10:01:35.286375  5820 fs_manager.cc:647] Opened local filesystem: /tmp/dist-test-taskqONi5q/test-tmp/auto_rebalancer-test.0.AutoRebalancerTest.NoReplicaMovesIfLocationLoadSkewedByOne.1780912807197691-5820-0/minicluster-data/ts-3-root
uuid: "75cd87fdd8a948198cef6d941afccbb0"
format_stamp: "Formatted at 2026-06-08 10:01:35 on dist-test-slave-3403"
I20260608 10:01:35.286640  5820 fs_report.cc:389] FS layout report
--------------------
wal directory: /tmp/dist-test-taskqONi5q/test-tmp/auto_rebalancer-test.0.AutoRebalancerTest.NoReplicaMovesIfLocationLoadSkewedByOne.1780912807197691-5820-0/minicluster-data/ts-3-root
metadata directory: /tmp/dist-test-taskqONi5q/test-tmp/auto_rebalancer-test.0.AutoRebalancerTest.NoReplicaMovesIfLocationLoadSkewedByOne.1780912807197691-5820-0/minicluster-data/ts-3-root
1 data directories: /tmp/dist-test-taskqONi5q/test-tmp/auto_rebalancer-test.0.AutoRebalancerTest.NoReplicaMovesIfLocationLoadSkewedByOne.1780912807197691-5820-0/minicluster-data/ts-3-root/data
Total live blocks: 0
Total live bytes: 0
Total live bytes (after alignment): 0
Total number of LBM containers: 0 (0 full)
Did not check for missing blocks
Did not check for orphaned blocks
Total full LBM containers with extra space: 0 (0 repaired)
Total full LBM container extra space in bytes: 0 (0 repaired)
Total incomplete LBM containers: 0 (0 repaired)
Total LBM partial records: 0 (0 repaired)
Total corrupted LBM metadata records in RocksDB: 0 (0 repaired)
I20260608 10:01:35.299342  5820 rpc_server.cc:225] running with OpenSSL 1.1.1  11 Sep 2018
I20260608 10:01:35.300614  5820 kserver.cc:163] Server-wide thread pool size limit: 3276
I20260608 10:01:35.302038  5820 txn_system_client.cc:432] TxnSystemClient initialization is disabled...
I20260608 10:01:35.304605  5820 ts_tablet_manager.cc:585] Loaded tablet metadata (0 total tablets, 0 live tablets)
I20260608 10:01:35.304786  5820 ts_tablet_manager.cc:531] Time spent load tablet metadata: real 0.000s	user 0.000s	sys 0.000s
I20260608 10:01:35.305032  5820 ts_tablet_manager.cc:616] Registered 0 tablets
I20260608 10:01:35.305181  5820 ts_tablet_manager.cc:595] Time spent register tablets: real 0.000s	user 0.000s	sys 0.000s
I20260608 10:01:35.342526  5820 rpc_server.cc:307] RPC server started. Bound to: 127.5.175.4:44867
I20260608 10:01:35.342644  9796 acceptor_pool.cc:272] collecting diagnostics on the listening RPC socket 127.5.175.4:44867 every 8 connection(s)
I20260608 10:01:35.356065  9797 heartbeater.cc:344] Connected to a master server at 127.5.175.62:38285
I20260608 10:01:35.356505  9797 heartbeater.cc:461] Registering TS with master...
I20260608 10:01:35.357191  9797 heartbeater.cc:507] Master 127.5.175.62:38285 requested a full tablet report, sending...
I20260608 10:01:35.359042  9447 ts_manager.cc:194] Registered new tserver with Master: 75cd87fdd8a948198cef6d941afccbb0 (127.5.175.4:44867)
I20260608 10:01:35.360095  5820 internal_mini_cluster.cc:371] 4 TS(s) registered with all masters after 0.014527771s
I20260608 10:01:35.360553  9447 master_service.cc:502] Signed X509 certificate for tserver {username='slave'} at 127.0.0.1:36940
I20260608 10:01:36.100992  9574 heartbeater.cc:499] Master 127.5.175.62:38285 was elected leader, sending a full tablet report...
I20260608 10:01:36.191805  9649 heartbeater.cc:499] Master 127.5.175.62:38285 was elected leader, sending a full tablet report...
I20260608 10:01:36.278879  9723 heartbeater.cc:499] Master 127.5.175.62:38285 was elected leader, sending a full tablet report...
I20260608 10:01:36.363024  9797 heartbeater.cc:499] Master 127.5.175.62:38285 was elected leader, sending a full tablet report...
I20260608 10:01:36.424444  9447 catalog_manager.cc:2282] Servicing CreateTable request from {username='slave'} at 127.0.0.1:36960:
name: "test-workload"
schema {
  columns {
    name: "key"
    type: INT32
    is_key: true
    is_nullable: false
    encoding: AUTO_ENCODING
    compression: DEFAULT_COMPRESSION
    cfile_block_size: 0
    immutable: false
  }
  columns {
    name: "int_val"
    type: INT32
    is_key: false
    is_nullable: false
    encoding: AUTO_ENCODING
    compression: DEFAULT_COMPRESSION
    cfile_block_size: 0
    immutable: false
  }
  columns {
    name: "string_val"
    type: STRING
    is_key: false
    is_nullable: true
    encoding: AUTO_ENCODING
    compression: DEFAULT_COMPRESSION
    cfile_block_size: 0
    immutable: false
  }
}
num_replicas: 3
split_rows_range_bounds {
}
partition_schema {
  range_schema {
    columns {
      name: "key"
    }
  }
}
I20260608 10:01:36.467618  9539 tablet_service.cc:1511] Processing CreateTablet for tablet 54738d3508ff495f87a4e91f45eb50a8 (DEFAULT_TABLE table=test-workload [id=9376006a1bec426da5c39d8b722ccc70]), partition=RANGE (key) PARTITION UNBOUNDED
I20260608 10:01:36.469053  9539 data_dirs.cc:400] Could only allocate 1 dirs of requested 3 for tablet 54738d3508ff495f87a4e91f45eb50a8. 1 dirs total, 0 dirs full, 0 dirs failed
I20260608 10:01:36.473989  9614 tablet_service.cc:1511] Processing CreateTablet for tablet 54738d3508ff495f87a4e91f45eb50a8 (DEFAULT_TABLE table=test-workload [id=9376006a1bec426da5c39d8b722ccc70]), partition=RANGE (key) PARTITION UNBOUNDED
I20260608 10:01:36.475278  9614 data_dirs.cc:400] Could only allocate 1 dirs of requested 3 for tablet 54738d3508ff495f87a4e91f45eb50a8. 1 dirs total, 0 dirs full, 0 dirs failed
I20260608 10:01:36.476155  9762 tablet_service.cc:1511] Processing CreateTablet for tablet 54738d3508ff495f87a4e91f45eb50a8 (DEFAULT_TABLE table=test-workload [id=9376006a1bec426da5c39d8b722ccc70]), partition=RANGE (key) PARTITION UNBOUNDED
I20260608 10:01:36.477387  9762 data_dirs.cc:400] Could only allocate 1 dirs of requested 3 for tablet 54738d3508ff495f87a4e91f45eb50a8. 1 dirs total, 0 dirs full, 0 dirs failed
I20260608 10:01:36.488665  9818 tablet_bootstrap.cc:492] T 54738d3508ff495f87a4e91f45eb50a8 P ee0c1fa1c42d42c4bdc62472b92a9aad: Bootstrap starting.
I20260608 10:01:36.493275  9819 tablet_bootstrap.cc:492] T 54738d3508ff495f87a4e91f45eb50a8 P d914130b6fac4fddb7f18adb802d3dd3: Bootstrap starting.
I20260608 10:01:36.496999  9818 tablet_bootstrap.cc:654] T 54738d3508ff495f87a4e91f45eb50a8 P ee0c1fa1c42d42c4bdc62472b92a9aad: Neither blocks nor log segments found. Creating new log.
I20260608 10:01:36.497154  9820 tablet_bootstrap.cc:492] T 54738d3508ff495f87a4e91f45eb50a8 P 75cd87fdd8a948198cef6d941afccbb0: Bootstrap starting.
I20260608 10:01:36.500083  9819 tablet_bootstrap.cc:654] T 54738d3508ff495f87a4e91f45eb50a8 P d914130b6fac4fddb7f18adb802d3dd3: Neither blocks nor log segments found. Creating new log.
I20260608 10:01:36.501645  9818 tablet_bootstrap.cc:492] T 54738d3508ff495f87a4e91f45eb50a8 P ee0c1fa1c42d42c4bdc62472b92a9aad: No bootstrap required, opened a new log
I20260608 10:01:36.502043  9818 ts_tablet_manager.cc:1403] T 54738d3508ff495f87a4e91f45eb50a8 P ee0c1fa1c42d42c4bdc62472b92a9aad: Time spent bootstrapping tablet: real 0.014s	user 0.003s	sys 0.008s
I20260608 10:01:36.504001  9820 tablet_bootstrap.cc:654] T 54738d3508ff495f87a4e91f45eb50a8 P 75cd87fdd8a948198cef6d941afccbb0: Neither blocks nor log segments found. Creating new log.
I20260608 10:01:36.504721  9818 raft_consensus.cc:359] T 54738d3508ff495f87a4e91f45eb50a8 P ee0c1fa1c42d42c4bdc62472b92a9aad [term 0 FOLLOWER]: Replica starting. Triggering 0 pending ops. Active config: opid_index: -1 OBSOLETE_local: false peers { permanent_uuid: "ee0c1fa1c42d42c4bdc62472b92a9aad" member_type: VOTER last_known_addr { host: "127.5.175.1" port: 43325 } } peers { permanent_uuid: "75cd87fdd8a948198cef6d941afccbb0" member_type: VOTER last_known_addr { host: "127.5.175.4" port: 44867 } } peers { permanent_uuid: "d914130b6fac4fddb7f18adb802d3dd3" member_type: VOTER last_known_addr { host: "127.5.175.2" port: 46313 } }
I20260608 10:01:36.505563  9818 raft_consensus.cc:385] T 54738d3508ff495f87a4e91f45eb50a8 P ee0c1fa1c42d42c4bdc62472b92a9aad [term 0 FOLLOWER]: Consensus starting up: Expiring failure detector timer to make a prompt election more likely
I20260608 10:01:36.505631  9819 tablet_bootstrap.cc:492] T 54738d3508ff495f87a4e91f45eb50a8 P d914130b6fac4fddb7f18adb802d3dd3: No bootstrap required, opened a new log
I20260608 10:01:36.505976  9818 raft_consensus.cc:740] T 54738d3508ff495f87a4e91f45eb50a8 P ee0c1fa1c42d42c4bdc62472b92a9aad [term 0 FOLLOWER]: Becoming Follower/Learner. State: Replica: ee0c1fa1c42d42c4bdc62472b92a9aad, State: Initialized, Role: FOLLOWER
I20260608 10:01:36.506345  9819 ts_tablet_manager.cc:1403] T 54738d3508ff495f87a4e91f45eb50a8 P d914130b6fac4fddb7f18adb802d3dd3: Time spent bootstrapping tablet: real 0.013s	user 0.006s	sys 0.007s
I20260608 10:01:36.506891  9818 consensus_queue.cc:260] T 54738d3508ff495f87a4e91f45eb50a8 P ee0c1fa1c42d42c4bdc62472b92a9aad [NON_LEADER]: Queue going to NON_LEADER mode. State: All replicated index: 0, Majority replicated index: 0, Committed index: 0, Last appended: 0.0, Last appended by leader: 0, Current term: 0, Majority size: -1, State: 0, Mode: NON_LEADER, active raft config: opid_index: -1 OBSOLETE_local: false peers { permanent_uuid: "ee0c1fa1c42d42c4bdc62472b92a9aad" member_type: VOTER last_known_addr { host: "127.5.175.1" port: 43325 } } peers { permanent_uuid: "75cd87fdd8a948198cef6d941afccbb0" member_type: VOTER last_known_addr { host: "127.5.175.4" port: 44867 } } peers { permanent_uuid: "d914130b6fac4fddb7f18adb802d3dd3" member_type: VOTER last_known_addr { host: "127.5.175.2" port: 46313 } }
I20260608 10:01:36.509606  9818 ts_tablet_manager.cc:1434] T 54738d3508ff495f87a4e91f45eb50a8 P ee0c1fa1c42d42c4bdc62472b92a9aad: Time spent starting tablet: real 0.007s	user 0.005s	sys 0.003s
I20260608 10:01:36.509367  9819 raft_consensus.cc:359] T 54738d3508ff495f87a4e91f45eb50a8 P d914130b6fac4fddb7f18adb802d3dd3 [term 0 FOLLOWER]: Replica starting. Triggering 0 pending ops. Active config: opid_index: -1 OBSOLETE_local: false peers { permanent_uuid: "ee0c1fa1c42d42c4bdc62472b92a9aad" member_type: VOTER last_known_addr { host: "127.5.175.1" port: 43325 } } peers { permanent_uuid: "75cd87fdd8a948198cef6d941afccbb0" member_type: VOTER last_known_addr { host: "127.5.175.4" port: 44867 } } peers { permanent_uuid: "d914130b6fac4fddb7f18adb802d3dd3" member_type: VOTER last_known_addr { host: "127.5.175.2" port: 46313 } }
I20260608 10:01:36.510175  9819 raft_consensus.cc:385] T 54738d3508ff495f87a4e91f45eb50a8 P d914130b6fac4fddb7f18adb802d3dd3 [term 0 FOLLOWER]: Consensus starting up: Expiring failure detector timer to make a prompt election more likely
I20260608 10:01:36.510510  9819 raft_consensus.cc:740] T 54738d3508ff495f87a4e91f45eb50a8 P d914130b6fac4fddb7f18adb802d3dd3 [term 0 FOLLOWER]: Becoming Follower/Learner. State: Replica: d914130b6fac4fddb7f18adb802d3dd3, State: Initialized, Role: FOLLOWER
I20260608 10:01:36.511330  9819 consensus_queue.cc:260] T 54738d3508ff495f87a4e91f45eb50a8 P d914130b6fac4fddb7f18adb802d3dd3 [NON_LEADER]: Queue going to NON_LEADER mode. State: All replicated index: 0, Majority replicated index: 0, Committed index: 0, Last appended: 0.0, Last appended by leader: 0, Current term: 0, Majority size: -1, State: 0, Mode: NON_LEADER, active raft config: opid_index: -1 OBSOLETE_local: false peers { permanent_uuid: "ee0c1fa1c42d42c4bdc62472b92a9aad" member_type: VOTER last_known_addr { host: "127.5.175.1" port: 43325 } } peers { permanent_uuid: "75cd87fdd8a948198cef6d941afccbb0" member_type: VOTER last_known_addr { host: "127.5.175.4" port: 44867 } } peers { permanent_uuid: "d914130b6fac4fddb7f18adb802d3dd3" member_type: VOTER last_known_addr { host: "127.5.175.2" port: 46313 } }
I20260608 10:01:36.513301  9820 tablet_bootstrap.cc:492] T 54738d3508ff495f87a4e91f45eb50a8 P 75cd87fdd8a948198cef6d941afccbb0: No bootstrap required, opened a new log
I20260608 10:01:36.513759  9820 ts_tablet_manager.cc:1403] T 54738d3508ff495f87a4e91f45eb50a8 P 75cd87fdd8a948198cef6d941afccbb0: Time spent bootstrapping tablet: real 0.017s	user 0.005s	sys 0.010s
I20260608 10:01:36.514055  9819 ts_tablet_manager.cc:1434] T 54738d3508ff495f87a4e91f45eb50a8 P d914130b6fac4fddb7f18adb802d3dd3: Time spent starting tablet: real 0.007s	user 0.004s	sys 0.003s
I20260608 10:01:36.516611  9820 raft_consensus.cc:359] T 54738d3508ff495f87a4e91f45eb50a8 P 75cd87fdd8a948198cef6d941afccbb0 [term 0 FOLLOWER]: Replica starting. Triggering 0 pending ops. Active config: opid_index: -1 OBSOLETE_local: false peers { permanent_uuid: "ee0c1fa1c42d42c4bdc62472b92a9aad" member_type: VOTER last_known_addr { host: "127.5.175.1" port: 43325 } } peers { permanent_uuid: "75cd87fdd8a948198cef6d941afccbb0" member_type: VOTER last_known_addr { host: "127.5.175.4" port: 44867 } } peers { permanent_uuid: "d914130b6fac4fddb7f18adb802d3dd3" member_type: VOTER last_known_addr { host: "127.5.175.2" port: 46313 } }
I20260608 10:01:36.519353  9820 raft_consensus.cc:385] T 54738d3508ff495f87a4e91f45eb50a8 P 75cd87fdd8a948198cef6d941afccbb0 [term 0 FOLLOWER]: Consensus starting up: Expiring failure detector timer to make a prompt election more likely
I20260608 10:01:36.519661  9820 raft_consensus.cc:740] T 54738d3508ff495f87a4e91f45eb50a8 P 75cd87fdd8a948198cef6d941afccbb0 [term 0 FOLLOWER]: Becoming Follower/Learner. State: Replica: 75cd87fdd8a948198cef6d941afccbb0, State: Initialized, Role: FOLLOWER
I20260608 10:01:36.520547  9820 consensus_queue.cc:260] T 54738d3508ff495f87a4e91f45eb50a8 P 75cd87fdd8a948198cef6d941afccbb0 [NON_LEADER]: Queue going to NON_LEADER mode. State: All replicated index: 0, Majority replicated index: 0, Committed index: 0, Last appended: 0.0, Last appended by leader: 0, Current term: 0, Majority size: -1, State: 0, Mode: NON_LEADER, active raft config: opid_index: -1 OBSOLETE_local: false peers { permanent_uuid: "ee0c1fa1c42d42c4bdc62472b92a9aad" member_type: VOTER last_known_addr { host: "127.5.175.1" port: 43325 } } peers { permanent_uuid: "75cd87fdd8a948198cef6d941afccbb0" member_type: VOTER last_known_addr { host: "127.5.175.4" port: 44867 } } peers { permanent_uuid: "d914130b6fac4fddb7f18adb802d3dd3" member_type: VOTER last_known_addr { host: "127.5.175.2" port: 46313 } }
I20260608 10:01:36.522876  9820 ts_tablet_manager.cc:1434] T 54738d3508ff495f87a4e91f45eb50a8 P 75cd87fdd8a948198cef6d941afccbb0: Time spent starting tablet: real 0.009s	user 0.008s	sys 0.000s
I20260608 10:01:36.560055  9825 raft_consensus.cc:493] T 54738d3508ff495f87a4e91f45eb50a8 P d914130b6fac4fddb7f18adb802d3dd3 [term 0 FOLLOWER]: Starting pre-election (no leader contacted us within the election timeout)
I20260608 10:01:36.560516  9825 raft_consensus.cc:515] T 54738d3508ff495f87a4e91f45eb50a8 P d914130b6fac4fddb7f18adb802d3dd3 [term 0 FOLLOWER]: Starting pre-election with config: opid_index: -1 OBSOLETE_local: false peers { permanent_uuid: "ee0c1fa1c42d42c4bdc62472b92a9aad" member_type: VOTER last_known_addr { host: "127.5.175.1" port: 43325 } } peers { permanent_uuid: "75cd87fdd8a948198cef6d941afccbb0" member_type: VOTER last_known_addr { host: "127.5.175.4" port: 44867 } } peers { permanent_uuid: "d914130b6fac4fddb7f18adb802d3dd3" member_type: VOTER last_known_addr { host: "127.5.175.2" port: 46313 } }
I20260608 10:01:36.562714  9825 leader_election.cc:290] T 54738d3508ff495f87a4e91f45eb50a8 P d914130b6fac4fddb7f18adb802d3dd3 [CANDIDATE]: Term 1 pre-election: Requested pre-vote from peers ee0c1fa1c42d42c4bdc62472b92a9aad (127.5.175.1:43325), 75cd87fdd8a948198cef6d941afccbb0 (127.5.175.4:44867)
I20260608 10:01:36.573767  9772 tablet_service.cc:1917] Received RequestConsensusVote() RPC: tablet_id: "54738d3508ff495f87a4e91f45eb50a8" candidate_uuid: "d914130b6fac4fddb7f18adb802d3dd3" candidate_term: 1 candidate_status { last_received { term: 0 index: 0 } } ignore_live_leader: false dest_uuid: "75cd87fdd8a948198cef6d941afccbb0" is_pre_election: true
I20260608 10:01:36.574080  9549 tablet_service.cc:1917] Received RequestConsensusVote() RPC: tablet_id: "54738d3508ff495f87a4e91f45eb50a8" candidate_uuid: "d914130b6fac4fddb7f18adb802d3dd3" candidate_term: 1 candidate_status { last_received { term: 0 index: 0 } } ignore_live_leader: false dest_uuid: "ee0c1fa1c42d42c4bdc62472b92a9aad" is_pre_election: true
I20260608 10:01:36.574366  9772 raft_consensus.cc:2468] T 54738d3508ff495f87a4e91f45eb50a8 P 75cd87fdd8a948198cef6d941afccbb0 [term 0 FOLLOWER]: Leader pre-election vote request: Granting yes vote for candidate d914130b6fac4fddb7f18adb802d3dd3 in term 0.
I20260608 10:01:36.574682  9549 raft_consensus.cc:2468] T 54738d3508ff495f87a4e91f45eb50a8 P ee0c1fa1c42d42c4bdc62472b92a9aad [term 0 FOLLOWER]: Leader pre-election vote request: Granting yes vote for candidate d914130b6fac4fddb7f18adb802d3dd3 in term 0.
I20260608 10:01:36.575495  9587 leader_election.cc:304] T 54738d3508ff495f87a4e91f45eb50a8 P d914130b6fac4fddb7f18adb802d3dd3 [CANDIDATE]: Term 1 pre-election: Election decided. Result: candidate won. Election summary: received 2 responses out of 3 voters: 2 yes votes; 0 no votes. yes voters: 75cd87fdd8a948198cef6d941afccbb0, d914130b6fac4fddb7f18adb802d3dd3; no voters: 
I20260608 10:01:36.576138  9825 raft_consensus.cc:2804] T 54738d3508ff495f87a4e91f45eb50a8 P d914130b6fac4fddb7f18adb802d3dd3 [term 0 FOLLOWER]: Leader pre-election won for term 1
I20260608 10:01:36.576480  9825 raft_consensus.cc:493] T 54738d3508ff495f87a4e91f45eb50a8 P d914130b6fac4fddb7f18adb802d3dd3 [term 0 FOLLOWER]: Starting leader election (no leader contacted us within the election timeout)
I20260608 10:01:36.576701  9825 raft_consensus.cc:3060] T 54738d3508ff495f87a4e91f45eb50a8 P d914130b6fac4fddb7f18adb802d3dd3 [term 0 FOLLOWER]: Advancing to term 1
I20260608 10:01:36.581233  9825 raft_consensus.cc:515] T 54738d3508ff495f87a4e91f45eb50a8 P d914130b6fac4fddb7f18adb802d3dd3 [term 1 FOLLOWER]: Starting leader election with config: opid_index: -1 OBSOLETE_local: false peers { permanent_uuid: "ee0c1fa1c42d42c4bdc62472b92a9aad" member_type: VOTER last_known_addr { host: "127.5.175.1" port: 43325 } } peers { permanent_uuid: "75cd87fdd8a948198cef6d941afccbb0" member_type: VOTER last_known_addr { host: "127.5.175.4" port: 44867 } } peers { permanent_uuid: "d914130b6fac4fddb7f18adb802d3dd3" member_type: VOTER last_known_addr { host: "127.5.175.2" port: 46313 } }
I20260608 10:01:36.582731  9825 leader_election.cc:290] T 54738d3508ff495f87a4e91f45eb50a8 P d914130b6fac4fddb7f18adb802d3dd3 [CANDIDATE]: Term 1 election: Requested vote from peers ee0c1fa1c42d42c4bdc62472b92a9aad (127.5.175.1:43325), 75cd87fdd8a948198cef6d941afccbb0 (127.5.175.4:44867)
I20260608 10:01:36.583508  9549 tablet_service.cc:1917] Received RequestConsensusVote() RPC: tablet_id: "54738d3508ff495f87a4e91f45eb50a8" candidate_uuid: "d914130b6fac4fddb7f18adb802d3dd3" candidate_term: 1 candidate_status { last_received { term: 0 index: 0 } } ignore_live_leader: false dest_uuid: "ee0c1fa1c42d42c4bdc62472b92a9aad"
I20260608 10:01:36.583837  9772 tablet_service.cc:1917] Received RequestConsensusVote() RPC: tablet_id: "54738d3508ff495f87a4e91f45eb50a8" candidate_uuid: "d914130b6fac4fddb7f18adb802d3dd3" candidate_term: 1 candidate_status { last_received { term: 0 index: 0 } } ignore_live_leader: false dest_uuid: "75cd87fdd8a948198cef6d941afccbb0"
I20260608 10:01:36.584014  9549 raft_consensus.cc:3060] T 54738d3508ff495f87a4e91f45eb50a8 P ee0c1fa1c42d42c4bdc62472b92a9aad [term 0 FOLLOWER]: Advancing to term 1
I20260608 10:01:36.584323  9772 raft_consensus.cc:3060] T 54738d3508ff495f87a4e91f45eb50a8 P 75cd87fdd8a948198cef6d941afccbb0 [term 0 FOLLOWER]: Advancing to term 1
I20260608 10:01:36.588861  9549 raft_consensus.cc:2468] T 54738d3508ff495f87a4e91f45eb50a8 P ee0c1fa1c42d42c4bdc62472b92a9aad [term 1 FOLLOWER]: Leader election vote request: Granting yes vote for candidate d914130b6fac4fddb7f18adb802d3dd3 in term 1.
I20260608 10:01:36.588979  9772 raft_consensus.cc:2468] T 54738d3508ff495f87a4e91f45eb50a8 P 75cd87fdd8a948198cef6d941afccbb0 [term 1 FOLLOWER]: Leader election vote request: Granting yes vote for candidate d914130b6fac4fddb7f18adb802d3dd3 in term 1.
I20260608 10:01:36.589905  9590 leader_election.cc:304] T 54738d3508ff495f87a4e91f45eb50a8 P d914130b6fac4fddb7f18adb802d3dd3 [CANDIDATE]: Term 1 election: Election decided. Result: candidate won. Election summary: received 2 responses out of 3 voters: 2 yes votes; 0 no votes. yes voters: d914130b6fac4fddb7f18adb802d3dd3, ee0c1fa1c42d42c4bdc62472b92a9aad; no voters: 
I20260608 10:01:36.590548  9825 raft_consensus.cc:2804] T 54738d3508ff495f87a4e91f45eb50a8 P d914130b6fac4fddb7f18adb802d3dd3 [term 1 FOLLOWER]: Leader election won for term 1
I20260608 10:01:36.591585  9825 raft_consensus.cc:697] T 54738d3508ff495f87a4e91f45eb50a8 P d914130b6fac4fddb7f18adb802d3dd3 [term 1 LEADER]: Becoming Leader. State: Replica: d914130b6fac4fddb7f18adb802d3dd3, State: Running, Role: LEADER
I20260608 10:01:36.592392  9825 consensus_queue.cc:237] T 54738d3508ff495f87a4e91f45eb50a8 P d914130b6fac4fddb7f18adb802d3dd3 [LEADER]: Queue going to LEADER mode. State: All replicated index: 0, Majority replicated index: 0, Committed index: 0, Last appended: 0.0, Last appended by leader: 0, Current term: 1, Majority size: 2, State: 0, Mode: LEADER, active raft config: opid_index: -1 OBSOLETE_local: false peers { permanent_uuid: "ee0c1fa1c42d42c4bdc62472b92a9aad" member_type: VOTER last_known_addr { host: "127.5.175.1" port: 43325 } } peers { permanent_uuid: "75cd87fdd8a948198cef6d941afccbb0" member_type: VOTER last_known_addr { host: "127.5.175.4" port: 44867 } } peers { permanent_uuid: "d914130b6fac4fddb7f18adb802d3dd3" member_type: VOTER last_known_addr { host: "127.5.175.2" port: 46313 } }
I20260608 10:01:36.599299  9445 catalog_manager.cc:5696] T 54738d3508ff495f87a4e91f45eb50a8 P d914130b6fac4fddb7f18adb802d3dd3 reported cstate change: term changed from 0 to 1, leader changed from <none> to d914130b6fac4fddb7f18adb802d3dd3 (127.5.175.2). New cstate: current_term: 1 leader_uuid: "d914130b6fac4fddb7f18adb802d3dd3" committed_config { opid_index: -1 OBSOLETE_local: false peers { permanent_uuid: "ee0c1fa1c42d42c4bdc62472b92a9aad" member_type: VOTER last_known_addr { host: "127.5.175.1" port: 43325 } health_report { overall_health: UNKNOWN } } peers { permanent_uuid: "75cd87fdd8a948198cef6d941afccbb0" member_type: VOTER last_known_addr { host: "127.5.175.4" port: 44867 } health_report { overall_health: UNKNOWN } } peers { permanent_uuid: "d914130b6fac4fddb7f18adb802d3dd3" member_type: VOTER last_known_addr { host: "127.5.175.2" port: 46313 } health_report { overall_health: HEALTHY } } }
I20260608 10:01:36.892782  9500 auto_leader_rebalancer.cc:140] leader rebalance for table test-workload
I20260608 10:01:36.894721  9500 auto_leader_rebalancer.cc:388] table: test-workload, leader rebalance finish, leader transfer count: 0
I20260608 10:01:36.895143  9500 auto_leader_rebalancer.cc:451] All tables' leader rebalancing finished this round
I20260608 10:01:37.017789  9825 consensus_queue.cc:1048] T 54738d3508ff495f87a4e91f45eb50a8 P d914130b6fac4fddb7f18adb802d3dd3 [LEADER]: Connected to new peer: Peer: permanent_uuid: "75cd87fdd8a948198cef6d941afccbb0" member_type: VOTER last_known_addr { host: "127.5.175.4" port: 44867 }, Status: LMP_MISMATCH, Last received: 0.0, Next index: 1, Last known committed idx: 0, Time since last communication: 0.000s
I20260608 10:01:37.029321  9825 consensus_queue.cc:1048] T 54738d3508ff495f87a4e91f45eb50a8 P d914130b6fac4fddb7f18adb802d3dd3 [LEADER]: Connected to new peer: Peer: permanent_uuid: "ee0c1fa1c42d42c4bdc62472b92a9aad" member_type: VOTER last_known_addr { host: "127.5.175.1" port: 43325 }, Status: LMP_MISMATCH, Last received: 0.0, Next index: 1, Last known committed idx: 0, Time since last communication: 0.000s
I20260608 10:01:38.896354  9500 auto_leader_rebalancer.cc:140] leader rebalance for table test-workload
I20260608 10:01:38.897977  9500 auto_leader_rebalancer.cc:388] table: test-workload, leader rebalance finish, leader transfer count: 0
I20260608 10:01:38.898247  9500 auto_leader_rebalancer.cc:451] All tables' leader rebalancing finished this round
I20260608 10:01:40.899294  9500 auto_leader_rebalancer.cc:140] leader rebalance for table test-workload
I20260608 10:01:40.900779  9500 auto_leader_rebalancer.cc:388] table: test-workload, leader rebalance finish, leader transfer count: 0
I20260608 10:01:40.901141  9500 auto_leader_rebalancer.cc:451] All tables' leader rebalancing finished this round
I20260608 10:01:42.901934  9500 auto_leader_rebalancer.cc:140] leader rebalance for table test-workload
I20260608 10:01:42.903167  9500 auto_leader_rebalancer.cc:388] table: test-workload, leader rebalance finish, leader transfer count: 0
I20260608 10:01:42.903421  9500 auto_leader_rebalancer.cc:451] All tables' leader rebalancing finished this round
I20260608 10:01:44.904314  9500 auto_leader_rebalancer.cc:140] leader rebalance for table test-workload
I20260608 10:01:44.905628  9500 auto_leader_rebalancer.cc:388] table: test-workload, leader rebalance finish, leader transfer count: 0
I20260608 10:01:44.905907  9500 auto_leader_rebalancer.cc:451] All tables' leader rebalancing finished this round
I20260608 10:01:46.906807  9500 auto_leader_rebalancer.cc:140] leader rebalance for table test-workload
I20260608 10:01:46.908074  9500 auto_leader_rebalancer.cc:388] table: test-workload, leader rebalance finish, leader transfer count: 0
I20260608 10:01:46.908349  9500 auto_leader_rebalancer.cc:451] All tables' leader rebalancing finished this round
I20260608 10:01:47.689507  5820 tablet_server.cc:179] TabletServer@127.5.175.1:0 shutting down...
I20260608 10:01:47.713393  5820 ts_tablet_manager.cc:1507] Shutting down tablet manager...
I20260608 10:01:47.714107  5820 tablet_replica.cc:333] T 54738d3508ff495f87a4e91f45eb50a8 P ee0c1fa1c42d42c4bdc62472b92a9aad: stopping tablet replica
I20260608 10:01:47.714651  5820 raft_consensus.cc:2243] T 54738d3508ff495f87a4e91f45eb50a8 P ee0c1fa1c42d42c4bdc62472b92a9aad [term 1 FOLLOWER]: Raft consensus shutting down.
I20260608 10:01:47.715195  5820 raft_consensus.cc:2272] T 54738d3508ff495f87a4e91f45eb50a8 P ee0c1fa1c42d42c4bdc62472b92a9aad [term 1 FOLLOWER]: Raft consensus is shut down!
I20260608 10:01:47.735726  5820 tablet_server.cc:196] TabletServer@127.5.175.1:0 shutdown complete.
I20260608 10:01:47.749938  5820 tablet_server.cc:179] TabletServer@127.5.175.2:0 shutting down...
I20260608 10:01:47.769243  5820 ts_tablet_manager.cc:1507] Shutting down tablet manager...
I20260608 10:01:47.769905  5820 tablet_replica.cc:333] T 54738d3508ff495f87a4e91f45eb50a8 P d914130b6fac4fddb7f18adb802d3dd3: stopping tablet replica
I20260608 10:01:47.770435  5820 raft_consensus.cc:2243] T 54738d3508ff495f87a4e91f45eb50a8 P d914130b6fac4fddb7f18adb802d3dd3 [term 1 LEADER]: Raft consensus shutting down.
I20260608 10:01:47.771320  5820 raft_consensus.cc:2272] T 54738d3508ff495f87a4e91f45eb50a8 P d914130b6fac4fddb7f18adb802d3dd3 [term 1 FOLLOWER]: Raft consensus is shut down!
I20260608 10:01:47.790217  5820 tablet_server.cc:196] TabletServer@127.5.175.2:0 shutdown complete.
I20260608 10:01:47.800794  5820 tablet_server.cc:179] TabletServer@127.5.175.3:0 shutting down...
I20260608 10:01:47.820439  5820 ts_tablet_manager.cc:1507] Shutting down tablet manager...
I20260608 10:01:47.836026  5820 tablet_server.cc:196] TabletServer@127.5.175.3:0 shutdown complete.
I20260608 10:01:47.845439  5820 tablet_server.cc:179] TabletServer@127.5.175.4:0 shutting down...
I20260608 10:01:47.865053  5820 ts_tablet_manager.cc:1507] Shutting down tablet manager...
I20260608 10:01:47.865674  5820 tablet_replica.cc:333] T 54738d3508ff495f87a4e91f45eb50a8 P 75cd87fdd8a948198cef6d941afccbb0: stopping tablet replica
I20260608 10:01:47.866143  5820 raft_consensus.cc:2243] T 54738d3508ff495f87a4e91f45eb50a8 P 75cd87fdd8a948198cef6d941afccbb0 [term 1 FOLLOWER]: Raft consensus shutting down.
I20260608 10:01:47.866614  5820 raft_consensus.cc:2272] T 54738d3508ff495f87a4e91f45eb50a8 P 75cd87fdd8a948198cef6d941afccbb0 [term 1 FOLLOWER]: Raft consensus is shut down!
I20260608 10:01:47.885174  5820 tablet_server.cc:196] TabletServer@127.5.175.4:0 shutdown complete.
I20260608 10:01:47.895591  5820 master.cc:562] Master@127.5.175.62:38285 shutting down...
I20260608 10:01:47.916370  5820 raft_consensus.cc:2243] T 00000000000000000000000000000000 P ebe411eee9094ccababb44c68b1be713 [term 1 LEADER]: Raft consensus shutting down.
I20260608 10:01:47.917025  5820 raft_consensus.cc:2272] T 00000000000000000000000000000000 P ebe411eee9094ccababb44c68b1be713 [term 1 FOLLOWER]: Raft consensus is shut down!
I20260608 10:01:47.917315  5820 tablet_replica.cc:333] T 00000000000000000000000000000000 P ebe411eee9094ccababb44c68b1be713: stopping tablet replica
I20260608 10:01:47.935675  5820 master.cc:584] Master@127.5.175.62:38285 shutdown complete.
[       OK ] AutoRebalancerTest.NoReplicaMovesIfLocationLoadSkewedByOne (13216 ms)
[ RUN      ] AutoRebalancerTest.NoReplicaMovesIfCannotFixPlacementPolicy
I20260608 10:01:47.969604  5820 internal_mini_cluster.cc:156] Creating distributed mini masters. Addrs: 127.5.175.62:46073
I20260608 10:01:47.970808  5820 file_cache.cc:492] Constructed file cache file cache with capacity 419430
W20260608 10:01:47.976115  9839 instance_detector.cc:116] could not retrieve AWS instance metadata: Network error: curl error: HTTP response code said error: The requested URL returned error: 404
W20260608 10:01:47.977255  9840 instance_detector.cc:116] could not retrieve Azure instance metadata: Network error: curl error: HTTP response code said error: The requested URL returned error: 404
W20260608 10:01:47.977483  9842 instance_detector.cc:116] could not retrieve OpenStack instance metadata: Network error: curl error: HTTP response code said error: The requested URL returned error: 404
I20260608 10:01:47.977880  5820 server_base.cc:1061] running on GCE node
I20260608 10:01:47.978803  5820 hybrid_clock.cc:584] initializing the hybrid clock with 'system_unsync' time source
W20260608 10:01:47.978992  5820 system_unsync_time.cc:38] NTP support is disabled. Clock error bounds will not be accurate. This configuration is not suitable for distributed clusters.
I20260608 10:01:47.979153  5820 hybrid_clock.cc:648] HybridClock initialized: now 1780912907979137 us; error 0 us; skew 500 ppm
I20260608 10:01:47.979740  5820 server_base.cc:861] Flag tcmalloc_max_total_thread_cache_bytes is not working since tcmalloc is not enabled.
I20260608 10:01:47.982132  5820 webserver.cc:533] Webserver started at http://127.5.175.62:37229/ using document root <none> and password file <none>
I20260608 10:01:47.982643  5820 fs_manager.cc:362] Metadata directory not provided
I20260608 10:01:47.982822  5820 fs_manager.cc:368] Using write-ahead log directory (fs_wal_dir) as metadata directory
I20260608 10:01:47.983090  5820 server_base.cc:909] This appears to be a new deployment of Kudu; creating new FS layout
I20260608 10:01:47.984232  5820 fs_manager.cc:1068] Generated new instance metadata in path /tmp/dist-test-taskqONi5q/test-tmp/auto_rebalancer-test.0.AutoRebalancerTest.NoReplicaMovesIfCannotFixPlacementPolicy.1780912807197691-5820-0/minicluster-data/master-0-root/instance:
uuid: "6de794c157584eeb90e96d4c59b43f50"
format_stamp: "Formatted at 2026-06-08 10:01:47 on dist-test-slave-3403"
I20260608 10:01:47.988572  5820 fs_manager.cc:696] Time spent creating directory manager: real 0.004s	user 0.003s	sys 0.001s
I20260608 10:01:47.991837  9847 log_block_manager.cc:4031] Time spent loading block containers with low live blocks: real 0.000s	user 0.000s	sys 0.000s
I20260608 10:01:47.992563  5820 fs_manager.cc:730] Time spent opening block manager: real 0.002s	user 0.002s	sys 0.001s
I20260608 10:01:47.992817  5820 fs_manager.cc:647] Opened local filesystem: /tmp/dist-test-taskqONi5q/test-tmp/auto_rebalancer-test.0.AutoRebalancerTest.NoReplicaMovesIfCannotFixPlacementPolicy.1780912807197691-5820-0/minicluster-data/master-0-root
uuid: "6de794c157584eeb90e96d4c59b43f50"
format_stamp: "Formatted at 2026-06-08 10:01:47 on dist-test-slave-3403"
I20260608 10:01:47.993072  5820 fs_report.cc:389] FS layout report
--------------------
wal directory: /tmp/dist-test-taskqONi5q/test-tmp/auto_rebalancer-test.0.AutoRebalancerTest.NoReplicaMovesIfCannotFixPlacementPolicy.1780912807197691-5820-0/minicluster-data/master-0-root
metadata directory: /tmp/dist-test-taskqONi5q/test-tmp/auto_rebalancer-test.0.AutoRebalancerTest.NoReplicaMovesIfCannotFixPlacementPolicy.1780912807197691-5820-0/minicluster-data/master-0-root
1 data directories: /tmp/dist-test-taskqONi5q/test-tmp/auto_rebalancer-test.0.AutoRebalancerTest.NoReplicaMovesIfCannotFixPlacementPolicy.1780912807197691-5820-0/minicluster-data/master-0-root/data
Total live blocks: 0
Total live bytes: 0
Total live bytes (after alignment): 0
Total number of LBM containers: 0 (0 full)
Did not check for missing blocks
Did not check for orphaned blocks
Total full LBM containers with extra space: 0 (0 repaired)
Total full LBM container extra space in bytes: 0 (0 repaired)
Total incomplete LBM containers: 0 (0 repaired)
Total LBM partial records: 0 (0 repaired)
Total corrupted LBM metadata records in RocksDB: 0 (0 repaired)
I20260608 10:01:48.018680  5820 rpc_server.cc:225] running with OpenSSL 1.1.1  11 Sep 2018
I20260608 10:01:48.019862  5820 kserver.cc:163] Server-wide thread pool size limit: 3276
I20260608 10:01:48.057868  5820 rpc_server.cc:307] RPC server started. Bound to: 127.5.175.62:46073
I20260608 10:01:48.058030  9898 acceptor_pool.cc:272] collecting diagnostics on the listening RPC socket 127.5.175.62:46073 every 8 connection(s)
I20260608 10:01:48.062062  9899 data_dirs.cc:400] Could only allocate 1 dirs of requested 3 for tablet 00000000000000000000000000000000. 1 dirs total, 0 dirs full, 0 dirs failed
I20260608 10:01:48.073525  9899 tablet_bootstrap.cc:492] T 00000000000000000000000000000000 P 6de794c157584eeb90e96d4c59b43f50: Bootstrap starting.
I20260608 10:01:48.078436  9899 tablet_bootstrap.cc:654] T 00000000000000000000000000000000 P 6de794c157584eeb90e96d4c59b43f50: Neither blocks nor log segments found. Creating new log.
I20260608 10:01:48.082669  9899 tablet_bootstrap.cc:492] T 00000000000000000000000000000000 P 6de794c157584eeb90e96d4c59b43f50: No bootstrap required, opened a new log
I20260608 10:01:48.085043  9899 raft_consensus.cc:359] T 00000000000000000000000000000000 P 6de794c157584eeb90e96d4c59b43f50 [term 0 FOLLOWER]: Replica starting. Triggering 0 pending ops. Active config: opid_index: -1 OBSOLETE_local: true peers { permanent_uuid: "6de794c157584eeb90e96d4c59b43f50" member_type: VOTER }
I20260608 10:01:48.085458  9899 raft_consensus.cc:385] T 00000000000000000000000000000000 P 6de794c157584eeb90e96d4c59b43f50 [term 0 FOLLOWER]: Consensus starting up: Expiring failure detector timer to make a prompt election more likely
I20260608 10:01:48.085677  9899 raft_consensus.cc:740] T 00000000000000000000000000000000 P 6de794c157584eeb90e96d4c59b43f50 [term 0 FOLLOWER]: Becoming Follower/Learner. State: Replica: 6de794c157584eeb90e96d4c59b43f50, State: Initialized, Role: FOLLOWER
I20260608 10:01:48.086256  9899 consensus_queue.cc:260] T 00000000000000000000000000000000 P 6de794c157584eeb90e96d4c59b43f50 [NON_LEADER]: Queue going to NON_LEADER mode. State: All replicated index: 0, Majority replicated index: 0, Committed index: 0, Last appended: 0.0, Last appended by leader: 0, Current term: 0, Majority size: -1, State: 0, Mode: NON_LEADER, active raft config: opid_index: -1 OBSOLETE_local: true peers { permanent_uuid: "6de794c157584eeb90e96d4c59b43f50" member_type: VOTER }
I20260608 10:01:48.086707  9899 raft_consensus.cc:399] T 00000000000000000000000000000000 P 6de794c157584eeb90e96d4c59b43f50 [term 0 FOLLOWER]: Only one voter in the Raft config. Triggering election immediately
I20260608 10:01:48.086905  9899 raft_consensus.cc:493] T 00000000000000000000000000000000 P 6de794c157584eeb90e96d4c59b43f50 [term 0 FOLLOWER]: Starting leader election (initial election of a single-replica configuration)
I20260608 10:01:48.087158  9899 raft_consensus.cc:3060] T 00000000000000000000000000000000 P 6de794c157584eeb90e96d4c59b43f50 [term 0 FOLLOWER]: Advancing to term 1
I20260608 10:01:48.091578  9899 raft_consensus.cc:515] T 00000000000000000000000000000000 P 6de794c157584eeb90e96d4c59b43f50 [term 1 FOLLOWER]: Starting leader election with config: opid_index: -1 OBSOLETE_local: true peers { permanent_uuid: "6de794c157584eeb90e96d4c59b43f50" member_type: VOTER }
I20260608 10:01:48.092073  9899 leader_election.cc:304] T 00000000000000000000000000000000 P 6de794c157584eeb90e96d4c59b43f50 [CANDIDATE]: Term 1 election: Election decided. Result: candidate won. Election summary: received 1 responses out of 1 voters: 1 yes votes; 0 no votes. yes voters: 6de794c157584eeb90e96d4c59b43f50; no voters: 
I20260608 10:01:48.093254  9899 leader_election.cc:290] T 00000000000000000000000000000000 P 6de794c157584eeb90e96d4c59b43f50 [CANDIDATE]: Term 1 election: Requested vote from peers 
I20260608 10:01:48.093726  9902 raft_consensus.cc:2804] T 00000000000000000000000000000000 P 6de794c157584eeb90e96d4c59b43f50 [term 1 FOLLOWER]: Leader election won for term 1
I20260608 10:01:48.095158  9902 raft_consensus.cc:697] T 00000000000000000000000000000000 P 6de794c157584eeb90e96d4c59b43f50 [term 1 LEADER]: Becoming Leader. State: Replica: 6de794c157584eeb90e96d4c59b43f50, State: Running, Role: LEADER
I20260608 10:01:48.095875  9902 consensus_queue.cc:237] T 00000000000000000000000000000000 P 6de794c157584eeb90e96d4c59b43f50 [LEADER]: Queue going to LEADER mode. State: All replicated index: 0, Majority replicated index: 0, Committed index: 0, Last appended: 0.0, Last appended by leader: 0, Current term: 1, Majority size: 1, State: 0, Mode: LEADER, active raft config: opid_index: -1 OBSOLETE_local: true peers { permanent_uuid: "6de794c157584eeb90e96d4c59b43f50" member_type: VOTER }
I20260608 10:01:48.096328  9899 sys_catalog.cc:565] T 00000000000000000000000000000000 P 6de794c157584eeb90e96d4c59b43f50 [sys.catalog]: configured and running, proceeding with master startup.
I20260608 10:01:48.099082  9904 sys_catalog.cc:455] T 00000000000000000000000000000000 P 6de794c157584eeb90e96d4c59b43f50 [sys.catalog]: SysCatalogTable state changed. Reason: New leader 6de794c157584eeb90e96d4c59b43f50. Latest consensus state: current_term: 1 leader_uuid: "6de794c157584eeb90e96d4c59b43f50" committed_config { opid_index: -1 OBSOLETE_local: true peers { permanent_uuid: "6de794c157584eeb90e96d4c59b43f50" member_type: VOTER } }
I20260608 10:01:48.099752  9904 sys_catalog.cc:458] T 00000000000000000000000000000000 P 6de794c157584eeb90e96d4c59b43f50 [sys.catalog]: This master's current role is: LEADER
I20260608 10:01:48.099017  9903 sys_catalog.cc:455] T 00000000000000000000000000000000 P 6de794c157584eeb90e96d4c59b43f50 [sys.catalog]: SysCatalogTable state changed. Reason: RaftConsensus started. Latest consensus state: current_term: 1 leader_uuid: "6de794c157584eeb90e96d4c59b43f50" committed_config { opid_index: -1 OBSOLETE_local: true peers { permanent_uuid: "6de794c157584eeb90e96d4c59b43f50" member_type: VOTER } }
I20260608 10:01:48.100229  9903 sys_catalog.cc:458] T 00000000000000000000000000000000 P 6de794c157584eeb90e96d4c59b43f50 [sys.catalog]: This master's current role is: LEADER
I20260608 10:01:48.106050  9908 catalog_manager.cc:1510] Loading table and tablet metadata into memory...
I20260608 10:01:48.113499  9908 catalog_manager.cc:1519] Initializing Kudu cluster ID...
I20260608 10:01:48.114471  5820 internal_mini_cluster.cc:184] Waiting to initialize catalog manager on master 0
I20260608 10:01:48.122517  9908 catalog_manager.cc:1382] Generated new cluster ID: 06b9430cbeca49afbf64951303b5aad0
I20260608 10:01:48.122759  9908 catalog_manager.cc:1530] Initializing Kudu internal certificate authority...
I20260608 10:01:48.138059  9908 catalog_manager.cc:1405] Generated new certificate authority record
I20260608 10:01:48.139292  9908 catalog_manager.cc:1539] Loading token signing keys...
