I20260608 10:02:05.244834  1544 data_dirs.cc:400] Could only allocate 1 dirs of requested 3 for tablet 00000000000000000000000000000000. 1 dirs total, 0 dirs full, 0 dirs failed
I20260608 10:02:05.257534  1544 tablet_bootstrap.cc:492] T 00000000000000000000000000000000 P d0087bb638e84f61abdec1be118280fd: Bootstrap starting.
I20260608 10:02:05.263202  1544 tablet_bootstrap.cc:654] T 00000000000000000000000000000000 P d0087bb638e84f61abdec1be118280fd: Neither blocks nor log segments found. Creating new log.
I20260608 10:02:05.267985  1544 tablet_bootstrap.cc:492] T 00000000000000000000000000000000 P d0087bb638e84f61abdec1be118280fd: No bootstrap required, opened a new log
I20260608 10:02:05.270700  1544 raft_consensus.cc:359] T 00000000000000000000000000000000 P d0087bb638e84f61abdec1be118280fd [term 0 FOLLOWER]: Replica starting. Triggering 0 pending ops. Active config: opid_index: -1 OBSOLETE_local: true peers { permanent_uuid: "d0087bb638e84f61abdec1be118280fd" member_type: VOTER }
I20260608 10:02:05.271214  1544 raft_consensus.cc:385] T 00000000000000000000000000000000 P d0087bb638e84f61abdec1be118280fd [term 0 FOLLOWER]: Consensus starting up: Expiring failure detector timer to make a prompt election more likely
I20260608 10:02:05.271476  1544 raft_consensus.cc:740] T 00000000000000000000000000000000 P d0087bb638e84f61abdec1be118280fd [term 0 FOLLOWER]: Becoming Follower/Learner. State: Replica: d0087bb638e84f61abdec1be118280fd, State: Initialized, Role: FOLLOWER
I20260608 10:02:05.272217  1544 consensus_queue.cc:260] T 00000000000000000000000000000000 P d0087bb638e84f61abdec1be118280fd [NON_LEADER]: Queue going to NON_LEADER mode. State: All replicated index: 0, Majority replicated index: 0, Committed index: 0, Last appended: 0.0, Last appended by leader: 0, Current term: 0, Majority size: -1, State: 0, Mode: NON_LEADER, active raft config: opid_index: -1 OBSOLETE_local: true peers { permanent_uuid: "d0087bb638e84f61abdec1be118280fd" member_type: VOTER }
I20260608 10:02:05.272711  1544 raft_consensus.cc:399] T 00000000000000000000000000000000 P d0087bb638e84f61abdec1be118280fd [term 0 FOLLOWER]: Only one voter in the Raft config. Triggering election immediately
I20260608 10:02:05.273515  1544 raft_consensus.cc:493] T 00000000000000000000000000000000 P d0087bb638e84f61abdec1be118280fd [term 0 FOLLOWER]: Starting leader election (initial election of a single-replica configuration)
I20260608 10:02:05.273872  1544 raft_consensus.cc:3060] T 00000000000000000000000000000000 P d0087bb638e84f61abdec1be118280fd [term 0 FOLLOWER]: Advancing to term 1
I20260608 10:02:05.279562  1544 raft_consensus.cc:515] T 00000000000000000000000000000000 P d0087bb638e84f61abdec1be118280fd [term 1 FOLLOWER]: Starting leader election with config: opid_index: -1 OBSOLETE_local: true peers { permanent_uuid: "d0087bb638e84f61abdec1be118280fd" member_type: VOTER }
I20260608 10:02:05.280308  1544 leader_election.cc:304] T 00000000000000000000000000000000 P d0087bb638e84f61abdec1be118280fd [CANDIDATE]: Term 1 election: Election decided. Result: candidate won. Election summary: received 1 responses out of 1 voters: 1 yes votes; 0 no votes. yes voters: d0087bb638e84f61abdec1be118280fd; no voters: 
I20260608 10:02:05.281643  1544 leader_election.cc:290] T 00000000000000000000000000000000 P d0087bb638e84f61abdec1be118280fd [CANDIDATE]: Term 1 election: Requested vote from peers 
I20260608 10:02:05.282081  1547 raft_consensus.cc:2804] T 00000000000000000000000000000000 P d0087bb638e84f61abdec1be118280fd [term 1 FOLLOWER]: Leader election won for term 1
I20260608 10:02:05.283608  1547 raft_consensus.cc:697] T 00000000000000000000000000000000 P d0087bb638e84f61abdec1be118280fd [term 1 LEADER]: Becoming Leader. State: Replica: d0087bb638e84f61abdec1be118280fd, State: Running, Role: LEADER
I20260608 10:02:05.284416  1547 consensus_queue.cc:237] T 00000000000000000000000000000000 P d0087bb638e84f61abdec1be118280fd [LEADER]: Queue going to LEADER mode. State: All replicated index: 0, Majority replicated index: 0, Committed index: 0, Last appended: 0.0, Last appended by leader: 0, Current term: 1, Majority size: 1, State: 0, Mode: LEADER, active raft config: opid_index: -1 OBSOLETE_local: true peers { permanent_uuid: "d0087bb638e84f61abdec1be118280fd" member_type: VOTER }
I20260608 10:02:05.285405  1544 sys_catalog.cc:565] T 00000000000000000000000000000000 P d0087bb638e84f61abdec1be118280fd [sys.catalog]: configured and running, proceeding with master startup.
I20260608 10:02:05.288017  1548 sys_catalog.cc:455] T 00000000000000000000000000000000 P d0087bb638e84f61abdec1be118280fd [sys.catalog]: SysCatalogTable state changed. Reason: RaftConsensus started. Latest consensus state: current_term: 1 leader_uuid: "d0087bb638e84f61abdec1be118280fd" committed_config { opid_index: -1 OBSOLETE_local: true peers { permanent_uuid: "d0087bb638e84f61abdec1be118280fd" member_type: VOTER } }
I20260608 10:02:05.288054  1549 sys_catalog.cc:455] T 00000000000000000000000000000000 P d0087bb638e84f61abdec1be118280fd [sys.catalog]: SysCatalogTable state changed. Reason: New leader d0087bb638e84f61abdec1be118280fd. Latest consensus state: current_term: 1 leader_uuid: "d0087bb638e84f61abdec1be118280fd" committed_config { opid_index: -1 OBSOLETE_local: true peers { permanent_uuid: "d0087bb638e84f61abdec1be118280fd" member_type: VOTER } }
I20260608 10:02:05.288978  1549 sys_catalog.cc:458] T 00000000000000000000000000000000 P d0087bb638e84f61abdec1be118280fd [sys.catalog]: This master's current role is: LEADER
I20260608 10:02:05.288918  1548 sys_catalog.cc:458] T 00000000000000000000000000000000 P d0087bb638e84f61abdec1be118280fd [sys.catalog]: This master's current role is: LEADER
I20260608 10:02:05.298084  1553 catalog_manager.cc:1510] Loading table and tablet metadata into memory...
I20260608 10:02:05.305478  1553 catalog_manager.cc:1519] Initializing Kudu cluster ID...
I20260608 10:02:05.306645 29605 internal_mini_cluster.cc:184] Waiting to initialize catalog manager on master 0
I20260608 10:02:05.316687  1553 catalog_manager.cc:1382] Generated new cluster ID: bd835784b190449d879eaf798ef224ca
I20260608 10:02:05.317080  1553 catalog_manager.cc:1530] Initializing Kudu internal certificate authority...
I20260608 10:02:05.341737  1553 catalog_manager.cc:1405] Generated new certificate authority record
I20260608 10:02:05.343231  1553 catalog_manager.cc:1539] Loading token signing keys...
I20260608 10:02:05.358556  1553 catalog_manager.cc:6069] T 00000000000000000000000000000000 P d0087bb638e84f61abdec1be118280fd: Generated new TSK 0
I20260608 10:02:05.359259  1553 catalog_manager.cc:1549] Initializing in-progress tserver states...
I20260608 10:02:05.374002 29605 file_cache.cc:492] Constructed file cache file cache with capacity 419430
W20260608 10:02:05.382474  1565 instance_detector.cc:116] could not retrieve AWS instance metadata: Network error: curl error: HTTP response code said error: The requested URL returned error: 404
W20260608 10:02:05.383297  1566 instance_detector.cc:116] could not retrieve Azure instance metadata: Network error: curl error: HTTP response code said error: The requested URL returned error: 404
I20260608 10:02:05.387396 29605 server_base.cc:1061] running on GCE node
W20260608 10:02:05.387573  1568 instance_detector.cc:116] could not retrieve OpenStack instance metadata: Network error: curl error: HTTP response code said error: The requested URL returned error: 404
I20260608 10:02:05.388685 29605 hybrid_clock.cc:584] initializing the hybrid clock with 'system_unsync' time source
W20260608 10:02:05.388895 29605 system_unsync_time.cc:38] NTP support is disabled. Clock error bounds will not be accurate. This configuration is not suitable for distributed clusters.
I20260608 10:02:05.389017 29605 hybrid_clock.cc:648] HybridClock initialized: now 1780912925389005 us; error 0 us; skew 500 ppm
I20260608 10:02:05.389662 29605 server_base.cc:861] Flag tcmalloc_max_total_thread_cache_bytes is not working since tcmalloc is not enabled.
I20260608 10:02:05.392953 29605 webserver.cc:533] Webserver started at http://127.28.233.65:39353/ using document root <none> and password file <none>
I20260608 10:02:05.393551 29605 fs_manager.cc:362] Metadata directory not provided
I20260608 10:02:05.393759 29605 fs_manager.cc:368] Using write-ahead log directory (fs_wal_dir) as metadata directory
I20260608 10:02:05.393989 29605 server_base.cc:909] This appears to be a new deployment of Kudu; creating new FS layout
I20260608 10:02:05.395114 29605 fs_manager.cc:1068] Generated new instance metadata in path /tmp/dist-test-taskc3aUwp/test-tmp/auto_rebalancer-test.0.AutoRebalancerTest.TestMaxMovesPerServer.1780912806158121-29605-0/minicluster-data/ts-0-root/instance:
uuid: "880c6e4bf8fb466dbd2aa241dd468af2"
format_stamp: "Formatted at 2026-06-08 10:02:05 on dist-test-slave-5p5d"
I20260608 10:02:05.400681 29605 fs_manager.cc:696] Time spent creating directory manager: real 0.005s	user 0.003s	sys 0.003s
I20260608 10:02:05.405254  1573 log_block_manager.cc:4031] Time spent loading block containers with low live blocks: real 0.000s	user 0.000s	sys 0.000s
I20260608 10:02:05.406349 29605 fs_manager.cc:730] Time spent opening block manager: real 0.003s	user 0.003s	sys 0.000s
I20260608 10:02:05.406802 29605 fs_manager.cc:647] Opened local filesystem: /tmp/dist-test-taskc3aUwp/test-tmp/auto_rebalancer-test.0.AutoRebalancerTest.TestMaxMovesPerServer.1780912806158121-29605-0/minicluster-data/ts-0-root
uuid: "880c6e4bf8fb466dbd2aa241dd468af2"
format_stamp: "Formatted at 2026-06-08 10:02:05 on dist-test-slave-5p5d"
I20260608 10:02:05.407243 29605 fs_report.cc:389] FS layout report
--------------------
wal directory: /tmp/dist-test-taskc3aUwp/test-tmp/auto_rebalancer-test.0.AutoRebalancerTest.TestMaxMovesPerServer.1780912806158121-29605-0/minicluster-data/ts-0-root
metadata directory: /tmp/dist-test-taskc3aUwp/test-tmp/auto_rebalancer-test.0.AutoRebalancerTest.TestMaxMovesPerServer.1780912806158121-29605-0/minicluster-data/ts-0-root
1 data directories: /tmp/dist-test-taskc3aUwp/test-tmp/auto_rebalancer-test.0.AutoRebalancerTest.TestMaxMovesPerServer.1780912806158121-29605-0/minicluster-data/ts-0-root/data
Total live blocks: 0
Total live bytes: 0
Total live bytes (after alignment): 0
Total number of LBM containers: 0 (0 full)
Did not check for missing blocks
Did not check for orphaned blocks
Total full LBM containers with extra space: 0 (0 repaired)
Total full LBM container extra space in bytes: 0 (0 repaired)
Total incomplete LBM containers: 0 (0 repaired)
Total LBM partial records: 0 (0 repaired)
Total corrupted LBM metadata records in RocksDB: 0 (0 repaired)
I20260608 10:02:05.439872 29605 rpc_server.cc:225] running with OpenSSL 1.1.1  11 Sep 2018
I20260608 10:02:05.441241 29605 kserver.cc:163] Server-wide thread pool size limit: 3276
I20260608 10:02:05.442886 29605 txn_system_client.cc:432] TxnSystemClient initialization is disabled...
I20260608 10:02:05.445492 29605 ts_tablet_manager.cc:585] Loaded tablet metadata (0 total tablets, 0 live tablets)
I20260608 10:02:05.445742 29605 ts_tablet_manager.cc:531] Time spent load tablet metadata: real 0.000s	user 0.000s	sys 0.000s
I20260608 10:02:05.446039 29605 ts_tablet_manager.cc:616] Registered 0 tablets
I20260608 10:02:05.446226 29605 ts_tablet_manager.cc:595] Time spent register tablets: real 0.000s	user 0.000s	sys 0.000s
I20260608 10:02:05.491197 29605 rpc_server.cc:307] RPC server started. Bound to: 127.28.233.65:37979
I20260608 10:02:05.491305  1635 acceptor_pool.cc:272] collecting diagnostics on the listening RPC socket 127.28.233.65:37979 every 8 connection(s)
I20260608 10:02:05.496696 29605 file_cache.cc:492] Constructed file cache file cache with capacity 419430
W20260608 10:02:05.505733  1640 instance_detector.cc:116] could not retrieve AWS instance metadata: Network error: curl error: HTTP response code said error: The requested URL returned error: 404
W20260608 10:02:05.508332  1641 instance_detector.cc:116] could not retrieve Azure instance metadata: Network error: curl error: HTTP response code said error: The requested URL returned error: 404
I20260608 10:02:05.509415 29605 server_base.cc:1061] running on GCE node
W20260608 10:02:05.510578  1643 instance_detector.cc:116] could not retrieve OpenStack instance metadata: Network error: curl error: HTTP response code said error: The requested URL returned error: 404
I20260608 10:02:05.511564 29605 hybrid_clock.cc:584] initializing the hybrid clock with 'system_unsync' time source
W20260608 10:02:05.511845 29605 system_unsync_time.cc:38] NTP support is disabled. Clock error bounds will not be accurate. This configuration is not suitable for distributed clusters.
I20260608 10:02:05.512048 29605 hybrid_clock.cc:648] HybridClock initialized: now 1780912925512032 us; error 0 us; skew 500 ppm
I20260608 10:02:05.512657 29605 server_base.cc:861] Flag tcmalloc_max_total_thread_cache_bytes is not working since tcmalloc is not enabled.
I20260608 10:02:05.514991  1636 heartbeater.cc:344] Connected to a master server at 127.28.233.126:33165
I20260608 10:02:05.515370  1636 heartbeater.cc:461] Registering TS with master...
I20260608 10:02:05.515952 29605 webserver.cc:533] Webserver started at http://127.28.233.66:46707/ using document root <none> and password file <none>
I20260608 10:02:05.516188  1636 heartbeater.cc:507] Master 127.28.233.126:33165 requested a full tablet report, sending...
I20260608 10:02:05.516599 29605 fs_manager.cc:362] Metadata directory not provided
I20260608 10:02:05.516857 29605 fs_manager.cc:368] Using write-ahead log directory (fs_wal_dir) as metadata directory
I20260608 10:02:05.517143 29605 server_base.cc:909] This appears to be a new deployment of Kudu; creating new FS layout
I20260608 10:02:05.518435 29605 fs_manager.cc:1068] Generated new instance metadata in path /tmp/dist-test-taskc3aUwp/test-tmp/auto_rebalancer-test.0.AutoRebalancerTest.TestMaxMovesPerServer.1780912806158121-29605-0/minicluster-data/ts-1-root/instance:
uuid: "06f5de7ccf244c4aa227a54bae76f3ac"
format_stamp: "Formatted at 2026-06-08 10:02:05 on dist-test-slave-5p5d"
I20260608 10:02:05.518771  1509 ts_manager.cc:194] Registered new tserver with Master: 880c6e4bf8fb466dbd2aa241dd468af2 (127.28.233.65:37979)
I20260608 10:02:05.520730  1509 master_service.cc:502] Signed X509 certificate for tserver {username='slave'} at 127.0.0.1:41756
I20260608 10:02:05.523905 29605 fs_manager.cc:696] Time spent creating directory manager: real 0.005s	user 0.005s	sys 0.000s
I20260608 10:02:05.528064  1648 log_block_manager.cc:4031] Time spent loading block containers with low live blocks: real 0.000s	user 0.000s	sys 0.000s
I20260608 10:02:05.528918 29605 fs_manager.cc:730] Time spent opening block manager: real 0.003s	user 0.002s	sys 0.000s
I20260608 10:02:05.529249 29605 fs_manager.cc:647] Opened local filesystem: /tmp/dist-test-taskc3aUwp/test-tmp/auto_rebalancer-test.0.AutoRebalancerTest.TestMaxMovesPerServer.1780912806158121-29605-0/minicluster-data/ts-1-root
uuid: "06f5de7ccf244c4aa227a54bae76f3ac"
format_stamp: "Formatted at 2026-06-08 10:02:05 on dist-test-slave-5p5d"
I20260608 10:02:05.529664 29605 fs_report.cc:389] FS layout report
--------------------
wal directory: /tmp/dist-test-taskc3aUwp/test-tmp/auto_rebalancer-test.0.AutoRebalancerTest.TestMaxMovesPerServer.1780912806158121-29605-0/minicluster-data/ts-1-root
metadata directory: /tmp/dist-test-taskc3aUwp/test-tmp/auto_rebalancer-test.0.AutoRebalancerTest.TestMaxMovesPerServer.1780912806158121-29605-0/minicluster-data/ts-1-root
1 data directories: /tmp/dist-test-taskc3aUwp/test-tmp/auto_rebalancer-test.0.AutoRebalancerTest.TestMaxMovesPerServer.1780912806158121-29605-0/minicluster-data/ts-1-root/data
Total live blocks: 0
Total live bytes: 0
Total live bytes (after alignment): 0
Total number of LBM containers: 0 (0 full)
Did not check for missing blocks
Did not check for orphaned blocks
Total full LBM containers with extra space: 0 (0 repaired)
Total full LBM container extra space in bytes: 0 (0 repaired)
Total incomplete LBM containers: 0 (0 repaired)
Total LBM partial records: 0 (0 repaired)
Total corrupted LBM metadata records in RocksDB: 0 (0 repaired)
I20260608 10:02:05.553422 29605 rpc_server.cc:225] running with OpenSSL 1.1.1  11 Sep 2018
I20260608 10:02:05.554709 29605 kserver.cc:163] Server-wide thread pool size limit: 3276
I20260608 10:02:05.556249 29605 txn_system_client.cc:432] TxnSystemClient initialization is disabled...
I20260608 10:02:05.558785 29605 ts_tablet_manager.cc:585] Loaded tablet metadata (0 total tablets, 0 live tablets)
I20260608 10:02:05.559042 29605 ts_tablet_manager.cc:531] Time spent load tablet metadata: real 0.000s	user 0.000s	sys 0.000s
I20260608 10:02:05.559304 29605 ts_tablet_manager.cc:616] Registered 0 tablets
I20260608 10:02:05.559502 29605 ts_tablet_manager.cc:595] Time spent register tablets: real 0.000s	user 0.000s	sys 0.000s
I20260608 10:02:05.602241 29605 rpc_server.cc:307] RPC server started. Bound to: 127.28.233.66:38771
I20260608 10:02:05.602408  1710 acceptor_pool.cc:272] collecting diagnostics on the listening RPC socket 127.28.233.66:38771 every 8 connection(s)
I20260608 10:02:05.607761 29605 file_cache.cc:492] Constructed file cache file cache with capacity 419430
W20260608 10:02:05.615871  1714 instance_detector.cc:116] could not retrieve AWS instance metadata: Network error: curl error: HTTP response code said error: The requested URL returned error: 404
W20260608 10:02:05.618296  1715 instance_detector.cc:116] could not retrieve Azure instance metadata: Network error: curl error: HTTP response code said error: The requested URL returned error: 404
W20260608 10:02:05.619704  1717 instance_detector.cc:116] could not retrieve OpenStack instance metadata: Network error: curl error: HTTP response code said error: The requested URL returned error: 404
I20260608 10:02:05.619868 29605 server_base.cc:1061] running on GCE node
I20260608 10:02:05.621145 29605 hybrid_clock.cc:584] initializing the hybrid clock with 'system_unsync' time source
W20260608 10:02:05.621512 29605 system_unsync_time.cc:38] NTP support is disabled. Clock error bounds will not be accurate. This configuration is not suitable for distributed clusters.
I20260608 10:02:05.621742 29605 hybrid_clock.cc:648] HybridClock initialized: now 1780912925621719 us; error 0 us; skew 500 ppm
I20260608 10:02:05.622479 29605 server_base.cc:861] Flag tcmalloc_max_total_thread_cache_bytes is not working since tcmalloc is not enabled.
I20260608 10:02:05.622663  1711 heartbeater.cc:344] Connected to a master server at 127.28.233.126:33165
I20260608 10:02:05.623080  1711 heartbeater.cc:461] Registering TS with master...
I20260608 10:02:05.624049  1711 heartbeater.cc:507] Master 127.28.233.126:33165 requested a full tablet report, sending...
I20260608 10:02:05.625232 29605 webserver.cc:533] Webserver started at http://127.28.233.67:37857/ using document root <none> and password file <none>
I20260608 10:02:05.625931 29605 fs_manager.cc:362] Metadata directory not provided
I20260608 10:02:05.626183 29605 fs_manager.cc:368] Using write-ahead log directory (fs_wal_dir) as metadata directory
I20260608 10:02:05.626473 29605 server_base.cc:909] This appears to be a new deployment of Kudu; creating new FS layout
I20260608 10:02:05.626474  1509 ts_manager.cc:194] Registered new tserver with Master: 06f5de7ccf244c4aa227a54bae76f3ac (127.28.233.66:38771)
I20260608 10:02:05.627918 29605 fs_manager.cc:1068] Generated new instance metadata in path /tmp/dist-test-taskc3aUwp/test-tmp/auto_rebalancer-test.0.AutoRebalancerTest.TestMaxMovesPerServer.1780912806158121-29605-0/minicluster-data/ts-2-root/instance:
uuid: "90fbd6449dab4537b3966f5de49970a2"
format_stamp: "Formatted at 2026-06-08 10:02:05 on dist-test-slave-5p5d"
I20260608 10:02:05.628139  1509 master_service.cc:502] Signed X509 certificate for tserver {username='slave'} at 127.0.0.1:41770
I20260608 10:02:05.633656 29605 fs_manager.cc:696] Time spent creating directory manager: real 0.005s	user 0.007s	sys 0.000s
I20260608 10:02:05.637972  1722 log_block_manager.cc:4031] Time spent loading block containers with low live blocks: real 0.000s	user 0.000s	sys 0.000s
I20260608 10:02:05.638968 29605 fs_manager.cc:730] Time spent opening block manager: real 0.003s	user 0.000s	sys 0.004s
I20260608 10:02:05.639304 29605 fs_manager.cc:647] Opened local filesystem: /tmp/dist-test-taskc3aUwp/test-tmp/auto_rebalancer-test.0.AutoRebalancerTest.TestMaxMovesPerServer.1780912806158121-29605-0/minicluster-data/ts-2-root
uuid: "90fbd6449dab4537b3966f5de49970a2"
format_stamp: "Formatted at 2026-06-08 10:02:05 on dist-test-slave-5p5d"
I20260608 10:02:05.639613 29605 fs_report.cc:389] FS layout report
--------------------
wal directory: /tmp/dist-test-taskc3aUwp/test-tmp/auto_rebalancer-test.0.AutoRebalancerTest.TestMaxMovesPerServer.1780912806158121-29605-0/minicluster-data/ts-2-root
metadata directory: /tmp/dist-test-taskc3aUwp/test-tmp/auto_rebalancer-test.0.AutoRebalancerTest.TestMaxMovesPerServer.1780912806158121-29605-0/minicluster-data/ts-2-root
1 data directories: /tmp/dist-test-taskc3aUwp/test-tmp/auto_rebalancer-test.0.AutoRebalancerTest.TestMaxMovesPerServer.1780912806158121-29605-0/minicluster-data/ts-2-root/data
Total live blocks: 0
Total live bytes: 0
Total live bytes (after alignment): 0
Total number of LBM containers: 0 (0 full)
Did not check for missing blocks
Did not check for orphaned blocks
Total full LBM containers with extra space: 0 (0 repaired)
Total full LBM container extra space in bytes: 0 (0 repaired)
Total incomplete LBM containers: 0 (0 repaired)
Total LBM partial records: 0 (0 repaired)
Total corrupted LBM metadata records in RocksDB: 0 (0 repaired)
I20260608 10:02:05.653434 29605 rpc_server.cc:225] running with OpenSSL 1.1.1  11 Sep 2018
I20260608 10:02:05.654716 29605 kserver.cc:163] Server-wide thread pool size limit: 3276
I20260608 10:02:05.656328 29605 txn_system_client.cc:432] TxnSystemClient initialization is disabled...
I20260608 10:02:05.658878 29605 ts_tablet_manager.cc:585] Loaded tablet metadata (0 total tablets, 0 live tablets)
I20260608 10:02:05.659118 29605 ts_tablet_manager.cc:531] Time spent load tablet metadata: real 0.000s	user 0.000s	sys 0.000s
I20260608 10:02:05.659384 29605 ts_tablet_manager.cc:616] Registered 0 tablets
I20260608 10:02:05.659562 29605 ts_tablet_manager.cc:595] Time spent register tablets: real 0.000s	user 0.000s	sys 0.000s
I20260608 10:02:05.705186 29605 rpc_server.cc:307] RPC server started. Bound to: 127.28.233.67:39273
I20260608 10:02:05.705633  1784 acceptor_pool.cc:272] collecting diagnostics on the listening RPC socket 127.28.233.67:39273 every 8 connection(s)
I20260608 10:02:05.720804  1785 heartbeater.cc:344] Connected to a master server at 127.28.233.126:33165
I20260608 10:02:05.721369  1785 heartbeater.cc:461] Registering TS with master...
I20260608 10:02:05.722164  1785 heartbeater.cc:507] Master 127.28.233.126:33165 requested a full tablet report, sending...
I20260608 10:02:05.724538  1509 ts_manager.cc:194] Registered new tserver with Master: 90fbd6449dab4537b3966f5de49970a2 (127.28.233.67:39273)
I20260608 10:02:05.725059 29605 internal_mini_cluster.cc:371] 3 TS(s) registered with all masters after 0.016270026s
I20260608 10:02:05.726758  1509 master_service.cc:502] Signed X509 certificate for tserver {username='slave'} at 127.0.0.1:41782
I20260608 10:02:06.524348  1636 heartbeater.cc:499] Master 127.28.233.126:33165 was elected leader, sending a full tablet report...
I20260608 10:02:06.630983  1711 heartbeater.cc:499] Master 127.28.233.126:33165 was elected leader, sending a full tablet report...
I20260608 10:02:06.730752  1785 heartbeater.cc:499] Master 127.28.233.126:33165 was elected leader, sending a full tablet report...
I20260608 10:02:06.783954  1509 catalog_manager.cc:2282] Servicing CreateTable request from {username='slave'} at 127.0.0.1:41786:
name: "test-workload"
schema {
  columns {
    name: "key"
    type: INT32
    is_key: true
    is_nullable: false
    encoding: AUTO_ENCODING
    compression: DEFAULT_COMPRESSION
    cfile_block_size: 0
    immutable: false
  }
  columns {
    name: "int_val"
    type: INT32
    is_key: false
    is_nullable: false
    encoding: AUTO_ENCODING
    compression: DEFAULT_COMPRESSION
    cfile_block_size: 0
    immutable: false
  }
  columns {
    name: "string_val"
    type: STRING
    is_key: false
    is_nullable: true
    encoding: AUTO_ENCODING
    compression: DEFAULT_COMPRESSION
    cfile_block_size: 0
    immutable: false
  }
}
num_replicas: 3
split_rows_range_bounds {
  rows: "\004\001\000\252\252\252\n\004\001\000TUU\025\004\001\000\376\377\377\037\004\001\000\250\252\252*\004\001\000RUU5\004\001\000\374\377\377?\004\001\000\246\252\252J\004\001\000PUUU\004\001\000\372\377\377_\004\001\000\244\252\252j\004\001\000NUUu""\004\001\000\252\252\252\n\004\001\000TUU\025\004\001\000\376\377\377\037\004\001\000\250\252\252*\004\001\000RUU5\004\001\000\374\377\377?\004\001\000\246\252\252J\004\001\000PUUU\004\001\000\372\377\377_\004\001\000\244\252\252j\004\001\000NUUu"
  indirect_data: """"
}
partition_schema {
  range_schema {
    columns {
      name: "key"
    }
  }
}
W20260608 10:02:06.787467  1509 catalog_manager.cc:7076] The number of live tablet servers is not enough to re-replicate a tablet replica of the newly created table test-workload in case of a server failure: 4 tablet servers would be needed, 3 are available. Consider bringing up more tablet servers.
I20260608 10:02:06.881564  1601 tablet_service.cc:1511] Processing CreateTablet for tablet e70074e2a4c84c9d8ae48e0d1c9ddb89 (DEFAULT_TABLE table=test-workload [id=a82bbc4304234f59b18dc105c98173b7]), partition=RANGE (key) PARTITION VALUES < 178956970
I20260608 10:02:06.883298  1601 data_dirs.cc:400] Could only allocate 1 dirs of requested 3 for tablet e70074e2a4c84c9d8ae48e0d1c9ddb89. 1 dirs total, 0 dirs full, 0 dirs failed
I20260608 10:02:06.892529  1600 tablet_service.cc:1511] Processing CreateTablet for tablet 83298e4ec57b41ef84003fb8c014ee5c (DEFAULT_TABLE table=test-workload [id=a82bbc4304234f59b18dc105c98173b7]), partition=RANGE (key) PARTITION 178956970 <= VALUES < 357913940
I20260608 10:02:06.892943  1676 tablet_service.cc:1511] Processing CreateTablet for tablet e70074e2a4c84c9d8ae48e0d1c9ddb89 (DEFAULT_TABLE table=test-workload [id=a82bbc4304234f59b18dc105c98173b7]), partition=RANGE (key) PARTITION VALUES < 178956970
I20260608 10:02:06.894307  1600 data_dirs.cc:400] Could only allocate 1 dirs of requested 3 for tablet 83298e4ec57b41ef84003fb8c014ee5c. 1 dirs total, 0 dirs full, 0 dirs failed
I20260608 10:02:06.894455  1676 data_dirs.cc:400] Could only allocate 1 dirs of requested 3 for tablet e70074e2a4c84c9d8ae48e0d1c9ddb89. 1 dirs total, 0 dirs full, 0 dirs failed
I20260608 10:02:06.897202  1675 tablet_service.cc:1511] Processing CreateTablet for tablet 83298e4ec57b41ef84003fb8c014ee5c (DEFAULT_TABLE table=test-workload [id=a82bbc4304234f59b18dc105c98173b7]), partition=RANGE (key) PARTITION 178956970 <= VALUES < 357913940
I20260608 10:02:06.898900  1675 data_dirs.cc:400] Could only allocate 1 dirs of requested 3 for tablet 83298e4ec57b41ef84003fb8c014ee5c. 1 dirs total, 0 dirs full, 0 dirs failed
I20260608 10:02:06.898579  1672 tablet_service.cc:1511] Processing CreateTablet for tablet 119675da41d44c4bb384aea4c4d56554 (DEFAULT_TABLE table=test-workload [id=a82bbc4304234f59b18dc105c98173b7]), partition=RANGE (key) PARTITION 715827880 <= VALUES < 894784850
I20260608 10:02:06.900084  1672 data_dirs.cc:400] Could only allocate 1 dirs of requested 3 for tablet 119675da41d44c4bb384aea4c4d56554. 1 dirs total, 0 dirs full, 0 dirs failed
I20260608 10:02:06.901401  1674 tablet_service.cc:1511] Processing CreateTablet for tablet 7129f1341c8e446b8cfbc6010862fb5b (DEFAULT_TABLE table=test-workload [id=a82bbc4304234f59b18dc105c98173b7]), partition=RANGE (key) PARTITION 357913940 <= VALUES < 536870910
I20260608 10:02:06.903209  1674 data_dirs.cc:400] Could only allocate 1 dirs of requested 3 for tablet 7129f1341c8e446b8cfbc6010862fb5b. 1 dirs total, 0 dirs full, 0 dirs failed
I20260608 10:02:06.903019  1671 tablet_service.cc:1511] Processing CreateTablet for tablet 8b88407a63934000ad28300399a16b71 (DEFAULT_TABLE table=test-workload [id=a82bbc4304234f59b18dc105c98173b7]), partition=RANGE (key) PARTITION 894784850 <= VALUES < 1073741820
I20260608 10:02:06.904462  1671 data_dirs.cc:400] Could only allocate 1 dirs of requested 3 for tablet 8b88407a63934000ad28300399a16b71. 1 dirs total, 0 dirs full, 0 dirs failed
I20260608 10:02:06.905628  1673 tablet_service.cc:1511] Processing CreateTablet for tablet 1699f4d9a8bb4b0fa88617aa13a4dcb3 (DEFAULT_TABLE table=test-workload [id=a82bbc4304234f59b18dc105c98173b7]), partition=RANGE (key) PARTITION 536870910 <= VALUES < 715827880
I20260608 10:02:06.907132  1673 data_dirs.cc:400] Could only allocate 1 dirs of requested 3 for tablet 1699f4d9a8bb4b0fa88617aa13a4dcb3. 1 dirs total, 0 dirs full, 0 dirs failed
I20260608 10:02:06.907270  1670 tablet_service.cc:1511] Processing CreateTablet for tablet 24edf565c1a747c9bc6febb6c5645505 (DEFAULT_TABLE table=test-workload [id=a82bbc4304234f59b18dc105c98173b7]), partition=RANGE (key) PARTITION 1073741820 <= VALUES < 1252698790
I20260608 10:02:06.908841  1670 data_dirs.cc:400] Could only allocate 1 dirs of requested 3 for tablet 24edf565c1a747c9bc6febb6c5645505. 1 dirs total, 0 dirs full, 0 dirs failed
I20260608 10:02:06.913174  1669 tablet_service.cc:1511] Processing CreateTablet for tablet ed503ea8bc6947d29e347a48b5cb700d (DEFAULT_TABLE table=test-workload [id=a82bbc4304234f59b18dc105c98173b7]), partition=RANGE (key) PARTITION 1252698790 <= VALUES < 1431655760
I20260608 10:02:06.915145  1669 data_dirs.cc:400] Could only allocate 1 dirs of requested 3 for tablet ed503ea8bc6947d29e347a48b5cb700d. 1 dirs total, 0 dirs full, 0 dirs failed
I20260608 10:02:06.919023  1668 tablet_service.cc:1511] Processing CreateTablet for tablet bf345f986a864b64a9cc5a14fa452d2f (DEFAULT_TABLE table=test-workload [id=a82bbc4304234f59b18dc105c98173b7]), partition=RANGE (key) PARTITION 1431655760 <= VALUES < 1610612730
I20260608 10:02:06.920797  1668 data_dirs.cc:400] Could only allocate 1 dirs of requested 3 for tablet bf345f986a864b64a9cc5a14fa452d2f. 1 dirs total, 0 dirs full, 0 dirs failed
I20260608 10:02:06.926605  1667 tablet_service.cc:1511] Processing CreateTablet for tablet 3cac1844f20a4118bb2e2bd64776fb3a (DEFAULT_TABLE table=test-workload [id=a82bbc4304234f59b18dc105c98173b7]), partition=RANGE (key) PARTITION 1610612730 <= VALUES < 1789569700
I20260608 10:02:06.928498  1667 data_dirs.cc:400] Could only allocate 1 dirs of requested 3 for tablet 3cac1844f20a4118bb2e2bd64776fb3a. 1 dirs total, 0 dirs full, 0 dirs failed
I20260608 10:02:06.947264  1806 tablet_bootstrap.cc:492] T e70074e2a4c84c9d8ae48e0d1c9ddb89 P 880c6e4bf8fb466dbd2aa241dd468af2: Bootstrap starting.
I20260608 10:02:06.965659  1806 tablet_bootstrap.cc:654] T e70074e2a4c84c9d8ae48e0d1c9ddb89 P 880c6e4bf8fb466dbd2aa241dd468af2: Neither blocks nor log segments found. Creating new log.
I20260608 10:02:06.967993  1601 tablet_service.cc:1511] Processing CreateTablet for tablet 7129f1341c8e446b8cfbc6010862fb5b (DEFAULT_TABLE table=test-workload [id=a82bbc4304234f59b18dc105c98173b7]), partition=RANGE (key) PARTITION 357913940 <= VALUES < 536870910
I20260608 10:02:06.970045  1601 data_dirs.cc:400] Could only allocate 1 dirs of requested 3 for tablet 7129f1341c8e446b8cfbc6010862fb5b. 1 dirs total, 0 dirs full, 0 dirs failed
I20260608 10:02:06.972012  1599 tablet_service.cc:1511] Processing CreateTablet for tablet 1699f4d9a8bb4b0fa88617aa13a4dcb3 (DEFAULT_TABLE table=test-workload [id=a82bbc4304234f59b18dc105c98173b7]), partition=RANGE (key) PARTITION 536870910 <= VALUES < 715827880
I20260608 10:02:06.974862  1598 tablet_service.cc:1511] Processing CreateTablet for tablet 119675da41d44c4bb384aea4c4d56554 (DEFAULT_TABLE table=test-workload [id=a82bbc4304234f59b18dc105c98173b7]), partition=RANGE (key) PARTITION 715827880 <= VALUES < 894784850
I20260608 10:02:06.977761  1597 tablet_service.cc:1511] Processing CreateTablet for tablet 8b88407a63934000ad28300399a16b71 (DEFAULT_TABLE table=test-workload [id=a82bbc4304234f59b18dc105c98173b7]), partition=RANGE (key) PARTITION 894784850 <= VALUES < 1073741820
I20260608 10:02:06.975067  1596 tablet_service.cc:1511] Processing CreateTablet for tablet 24edf565c1a747c9bc6febb6c5645505 (DEFAULT_TABLE table=test-workload [id=a82bbc4304234f59b18dc105c98173b7]), partition=RANGE (key) PARTITION 1073741820 <= VALUES < 1252698790
I20260608 10:02:06.980041  1599 data_dirs.cc:400] Could only allocate 1 dirs of requested 3 for tablet 1699f4d9a8bb4b0fa88617aa13a4dcb3. 1 dirs total, 0 dirs full, 0 dirs failed
I20260608 10:02:06.983992  1595 tablet_service.cc:1511] Processing CreateTablet for tablet ed503ea8bc6947d29e347a48b5cb700d (DEFAULT_TABLE table=test-workload [id=a82bbc4304234f59b18dc105c98173b7]), partition=RANGE (key) PARTITION 1252698790 <= VALUES < 1431655760
I20260608 10:02:06.985579  1595 data_dirs.cc:400] Could only allocate 1 dirs of requested 3 for tablet ed503ea8bc6947d29e347a48b5cb700d. 1 dirs total, 0 dirs full, 0 dirs failed
I20260608 10:02:06.989689  1596 data_dirs.cc:400] Could only allocate 1 dirs of requested 3 for tablet 24edf565c1a747c9bc6febb6c5645505. 1 dirs total, 0 dirs full, 0 dirs failed
I20260608 10:02:06.991151  1597 data_dirs.cc:400] Could only allocate 1 dirs of requested 3 for tablet 8b88407a63934000ad28300399a16b71. 1 dirs total, 0 dirs full, 0 dirs failed
I20260608 10:02:06.993350  1673 tablet_service.cc:1511] Processing CreateTablet for tablet 1e3fe36b864e46b78989d249d8683cd7 (DEFAULT_TABLE table=test-workload [id=a82bbc4304234f59b18dc105c98173b7]), partition=RANGE (key) PARTITION 1789569700 <= VALUES < 1968526670
I20260608 10:02:06.994534  1598 data_dirs.cc:400] Could only allocate 1 dirs of requested 3 for tablet 119675da41d44c4bb384aea4c4d56554. 1 dirs total, 0 dirs full, 0 dirs failed
I20260608 10:02:06.985760  1675 tablet_service.cc:1511] Processing CreateTablet for tablet d7b7bffa859e4e8db0b201ed8a25b606 (DEFAULT_TABLE table=test-workload [id=a82bbc4304234f59b18dc105c98173b7]), partition=RANGE (key) PARTITION 1968526670 <= VALUES
I20260608 10:02:06.995182  1673 data_dirs.cc:400] Could only allocate 1 dirs of requested 3 for tablet 1e3fe36b864e46b78989d249d8683cd7. 1 dirs total, 0 dirs full, 0 dirs failed
I20260608 10:02:06.997805  1675 data_dirs.cc:400] Could only allocate 1 dirs of requested 3 for tablet d7b7bffa859e4e8db0b201ed8a25b606. 1 dirs total, 0 dirs full, 0 dirs failed
I20260608 10:02:07.020090  1594 tablet_service.cc:1511] Processing CreateTablet for tablet bf345f986a864b64a9cc5a14fa452d2f (DEFAULT_TABLE table=test-workload [id=a82bbc4304234f59b18dc105c98173b7]), partition=RANGE (key) PARTITION 1431655760 <= VALUES < 1610612730
I20260608 10:02:07.021801  1594 data_dirs.cc:400] Could only allocate 1 dirs of requested 3 for tablet bf345f986a864b64a9cc5a14fa452d2f. 1 dirs total, 0 dirs full, 0 dirs failed
I20260608 10:02:07.028280  1593 tablet_service.cc:1511] Processing CreateTablet for tablet 3cac1844f20a4118bb2e2bd64776fb3a (DEFAULT_TABLE table=test-workload [id=a82bbc4304234f59b18dc105c98173b7]), partition=RANGE (key) PARTITION 1610612730 <= VALUES < 1789569700
I20260608 10:02:07.030494  1593 data_dirs.cc:400] Could only allocate 1 dirs of requested 3 for tablet 3cac1844f20a4118bb2e2bd64776fb3a. 1 dirs total, 0 dirs full, 0 dirs failed
I20260608 10:02:07.056728  1592 tablet_service.cc:1511] Processing CreateTablet for tablet 1e3fe36b864e46b78989d249d8683cd7 (DEFAULT_TABLE table=test-workload [id=a82bbc4304234f59b18dc105c98173b7]), partition=RANGE (key) PARTITION 1789569700 <= VALUES < 1968526670
I20260608 10:02:07.059672  1592 data_dirs.cc:400] Could only allocate 1 dirs of requested 3 for tablet 1e3fe36b864e46b78989d249d8683cd7. 1 dirs total, 0 dirs full, 0 dirs failed
I20260608 10:02:07.063544  1595 tablet_service.cc:1511] Processing CreateTablet for tablet d7b7bffa859e4e8db0b201ed8a25b606 (DEFAULT_TABLE table=test-workload [id=a82bbc4304234f59b18dc105c98173b7]), partition=RANGE (key) PARTITION 1968526670 <= VALUES
I20260608 10:02:07.065279  1595 data_dirs.cc:400] Could only allocate 1 dirs of requested 3 for tablet d7b7bffa859e4e8db0b201ed8a25b606. 1 dirs total, 0 dirs full, 0 dirs failed
I20260608 10:02:07.065987  1750 tablet_service.cc:1511] Processing CreateTablet for tablet e70074e2a4c84c9d8ae48e0d1c9ddb89 (DEFAULT_TABLE table=test-workload [id=a82bbc4304234f59b18dc105c98173b7]), partition=RANGE (key) PARTITION VALUES < 178956970
I20260608 10:02:07.067466  1750 data_dirs.cc:400] Could only allocate 1 dirs of requested 3 for tablet e70074e2a4c84c9d8ae48e0d1c9ddb89. 1 dirs total, 0 dirs full, 0 dirs failed
I20260608 10:02:07.089414  1749 tablet_service.cc:1511] Processing CreateTablet for tablet 83298e4ec57b41ef84003fb8c014ee5c (DEFAULT_TABLE table=test-workload [id=a82bbc4304234f59b18dc105c98173b7]), partition=RANGE (key) PARTITION 178956970 <= VALUES < 357913940
I20260608 10:02:07.091017  1747 tablet_service.cc:1511] Processing CreateTablet for tablet 1699f4d9a8bb4b0fa88617aa13a4dcb3 (DEFAULT_TABLE table=test-workload [id=a82bbc4304234f59b18dc105c98173b7]), partition=RANGE (key) PARTITION 536870910 <= VALUES < 715827880
I20260608 10:02:07.092869  1747 data_dirs.cc:400] Could only allocate 1 dirs of requested 3 for tablet 1699f4d9a8bb4b0fa88617aa13a4dcb3. 1 dirs total, 0 dirs full, 0 dirs failed
I20260608 10:02:07.092697  1744 tablet_service.cc:1511] Processing CreateTablet for tablet 24edf565c1a747c9bc6febb6c5645505 (DEFAULT_TABLE table=test-workload [id=a82bbc4304234f59b18dc105c98173b7]), partition=RANGE (key) PARTITION 1073741820 <= VALUES < 1252698790
I20260608 10:02:07.094455  1744 data_dirs.cc:400] Could only allocate 1 dirs of requested 3 for tablet 24edf565c1a747c9bc6febb6c5645505. 1 dirs total, 0 dirs full, 0 dirs failed
I20260608 10:02:07.095005  1746 tablet_service.cc:1511] Processing CreateTablet for tablet 119675da41d44c4bb384aea4c4d56554 (DEFAULT_TABLE table=test-workload [id=a82bbc4304234f59b18dc105c98173b7]), partition=RANGE (key) PARTITION 715827880 <= VALUES < 894784850
I20260608 10:02:07.096653  1746 data_dirs.cc:400] Could only allocate 1 dirs of requested 3 for tablet 119675da41d44c4bb384aea4c4d56554. 1 dirs total, 0 dirs full, 0 dirs failed
I20260608 10:02:07.098928  1743 tablet_service.cc:1511] Processing CreateTablet for tablet ed503ea8bc6947d29e347a48b5cb700d (DEFAULT_TABLE table=test-workload [id=a82bbc4304234f59b18dc105c98173b7]), partition=RANGE (key) PARTITION 1252698790 <= VALUES < 1431655760
I20260608 10:02:07.098726  1741 tablet_service.cc:1511] Processing CreateTablet for tablet 3cac1844f20a4118bb2e2bd64776fb3a (DEFAULT_TABLE table=test-workload [id=a82bbc4304234f59b18dc105c98173b7]), partition=RANGE (key) PARTITION 1610612730 <= VALUES < 1789569700
I20260608 10:02:07.100515  1743 data_dirs.cc:400] Could only allocate 1 dirs of requested 3 for tablet ed503ea8bc6947d29e347a48b5cb700d. 1 dirs total, 0 dirs full, 0 dirs failed
I20260608 10:02:07.101418  1741 data_dirs.cc:400] Could only allocate 1 dirs of requested 3 for tablet 3cac1844f20a4118bb2e2bd64776fb3a. 1 dirs total, 0 dirs full, 0 dirs failed
I20260608 10:02:07.102952  1742 tablet_service.cc:1511] Processing CreateTablet for tablet bf345f986a864b64a9cc5a14fa452d2f (DEFAULT_TABLE table=test-workload [id=a82bbc4304234f59b18dc105c98173b7]), partition=RANGE (key) PARTITION 1431655760 <= VALUES < 1610612730
I20260608 10:02:07.104493  1742 data_dirs.cc:400] Could only allocate 1 dirs of requested 3 for tablet bf345f986a864b64a9cc5a14fa452d2f. 1 dirs total, 0 dirs full, 0 dirs failed
I20260608 10:02:07.108448  1749 data_dirs.cc:400] Could only allocate 1 dirs of requested 3 for tablet 83298e4ec57b41ef84003fb8c014ee5c. 1 dirs total, 0 dirs full, 0 dirs failed
I20260608 10:02:07.110255  1805 tablet_bootstrap.cc:492] T e70074e2a4c84c9d8ae48e0d1c9ddb89 P 06f5de7ccf244c4aa227a54bae76f3ac: Bootstrap starting.
I20260608 10:02:07.107668  1748 tablet_service.cc:1511] Processing CreateTablet for tablet 7129f1341c8e446b8cfbc6010862fb5b (DEFAULT_TABLE table=test-workload [id=a82bbc4304234f59b18dc105c98173b7]), partition=RANGE (key) PARTITION 357913940 <= VALUES < 536870910
I20260608 10:02:07.114315  1748 data_dirs.cc:400] Could only allocate 1 dirs of requested 3 for tablet 7129f1341c8e446b8cfbc6010862fb5b. 1 dirs total, 0 dirs full, 0 dirs failed
I20260608 10:02:07.121359  1745 tablet_service.cc:1511] Processing CreateTablet for tablet 8b88407a63934000ad28300399a16b71 (DEFAULT_TABLE table=test-workload [id=a82bbc4304234f59b18dc105c98173b7]), partition=RANGE (key) PARTITION 894784850 <= VALUES < 1073741820
I20260608 10:02:07.122997  1745 data_dirs.cc:400] Could only allocate 1 dirs of requested 3 for tablet 8b88407a63934000ad28300399a16b71. 1 dirs total, 0 dirs full, 0 dirs failed
I20260608 10:02:07.146548  1805 tablet_bootstrap.cc:654] T e70074e2a4c84c9d8ae48e0d1c9ddb89 P 06f5de7ccf244c4aa227a54bae76f3ac: Neither blocks nor log segments found. Creating new log.
I20260608 10:02:07.170526  1743 tablet_service.cc:1511] Processing CreateTablet for tablet 1e3fe36b864e46b78989d249d8683cd7 (DEFAULT_TABLE table=test-workload [id=a82bbc4304234f59b18dc105c98173b7]), partition=RANGE (key) PARTITION 1789569700 <= VALUES < 1968526670
I20260608 10:02:07.173404  1743 data_dirs.cc:400] Could only allocate 1 dirs of requested 3 for tablet 1e3fe36b864e46b78989d249d8683cd7. 1 dirs total, 0 dirs full, 0 dirs failed
I20260608 10:02:07.173648  1749 tablet_service.cc:1511] Processing CreateTablet for tablet d7b7bffa859e4e8db0b201ed8a25b606 (DEFAULT_TABLE table=test-workload [id=a82bbc4304234f59b18dc105c98173b7]), partition=RANGE (key) PARTITION 1968526670 <= VALUES
I20260608 10:02:07.178490  1806 tablet_bootstrap.cc:492] T e70074e2a4c84c9d8ae48e0d1c9ddb89 P 880c6e4bf8fb466dbd2aa241dd468af2: No bootstrap required, opened a new log
I20260608 10:02:07.179149  1806 ts_tablet_manager.cc:1403] T e70074e2a4c84c9d8ae48e0d1c9ddb89 P 880c6e4bf8fb466dbd2aa241dd468af2: Time spent bootstrapping tablet: real 0.232s	user 0.009s	sys 0.019s
I20260608 10:02:07.182744  1806 raft_consensus.cc:359] T e70074e2a4c84c9d8ae48e0d1c9ddb89 P 880c6e4bf8fb466dbd2aa241dd468af2 [term 0 FOLLOWER]: Replica starting. Triggering 0 pending ops. Active config: opid_index: -1 OBSOLETE_local: false peers { permanent_uuid: "880c6e4bf8fb466dbd2aa241dd468af2" member_type: VOTER last_known_addr { host: "127.28.233.65" port: 37979 } } peers { permanent_uuid: "06f5de7ccf244c4aa227a54bae76f3ac" member_type: VOTER last_known_addr { host: "127.28.233.66" port: 38771 } } peers { permanent_uuid: "90fbd6449dab4537b3966f5de49970a2" member_type: VOTER last_known_addr { host: "127.28.233.67" port: 39273 } }
I20260608 10:02:07.183918  1749 data_dirs.cc:400] Could only allocate 1 dirs of requested 3 for tablet d7b7bffa859e4e8db0b201ed8a25b606. 1 dirs total, 0 dirs full, 0 dirs failed
I20260608 10:02:07.189268  1809 tablet_bootstrap.cc:492] T e70074e2a4c84c9d8ae48e0d1c9ddb89 P 90fbd6449dab4537b3966f5de49970a2: Bootstrap starting.
I20260608 10:02:07.187386  1806 raft_consensus.cc:385] T e70074e2a4c84c9d8ae48e0d1c9ddb89 P 880c6e4bf8fb466dbd2aa241dd468af2 [term 0 FOLLOWER]: Consensus starting up: Expiring failure detector timer to make a prompt election more likely
I20260608 10:02:07.190096  1806 raft_consensus.cc:740] T e70074e2a4c84c9d8ae48e0d1c9ddb89 P 880c6e4bf8fb466dbd2aa241dd468af2 [term 0 FOLLOWER]: Becoming Follower/Learner. State: Replica: 880c6e4bf8fb466dbd2aa241dd468af2, State: Initialized, Role: FOLLOWER
I20260608 10:02:07.191206  1806 consensus_queue.cc:260] T e70074e2a4c84c9d8ae48e0d1c9ddb89 P 880c6e4bf8fb466dbd2aa241dd468af2 [NON_LEADER]: Queue going to NON_LEADER mode. State: All replicated index: 0, Majority replicated index: 0, Committed index: 0, Last appended: 0.0, Last appended by leader: 0, Current term: 0, Majority size: -1, State: 0, Mode: NON_LEADER, active raft config: opid_index: -1 OBSOLETE_local: false peers { permanent_uuid: "880c6e4bf8fb466dbd2aa241dd468af2" member_type: VOTER last_known_addr { host: "127.28.233.65" port: 37979 } } peers { permanent_uuid: "06f5de7ccf244c4aa227a54bae76f3ac" member_type: VOTER last_known_addr { host: "127.28.233.66" port: 38771 } } peers { permanent_uuid: "90fbd6449dab4537b3966f5de49970a2" member_type: VOTER last_known_addr { host: "127.28.233.67" port: 39273 } }
I20260608 10:02:07.262208  1806 ts_tablet_manager.cc:1434] T e70074e2a4c84c9d8ae48e0d1c9ddb89 P 880c6e4bf8fb466dbd2aa241dd468af2: Time spent starting tablet: real 0.082s	user 0.010s	sys 0.000s
I20260608 10:02:07.269626  1806 tablet_bootstrap.cc:492] T ed503ea8bc6947d29e347a48b5cb700d P 880c6e4bf8fb466dbd2aa241dd468af2: Bootstrap starting.
I20260608 10:02:07.279949  1806 tablet_bootstrap.cc:654] T ed503ea8bc6947d29e347a48b5cb700d P 880c6e4bf8fb466dbd2aa241dd468af2: Neither blocks nor log segments found. Creating new log.
I20260608 10:02:07.280006  1805 tablet_bootstrap.cc:492] T e70074e2a4c84c9d8ae48e0d1c9ddb89 P 06f5de7ccf244c4aa227a54bae76f3ac: No bootstrap required, opened a new log
I20260608 10:02:07.282186  1805 ts_tablet_manager.cc:1403] T e70074e2a4c84c9d8ae48e0d1c9ddb89 P 06f5de7ccf244c4aa227a54bae76f3ac: Time spent bootstrapping tablet: real 0.172s	user 0.017s	sys 0.000s
I20260608 10:02:07.279980  1809 tablet_bootstrap.cc:654] T e70074e2a4c84c9d8ae48e0d1c9ddb89 P 90fbd6449dab4537b3966f5de49970a2: Neither blocks nor log segments found. Creating new log.
I20260608 10:02:07.288455  1805 raft_consensus.cc:359] T e70074e2a4c84c9d8ae48e0d1c9ddb89 P 06f5de7ccf244c4aa227a54bae76f3ac [term 0 FOLLOWER]: Replica starting. Triggering 0 pending ops. Active config: opid_index: -1 OBSOLETE_local: false peers { permanent_uuid: "880c6e4bf8fb466dbd2aa241dd468af2" member_type: VOTER last_known_addr { host: "127.28.233.65" port: 37979 } } peers { permanent_uuid: "06f5de7ccf244c4aa227a54bae76f3ac" member_type: VOTER last_known_addr { host: "127.28.233.66" port: 38771 } } peers { permanent_uuid: "90fbd6449dab4537b3966f5de49970a2" member_type: VOTER last_known_addr { host: "127.28.233.67" port: 39273 } }
I20260608 10:02:07.290122  1805 raft_consensus.cc:385] T e70074e2a4c84c9d8ae48e0d1c9ddb89 P 06f5de7ccf244c4aa227a54bae76f3ac [term 0 FOLLOWER]: Consensus starting up: Expiring failure detector timer to make a prompt election more likely
I20260608 10:02:07.291007  1811 raft_consensus.cc:493] T e70074e2a4c84c9d8ae48e0d1c9ddb89 P 880c6e4bf8fb466dbd2aa241dd468af2 [term 0 FOLLOWER]: Starting pre-election (no leader contacted us within the election timeout)
I20260608 10:02:07.291355  1805 raft_consensus.cc:740] T e70074e2a4c84c9d8ae48e0d1c9ddb89 P 06f5de7ccf244c4aa227a54bae76f3ac [term 0 FOLLOWER]: Becoming Follower/Learner. State: Replica: 06f5de7ccf244c4aa227a54bae76f3ac, State: Initialized, Role: FOLLOWER
I20260608 10:02:07.291901  1806 tablet_bootstrap.cc:492] T ed503ea8bc6947d29e347a48b5cb700d P 880c6e4bf8fb466dbd2aa241dd468af2: No bootstrap required, opened a new log
I20260608 10:02:07.293283  1806 ts_tablet_manager.cc:1403] T ed503ea8bc6947d29e347a48b5cb700d P 880c6e4bf8fb466dbd2aa241dd468af2: Time spent bootstrapping tablet: real 0.024s	user 0.018s	sys 0.003s
I20260608 10:02:07.291987  1811 raft_consensus.cc:515] T e70074e2a4c84c9d8ae48e0d1c9ddb89 P 880c6e4bf8fb466dbd2aa241dd468af2 [term 0 FOLLOWER]: Starting pre-election with config: opid_index: -1 OBSOLETE_local: false peers { permanent_uuid: "880c6e4bf8fb466dbd2aa241dd468af2" member_type: VOTER last_known_addr { host: "127.28.233.65" port: 37979 } } peers { permanent_uuid: "06f5de7ccf244c4aa227a54bae76f3ac" member_type: VOTER last_known_addr { host: "127.28.233.66" port: 38771 } } peers { permanent_uuid: "90fbd6449dab4537b3966f5de49970a2" member_type: VOTER last_known_addr { host: "127.28.233.67" port: 39273 } }
I20260608 10:02:07.293812  1805 consensus_queue.cc:260] T e70074e2a4c84c9d8ae48e0d1c9ddb89 P 06f5de7ccf244c4aa227a54bae76f3ac [NON_LEADER]: Queue going to NON_LEADER mode. State: All replicated index: 0, Majority replicated index: 0, Committed index: 0, Last appended: 0.0, Last appended by leader: 0, Current term: 0, Majority size: -1, State: 0, Mode: NON_LEADER, active raft config: opid_index: -1 OBSOLETE_local: false peers { permanent_uuid: "880c6e4bf8fb466dbd2aa241dd468af2" member_type: VOTER last_known_addr { host: "127.28.233.65" port: 37979 } } peers { permanent_uuid: "06f5de7ccf244c4aa227a54bae76f3ac" member_type: VOTER last_known_addr { host: "127.28.233.66" port: 38771 } } peers { permanent_uuid: "90fbd6449dab4537b3966f5de49970a2" member_type: VOTER last_known_addr { host: "127.28.233.67" port: 39273 } }
I20260608 10:02:07.301453  1811 leader_election.cc:290] T e70074e2a4c84c9d8ae48e0d1c9ddb89 P 880c6e4bf8fb466dbd2aa241dd468af2 [CANDIDATE]: Term 1 pre-election: Requested pre-vote from peers 06f5de7ccf244c4aa227a54bae76f3ac (127.28.233.66:38771), 90fbd6449dab4537b3966f5de49970a2 (127.28.233.67:39273)
W20260608 10:02:07.303946  1557 auto_rebalancer.cc:259] Could not retrieve cluster info: Service unavailable: Tablet not running
I20260608 10:02:07.304016  1806 raft_consensus.cc:359] T ed503ea8bc6947d29e347a48b5cb700d P 880c6e4bf8fb466dbd2aa241dd468af2 [term 0 FOLLOWER]: Replica starting. Triggering 0 pending ops. Active config: opid_index: -1 OBSOLETE_local: false peers { permanent_uuid: "880c6e4bf8fb466dbd2aa241dd468af2" member_type: VOTER last_known_addr { host: "127.28.233.65" port: 37979 } } peers { permanent_uuid: "06f5de7ccf244c4aa227a54bae76f3ac" member_type: VOTER last_known_addr { host: "127.28.233.66" port: 38771 } } peers { permanent_uuid: "90fbd6449dab4537b3966f5de49970a2" member_type: VOTER last_known_addr { host: "127.28.233.67" port: 39273 } }
