I20260608 10:01:29.102910 32637 raft_consensus.cc:2955] T 172bb3fb1dcf4ef9b258b764c818975a P f2fe779efee949399146d48ae5228ea1 [term 1 FOLLOWER]: Committing config change with OpId 1.2: config changed from index -1 to 2, NON_VOTER e184dbdfe40b4b52bf25c79b38a394de (127.28.233.68) added. New config: { opid_index: 2 OBSOLETE_local: false peers { permanent_uuid: "783ddf6cda4348bdbf1195e097e8c6b8" member_type: VOTER last_known_addr { host: "127.28.233.65" port: 33925 } } peers { permanent_uuid: "f2fe779efee949399146d48ae5228ea1" member_type: VOTER last_known_addr { host: "127.28.233.66" port: 34565 } attrs { replace: true } } peers { permanent_uuid: "f7cf89c0c089442fb82298a12433c55e" member_type: VOTER last_known_addr { host: "127.28.233.67" port: 32821 } } peers { permanent_uuid: "e184dbdfe40b4b52bf25c79b38a394de" member_type: NON_VOTER last_known_addr { host: "127.28.233.68" port: 40437 } attrs { promote: true } } }
I20260608 10:01:29.117980 32456 catalog_manager.cc:5696] T 172bb3fb1dcf4ef9b258b764c818975a P f2fe779efee949399146d48ae5228ea1 reported cstate change: config changed from index -1 to 2, NON_VOTER e184dbdfe40b4b52bf25c79b38a394de (127.28.233.68) added. New cstate: current_term: 1 leader_uuid: "f7cf89c0c089442fb82298a12433c55e" committed_config { opid_index: 2 OBSOLETE_local: false peers { permanent_uuid: "783ddf6cda4348bdbf1195e097e8c6b8" member_type: VOTER last_known_addr { host: "127.28.233.65" port: 33925 } } peers { permanent_uuid: "f2fe779efee949399146d48ae5228ea1" member_type: VOTER last_known_addr { host: "127.28.233.66" port: 34565 } attrs { replace: true } } peers { permanent_uuid: "f7cf89c0c089442fb82298a12433c55e" member_type: VOTER last_known_addr { host: "127.28.233.67" port: 32821 } } peers { permanent_uuid: "e184dbdfe40b4b52bf25c79b38a394de" member_type: NON_VOTER last_known_addr { host: "127.28.233.68" port: 40437 } attrs { promote: true } } }
I20260608 10:01:29.120847 32637 consensus_queue.cc:237] T c504d97a94d742a08de7166edecfa6f3 P f2fe779efee949399146d48ae5228ea1 [LEADER]: Queue going to LEADER mode. State: All replicated index: 0, Majority replicated index: 1, Committed index: 1, Last appended: 1.1, Last appended by leader: 0, Current term: 1, Majority size: 2, State: 0, Mode: LEADER, active raft config: opid_index: 2 OBSOLETE_local: false peers { permanent_uuid: "783ddf6cda4348bdbf1195e097e8c6b8" member_type: VOTER last_known_addr { host: "127.28.233.65" port: 33925 } } peers { permanent_uuid: "f2fe779efee949399146d48ae5228ea1" member_type: VOTER last_known_addr { host: "127.28.233.66" port: 34565 } } peers { permanent_uuid: "f7cf89c0c089442fb82298a12433c55e" member_type: VOTER last_known_addr { host: "127.28.233.67" port: 32821 } attrs { replace: true } } peers { permanent_uuid: "e184dbdfe40b4b52bf25c79b38a394de" member_type: NON_VOTER last_known_addr { host: "127.28.233.68" port: 40437 } attrs { promote: true } }
I20260608 10:01:29.132849 32560 raft_consensus.cc:1275] T c504d97a94d742a08de7166edecfa6f3 P 783ddf6cda4348bdbf1195e097e8c6b8 [term 1 FOLLOWER]: Refusing update from remote peer f2fe779efee949399146d48ae5228ea1: Log matching property violated. Preceding OpId in replica: term: 1 index: 1. Preceding OpId from leader: term: 1 index: 2. (index mismatch)
W20260608 10:01:29.133548 32603 consensus_peers.cc:597] T c504d97a94d742a08de7166edecfa6f3 P f2fe779efee949399146d48ae5228ea1 -> Peer e184dbdfe40b4b52bf25c79b38a394de (127.28.233.68:40437): Couldn't send request to peer e184dbdfe40b4b52bf25c79b38a394de. Error code: TABLET_NOT_FOUND (6). Status: Not found: Tablet not found: c504d97a94d742a08de7166edecfa6f3. This is attempt 1: this message will repeat every 5th retry.
I20260608 10:01:29.133628 32710 raft_consensus.cc:1275] T c504d97a94d742a08de7166edecfa6f3 P f7cf89c0c089442fb82298a12433c55e [term 1 FOLLOWER]: Refusing update from remote peer f2fe779efee949399146d48ae5228ea1: Log matching property violated. Preceding OpId in replica: term: 1 index: 1. Preceding OpId from leader: term: 1 index: 2. (index mismatch)
I20260608 10:01:29.135002 32767 consensus_queue.cc:1048] T c504d97a94d742a08de7166edecfa6f3 P f2fe779efee949399146d48ae5228ea1 [LEADER]: Connected to new peer: Peer: permanent_uuid: "783ddf6cda4348bdbf1195e097e8c6b8" member_type: VOTER last_known_addr { host: "127.28.233.65" port: 33925 }, Status: LMP_MISMATCH, Last received: 0.0, Next index: 2, Last known committed idx: 1, Time since last communication: 0.000s
I20260608 10:01:29.136091   440 consensus_queue.cc:1048] T c504d97a94d742a08de7166edecfa6f3 P f2fe779efee949399146d48ae5228ea1 [LEADER]: Connected to new peer: Peer: permanent_uuid: "f7cf89c0c089442fb82298a12433c55e" member_type: VOTER last_known_addr { host: "127.28.233.67" port: 32821 } attrs { replace: true }, Status: LMP_MISMATCH, Last received: 0.0, Next index: 2, Last known committed idx: 1, Time since last communication: 0.001s
I20260608 10:01:29.154615   440 raft_consensus.cc:2955] T c504d97a94d742a08de7166edecfa6f3 P f2fe779efee949399146d48ae5228ea1 [term 1 LEADER]: Committing config change with OpId 1.2: config changed from index -1 to 2, NON_VOTER e184dbdfe40b4b52bf25c79b38a394de (127.28.233.68) added. New config: { opid_index: 2 OBSOLETE_local: false peers { permanent_uuid: "783ddf6cda4348bdbf1195e097e8c6b8" member_type: VOTER last_known_addr { host: "127.28.233.65" port: 33925 } } peers { permanent_uuid: "f2fe779efee949399146d48ae5228ea1" member_type: VOTER last_known_addr { host: "127.28.233.66" port: 34565 } } peers { permanent_uuid: "f7cf89c0c089442fb82298a12433c55e" member_type: VOTER last_known_addr { host: "127.28.233.67" port: 32821 } attrs { replace: true } } peers { permanent_uuid: "e184dbdfe40b4b52bf25c79b38a394de" member_type: NON_VOTER last_known_addr { host: "127.28.233.68" port: 40437 } attrs { promote: true } } }
I20260608 10:01:29.155964 32560 raft_consensus.cc:2955] T c504d97a94d742a08de7166edecfa6f3 P 783ddf6cda4348bdbf1195e097e8c6b8 [term 1 FOLLOWER]: Committing config change with OpId 1.2: config changed from index -1 to 2, NON_VOTER e184dbdfe40b4b52bf25c79b38a394de (127.28.233.68) added. New config: { opid_index: 2 OBSOLETE_local: false peers { permanent_uuid: "783ddf6cda4348bdbf1195e097e8c6b8" member_type: VOTER last_known_addr { host: "127.28.233.65" port: 33925 } } peers { permanent_uuid: "f2fe779efee949399146d48ae5228ea1" member_type: VOTER last_known_addr { host: "127.28.233.66" port: 34565 } } peers { permanent_uuid: "f7cf89c0c089442fb82298a12433c55e" member_type: VOTER last_known_addr { host: "127.28.233.67" port: 32821 } attrs { replace: true } } peers { permanent_uuid: "e184dbdfe40b4b52bf25c79b38a394de" member_type: NON_VOTER last_known_addr { host: "127.28.233.68" port: 40437 } attrs { promote: true } } }
I20260608 10:01:29.157902 32710 raft_consensus.cc:2955] T c504d97a94d742a08de7166edecfa6f3 P f7cf89c0c089442fb82298a12433c55e [term 1 FOLLOWER]: Committing config change with OpId 1.2: config changed from index -1 to 2, NON_VOTER e184dbdfe40b4b52bf25c79b38a394de (127.28.233.68) added. New config: { opid_index: 2 OBSOLETE_local: false peers { permanent_uuid: "783ddf6cda4348bdbf1195e097e8c6b8" member_type: VOTER last_known_addr { host: "127.28.233.65" port: 33925 } } peers { permanent_uuid: "f2fe779efee949399146d48ae5228ea1" member_type: VOTER last_known_addr { host: "127.28.233.66" port: 34565 } } peers { permanent_uuid: "f7cf89c0c089442fb82298a12433c55e" member_type: VOTER last_known_addr { host: "127.28.233.67" port: 32821 } attrs { replace: true } } peers { permanent_uuid: "e184dbdfe40b4b52bf25c79b38a394de" member_type: NON_VOTER last_known_addr { host: "127.28.233.68" port: 40437 } attrs { promote: true } } }
I20260608 10:01:29.167645 32457 catalog_manager.cc:5696] T c504d97a94d742a08de7166edecfa6f3 P 783ddf6cda4348bdbf1195e097e8c6b8 reported cstate change: config changed from index -1 to 2, NON_VOTER e184dbdfe40b4b52bf25c79b38a394de (127.28.233.68) added. New cstate: current_term: 1 leader_uuid: "f2fe779efee949399146d48ae5228ea1" committed_config { opid_index: 2 OBSOLETE_local: false peers { permanent_uuid: "783ddf6cda4348bdbf1195e097e8c6b8" member_type: VOTER last_known_addr { host: "127.28.233.65" port: 33925 } } peers { permanent_uuid: "f2fe779efee949399146d48ae5228ea1" member_type: VOTER last_known_addr { host: "127.28.233.66" port: 34565 } } peers { permanent_uuid: "f7cf89c0c089442fb82298a12433c55e" member_type: VOTER last_known_addr { host: "127.28.233.67" port: 32821 } attrs { replace: true } } peers { permanent_uuid: "e184dbdfe40b4b52bf25c79b38a394de" member_type: NON_VOTER last_known_addr { host: "127.28.233.68" port: 40437 } attrs { promote: true } } }
I20260608 10:01:29.170109 32709 consensus_queue.cc:237] T 71b9ec3b622341e99d380bb8fae090ff P f7cf89c0c089442fb82298a12433c55e [LEADER]: Queue going to LEADER mode. State: All replicated index: 0, Majority replicated index: 1, Committed index: 1, Last appended: 1.1, Last appended by leader: 0, Current term: 1, Majority size: 2, State: 0, Mode: LEADER, active raft config: opid_index: 2 OBSOLETE_local: false peers { permanent_uuid: "783ddf6cda4348bdbf1195e097e8c6b8" member_type: VOTER last_known_addr { host: "127.28.233.65" port: 33925 } attrs { replace: true } } peers { permanent_uuid: "f2fe779efee949399146d48ae5228ea1" member_type: VOTER last_known_addr { host: "127.28.233.66" port: 34565 } } peers { permanent_uuid: "f7cf89c0c089442fb82298a12433c55e" member_type: VOTER last_known_addr { host: "127.28.233.67" port: 32821 } } peers { permanent_uuid: "e184dbdfe40b4b52bf25c79b38a394de" member_type: NON_VOTER last_known_addr { host: "127.28.233.68" port: 40437 } attrs { promote: true } }
I20260608 10:01:29.190819 32637 raft_consensus.cc:1275] T 71b9ec3b622341e99d380bb8fae090ff P f2fe779efee949399146d48ae5228ea1 [term 1 FOLLOWER]: Refusing update from remote peer f7cf89c0c089442fb82298a12433c55e: Log matching property violated. Preceding OpId in replica: term: 1 index: 1. Preceding OpId from leader: term: 1 index: 2. (index mismatch)
W20260608 10:01:29.191920 32677 consensus_peers.cc:597] T 71b9ec3b622341e99d380bb8fae090ff P f7cf89c0c089442fb82298a12433c55e -> Peer e184dbdfe40b4b52bf25c79b38a394de (127.28.233.68:40437): Couldn't send request to peer e184dbdfe40b4b52bf25c79b38a394de. Error code: TABLET_NOT_FOUND (6). Status: Not found: Tablet not found: 71b9ec3b622341e99d380bb8fae090ff. This is attempt 1: this message will repeat every 5th retry.
I20260608 10:01:29.192813   494 consensus_queue.cc:1048] T 71b9ec3b622341e99d380bb8fae090ff P f7cf89c0c089442fb82298a12433c55e [LEADER]: Connected to new peer: Peer: permanent_uuid: "f2fe779efee949399146d48ae5228ea1" member_type: VOTER last_known_addr { host: "127.28.233.66" port: 34565 }, Status: LMP_MISMATCH, Last received: 0.0, Next index: 2, Last known committed idx: 1, Time since last communication: 0.000s
I20260608 10:01:29.193130 32560 raft_consensus.cc:1275] T 71b9ec3b622341e99d380bb8fae090ff P 783ddf6cda4348bdbf1195e097e8c6b8 [term 1 FOLLOWER]: Refusing update from remote peer f7cf89c0c089442fb82298a12433c55e: Log matching property violated. Preceding OpId in replica: term: 1 index: 1. Preceding OpId from leader: term: 1 index: 2. (index mismatch)
I20260608 10:01:29.194563   488 consensus_queue.cc:1048] T 71b9ec3b622341e99d380bb8fae090ff P f7cf89c0c089442fb82298a12433c55e [LEADER]: Connected to new peer: Peer: permanent_uuid: "783ddf6cda4348bdbf1195e097e8c6b8" member_type: VOTER last_known_addr { host: "127.28.233.65" port: 33925 } attrs { replace: true }, Status: LMP_MISMATCH, Last received: 0.0, Next index: 2, Last known committed idx: 1, Time since last communication: 0.000s
I20260608 10:01:29.201651   494 raft_consensus.cc:2955] T 71b9ec3b622341e99d380bb8fae090ff P f7cf89c0c089442fb82298a12433c55e [term 1 LEADER]: Committing config change with OpId 1.2: config changed from index -1 to 2, NON_VOTER e184dbdfe40b4b52bf25c79b38a394de (127.28.233.68) added. New config: { opid_index: 2 OBSOLETE_local: false peers { permanent_uuid: "783ddf6cda4348bdbf1195e097e8c6b8" member_type: VOTER last_known_addr { host: "127.28.233.65" port: 33925 } attrs { replace: true } } peers { permanent_uuid: "f2fe779efee949399146d48ae5228ea1" member_type: VOTER last_known_addr { host: "127.28.233.66" port: 34565 } } peers { permanent_uuid: "f7cf89c0c089442fb82298a12433c55e" member_type: VOTER last_known_addr { host: "127.28.233.67" port: 32821 } } peers { permanent_uuid: "e184dbdfe40b4b52bf25c79b38a394de" member_type: NON_VOTER last_known_addr { host: "127.28.233.68" port: 40437 } attrs { promote: true } } }
I20260608 10:01:29.203868 32637 raft_consensus.cc:2955] T 71b9ec3b622341e99d380bb8fae090ff P f2fe779efee949399146d48ae5228ea1 [term 1 FOLLOWER]: Committing config change with OpId 1.2: config changed from index -1 to 2, NON_VOTER e184dbdfe40b4b52bf25c79b38a394de (127.28.233.68) added. New config: { opid_index: 2 OBSOLETE_local: false peers { permanent_uuid: "783ddf6cda4348bdbf1195e097e8c6b8" member_type: VOTER last_known_addr { host: "127.28.233.65" port: 33925 } attrs { replace: true } } peers { permanent_uuid: "f2fe779efee949399146d48ae5228ea1" member_type: VOTER last_known_addr { host: "127.28.233.66" port: 34565 } } peers { permanent_uuid: "f7cf89c0c089442fb82298a12433c55e" member_type: VOTER last_known_addr { host: "127.28.233.67" port: 32821 } } peers { permanent_uuid: "e184dbdfe40b4b52bf25c79b38a394de" member_type: NON_VOTER last_known_addr { host: "127.28.233.68" port: 40437 } attrs { promote: true } } }
I20260608 10:01:29.214447 32560 raft_consensus.cc:2955] T 71b9ec3b622341e99d380bb8fae090ff P 783ddf6cda4348bdbf1195e097e8c6b8 [term 1 FOLLOWER]: Committing config change with OpId 1.2: config changed from index -1 to 2, NON_VOTER e184dbdfe40b4b52bf25c79b38a394de (127.28.233.68) added. New config: { opid_index: 2 OBSOLETE_local: false peers { permanent_uuid: "783ddf6cda4348bdbf1195e097e8c6b8" member_type: VOTER last_known_addr { host: "127.28.233.65" port: 33925 } attrs { replace: true } } peers { permanent_uuid: "f2fe779efee949399146d48ae5228ea1" member_type: VOTER last_known_addr { host: "127.28.233.66" port: 34565 } } peers { permanent_uuid: "f7cf89c0c089442fb82298a12433c55e" member_type: VOTER last_known_addr { host: "127.28.233.67" port: 32821 } } peers { permanent_uuid: "e184dbdfe40b4b52bf25c79b38a394de" member_type: NON_VOTER last_known_addr { host: "127.28.233.68" port: 40437 } attrs { promote: true } } }
I20260608 10:01:29.224273 32460 catalog_manager.cc:5696] T 71b9ec3b622341e99d380bb8fae090ff P f2fe779efee949399146d48ae5228ea1 reported cstate change: config changed from index -1 to 2, NON_VOTER e184dbdfe40b4b52bf25c79b38a394de (127.28.233.68) added. New cstate: current_term: 1 leader_uuid: "f7cf89c0c089442fb82298a12433c55e" committed_config { opid_index: 2 OBSOLETE_local: false peers { permanent_uuid: "783ddf6cda4348bdbf1195e097e8c6b8" member_type: VOTER last_known_addr { host: "127.28.233.65" port: 33925 } attrs { replace: true } } peers { permanent_uuid: "f2fe779efee949399146d48ae5228ea1" member_type: VOTER last_known_addr { host: "127.28.233.66" port: 34565 } } peers { permanent_uuid: "f7cf89c0c089442fb82298a12433c55e" member_type: VOTER last_known_addr { host: "127.28.233.67" port: 32821 } } peers { permanent_uuid: "e184dbdfe40b4b52bf25c79b38a394de" member_type: NON_VOTER last_known_addr { host: "127.28.233.68" port: 40437 } attrs { promote: true } } }
I20260608 10:01:29.476692   549 ts_tablet_manager.cc:933] T 172bb3fb1dcf4ef9b258b764c818975a P e184dbdfe40b4b52bf25c79b38a394de: Initiating tablet copy from peer f7cf89c0c089442fb82298a12433c55e (127.28.233.67:32821)
I20260608 10:01:29.478736   549 tablet_copy_client.cc:323] T 172bb3fb1dcf4ef9b258b764c818975a P e184dbdfe40b4b52bf25c79b38a394de: tablet copy: Beginning tablet copy session from remote peer at address 127.28.233.67:32821
I20260608 10:01:29.480751 32721 tablet_copy_service.cc:140] P f7cf89c0c089442fb82298a12433c55e: Received BeginTabletCopySession request for tablet 172bb3fb1dcf4ef9b258b764c818975a from peer e184dbdfe40b4b52bf25c79b38a394de ({username='slave'} at 127.0.0.1:46262)
I20260608 10:01:29.481552 32721 tablet_copy_service.cc:161] P f7cf89c0c089442fb82298a12433c55e: Beginning new tablet copy session on tablet 172bb3fb1dcf4ef9b258b764c818975a from peer e184dbdfe40b4b52bf25c79b38a394de at {username='slave'} at 127.0.0.1:46262: session id = e184dbdfe40b4b52bf25c79b38a394de-172bb3fb1dcf4ef9b258b764c818975a
I20260608 10:01:29.490173 32721 tablet_copy_source_session.cc:215] T 172bb3fb1dcf4ef9b258b764c818975a P f7cf89c0c089442fb82298a12433c55e: Tablet Copy: opened 0 blocks and 1 log segments
I20260608 10:01:29.494017   549 data_dirs.cc:400] Could only allocate 1 dirs of requested 3 for tablet 172bb3fb1dcf4ef9b258b764c818975a. 1 dirs total, 0 dirs full, 0 dirs failed
I20260608 10:01:29.507751   549 tablet_copy_client.cc:806] T 172bb3fb1dcf4ef9b258b764c818975a P e184dbdfe40b4b52bf25c79b38a394de: tablet copy: Starting download of 0 data blocks...
I20260608 10:01:29.508562   549 tablet_copy_client.cc:670] T 172bb3fb1dcf4ef9b258b764c818975a P e184dbdfe40b4b52bf25c79b38a394de: tablet copy: Starting download of 1 WAL segments...
I20260608 10:01:29.513465   549 tablet_copy_client.cc:538] T 172bb3fb1dcf4ef9b258b764c818975a P e184dbdfe40b4b52bf25c79b38a394de: tablet copy: Tablet Copy complete. Replacing tablet superblock.
I20260608 10:01:29.521641   549 tablet_bootstrap.cc:492] T 172bb3fb1dcf4ef9b258b764c818975a P e184dbdfe40b4b52bf25c79b38a394de: Bootstrap starting.
I20260608 10:01:29.528563   551 ts_tablet_manager.cc:933] T cc3db8e7838f4566837ba9617640670d P e184dbdfe40b4b52bf25c79b38a394de: Initiating tablet copy from peer f2fe779efee949399146d48ae5228ea1 (127.28.233.66:34565)
I20260608 10:01:29.532953   551 tablet_copy_client.cc:323] T cc3db8e7838f4566837ba9617640670d P e184dbdfe40b4b52bf25c79b38a394de: tablet copy: Beginning tablet copy session from remote peer at address 127.28.233.66:34565
I20260608 10:01:29.535323 32647 tablet_copy_service.cc:140] P f2fe779efee949399146d48ae5228ea1: Received BeginTabletCopySession request for tablet cc3db8e7838f4566837ba9617640670d from peer e184dbdfe40b4b52bf25c79b38a394de ({username='slave'} at 127.0.0.1:42788)
I20260608 10:01:29.536044 32647 tablet_copy_service.cc:161] P f2fe779efee949399146d48ae5228ea1: Beginning new tablet copy session on tablet cc3db8e7838f4566837ba9617640670d from peer e184dbdfe40b4b52bf25c79b38a394de at {username='slave'} at 127.0.0.1:42788: session id = e184dbdfe40b4b52bf25c79b38a394de-cc3db8e7838f4566837ba9617640670d
I20260608 10:01:29.545024 32647 tablet_copy_source_session.cc:215] T cc3db8e7838f4566837ba9617640670d P f2fe779efee949399146d48ae5228ea1: Tablet Copy: opened 0 blocks and 1 log segments
I20260608 10:01:29.551116   551 data_dirs.cc:400] Could only allocate 1 dirs of requested 3 for tablet cc3db8e7838f4566837ba9617640670d. 1 dirs total, 0 dirs full, 0 dirs failed
I20260608 10:01:29.558286   549 tablet_bootstrap.cc:492] T 172bb3fb1dcf4ef9b258b764c818975a P e184dbdfe40b4b52bf25c79b38a394de: Bootstrap replayed 1/1 log segments. Stats: ops{read=2 overwritten=0 applied=2 ignored=0} inserts{seen=0 ignored=0} mutations{seen=0 ignored=0} orphaned_commits=0. Pending: 0 replicates
I20260608 10:01:29.559443   549 tablet_bootstrap.cc:492] T 172bb3fb1dcf4ef9b258b764c818975a P e184dbdfe40b4b52bf25c79b38a394de: Bootstrap complete.
I20260608 10:01:29.560212   549 ts_tablet_manager.cc:1403] T 172bb3fb1dcf4ef9b258b764c818975a P e184dbdfe40b4b52bf25c79b38a394de: Time spent bootstrapping tablet: real 0.039s	user 0.026s	sys 0.007s
I20260608 10:01:29.564148   549 raft_consensus.cc:359] T 172bb3fb1dcf4ef9b258b764c818975a P e184dbdfe40b4b52bf25c79b38a394de [term 1 LEARNER]: Replica starting. Triggering 0 pending ops. Active config: opid_index: 2 OBSOLETE_local: false peers { permanent_uuid: "783ddf6cda4348bdbf1195e097e8c6b8" member_type: VOTER last_known_addr { host: "127.28.233.65" port: 33925 } } peers { permanent_uuid: "f2fe779efee949399146d48ae5228ea1" member_type: VOTER last_known_addr { host: "127.28.233.66" port: 34565 } attrs { replace: true } } peers { permanent_uuid: "f7cf89c0c089442fb82298a12433c55e" member_type: VOTER last_known_addr { host: "127.28.233.67" port: 32821 } } peers { permanent_uuid: "e184dbdfe40b4b52bf25c79b38a394de" member_type: NON_VOTER last_known_addr { host: "127.28.233.68" port: 40437 } attrs { promote: true } }
I20260608 10:01:29.565143   549 raft_consensus.cc:740] T 172bb3fb1dcf4ef9b258b764c818975a P e184dbdfe40b4b52bf25c79b38a394de [term 1 LEARNER]: Becoming Follower/Learner. State: Replica: e184dbdfe40b4b52bf25c79b38a394de, State: Initialized, Role: LEARNER
I20260608 10:01:29.565963   549 consensus_queue.cc:260] T 172bb3fb1dcf4ef9b258b764c818975a P e184dbdfe40b4b52bf25c79b38a394de [NON_LEADER]: Queue going to NON_LEADER mode. State: All replicated index: 0, Majority replicated index: 0, Committed index: 2, Last appended: 1.2, Last appended by leader: 2, Current term: 0, Majority size: -1, State: 0, Mode: NON_LEADER, active raft config: opid_index: 2 OBSOLETE_local: false peers { permanent_uuid: "783ddf6cda4348bdbf1195e097e8c6b8" member_type: VOTER last_known_addr { host: "127.28.233.65" port: 33925 } } peers { permanent_uuid: "f2fe779efee949399146d48ae5228ea1" member_type: VOTER last_known_addr { host: "127.28.233.66" port: 34565 } attrs { replace: true } } peers { permanent_uuid: "f7cf89c0c089442fb82298a12433c55e" member_type: VOTER last_known_addr { host: "127.28.233.67" port: 32821 } } peers { permanent_uuid: "e184dbdfe40b4b52bf25c79b38a394de" member_type: NON_VOTER last_known_addr { host: "127.28.233.68" port: 40437 } attrs { promote: true } }
I20260608 10:01:29.573393   551 tablet_copy_client.cc:806] T cc3db8e7838f4566837ba9617640670d P e184dbdfe40b4b52bf25c79b38a394de: tablet copy: Starting download of 0 data blocks...
I20260608 10:01:29.574079   551 tablet_copy_client.cc:670] T cc3db8e7838f4566837ba9617640670d P e184dbdfe40b4b52bf25c79b38a394de: tablet copy: Starting download of 1 WAL segments...
I20260608 10:01:29.578719   551 tablet_copy_client.cc:538] T cc3db8e7838f4566837ba9617640670d P e184dbdfe40b4b52bf25c79b38a394de: tablet copy: Tablet Copy complete. Replacing tablet superblock.
I20260608 10:01:29.578542   554 ts_tablet_manager.cc:933] T c504d97a94d742a08de7166edecfa6f3 P e184dbdfe40b4b52bf25c79b38a394de: Initiating tablet copy from peer f2fe779efee949399146d48ae5228ea1 (127.28.233.66:34565)
I20260608 10:01:29.582731   549 ts_tablet_manager.cc:1434] T 172bb3fb1dcf4ef9b258b764c818975a P e184dbdfe40b4b52bf25c79b38a394de: Time spent starting tablet: real 0.022s	user 0.013s	sys 0.008s
I20260608 10:01:29.585919   554 tablet_copy_client.cc:323] T c504d97a94d742a08de7166edecfa6f3 P e184dbdfe40b4b52bf25c79b38a394de: tablet copy: Beginning tablet copy session from remote peer at address 127.28.233.66:34565
I20260608 10:01:29.588120 32647 tablet_copy_service.cc:140] P f2fe779efee949399146d48ae5228ea1: Received BeginTabletCopySession request for tablet c504d97a94d742a08de7166edecfa6f3 from peer e184dbdfe40b4b52bf25c79b38a394de ({username='slave'} at 127.0.0.1:42788)
I20260608 10:01:29.588724 32647 tablet_copy_service.cc:161] P f2fe779efee949399146d48ae5228ea1: Beginning new tablet copy session on tablet c504d97a94d742a08de7166edecfa6f3 from peer e184dbdfe40b4b52bf25c79b38a394de at {username='slave'} at 127.0.0.1:42788: session id = e184dbdfe40b4b52bf25c79b38a394de-c504d97a94d742a08de7166edecfa6f3
I20260608 10:01:29.589968   551 tablet_bootstrap.cc:492] T cc3db8e7838f4566837ba9617640670d P e184dbdfe40b4b52bf25c79b38a394de: Bootstrap starting.
I20260608 10:01:29.595690 32721 tablet_copy_service.cc:342] P f7cf89c0c089442fb82298a12433c55e: Request end of tablet copy session e184dbdfe40b4b52bf25c79b38a394de-172bb3fb1dcf4ef9b258b764c818975a received from {username='slave'} at 127.0.0.1:46262
I20260608 10:01:29.596218 32721 tablet_copy_service.cc:434] P f7cf89c0c089442fb82298a12433c55e: ending tablet copy session e184dbdfe40b4b52bf25c79b38a394de-172bb3fb1dcf4ef9b258b764c818975a on tablet 172bb3fb1dcf4ef9b258b764c818975a with peer e184dbdfe40b4b52bf25c79b38a394de
I20260608 10:01:29.599375 32647 tablet_copy_source_session.cc:215] T c504d97a94d742a08de7166edecfa6f3 P f2fe779efee949399146d48ae5228ea1: Tablet Copy: opened 0 blocks and 1 log segments
I20260608 10:01:29.602918   554 data_dirs.cc:400] Could only allocate 1 dirs of requested 3 for tablet c504d97a94d742a08de7166edecfa6f3. 1 dirs total, 0 dirs full, 0 dirs failed
I20260608 10:01:29.612387   551 tablet_bootstrap.cc:492] T cc3db8e7838f4566837ba9617640670d P e184dbdfe40b4b52bf25c79b38a394de: Bootstrap replayed 1/1 log segments. Stats: ops{read=2 overwritten=0 applied=2 ignored=0} inserts{seen=0 ignored=0} mutations{seen=0 ignored=0} orphaned_commits=0. Pending: 0 replicates
I20260608 10:01:29.613282   551 tablet_bootstrap.cc:492] T cc3db8e7838f4566837ba9617640670d P e184dbdfe40b4b52bf25c79b38a394de: Bootstrap complete.
I20260608 10:01:29.614010   551 ts_tablet_manager.cc:1403] T cc3db8e7838f4566837ba9617640670d P e184dbdfe40b4b52bf25c79b38a394de: Time spent bootstrapping tablet: real 0.024s	user 0.017s	sys 0.004s
I20260608 10:01:29.617269   551 raft_consensus.cc:359] T cc3db8e7838f4566837ba9617640670d P e184dbdfe40b4b52bf25c79b38a394de [term 1 LEARNER]: Replica starting. Triggering 0 pending ops. Active config: opid_index: 2 OBSOLETE_local: false peers { permanent_uuid: "783ddf6cda4348bdbf1195e097e8c6b8" member_type: VOTER last_known_addr { host: "127.28.233.65" port: 33925 } attrs { replace: true } } peers { permanent_uuid: "f2fe779efee949399146d48ae5228ea1" member_type: VOTER last_known_addr { host: "127.28.233.66" port: 34565 } } peers { permanent_uuid: "f7cf89c0c089442fb82298a12433c55e" member_type: VOTER last_known_addr { host: "127.28.233.67" port: 32821 } } peers { permanent_uuid: "e184dbdfe40b4b52bf25c79b38a394de" member_type: NON_VOTER last_known_addr { host: "127.28.233.68" port: 40437 } attrs { promote: true } }
I20260608 10:01:29.618152   551 raft_consensus.cc:740] T cc3db8e7838f4566837ba9617640670d P e184dbdfe40b4b52bf25c79b38a394de [term 1 LEARNER]: Becoming Follower/Learner. State: Replica: e184dbdfe40b4b52bf25c79b38a394de, State: Initialized, Role: LEARNER
I20260608 10:01:29.618832   551 consensus_queue.cc:260] T cc3db8e7838f4566837ba9617640670d P e184dbdfe40b4b52bf25c79b38a394de [NON_LEADER]: Queue going to NON_LEADER mode. State: All replicated index: 0, Majority replicated index: 0, Committed index: 2, Last appended: 1.2, Last appended by leader: 2, Current term: 0, Majority size: -1, State: 0, Mode: NON_LEADER, active raft config: opid_index: 2 OBSOLETE_local: false peers { permanent_uuid: "783ddf6cda4348bdbf1195e097e8c6b8" member_type: VOTER last_known_addr { host: "127.28.233.65" port: 33925 } attrs { replace: true } } peers { permanent_uuid: "f2fe779efee949399146d48ae5228ea1" member_type: VOTER last_known_addr { host: "127.28.233.66" port: 34565 } } peers { permanent_uuid: "f7cf89c0c089442fb82298a12433c55e" member_type: VOTER last_known_addr { host: "127.28.233.67" port: 32821 } } peers { permanent_uuid: "e184dbdfe40b4b52bf25c79b38a394de" member_type: NON_VOTER last_known_addr { host: "127.28.233.68" port: 40437 } attrs { promote: true } }
I20260608 10:01:29.620438   554 tablet_copy_client.cc:806] T c504d97a94d742a08de7166edecfa6f3 P e184dbdfe40b4b52bf25c79b38a394de: tablet copy: Starting download of 0 data blocks...
I20260608 10:01:29.621246   551 ts_tablet_manager.cc:1434] T cc3db8e7838f4566837ba9617640670d P e184dbdfe40b4b52bf25c79b38a394de: Time spent starting tablet: real 0.007s	user 0.004s	sys 0.000s
I20260608 10:01:29.623229 32647 tablet_copy_service.cc:342] P f2fe779efee949399146d48ae5228ea1: Request end of tablet copy session e184dbdfe40b4b52bf25c79b38a394de-cc3db8e7838f4566837ba9617640670d received from {username='slave'} at 127.0.0.1:42788
I20260608 10:01:29.623499   554 tablet_copy_client.cc:670] T c504d97a94d742a08de7166edecfa6f3 P e184dbdfe40b4b52bf25c79b38a394de: tablet copy: Starting download of 1 WAL segments...
I20260608 10:01:29.623706 32647 tablet_copy_service.cc:434] P f2fe779efee949399146d48ae5228ea1: ending tablet copy session e184dbdfe40b4b52bf25c79b38a394de-cc3db8e7838f4566837ba9617640670d on tablet cc3db8e7838f4566837ba9617640670d with peer e184dbdfe40b4b52bf25c79b38a394de
I20260608 10:01:29.629443   554 tablet_copy_client.cc:538] T c504d97a94d742a08de7166edecfa6f3 P e184dbdfe40b4b52bf25c79b38a394de: tablet copy: Tablet Copy complete. Replacing tablet superblock.
I20260608 10:01:29.637838   554 tablet_bootstrap.cc:492] T c504d97a94d742a08de7166edecfa6f3 P e184dbdfe40b4b52bf25c79b38a394de: Bootstrap starting.
I20260608 10:01:29.657951   554 tablet_bootstrap.cc:492] T c504d97a94d742a08de7166edecfa6f3 P e184dbdfe40b4b52bf25c79b38a394de: Bootstrap replayed 1/1 log segments. Stats: ops{read=2 overwritten=0 applied=2 ignored=0} inserts{seen=0 ignored=0} mutations{seen=0 ignored=0} orphaned_commits=0. Pending: 0 replicates
I20260608 10:01:29.665233   554 tablet_bootstrap.cc:492] T c504d97a94d742a08de7166edecfa6f3 P e184dbdfe40b4b52bf25c79b38a394de: Bootstrap complete.
I20260608 10:01:29.666026   554 ts_tablet_manager.cc:1403] T c504d97a94d742a08de7166edecfa6f3 P e184dbdfe40b4b52bf25c79b38a394de: Time spent bootstrapping tablet: real 0.028s	user 0.016s	sys 0.005s
I20260608 10:01:29.669463   554 raft_consensus.cc:359] T c504d97a94d742a08de7166edecfa6f3 P e184dbdfe40b4b52bf25c79b38a394de [term 1 LEARNER]: Replica starting. Triggering 0 pending ops. Active config: opid_index: 2 OBSOLETE_local: false peers { permanent_uuid: "783ddf6cda4348bdbf1195e097e8c6b8" member_type: VOTER last_known_addr { host: "127.28.233.65" port: 33925 } } peers { permanent_uuid: "f2fe779efee949399146d48ae5228ea1" member_type: VOTER last_known_addr { host: "127.28.233.66" port: 34565 } } peers { permanent_uuid: "f7cf89c0c089442fb82298a12433c55e" member_type: VOTER last_known_addr { host: "127.28.233.67" port: 32821 } attrs { replace: true } } peers { permanent_uuid: "e184dbdfe40b4b52bf25c79b38a394de" member_type: NON_VOTER last_known_addr { host: "127.28.233.68" port: 40437 } attrs { promote: true } }
I20260608 10:01:29.670157   554 raft_consensus.cc:740] T c504d97a94d742a08de7166edecfa6f3 P e184dbdfe40b4b52bf25c79b38a394de [term 1 LEARNER]: Becoming Follower/Learner. State: Replica: e184dbdfe40b4b52bf25c79b38a394de, State: Initialized, Role: LEARNER
I20260608 10:01:29.670727   554 consensus_queue.cc:260] T c504d97a94d742a08de7166edecfa6f3 P e184dbdfe40b4b52bf25c79b38a394de [NON_LEADER]: Queue going to NON_LEADER mode. State: All replicated index: 0, Majority replicated index: 0, Committed index: 2, Last appended: 1.2, Last appended by leader: 2, Current term: 0, Majority size: -1, State: 0, Mode: NON_LEADER, active raft config: opid_index: 2 OBSOLETE_local: false peers { permanent_uuid: "783ddf6cda4348bdbf1195e097e8c6b8" member_type: VOTER last_known_addr { host: "127.28.233.65" port: 33925 } } peers { permanent_uuid: "f2fe779efee949399146d48ae5228ea1" member_type: VOTER last_known_addr { host: "127.28.233.66" port: 34565 } } peers { permanent_uuid: "f7cf89c0c089442fb82298a12433c55e" member_type: VOTER last_known_addr { host: "127.28.233.67" port: 32821 } attrs { replace: true } } peers { permanent_uuid: "e184dbdfe40b4b52bf25c79b38a394de" member_type: NON_VOTER last_known_addr { host: "127.28.233.68" port: 40437 } attrs { promote: true } }
I20260608 10:01:29.672676   554 ts_tablet_manager.cc:1434] T c504d97a94d742a08de7166edecfa6f3 P e184dbdfe40b4b52bf25c79b38a394de: Time spent starting tablet: real 0.006s	user 0.000s	sys 0.004s
I20260608 10:01:29.674535 32647 tablet_copy_service.cc:342] P f2fe779efee949399146d48ae5228ea1: Request end of tablet copy session e184dbdfe40b4b52bf25c79b38a394de-c504d97a94d742a08de7166edecfa6f3 received from {username='slave'} at 127.0.0.1:42788
I20260608 10:01:29.674995 32647 tablet_copy_service.cc:434] P f2fe779efee949399146d48ae5228ea1: ending tablet copy session e184dbdfe40b4b52bf25c79b38a394de-c504d97a94d742a08de7166edecfa6f3 on tablet c504d97a94d742a08de7166edecfa6f3 with peer e184dbdfe40b4b52bf25c79b38a394de
I20260608 10:01:29.774564   554 ts_tablet_manager.cc:933] T 71b9ec3b622341e99d380bb8fae090ff P e184dbdfe40b4b52bf25c79b38a394de: Initiating tablet copy from peer f7cf89c0c089442fb82298a12433c55e (127.28.233.67:32821)
I20260608 10:01:29.776784   554 tablet_copy_client.cc:323] T 71b9ec3b622341e99d380bb8fae090ff P e184dbdfe40b4b52bf25c79b38a394de: tablet copy: Beginning tablet copy session from remote peer at address 127.28.233.67:32821
I20260608 10:01:29.778625 32721 tablet_copy_service.cc:140] P f7cf89c0c089442fb82298a12433c55e: Received BeginTabletCopySession request for tablet 71b9ec3b622341e99d380bb8fae090ff from peer e184dbdfe40b4b52bf25c79b38a394de ({username='slave'} at 127.0.0.1:46262)
I20260608 10:01:29.779093 32721 tablet_copy_service.cc:161] P f7cf89c0c089442fb82298a12433c55e: Beginning new tablet copy session on tablet 71b9ec3b622341e99d380bb8fae090ff from peer e184dbdfe40b4b52bf25c79b38a394de at {username='slave'} at 127.0.0.1:46262: session id = e184dbdfe40b4b52bf25c79b38a394de-71b9ec3b622341e99d380bb8fae090ff
I20260608 10:01:29.784102 32721 tablet_copy_source_session.cc:215] T 71b9ec3b622341e99d380bb8fae090ff P f7cf89c0c089442fb82298a12433c55e: Tablet Copy: opened 0 blocks and 1 log segments
I20260608 10:01:29.786984   554 data_dirs.cc:400] Could only allocate 1 dirs of requested 3 for tablet 71b9ec3b622341e99d380bb8fae090ff. 1 dirs total, 0 dirs full, 0 dirs failed
I20260608 10:01:29.801122   554 tablet_copy_client.cc:806] T 71b9ec3b622341e99d380bb8fae090ff P e184dbdfe40b4b52bf25c79b38a394de: tablet copy: Starting download of 0 data blocks...
I20260608 10:01:29.801717   554 tablet_copy_client.cc:670] T 71b9ec3b622341e99d380bb8fae090ff P e184dbdfe40b4b52bf25c79b38a394de: tablet copy: Starting download of 1 WAL segments...
I20260608 10:01:29.805749   554 tablet_copy_client.cc:538] T 71b9ec3b622341e99d380bb8fae090ff P e184dbdfe40b4b52bf25c79b38a394de: tablet copy: Tablet Copy complete. Replacing tablet superblock.
I20260608 10:01:29.815464   554 tablet_bootstrap.cc:492] T 71b9ec3b622341e99d380bb8fae090ff P e184dbdfe40b4b52bf25c79b38a394de: Bootstrap starting.
I20260608 10:01:29.837066   554 tablet_bootstrap.cc:492] T 71b9ec3b622341e99d380bb8fae090ff P e184dbdfe40b4b52bf25c79b38a394de: Bootstrap replayed 1/1 log segments. Stats: ops{read=2 overwritten=0 applied=2 ignored=0} inserts{seen=0 ignored=0} mutations{seen=0 ignored=0} orphaned_commits=0. Pending: 0 replicates
I20260608 10:01:29.838130   554 tablet_bootstrap.cc:492] T 71b9ec3b622341e99d380bb8fae090ff P e184dbdfe40b4b52bf25c79b38a394de: Bootstrap complete.
I20260608 10:01:29.839012   554 ts_tablet_manager.cc:1403] T 71b9ec3b622341e99d380bb8fae090ff P e184dbdfe40b4b52bf25c79b38a394de: Time spent bootstrapping tablet: real 0.024s	user 0.023s	sys 0.000s
I20260608 10:01:29.842324   554 raft_consensus.cc:359] T 71b9ec3b622341e99d380bb8fae090ff P e184dbdfe40b4b52bf25c79b38a394de [term 1 LEARNER]: Replica starting. Triggering 0 pending ops. Active config: opid_index: 2 OBSOLETE_local: false peers { permanent_uuid: "783ddf6cda4348bdbf1195e097e8c6b8" member_type: VOTER last_known_addr { host: "127.28.233.65" port: 33925 } attrs { replace: true } } peers { permanent_uuid: "f2fe779efee949399146d48ae5228ea1" member_type: VOTER last_known_addr { host: "127.28.233.66" port: 34565 } } peers { permanent_uuid: "f7cf89c0c089442fb82298a12433c55e" member_type: VOTER last_known_addr { host: "127.28.233.67" port: 32821 } } peers { permanent_uuid: "e184dbdfe40b4b52bf25c79b38a394de" member_type: NON_VOTER last_known_addr { host: "127.28.233.68" port: 40437 } attrs { promote: true } }
I20260608 10:01:29.843204   554 raft_consensus.cc:740] T 71b9ec3b622341e99d380bb8fae090ff P e184dbdfe40b4b52bf25c79b38a394de [term 1 LEARNER]: Becoming Follower/Learner. State: Replica: e184dbdfe40b4b52bf25c79b38a394de, State: Initialized, Role: LEARNER
I20260608 10:01:29.843946   554 consensus_queue.cc:260] T 71b9ec3b622341e99d380bb8fae090ff P e184dbdfe40b4b52bf25c79b38a394de [NON_LEADER]: Queue going to NON_LEADER mode. State: All replicated index: 0, Majority replicated index: 0, Committed index: 2, Last appended: 1.2, Last appended by leader: 2, Current term: 0, Majority size: -1, State: 0, Mode: NON_LEADER, active raft config: opid_index: 2 OBSOLETE_local: false peers { permanent_uuid: "783ddf6cda4348bdbf1195e097e8c6b8" member_type: VOTER last_known_addr { host: "127.28.233.65" port: 33925 } attrs { replace: true } } peers { permanent_uuid: "f2fe779efee949399146d48ae5228ea1" member_type: VOTER last_known_addr { host: "127.28.233.66" port: 34565 } } peers { permanent_uuid: "f7cf89c0c089442fb82298a12433c55e" member_type: VOTER last_known_addr { host: "127.28.233.67" port: 32821 } } peers { permanent_uuid: "e184dbdfe40b4b52bf25c79b38a394de" member_type: NON_VOTER last_known_addr { host: "127.28.233.68" port: 40437 } attrs { promote: true } }
I20260608 10:01:29.846753   554 ts_tablet_manager.cc:1434] T 71b9ec3b622341e99d380bb8fae090ff P e184dbdfe40b4b52bf25c79b38a394de: Time spent starting tablet: real 0.007s	user 0.008s	sys 0.000s
I20260608 10:01:29.848901 32721 tablet_copy_service.cc:342] P f7cf89c0c089442fb82298a12433c55e: Request end of tablet copy session e184dbdfe40b4b52bf25c79b38a394de-71b9ec3b622341e99d380bb8fae090ff received from {username='slave'} at 127.0.0.1:46262
I20260608 10:01:29.849376 32721 tablet_copy_service.cc:434] P f7cf89c0c089442fb82298a12433c55e: ending tablet copy session e184dbdfe40b4b52bf25c79b38a394de-71b9ec3b622341e99d380bb8fae090ff on tablet 71b9ec3b622341e99d380bb8fae090ff with peer e184dbdfe40b4b52bf25c79b38a394de
I20260608 10:01:29.910743   390 raft_consensus.cc:1217] T cc3db8e7838f4566837ba9617640670d P e184dbdfe40b4b52bf25c79b38a394de [term 1 LEARNER]: Deduplicated request from leader. Original: 1.1->[1.2-1.2]   Dedup: 1.2->[]
I20260608 10:01:29.965621 32513 auto_leader_rebalancer.cc:140] leader rebalance for table range_aware_rebalance_new_range
I20260608 10:01:29.994908 32709 tablet_service.cc:2072] Received LeaderStepDown RPC: tablet_id: "0aa18ef11fc649b49646dee959dc3d8e"
dest_uuid: "f7cf89c0c089442fb82298a12433c55e"
mode: GRACEFUL
new_leader_uuid: "e184dbdfe40b4b52bf25c79b38a394de"
 from {username='slave'} at 127.0.0.1:46292
I20260608 10:01:29.995746 32709 raft_consensus.cc:606] T 0aa18ef11fc649b49646dee959dc3d8e P f7cf89c0c089442fb82298a12433c55e [term 1 LEADER]: Received request to transfer leadership to TS e184dbdfe40b4b52bf25c79b38a394de
I20260608 10:01:30.010921 32560 tablet_service.cc:2072] Received LeaderStepDown RPC: tablet_id: "0b4ec73837c74d2e9f4168f312eb46c9"
dest_uuid: "783ddf6cda4348bdbf1195e097e8c6b8"
mode: GRACEFUL
new_leader_uuid: "f2fe779efee949399146d48ae5228ea1"
 from {username='slave'} at 127.0.0.1:39712
I20260608 10:01:30.011619 32560 raft_consensus.cc:606] T 0b4ec73837c74d2e9f4168f312eb46c9 P 783ddf6cda4348bdbf1195e097e8c6b8 [term 1 LEADER]: Received request to transfer leadership to TS f2fe779efee949399146d48ae5228ea1
I20260608 10:01:30.015413 32709 tablet_service.cc:2072] Received LeaderStepDown RPC: tablet_id: "4034db4f212b44f7ae3af5d921e65117"
dest_uuid: "f7cf89c0c089442fb82298a12433c55e"
mode: GRACEFUL
new_leader_uuid: "e184dbdfe40b4b52bf25c79b38a394de"
 from {username='slave'} at 127.0.0.1:46292
I20260608 10:01:30.016036 32709 raft_consensus.cc:606] T 4034db4f212b44f7ae3af5d921e65117 P f7cf89c0c089442fb82298a12433c55e [term 1 LEADER]: Received request to transfer leadership to TS e184dbdfe40b4b52bf25c79b38a394de
I20260608 10:01:30.018924 32709 tablet_service.cc:2072] Received LeaderStepDown RPC: tablet_id: "71b9ec3b622341e99d380bb8fae090ff"
dest_uuid: "f7cf89c0c089442fb82298a12433c55e"
mode: GRACEFUL
new_leader_uuid: "783ddf6cda4348bdbf1195e097e8c6b8"
 from {username='slave'} at 127.0.0.1:46292
I20260608 10:01:30.019980 32709 raft_consensus.cc:606] T 71b9ec3b622341e99d380bb8fae090ff P f7cf89c0c089442fb82298a12433c55e [term 1 LEADER]: Received request to transfer leadership to TS 783ddf6cda4348bdbf1195e097e8c6b8
I20260608 10:01:30.021510 32513 auto_leader_rebalancer.cc:388] table: range_aware_rebalance_new_range, leader rebalance finish, leader transfer count: 4
I20260608 10:01:30.022359 32513 auto_leader_rebalancer.cc:451] All tables' leader rebalancing finished this round
I20260608 10:01:30.058494   488 raft_consensus.cc:993] T 0aa18ef11fc649b49646dee959dc3d8e P f7cf89c0c089442fb82298a12433c55e: : Instructing follower e184dbdfe40b4b52bf25c79b38a394de to start an election
I20260608 10:01:30.059073   488 raft_consensus.cc:1081] T 0aa18ef11fc649b49646dee959dc3d8e P f7cf89c0c089442fb82298a12433c55e [term 1 LEADER]: Signalling peer e184dbdfe40b4b52bf25c79b38a394de to start an election
I20260608 10:01:30.061408   390 tablet_service.cc:2044] Received Run Leader Election RPC: tablet_id: "0aa18ef11fc649b49646dee959dc3d8e"
dest_uuid: "e184dbdfe40b4b52bf25c79b38a394de"
 from {username='slave'} at 127.0.0.1:41382
I20260608 10:01:30.062091   390 raft_consensus.cc:493] T 0aa18ef11fc649b49646dee959dc3d8e P e184dbdfe40b4b52bf25c79b38a394de [term 1 FOLLOWER]: Starting forced leader election (received explicit request)
I20260608 10:01:30.062508   390 raft_consensus.cc:3060] T 0aa18ef11fc649b49646dee959dc3d8e P e184dbdfe40b4b52bf25c79b38a394de [term 1 FOLLOWER]: Advancing to term 2
I20260608 10:01:30.070097   390 raft_consensus.cc:515] T 0aa18ef11fc649b49646dee959dc3d8e P e184dbdfe40b4b52bf25c79b38a394de [term 2 FOLLOWER]: Starting forced leader election with config: opid_index: -1 OBSOLETE_local: false peers { permanent_uuid: "e184dbdfe40b4b52bf25c79b38a394de" member_type: VOTER last_known_addr { host: "127.28.233.68" port: 40437 } } peers { permanent_uuid: "f2fe779efee949399146d48ae5228ea1" member_type: VOTER last_known_addr { host: "127.28.233.66" port: 34565 } } peers { permanent_uuid: "f7cf89c0c089442fb82298a12433c55e" member_type: VOTER last_known_addr { host: "127.28.233.67" port: 32821 } }
I20260608 10:01:30.072481   390 leader_election.cc:290] T 0aa18ef11fc649b49646dee959dc3d8e P e184dbdfe40b4b52bf25c79b38a394de [CANDIDATE]: Term 2 election: Requested vote from peers f2fe779efee949399146d48ae5228ea1 (127.28.233.66:34565), f7cf89c0c089442fb82298a12433c55e (127.28.233.67:32821)
I20260608 10:01:30.073441 32637 tablet_service.cc:1917] Received RequestConsensusVote() RPC: tablet_id: "0aa18ef11fc649b49646dee959dc3d8e" candidate_uuid: "e184dbdfe40b4b52bf25c79b38a394de" candidate_term: 2 candidate_status { last_received { term: 1 index: 1 } } ignore_live_leader: true dest_uuid: "f2fe779efee949399146d48ae5228ea1"
I20260608 10:01:30.074051 32637 raft_consensus.cc:3060] T 0aa18ef11fc649b49646dee959dc3d8e P f2fe779efee949399146d48ae5228ea1 [term 1 FOLLOWER]: Advancing to term 2
I20260608 10:01:30.074151 32709 tablet_service.cc:1917] Received RequestConsensusVote() RPC: tablet_id: "0aa18ef11fc649b49646dee959dc3d8e" candidate_uuid: "e184dbdfe40b4b52bf25c79b38a394de" candidate_term: 2 candidate_status { last_received { term: 1 index: 1 } } ignore_live_leader: true dest_uuid: "f7cf89c0c089442fb82298a12433c55e"
I20260608 10:01:30.074798 32709 raft_consensus.cc:3055] T 0aa18ef11fc649b49646dee959dc3d8e P f7cf89c0c089442fb82298a12433c55e [term 1 LEADER]: Stepping down as leader of term 1
I20260608 10:01:30.075141 32709 raft_consensus.cc:740] T 0aa18ef11fc649b49646dee959dc3d8e P f7cf89c0c089442fb82298a12433c55e [term 1 LEADER]: Becoming Follower/Learner. State: Replica: f7cf89c0c089442fb82298a12433c55e, State: Running, Role: LEADER
I20260608 10:01:30.076043 32709 consensus_queue.cc:260] T 0aa18ef11fc649b49646dee959dc3d8e P f7cf89c0c089442fb82298a12433c55e [NON_LEADER]: Queue going to NON_LEADER mode. State: All replicated index: 0, Majority replicated index: 1, Committed index: 1, Last appended: 1.1, Last appended by leader: 1, Current term: 1, Majority size: -1, State: 0, Mode: NON_LEADER, active raft config: opid_index: -1 OBSOLETE_local: false peers { permanent_uuid: "e184dbdfe40b4b52bf25c79b38a394de" member_type: VOTER last_known_addr { host: "127.28.233.68" port: 40437 } } peers { permanent_uuid: "f2fe779efee949399146d48ae5228ea1" member_type: VOTER last_known_addr { host: "127.28.233.66" port: 34565 } } peers { permanent_uuid: "f7cf89c0c089442fb82298a12433c55e" member_type: VOTER last_known_addr { host: "127.28.233.67" port: 32821 } }
I20260608 10:01:30.077313 32709 raft_consensus.cc:3060] T 0aa18ef11fc649b49646dee959dc3d8e P f7cf89c0c089442fb82298a12433c55e [term 1 FOLLOWER]: Advancing to term 2
I20260608 10:01:30.079522 32637 raft_consensus.cc:2468] T 0aa18ef11fc649b49646dee959dc3d8e P f2fe779efee949399146d48ae5228ea1 [term 2 FOLLOWER]: Leader election vote request: Granting yes vote for candidate e184dbdfe40b4b52bf25c79b38a394de in term 2.
I20260608 10:01:30.081001   358 leader_election.cc:304] T 0aa18ef11fc649b49646dee959dc3d8e P e184dbdfe40b4b52bf25c79b38a394de [CANDIDATE]: Term 2 election: Election decided. Result: candidate won. Election summary: received 2 responses out of 3 voters: 2 yes votes; 0 no votes. yes voters: e184dbdfe40b4b52bf25c79b38a394de, f2fe779efee949399146d48ae5228ea1; no voters: 
I20260608 10:01:30.081929   555 raft_consensus.cc:2804] T 0aa18ef11fc649b49646dee959dc3d8e P e184dbdfe40b4b52bf25c79b38a394de [term 2 FOLLOWER]: Leader election won for term 2
I20260608 10:01:30.088176   390 raft_consensus.cc:1217] T 172bb3fb1dcf4ef9b258b764c818975a P e184dbdfe40b4b52bf25c79b38a394de [term 1 LEARNER]: Deduplicated request from leader. Original: 1.1->[1.2-1.2]   Dedup: 1.2->[]
I20260608 10:01:30.092597   555 raft_consensus.cc:697] T 0aa18ef11fc649b49646dee959dc3d8e P e184dbdfe40b4b52bf25c79b38a394de [term 2 LEADER]: Becoming Leader. State: Replica: e184dbdfe40b4b52bf25c79b38a394de, State: Running, Role: LEADER
I20260608 10:01:30.093813   555 consensus_queue.cc:237] T 0aa18ef11fc649b49646dee959dc3d8e P e184dbdfe40b4b52bf25c79b38a394de [LEADER]: Queue going to LEADER mode. State: All replicated index: 0, Majority replicated index: 1, Committed index: 1, Last appended: 1.1, Last appended by leader: 1, Current term: 2, Majority size: 2, State: 0, Mode: LEADER, active raft config: opid_index: -1 OBSOLETE_local: false peers { permanent_uuid: "e184dbdfe40b4b52bf25c79b38a394de" member_type: VOTER last_known_addr { host: "127.28.233.68" port: 40437 } } peers { permanent_uuid: "f2fe779efee949399146d48ae5228ea1" member_type: VOTER last_known_addr { host: "127.28.233.66" port: 34565 } } peers { permanent_uuid: "f7cf89c0c089442fb82298a12433c55e" member_type: VOTER last_known_addr { host: "127.28.233.67" port: 32821 } }
I20260608 10:01:30.100349   480 raft_consensus.cc:993] T 0b4ec73837c74d2e9f4168f312eb46c9 P 783ddf6cda4348bdbf1195e097e8c6b8: : Instructing follower f2fe779efee949399146d48ae5228ea1 to start an election
I20260608 10:01:30.102427   480 raft_consensus.cc:1081] T 0b4ec73837c74d2e9f4168f312eb46c9 P 783ddf6cda4348bdbf1195e097e8c6b8 [term 1 LEADER]: Signalling peer f2fe779efee949399146d48ae5228ea1 to start an election
I20260608 10:01:30.103942 32709 raft_consensus.cc:2468] T 0aa18ef11fc649b49646dee959dc3d8e P f7cf89c0c089442fb82298a12433c55e [term 2 FOLLOWER]: Leader election vote request: Granting yes vote for candidate e184dbdfe40b4b52bf25c79b38a394de in term 2.
I20260608 10:01:30.105211 32637 tablet_service.cc:2044] Received Run Leader Election RPC: tablet_id: "0b4ec73837c74d2e9f4168f312eb46c9"
dest_uuid: "f2fe779efee949399146d48ae5228ea1"
 from {username='slave'} at 127.0.0.1:42786
I20260608 10:01:30.105849 32637 raft_consensus.cc:493] T 0b4ec73837c74d2e9f4168f312eb46c9 P f2fe779efee949399146d48ae5228ea1 [term 1 FOLLOWER]: Starting forced leader election (received explicit request)
I20260608 10:01:30.106230 32637 raft_consensus.cc:3060] T 0b4ec73837c74d2e9f4168f312eb46c9 P f2fe779efee949399146d48ae5228ea1 [term 1 FOLLOWER]: Advancing to term 2
I20260608 10:01:30.112514 32457 catalog_manager.cc:5696] T 0aa18ef11fc649b49646dee959dc3d8e P e184dbdfe40b4b52bf25c79b38a394de reported cstate change: term changed from 1 to 2, leader changed from f7cf89c0c089442fb82298a12433c55e (127.28.233.67) to e184dbdfe40b4b52bf25c79b38a394de (127.28.233.68). New cstate: current_term: 2 leader_uuid: "e184dbdfe40b4b52bf25c79b38a394de" committed_config { opid_index: -1 OBSOLETE_local: false peers { permanent_uuid: "e184dbdfe40b4b52bf25c79b38a394de" member_type: VOTER last_known_addr { host: "127.28.233.68" port: 40437 } health_report { overall_health: HEALTHY } } peers { permanent_uuid: "f2fe779efee949399146d48ae5228ea1" member_type: VOTER last_known_addr { host: "127.28.233.66" port: 34565 } health_report { overall_health: UNKNOWN } } peers { permanent_uuid: "f7cf89c0c089442fb82298a12433c55e" member_type: VOTER last_known_addr { host: "127.28.233.67" port: 32821 } health_report { overall_health: UNKNOWN } } }
I20260608 10:01:30.114202 32637 raft_consensus.cc:515] T 0b4ec73837c74d2e9f4168f312eb46c9 P f2fe779efee949399146d48ae5228ea1 [term 2 FOLLOWER]: Starting forced leader election with config: opid_index: -1 OBSOLETE_local: false peers { permanent_uuid: "f2fe779efee949399146d48ae5228ea1" member_type: VOTER last_known_addr { host: "127.28.233.66" port: 34565 } } peers { permanent_uuid: "783ddf6cda4348bdbf1195e097e8c6b8" member_type: VOTER last_known_addr { host: "127.28.233.65" port: 33925 } } peers { permanent_uuid: "f7cf89c0c089442fb82298a12433c55e" member_type: VOTER last_known_addr { host: "127.28.233.67" port: 32821 } }
I20260608 10:01:30.116528 32637 leader_election.cc:290] T 0b4ec73837c74d2e9f4168f312eb46c9 P f2fe779efee949399146d48ae5228ea1 [CANDIDATE]: Term 2 election: Requested vote from peers 783ddf6cda4348bdbf1195e097e8c6b8 (127.28.233.65:33925), f7cf89c0c089442fb82298a12433c55e (127.28.233.67:32821)
