I20260608 10:00:13.732074 30467 consensus_queue.cc:260] T 58a6c68ebbfa49edbea0eeccd4a95cb5 P 06503ee1274e4ffc97c74e6c4f007b86 [NON_LEADER]: Queue going to NON_LEADER mode. State: All replicated index: 0, Majority replicated index: 0, Committed index: 0, Last appended: 0.0, Last appended by leader: 0, Current term: 0, Majority size: -1, State: 0, Mode: NON_LEADER, active raft config: opid_index: -1 OBSOLETE_local: false peers { permanent_uuid: "6d8a82412ed4433aa28adda1236e8295" member_type: VOTER last_known_addr { host: "127.28.233.65" port: 33641 } } peers { permanent_uuid: "06503ee1274e4ffc97c74e6c4f007b86" member_type: VOTER last_known_addr { host: "127.28.233.66" port: 40507 } } peers { permanent_uuid: "b7d50ef5c2f84de3b450d5507b0dfc58" member_type: VOTER last_known_addr { host: "127.28.233.67" port: 42149 } }
I20260608 10:00:13.733762 30513 raft_consensus.cc:2804] T 58a6c68ebbfa49edbea0eeccd4a95cb5 P 6d8a82412ed4433aa28adda1236e8295 [term 0 FOLLOWER]: Leader pre-election won for term 1
I20260608 10:00:13.734237 30513 raft_consensus.cc:493] T 58a6c68ebbfa49edbea0eeccd4a95cb5 P 6d8a82412ed4433aa28adda1236e8295 [term 0 FOLLOWER]: Starting leader election (no leader contacted us within the election timeout)
I20260608 10:00:13.734655 30513 raft_consensus.cc:3060] T 58a6c68ebbfa49edbea0eeccd4a95cb5 P 6d8a82412ed4433aa28adda1236e8295 [term 0 FOLLOWER]: Advancing to term 1
I20260608 10:00:13.737042 30310 leader_election.cc:304] T 1651364335824b89bd1e17979f309b7c P 06503ee1274e4ffc97c74e6c4f007b86 [CANDIDATE]: Term 1 election: Election decided. Result: candidate won. Election summary: received 2 responses out of 3 voters: 2 yes votes; 0 no votes. yes voters: 06503ee1274e4ffc97c74e6c4f007b86, 6d8a82412ed4433aa28adda1236e8295; no voters: 
I20260608 10:00:13.737934 30501 raft_consensus.cc:2804] T 1651364335824b89bd1e17979f309b7c P 06503ee1274e4ffc97c74e6c4f007b86 [term 1 FOLLOWER]: Leader election won for term 1
I20260608 10:00:13.734659 30467 ts_tablet_manager.cc:1434] T 58a6c68ebbfa49edbea0eeccd4a95cb5 P 06503ee1274e4ffc97c74e6c4f007b86: Time spent starting tablet: real 0.013s	user 0.006s	sys 0.000s
I20260608 10:00:13.738685 30420 raft_consensus.cc:2468] T 1651364335824b89bd1e17979f309b7c P b7d50ef5c2f84de3b450d5507b0dfc58 [term 1 FOLLOWER]: Leader election vote request: Granting yes vote for candidate 06503ee1274e4ffc97c74e6c4f007b86 in term 1.
I20260608 10:00:13.739838 30467 tablet_bootstrap.cc:492] T 3a7c57fee1874ccca3e8b3379b4b6d1e P 06503ee1274e4ffc97c74e6c4f007b86: Bootstrap starting.
I20260608 10:00:13.739993 30499 raft_consensus.cc:493] T 7e5f485ca22b467383d45b0aa75ae20b P 6d8a82412ed4433aa28adda1236e8295 [term 0 FOLLOWER]: Starting pre-election (no leader contacted us within the election timeout)
I20260608 10:00:13.739457 30168 catalog_manager.cc:5696] T df0d151f6d114064830faca222ee7259 P 6d8a82412ed4433aa28adda1236e8295 reported cstate change: term changed from 0 to 1, leader changed from <none> to 6d8a82412ed4433aa28adda1236e8295 (127.28.233.65). New cstate: current_term: 1 leader_uuid: "6d8a82412ed4433aa28adda1236e8295" committed_config { opid_index: -1 OBSOLETE_local: false peers { permanent_uuid: "6d8a82412ed4433aa28adda1236e8295" member_type: VOTER last_known_addr { host: "127.28.233.65" port: 33641 } health_report { overall_health: HEALTHY } } peers { permanent_uuid: "06503ee1274e4ffc97c74e6c4f007b86" member_type: VOTER last_known_addr { host: "127.28.233.66" port: 40507 } health_report { overall_health: UNKNOWN } } peers { permanent_uuid: "b7d50ef5c2f84de3b450d5507b0dfc58" member_type: VOTER last_known_addr { host: "127.28.233.67" port: 42149 } health_report { overall_health: UNKNOWN } } }
I20260608 10:00:13.740578 30499 raft_consensus.cc:515] T 7e5f485ca22b467383d45b0aa75ae20b P 6d8a82412ed4433aa28adda1236e8295 [term 0 FOLLOWER]: Starting pre-election with config: opid_index: -1 OBSOLETE_local: false peers { permanent_uuid: "6d8a82412ed4433aa28adda1236e8295" member_type: VOTER last_known_addr { host: "127.28.233.65" port: 33641 } } peers { permanent_uuid: "06503ee1274e4ffc97c74e6c4f007b86" member_type: VOTER last_known_addr { host: "127.28.233.66" port: 40507 } } peers { permanent_uuid: "b7d50ef5c2f84de3b450d5507b0dfc58" member_type: VOTER last_known_addr { host: "127.28.233.67" port: 42149 } }
I20260608 10:00:13.743192 30499 leader_election.cc:290] T 7e5f485ca22b467383d45b0aa75ae20b P 6d8a82412ed4433aa28adda1236e8295 [CANDIDATE]: Term 1 pre-election: Requested pre-vote from peers 06503ee1274e4ffc97c74e6c4f007b86 (127.28.233.66:40507), b7d50ef5c2f84de3b450d5507b0dfc58 (127.28.233.67:42149)
I20260608 10:00:13.738481 30501 raft_consensus.cc:697] T 1651364335824b89bd1e17979f309b7c P 06503ee1274e4ffc97c74e6c4f007b86 [term 1 LEADER]: Becoming Leader. State: Replica: 06503ee1274e4ffc97c74e6c4f007b86, State: Running, Role: LEADER
I20260608 10:00:13.744457 30501 consensus_queue.cc:237] T 1651364335824b89bd1e17979f309b7c P 06503ee1274e4ffc97c74e6c4f007b86 [LEADER]: Queue going to LEADER mode. State: All replicated index: 0, Majority replicated index: 0, Committed index: 0, Last appended: 0.0, Last appended by leader: 0, Current term: 1, Majority size: 2, State: 0, Mode: LEADER, active raft config: opid_index: -1 OBSOLETE_local: false peers { permanent_uuid: "6d8a82412ed4433aa28adda1236e8295" member_type: VOTER last_known_addr { host: "127.28.233.65" port: 33641 } } peers { permanent_uuid: "06503ee1274e4ffc97c74e6c4f007b86" member_type: VOTER last_known_addr { host: "127.28.233.66" port: 40507 } } peers { permanent_uuid: "b7d50ef5c2f84de3b450d5507b0dfc58" member_type: VOTER last_known_addr { host: "127.28.233.67" port: 42149 } }
I20260608 10:00:13.745389 30466 tablet_bootstrap.cc:492] T 3a7c57fee1874ccca3e8b3379b4b6d1e P b7d50ef5c2f84de3b450d5507b0dfc58: No bootstrap required, opened a new log
I20260608 10:00:13.745895 30466 ts_tablet_manager.cc:1403] T 3a7c57fee1874ccca3e8b3379b4b6d1e P b7d50ef5c2f84de3b450d5507b0dfc58: Time spent bootstrapping tablet: real 0.038s	user 0.010s	sys 0.004s
I20260608 10:00:13.749552 30347 tablet_service.cc:1917] Received RequestConsensusVote() RPC: tablet_id: "7e5f485ca22b467383d45b0aa75ae20b" candidate_uuid: "6d8a82412ed4433aa28adda1236e8295" candidate_term: 1 candidate_status { last_received { term: 0 index: 0 } } ignore_live_leader: false dest_uuid: "06503ee1274e4ffc97c74e6c4f007b86" is_pre_election: true
I20260608 10:00:13.749424 30466 raft_consensus.cc:359] T 3a7c57fee1874ccca3e8b3379b4b6d1e P b7d50ef5c2f84de3b450d5507b0dfc58 [term 0 FOLLOWER]: Replica starting. Triggering 0 pending ops. Active config: opid_index: -1 OBSOLETE_local: false peers { permanent_uuid: "6d8a82412ed4433aa28adda1236e8295" member_type: VOTER last_known_addr { host: "127.28.233.65" port: 33641 } } peers { permanent_uuid: "06503ee1274e4ffc97c74e6c4f007b86" member_type: VOTER last_known_addr { host: "127.28.233.66" port: 40507 } } peers { permanent_uuid: "b7d50ef5c2f84de3b450d5507b0dfc58" member_type: VOTER last_known_addr { host: "127.28.233.67" port: 42149 } }
I20260608 10:00:13.750257 30466 raft_consensus.cc:385] T 3a7c57fee1874ccca3e8b3379b4b6d1e P b7d50ef5c2f84de3b450d5507b0dfc58 [term 0 FOLLOWER]: Consensus starting up: Expiring failure detector timer to make a prompt election more likely
I20260608 10:00:13.750587 30466 raft_consensus.cc:740] T 3a7c57fee1874ccca3e8b3379b4b6d1e P b7d50ef5c2f84de3b450d5507b0dfc58 [term 0 FOLLOWER]: Becoming Follower/Learner. State: Replica: b7d50ef5c2f84de3b450d5507b0dfc58, State: Initialized, Role: FOLLOWER
I20260608 10:00:13.751405 30467 tablet_bootstrap.cc:654] T 3a7c57fee1874ccca3e8b3379b4b6d1e P 06503ee1274e4ffc97c74e6c4f007b86: Neither blocks nor log segments found. Creating new log.
I20260608 10:00:13.751478 30466 consensus_queue.cc:260] T 3a7c57fee1874ccca3e8b3379b4b6d1e P b7d50ef5c2f84de3b450d5507b0dfc58 [NON_LEADER]: Queue going to NON_LEADER mode. State: All replicated index: 0, Majority replicated index: 0, Committed index: 0, Last appended: 0.0, Last appended by leader: 0, Current term: 0, Majority size: -1, State: 0, Mode: NON_LEADER, active raft config: opid_index: -1 OBSOLETE_local: false peers { permanent_uuid: "6d8a82412ed4433aa28adda1236e8295" member_type: VOTER last_known_addr { host: "127.28.233.65" port: 33641 } } peers { permanent_uuid: "06503ee1274e4ffc97c74e6c4f007b86" member_type: VOTER last_known_addr { host: "127.28.233.66" port: 40507 } } peers { permanent_uuid: "b7d50ef5c2f84de3b450d5507b0dfc58" member_type: VOTER last_known_addr { host: "127.28.233.67" port: 42149 } }
I20260608 10:00:13.750269 30347 raft_consensus.cc:2468] T 7e5f485ca22b467383d45b0aa75ae20b P 06503ee1274e4ffc97c74e6c4f007b86 [term 0 FOLLOWER]: Leader pre-election vote request: Granting yes vote for candidate 6d8a82412ed4433aa28adda1236e8295 in term 0.
I20260608 10:00:13.754103 30237 leader_election.cc:304] T 7e5f485ca22b467383d45b0aa75ae20b P 6d8a82412ed4433aa28adda1236e8295 [CANDIDATE]: Term 1 pre-election: Election decided. Result: candidate won. Election summary: received 2 responses out of 3 voters: 2 yes votes; 0 no votes. yes voters: 06503ee1274e4ffc97c74e6c4f007b86, 6d8a82412ed4433aa28adda1236e8295; no voters: 
I20260608 10:00:13.754348 30466 ts_tablet_manager.cc:1434] T 3a7c57fee1874ccca3e8b3379b4b6d1e P b7d50ef5c2f84de3b450d5507b0dfc58: Time spent starting tablet: real 0.008s	user 0.008s	sys 0.000s
I20260608 10:00:13.755640 30421 tablet_service.cc:1917] Received RequestConsensusVote() RPC: tablet_id: "7e5f485ca22b467383d45b0aa75ae20b" candidate_uuid: "6d8a82412ed4433aa28adda1236e8295" candidate_term: 1 candidate_status { last_received { term: 0 index: 0 } } ignore_live_leader: false dest_uuid: "b7d50ef5c2f84de3b450d5507b0dfc58" is_pre_election: true
I20260608 10:00:13.756486 30421 raft_consensus.cc:2468] T 7e5f485ca22b467383d45b0aa75ae20b P b7d50ef5c2f84de3b450d5507b0dfc58 [term 0 FOLLOWER]: Leader pre-election vote request: Granting yes vote for candidate 6d8a82412ed4433aa28adda1236e8295 in term 0.
I20260608 10:00:13.759964 30473 raft_consensus.cc:2804] T 7e5f485ca22b467383d45b0aa75ae20b P 6d8a82412ed4433aa28adda1236e8295 [term 0 FOLLOWER]: Leader pre-election won for term 1
I20260608 10:00:13.760504 30473 raft_consensus.cc:493] T 7e5f485ca22b467383d45b0aa75ae20b P 6d8a82412ed4433aa28adda1236e8295 [term 0 FOLLOWER]: Starting leader election (no leader contacted us within the election timeout)
I20260608 10:00:13.760999 30473 raft_consensus.cc:3060] T 7e5f485ca22b467383d45b0aa75ae20b P 6d8a82412ed4433aa28adda1236e8295 [term 0 FOLLOWER]: Advancing to term 1
I20260608 10:00:13.781945 30513 raft_consensus.cc:515] T 58a6c68ebbfa49edbea0eeccd4a95cb5 P 6d8a82412ed4433aa28adda1236e8295 [term 1 FOLLOWER]: Starting leader election with config: opid_index: -1 OBSOLETE_local: false peers { permanent_uuid: "6d8a82412ed4433aa28adda1236e8295" member_type: VOTER last_known_addr { host: "127.28.233.65" port: 33641 } } peers { permanent_uuid: "06503ee1274e4ffc97c74e6c4f007b86" member_type: VOTER last_known_addr { host: "127.28.233.66" port: 40507 } } peers { permanent_uuid: "b7d50ef5c2f84de3b450d5507b0dfc58" member_type: VOTER last_known_addr { host: "127.28.233.67" port: 42149 } }
I20260608 10:00:13.782924 30467 tablet_bootstrap.cc:492] T 3a7c57fee1874ccca3e8b3379b4b6d1e P 06503ee1274e4ffc97c74e6c4f007b86: No bootstrap required, opened a new log
I20260608 10:00:13.783515 30467 ts_tablet_manager.cc:1403] T 3a7c57fee1874ccca3e8b3379b4b6d1e P 06503ee1274e4ffc97c74e6c4f007b86: Time spent bootstrapping tablet: real 0.044s	user 0.022s	sys 0.015s
I20260608 10:00:13.783761 30473 raft_consensus.cc:515] T 7e5f485ca22b467383d45b0aa75ae20b P 6d8a82412ed4433aa28adda1236e8295 [term 1 FOLLOWER]: Starting leader election with config: opid_index: -1 OBSOLETE_local: false peers { permanent_uuid: "6d8a82412ed4433aa28adda1236e8295" member_type: VOTER last_known_addr { host: "127.28.233.65" port: 33641 } } peers { permanent_uuid: "06503ee1274e4ffc97c74e6c4f007b86" member_type: VOTER last_known_addr { host: "127.28.233.66" port: 40507 } } peers { permanent_uuid: "b7d50ef5c2f84de3b450d5507b0dfc58" member_type: VOTER last_known_addr { host: "127.28.233.67" port: 42149 } }
I20260608 10:00:13.785627 30347 tablet_service.cc:1917] Received RequestConsensusVote() RPC: tablet_id: "58a6c68ebbfa49edbea0eeccd4a95cb5" candidate_uuid: "6d8a82412ed4433aa28adda1236e8295" candidate_term: 1 candidate_status { last_received { term: 0 index: 0 } } ignore_live_leader: false dest_uuid: "06503ee1274e4ffc97c74e6c4f007b86"
I20260608 10:00:13.786306 30347 raft_consensus.cc:3060] T 58a6c68ebbfa49edbea0eeccd4a95cb5 P 06503ee1274e4ffc97c74e6c4f007b86 [term 0 FOLLOWER]: Advancing to term 1
I20260608 10:00:13.786652 30473 leader_election.cc:290] T 7e5f485ca22b467383d45b0aa75ae20b P 6d8a82412ed4433aa28adda1236e8295 [CANDIDATE]: Term 1 election: Requested vote from peers 06503ee1274e4ffc97c74e6c4f007b86 (127.28.233.66:40507), b7d50ef5c2f84de3b450d5507b0dfc58 (127.28.233.67:42149)
I20260608 10:00:13.787355 30467 raft_consensus.cc:359] T 3a7c57fee1874ccca3e8b3379b4b6d1e P 06503ee1274e4ffc97c74e6c4f007b86 [term 0 FOLLOWER]: Replica starting. Triggering 0 pending ops. Active config: opid_index: -1 OBSOLETE_local: false peers { permanent_uuid: "6d8a82412ed4433aa28adda1236e8295" member_type: VOTER last_known_addr { host: "127.28.233.65" port: 33641 } } peers { permanent_uuid: "06503ee1274e4ffc97c74e6c4f007b86" member_type: VOTER last_known_addr { host: "127.28.233.66" port: 40507 } } peers { permanent_uuid: "b7d50ef5c2f84de3b450d5507b0dfc58" member_type: VOTER last_known_addr { host: "127.28.233.67" port: 42149 } }
I20260608 10:00:13.788094 30467 raft_consensus.cc:385] T 3a7c57fee1874ccca3e8b3379b4b6d1e P 06503ee1274e4ffc97c74e6c4f007b86 [term 0 FOLLOWER]: Consensus starting up: Expiring failure detector timer to make a prompt election more likely
I20260608 10:00:13.788451 30467 raft_consensus.cc:740] T 3a7c57fee1874ccca3e8b3379b4b6d1e P 06503ee1274e4ffc97c74e6c4f007b86 [term 0 FOLLOWER]: Becoming Follower/Learner. State: Replica: 06503ee1274e4ffc97c74e6c4f007b86, State: Initialized, Role: FOLLOWER
I20260608 10:00:13.788745 30420 tablet_service.cc:1917] Received RequestConsensusVote() RPC: tablet_id: "7e5f485ca22b467383d45b0aa75ae20b" candidate_uuid: "6d8a82412ed4433aa28adda1236e8295" candidate_term: 1 candidate_status { last_received { term: 0 index: 0 } } ignore_live_leader: false dest_uuid: "b7d50ef5c2f84de3b450d5507b0dfc58"
I20260608 10:00:13.789312 30420 raft_consensus.cc:3060] T 7e5f485ca22b467383d45b0aa75ae20b P b7d50ef5c2f84de3b450d5507b0dfc58 [term 0 FOLLOWER]: Advancing to term 1
I20260608 10:00:13.789286 30467 consensus_queue.cc:260] T 3a7c57fee1874ccca3e8b3379b4b6d1e P 06503ee1274e4ffc97c74e6c4f007b86 [NON_LEADER]: Queue going to NON_LEADER mode. State: All replicated index: 0, Majority replicated index: 0, Committed index: 0, Last appended: 0.0, Last appended by leader: 0, Current term: 0, Majority size: -1, State: 0, Mode: NON_LEADER, active raft config: opid_index: -1 OBSOLETE_local: false peers { permanent_uuid: "6d8a82412ed4433aa28adda1236e8295" member_type: VOTER last_known_addr { host: "127.28.233.65" port: 33641 } } peers { permanent_uuid: "06503ee1274e4ffc97c74e6c4f007b86" member_type: VOTER last_known_addr { host: "127.28.233.66" port: 40507 } } peers { permanent_uuid: "b7d50ef5c2f84de3b450d5507b0dfc58" member_type: VOTER last_known_addr { host: "127.28.233.67" port: 42149 } }
I20260608 10:00:13.790524 30346 tablet_service.cc:1917] Received RequestConsensusVote() RPC: tablet_id: "7e5f485ca22b467383d45b0aa75ae20b" candidate_uuid: "6d8a82412ed4433aa28adda1236e8295" candidate_term: 1 candidate_status { last_received { term: 0 index: 0 } } ignore_live_leader: false dest_uuid: "06503ee1274e4ffc97c74e6c4f007b86"
I20260608 10:00:13.791215 30346 raft_consensus.cc:3060] T 7e5f485ca22b467383d45b0aa75ae20b P 06503ee1274e4ffc97c74e6c4f007b86 [term 0 FOLLOWER]: Advancing to term 1
I20260608 10:00:13.792140 30467 ts_tablet_manager.cc:1434] T 3a7c57fee1874ccca3e8b3379b4b6d1e P 06503ee1274e4ffc97c74e6c4f007b86: Time spent starting tablet: real 0.008s	user 0.004s	sys 0.003s
I20260608 10:00:13.794790 30168 catalog_manager.cc:5696] T 1651364335824b89bd1e17979f309b7c P 06503ee1274e4ffc97c74e6c4f007b86 reported cstate change: term changed from 0 to 1, leader changed from <none> to 06503ee1274e4ffc97c74e6c4f007b86 (127.28.233.66). New cstate: current_term: 1 leader_uuid: "06503ee1274e4ffc97c74e6c4f007b86" committed_config { opid_index: -1 OBSOLETE_local: false peers { permanent_uuid: "6d8a82412ed4433aa28adda1236e8295" member_type: VOTER last_known_addr { host: "127.28.233.65" port: 33641 } health_report { overall_health: UNKNOWN } } peers { permanent_uuid: "06503ee1274e4ffc97c74e6c4f007b86" member_type: VOTER last_known_addr { host: "127.28.233.66" port: 40507 } health_report { overall_health: HEALTHY } } peers { permanent_uuid: "b7d50ef5c2f84de3b450d5507b0dfc58" member_type: VOTER last_known_addr { host: "127.28.233.67" port: 42149 } health_report { overall_health: UNKNOWN } } }
I20260608 10:00:13.796836 30420 raft_consensus.cc:2468] T 7e5f485ca22b467383d45b0aa75ae20b P b7d50ef5c2f84de3b450d5507b0dfc58 [term 1 FOLLOWER]: Leader election vote request: Granting yes vote for candidate 6d8a82412ed4433aa28adda1236e8295 in term 1.
I20260608 10:00:13.797012 30346 raft_consensus.cc:2468] T 7e5f485ca22b467383d45b0aa75ae20b P 06503ee1274e4ffc97c74e6c4f007b86 [term 1 FOLLOWER]: Leader election vote request: Granting yes vote for candidate 6d8a82412ed4433aa28adda1236e8295 in term 1.
I20260608 10:00:13.798174 30235 leader_election.cc:304] T 7e5f485ca22b467383d45b0aa75ae20b P 6d8a82412ed4433aa28adda1236e8295 [CANDIDATE]: Term 1 election: Election decided. Result: candidate won. Election summary: received 2 responses out of 3 voters: 2 yes votes; 0 no votes. yes voters: 6d8a82412ed4433aa28adda1236e8295, b7d50ef5c2f84de3b450d5507b0dfc58; no voters: 
I20260608 10:00:13.798884 30473 raft_consensus.cc:2804] T 7e5f485ca22b467383d45b0aa75ae20b P 6d8a82412ed4433aa28adda1236e8295 [term 1 FOLLOWER]: Leader election won for term 1
I20260608 10:00:13.799350 30473 raft_consensus.cc:697] T 7e5f485ca22b467383d45b0aa75ae20b P 6d8a82412ed4433aa28adda1236e8295 [term 1 LEADER]: Becoming Leader. State: Replica: 6d8a82412ed4433aa28adda1236e8295, State: Running, Role: LEADER
I20260608 10:00:13.800194 30473 consensus_queue.cc:237] T 7e5f485ca22b467383d45b0aa75ae20b P 6d8a82412ed4433aa28adda1236e8295 [LEADER]: Queue going to LEADER mode. State: All replicated index: 0, Majority replicated index: 0, Committed index: 0, Last appended: 0.0, Last appended by leader: 0, Current term: 1, Majority size: 2, State: 0, Mode: LEADER, active raft config: opid_index: -1 OBSOLETE_local: false peers { permanent_uuid: "6d8a82412ed4433aa28adda1236e8295" member_type: VOTER last_known_addr { host: "127.28.233.65" port: 33641 } } peers { permanent_uuid: "06503ee1274e4ffc97c74e6c4f007b86" member_type: VOTER last_known_addr { host: "127.28.233.66" port: 40507 } } peers { permanent_uuid: "b7d50ef5c2f84de3b450d5507b0dfc58" member_type: VOTER last_known_addr { host: "127.28.233.67" port: 42149 } }
I20260608 10:00:13.801052 30347 raft_consensus.cc:2468] T 58a6c68ebbfa49edbea0eeccd4a95cb5 P 06503ee1274e4ffc97c74e6c4f007b86 [term 1 FOLLOWER]: Leader election vote request: Granting yes vote for candidate 6d8a82412ed4433aa28adda1236e8295 in term 1.
I20260608 10:00:13.805868 30420 tablet_service.cc:1917] Received RequestConsensusVote() RPC: tablet_id: "58a6c68ebbfa49edbea0eeccd4a95cb5" candidate_uuid: "6d8a82412ed4433aa28adda1236e8295" candidate_term: 1 candidate_status { last_received { term: 0 index: 0 } } ignore_live_leader: false dest_uuid: "b7d50ef5c2f84de3b450d5507b0dfc58"
I20260608 10:00:13.806332 30513 leader_election.cc:290] T 58a6c68ebbfa49edbea0eeccd4a95cb5 P 6d8a82412ed4433aa28adda1236e8295 [CANDIDATE]: Term 1 election: Requested vote from peers 06503ee1274e4ffc97c74e6c4f007b86 (127.28.233.66:40507), b7d50ef5c2f84de3b450d5507b0dfc58 (127.28.233.67:42149)
I20260608 10:00:13.806867 30420 raft_consensus.cc:3060] T 58a6c68ebbfa49edbea0eeccd4a95cb5 P b7d50ef5c2f84de3b450d5507b0dfc58 [term 0 FOLLOWER]: Advancing to term 1
I20260608 10:00:13.806389 30237 leader_election.cc:304] T 58a6c68ebbfa49edbea0eeccd4a95cb5 P 6d8a82412ed4433aa28adda1236e8295 [CANDIDATE]: Term 1 election: Election decided. Result: candidate won. Election summary: received 2 responses out of 3 voters: 2 yes votes; 0 no votes. yes voters: 06503ee1274e4ffc97c74e6c4f007b86, 6d8a82412ed4433aa28adda1236e8295; no voters: 
I20260608 10:00:13.811353 30473 raft_consensus.cc:2804] T 58a6c68ebbfa49edbea0eeccd4a95cb5 P 6d8a82412ed4433aa28adda1236e8295 [term 1 FOLLOWER]: Leader election won for term 1
I20260608 10:00:13.812201 30473 raft_consensus.cc:697] T 58a6c68ebbfa49edbea0eeccd4a95cb5 P 6d8a82412ed4433aa28adda1236e8295 [term 1 LEADER]: Becoming Leader. State: Replica: 6d8a82412ed4433aa28adda1236e8295, State: Running, Role: LEADER
I20260608 10:00:13.813215 30473 consensus_queue.cc:237] T 58a6c68ebbfa49edbea0eeccd4a95cb5 P 6d8a82412ed4433aa28adda1236e8295 [LEADER]: Queue going to LEADER mode. State: All replicated index: 0, Majority replicated index: 0, Committed index: 0, Last appended: 0.0, Last appended by leader: 0, Current term: 1, Majority size: 2, State: 0, Mode: LEADER, active raft config: opid_index: -1 OBSOLETE_local: false peers { permanent_uuid: "6d8a82412ed4433aa28adda1236e8295" member_type: VOTER last_known_addr { host: "127.28.233.65" port: 33641 } } peers { permanent_uuid: "06503ee1274e4ffc97c74e6c4f007b86" member_type: VOTER last_known_addr { host: "127.28.233.66" port: 40507 } } peers { permanent_uuid: "b7d50ef5c2f84de3b450d5507b0dfc58" member_type: VOTER last_known_addr { host: "127.28.233.67" port: 42149 } }
I20260608 10:00:13.813418 30170 catalog_manager.cc:5696] T 7e5f485ca22b467383d45b0aa75ae20b P 6d8a82412ed4433aa28adda1236e8295 reported cstate change: term changed from 0 to 1, leader changed from <none> to 6d8a82412ed4433aa28adda1236e8295 (127.28.233.65). New cstate: current_term: 1 leader_uuid: "6d8a82412ed4433aa28adda1236e8295" committed_config { opid_index: -1 OBSOLETE_local: false peers { permanent_uuid: "6d8a82412ed4433aa28adda1236e8295" member_type: VOTER last_known_addr { host: "127.28.233.65" port: 33641 } health_report { overall_health: HEALTHY } } peers { permanent_uuid: "06503ee1274e4ffc97c74e6c4f007b86" member_type: VOTER last_known_addr { host: "127.28.233.66" port: 40507 } health_report { overall_health: UNKNOWN } } peers { permanent_uuid: "b7d50ef5c2f84de3b450d5507b0dfc58" member_type: VOTER last_known_addr { host: "127.28.233.67" port: 42149 } health_report { overall_health: UNKNOWN } } }
I20260608 10:00:13.816632 30420 raft_consensus.cc:2468] T 58a6c68ebbfa49edbea0eeccd4a95cb5 P b7d50ef5c2f84de3b450d5507b0dfc58 [term 1 FOLLOWER]: Leader election vote request: Granting yes vote for candidate 6d8a82412ed4433aa28adda1236e8295 in term 1.
I20260608 10:00:13.828819 30170 catalog_manager.cc:5696] T 58a6c68ebbfa49edbea0eeccd4a95cb5 P 6d8a82412ed4433aa28adda1236e8295 reported cstate change: term changed from 0 to 1, leader changed from <none> to 6d8a82412ed4433aa28adda1236e8295 (127.28.233.65). New cstate: current_term: 1 leader_uuid: "6d8a82412ed4433aa28adda1236e8295" committed_config { opid_index: -1 OBSOLETE_local: false peers { permanent_uuid: "6d8a82412ed4433aa28adda1236e8295" member_type: VOTER last_known_addr { host: "127.28.233.65" port: 33641 } health_report { overall_health: HEALTHY } } peers { permanent_uuid: "06503ee1274e4ffc97c74e6c4f007b86" member_type: VOTER last_known_addr { host: "127.28.233.66" port: 40507 } health_report { overall_health: UNKNOWN } } peers { permanent_uuid: "b7d50ef5c2f84de3b450d5507b0dfc58" member_type: VOTER last_known_addr { host: "127.28.233.67" port: 42149 } health_report { overall_health: UNKNOWN } } }
I20260608 10:00:13.913462 30473 raft_consensus.cc:493] T 78317ae096544df980a828a2eeeed1d7 P 6d8a82412ed4433aa28adda1236e8295 [term 0 FOLLOWER]: Starting pre-election (no leader contacted us within the election timeout)
I20260608 10:00:13.914016 30473 raft_consensus.cc:515] T 78317ae096544df980a828a2eeeed1d7 P 6d8a82412ed4433aa28adda1236e8295 [term 0 FOLLOWER]: Starting pre-election with config: opid_index: -1 OBSOLETE_local: false peers { permanent_uuid: "06503ee1274e4ffc97c74e6c4f007b86" member_type: VOTER last_known_addr { host: "127.28.233.66" port: 40507 } } peers { permanent_uuid: "b7d50ef5c2f84de3b450d5507b0dfc58" member_type: VOTER last_known_addr { host: "127.28.233.67" port: 42149 } } peers { permanent_uuid: "6d8a82412ed4433aa28adda1236e8295" member_type: VOTER last_known_addr { host: "127.28.233.65" port: 33641 } }
I20260608 10:00:13.916078 30473 leader_election.cc:290] T 78317ae096544df980a828a2eeeed1d7 P 6d8a82412ed4433aa28adda1236e8295 [CANDIDATE]: Term 1 pre-election: Requested pre-vote from peers 06503ee1274e4ffc97c74e6c4f007b86 (127.28.233.66:40507), b7d50ef5c2f84de3b450d5507b0dfc58 (127.28.233.67:42149)
I20260608 10:00:13.916941 30346 tablet_service.cc:1917] Received RequestConsensusVote() RPC: tablet_id: "78317ae096544df980a828a2eeeed1d7" candidate_uuid: "6d8a82412ed4433aa28adda1236e8295" candidate_term: 1 candidate_status { last_received { term: 0 index: 0 } } ignore_live_leader: false dest_uuid: "06503ee1274e4ffc97c74e6c4f007b86" is_pre_election: true
I20260608 10:00:13.917167 30420 tablet_service.cc:1917] Received RequestConsensusVote() RPC: tablet_id: "78317ae096544df980a828a2eeeed1d7" candidate_uuid: "6d8a82412ed4433aa28adda1236e8295" candidate_term: 1 candidate_status { last_received { term: 0 index: 0 } } ignore_live_leader: false dest_uuid: "b7d50ef5c2f84de3b450d5507b0dfc58" is_pre_election: true
I20260608 10:00:13.917738 30346 raft_consensus.cc:2393] T 78317ae096544df980a828a2eeeed1d7 P 06503ee1274e4ffc97c74e6c4f007b86 [term 1 FOLLOWER]: Leader pre-election vote request: Denying vote to candidate 6d8a82412ed4433aa28adda1236e8295 in current term 1: Already voted for candidate b7d50ef5c2f84de3b450d5507b0dfc58 in this term.
I20260608 10:00:13.918807 30237 leader_election.cc:304] T 78317ae096544df980a828a2eeeed1d7 P 6d8a82412ed4433aa28adda1236e8295 [CANDIDATE]: Term 1 pre-election: Election decided. Result: candidate lost. Election summary: received 3 responses out of 3 voters: 1 yes votes; 2 no votes. yes voters: 6d8a82412ed4433aa28adda1236e8295; no voters: 06503ee1274e4ffc97c74e6c4f007b86, b7d50ef5c2f84de3b450d5507b0dfc58
I20260608 10:00:13.919507 30473 raft_consensus.cc:3060] T 78317ae096544df980a828a2eeeed1d7 P 6d8a82412ed4433aa28adda1236e8295 [term 0 FOLLOWER]: Advancing to term 1
I20260608 10:00:13.924278 30473 raft_consensus.cc:2749] T 78317ae096544df980a828a2eeeed1d7 P 6d8a82412ed4433aa28adda1236e8295 [term 1 FOLLOWER]: Leader pre-election lost for term 1. Reason: could not achieve majority
I20260608 10:00:13.960206 30500 consensus_queue.cc:1048] T 73b86da4707b42f9a8d3cbcdc1fec567 P b7d50ef5c2f84de3b450d5507b0dfc58 [LEADER]: Connected to new peer: Peer: permanent_uuid: "6d8a82412ed4433aa28adda1236e8295" member_type: VOTER last_known_addr { host: "127.28.233.65" port: 33641 }, Status: LMP_MISMATCH, Last received: 0.0, Next index: 1, Last known committed idx: 0, Time since last communication: 0.000s
I20260608 10:00:13.972990 30495 consensus_queue.cc:1048] T 73b86da4707b42f9a8d3cbcdc1fec567 P b7d50ef5c2f84de3b450d5507b0dfc58 [LEADER]: Connected to new peer: Peer: permanent_uuid: "06503ee1274e4ffc97c74e6c4f007b86" member_type: VOTER last_known_addr { host: "127.28.233.66" port: 40507 }, Status: LMP_MISMATCH, Last received: 0.0, Next index: 1, Last known committed idx: 0, Time since last communication: 0.001s
I20260608 10:00:13.993376 30501 raft_consensus.cc:493] T 3a7c57fee1874ccca3e8b3379b4b6d1e P 06503ee1274e4ffc97c74e6c4f007b86 [term 0 FOLLOWER]: Starting pre-election (no leader contacted us within the election timeout)
I20260608 10:00:13.993850 30501 raft_consensus.cc:515] T 3a7c57fee1874ccca3e8b3379b4b6d1e P 06503ee1274e4ffc97c74e6c4f007b86 [term 0 FOLLOWER]: Starting pre-election with config: opid_index: -1 OBSOLETE_local: false peers { permanent_uuid: "6d8a82412ed4433aa28adda1236e8295" member_type: VOTER last_known_addr { host: "127.28.233.65" port: 33641 } } peers { permanent_uuid: "06503ee1274e4ffc97c74e6c4f007b86" member_type: VOTER last_known_addr { host: "127.28.233.66" port: 40507 } } peers { permanent_uuid: "b7d50ef5c2f84de3b450d5507b0dfc58" member_type: VOTER last_known_addr { host: "127.28.233.67" port: 42149 } }
I20260608 10:00:13.995617 30501 leader_election.cc:290] T 3a7c57fee1874ccca3e8b3379b4b6d1e P 06503ee1274e4ffc97c74e6c4f007b86 [CANDIDATE]: Term 1 pre-election: Requested pre-vote from peers 6d8a82412ed4433aa28adda1236e8295 (127.28.233.65:33641), b7d50ef5c2f84de3b450d5507b0dfc58 (127.28.233.67:42149)
I20260608 10:00:13.996497 30272 tablet_service.cc:1917] Received RequestConsensusVote() RPC: tablet_id: "3a7c57fee1874ccca3e8b3379b4b6d1e" candidate_uuid: "06503ee1274e4ffc97c74e6c4f007b86" candidate_term: 1 candidate_status { last_received { term: 0 index: 0 } } ignore_live_leader: false dest_uuid: "6d8a82412ed4433aa28adda1236e8295" is_pre_election: true
I20260608 10:00:13.996589 30420 tablet_service.cc:1917] Received RequestConsensusVote() RPC: tablet_id: "3a7c57fee1874ccca3e8b3379b4b6d1e" candidate_uuid: "06503ee1274e4ffc97c74e6c4f007b86" candidate_term: 1 candidate_status { last_received { term: 0 index: 0 } } ignore_live_leader: false dest_uuid: "b7d50ef5c2f84de3b450d5507b0dfc58" is_pre_election: true
I20260608 10:00:13.997129 30272 raft_consensus.cc:2468] T 3a7c57fee1874ccca3e8b3379b4b6d1e P 6d8a82412ed4433aa28adda1236e8295 [term 0 FOLLOWER]: Leader pre-election vote request: Granting yes vote for candidate 06503ee1274e4ffc97c74e6c4f007b86 in term 0.
I20260608 10:00:13.997220 30420 raft_consensus.cc:2468] T 3a7c57fee1874ccca3e8b3379b4b6d1e P b7d50ef5c2f84de3b450d5507b0dfc58 [term 0 FOLLOWER]: Leader pre-election vote request: Granting yes vote for candidate 06503ee1274e4ffc97c74e6c4f007b86 in term 0.
I20260608 10:00:13.998360 30310 leader_election.cc:304] T 3a7c57fee1874ccca3e8b3379b4b6d1e P 06503ee1274e4ffc97c74e6c4f007b86 [CANDIDATE]: Term 1 pre-election: Election decided. Result: candidate won. Election summary: received 2 responses out of 3 voters: 2 yes votes; 0 no votes. yes voters: 06503ee1274e4ffc97c74e6c4f007b86, 6d8a82412ed4433aa28adda1236e8295; no voters: 
I20260608 10:00:13.999147 30501 raft_consensus.cc:2804] T 3a7c57fee1874ccca3e8b3379b4b6d1e P 06503ee1274e4ffc97c74e6c4f007b86 [term 0 FOLLOWER]: Leader pre-election won for term 1
I20260608 10:00:13.999475 30501 raft_consensus.cc:493] T 3a7c57fee1874ccca3e8b3379b4b6d1e P 06503ee1274e4ffc97c74e6c4f007b86 [term 0 FOLLOWER]: Starting leader election (no leader contacted us within the election timeout)
I20260608 10:00:13.999778 30501 raft_consensus.cc:3060] T 3a7c57fee1874ccca3e8b3379b4b6d1e P 06503ee1274e4ffc97c74e6c4f007b86 [term 0 FOLLOWER]: Advancing to term 1
I20260608 10:00:14.004338 30501 raft_consensus.cc:515] T 3a7c57fee1874ccca3e8b3379b4b6d1e P 06503ee1274e4ffc97c74e6c4f007b86 [term 1 FOLLOWER]: Starting leader election with config: opid_index: -1 OBSOLETE_local: false peers { permanent_uuid: "6d8a82412ed4433aa28adda1236e8295" member_type: VOTER last_known_addr { host: "127.28.233.65" port: 33641 } } peers { permanent_uuid: "06503ee1274e4ffc97c74e6c4f007b86" member_type: VOTER last_known_addr { host: "127.28.233.66" port: 40507 } } peers { permanent_uuid: "b7d50ef5c2f84de3b450d5507b0dfc58" member_type: VOTER last_known_addr { host: "127.28.233.67" port: 42149 } }
I20260608 10:00:14.006266 30501 leader_election.cc:290] T 3a7c57fee1874ccca3e8b3379b4b6d1e P 06503ee1274e4ffc97c74e6c4f007b86 [CANDIDATE]: Term 1 election: Requested vote from peers 6d8a82412ed4433aa28adda1236e8295 (127.28.233.65:33641), b7d50ef5c2f84de3b450d5507b0dfc58 (127.28.233.67:42149)
I20260608 10:00:14.007021 30272 tablet_service.cc:1917] Received RequestConsensusVote() RPC: tablet_id: "3a7c57fee1874ccca3e8b3379b4b6d1e" candidate_uuid: "06503ee1274e4ffc97c74e6c4f007b86" candidate_term: 1 candidate_status { last_received { term: 0 index: 0 } } ignore_live_leader: false dest_uuid: "6d8a82412ed4433aa28adda1236e8295"
I20260608 10:00:14.007442 30420 tablet_service.cc:1917] Received RequestConsensusVote() RPC: tablet_id: "3a7c57fee1874ccca3e8b3379b4b6d1e" candidate_uuid: "06503ee1274e4ffc97c74e6c4f007b86" candidate_term: 1 candidate_status { last_received { term: 0 index: 0 } } ignore_live_leader: false dest_uuid: "b7d50ef5c2f84de3b450d5507b0dfc58"
I20260608 10:00:14.007545 30272 raft_consensus.cc:3060] T 3a7c57fee1874ccca3e8b3379b4b6d1e P 6d8a82412ed4433aa28adda1236e8295 [term 0 FOLLOWER]: Advancing to term 1
I20260608 10:00:14.007952 30420 raft_consensus.cc:3060] T 3a7c57fee1874ccca3e8b3379b4b6d1e P b7d50ef5c2f84de3b450d5507b0dfc58 [term 0 FOLLOWER]: Advancing to term 1
I20260608 10:00:14.012300 30272 raft_consensus.cc:2468] T 3a7c57fee1874ccca3e8b3379b4b6d1e P 6d8a82412ed4433aa28adda1236e8295 [term 1 FOLLOWER]: Leader election vote request: Granting yes vote for candidate 06503ee1274e4ffc97c74e6c4f007b86 in term 1.
I20260608 10:00:14.012449 30420 raft_consensus.cc:2468] T 3a7c57fee1874ccca3e8b3379b4b6d1e P b7d50ef5c2f84de3b450d5507b0dfc58 [term 1 FOLLOWER]: Leader election vote request: Granting yes vote for candidate 06503ee1274e4ffc97c74e6c4f007b86 in term 1.
I20260608 10:00:14.013525 30310 leader_election.cc:304] T 3a7c57fee1874ccca3e8b3379b4b6d1e P 06503ee1274e4ffc97c74e6c4f007b86 [CANDIDATE]: Term 1 election: Election decided. Result: candidate won. Election summary: received 2 responses out of 3 voters: 2 yes votes; 0 no votes. yes voters: 06503ee1274e4ffc97c74e6c4f007b86, 6d8a82412ed4433aa28adda1236e8295; no voters: 
I20260608 10:00:14.014240 30501 raft_consensus.cc:2804] T 3a7c57fee1874ccca3e8b3379b4b6d1e P 06503ee1274e4ffc97c74e6c4f007b86 [term 1 FOLLOWER]: Leader election won for term 1
I20260608 10:00:14.014664 30501 raft_consensus.cc:697] T 3a7c57fee1874ccca3e8b3379b4b6d1e P 06503ee1274e4ffc97c74e6c4f007b86 [term 1 LEADER]: Becoming Leader. State: Replica: 06503ee1274e4ffc97c74e6c4f007b86, State: Running, Role: LEADER
I20260608 10:00:14.015332 30501 consensus_queue.cc:237] T 3a7c57fee1874ccca3e8b3379b4b6d1e P 06503ee1274e4ffc97c74e6c4f007b86 [LEADER]: Queue going to LEADER mode. State: All replicated index: 0, Majority replicated index: 0, Committed index: 0, Last appended: 0.0, Last appended by leader: 0, Current term: 1, Majority size: 2, State: 0, Mode: LEADER, active raft config: opid_index: -1 OBSOLETE_local: false peers { permanent_uuid: "6d8a82412ed4433aa28adda1236e8295" member_type: VOTER last_known_addr { host: "127.28.233.65" port: 33641 } } peers { permanent_uuid: "06503ee1274e4ffc97c74e6c4f007b86" member_type: VOTER last_known_addr { host: "127.28.233.66" port: 40507 } } peers { permanent_uuid: "b7d50ef5c2f84de3b450d5507b0dfc58" member_type: VOTER last_known_addr { host: "127.28.233.67" port: 42149 } }
I20260608 10:00:14.023753 30168 catalog_manager.cc:5696] T 3a7c57fee1874ccca3e8b3379b4b6d1e P 06503ee1274e4ffc97c74e6c4f007b86 reported cstate change: term changed from 0 to 1, leader changed from <none> to 06503ee1274e4ffc97c74e6c4f007b86 (127.28.233.66). New cstate: current_term: 1 leader_uuid: "06503ee1274e4ffc97c74e6c4f007b86" committed_config { opid_index: -1 OBSOLETE_local: false peers { permanent_uuid: "6d8a82412ed4433aa28adda1236e8295" member_type: VOTER last_known_addr { host: "127.28.233.65" port: 33641 } health_report { overall_health: UNKNOWN } } peers { permanent_uuid: "06503ee1274e4ffc97c74e6c4f007b86" member_type: VOTER last_known_addr { host: "127.28.233.66" port: 40507 } health_report { overall_health: HEALTHY } } peers { permanent_uuid: "b7d50ef5c2f84de3b450d5507b0dfc58" member_type: VOTER last_known_addr { host: "127.28.233.67" port: 42149 } health_report { overall_health: UNKNOWN } } }
I20260608 10:00:14.087162 30495 consensus_queue.cc:1048] T 78317ae096544df980a828a2eeeed1d7 P b7d50ef5c2f84de3b450d5507b0dfc58 [LEADER]: Connected to new peer: Peer: permanent_uuid: "06503ee1274e4ffc97c74e6c4f007b86" member_type: VOTER last_known_addr { host: "127.28.233.66" port: 40507 }, Status: LMP_MISMATCH, Last received: 0.0, Next index: 1, Last known committed idx: 0, Time since last communication: 0.000s
I20260608 10:00:14.099980 30500 consensus_queue.cc:1048] T 78317ae096544df980a828a2eeeed1d7 P b7d50ef5c2f84de3b450d5507b0dfc58 [LEADER]: Connected to new peer: Peer: permanent_uuid: "6d8a82412ed4433aa28adda1236e8295" member_type: VOTER last_known_addr { host: "127.28.233.65" port: 33641 }, Status: LMP_MISMATCH, Last received: 0.0, Next index: 1, Last known committed idx: 0, Time since last communication: 0.000s
I20260608 10:00:14.104068 30501 consensus_queue.cc:1048] T 471b6ff3eb414550906628bd9b918cb8 P 06503ee1274e4ffc97c74e6c4f007b86 [LEADER]: Connected to new peer: Peer: permanent_uuid: "6d8a82412ed4433aa28adda1236e8295" member_type: VOTER last_known_addr { host: "127.28.233.65" port: 33641 }, Status: LMP_MISMATCH, Last received: 0.0, Next index: 1, Last known committed idx: 0, Time since last communication: 0.000s
I20260608 10:00:14.117470 30474 consensus_queue.cc:1048] T 471b6ff3eb414550906628bd9b918cb8 P 06503ee1274e4ffc97c74e6c4f007b86 [LEADER]: Connected to new peer: Peer: permanent_uuid: "b7d50ef5c2f84de3b450d5507b0dfc58" member_type: VOTER last_known_addr { host: "127.28.233.67" port: 42149 }, Status: LMP_MISMATCH, Last received: 0.0, Next index: 1, Last known committed idx: 0, Time since last communication: 0.001s
I20260608 10:00:14.141975 29605 file_cache.cc:492] Constructed file cache file cache with capacity 419430
W20260608 10:00:14.148871 30533 instance_detector.cc:116] could not retrieve AWS instance metadata: Network error: curl error: HTTP response code said error: The requested URL returned error: 404
W20260608 10:00:14.150012 30534 instance_detector.cc:116] could not retrieve Azure instance metadata: Network error: curl error: HTTP response code said error: The requested URL returned error: 404
W20260608 10:00:14.151376 30536 instance_detector.cc:116] could not retrieve OpenStack instance metadata: Network error: curl error: HTTP response code said error: The requested URL returned error: 404
I20260608 10:00:14.152083 29605 server_base.cc:1061] running on GCE node
I20260608 10:00:14.153031 29605 hybrid_clock.cc:584] initializing the hybrid clock with 'system_unsync' time source
W20260608 10:00:14.153251 29605 system_unsync_time.cc:38] NTP support is disabled. Clock error bounds will not be accurate. This configuration is not suitable for distributed clusters.
I20260608 10:00:14.153537 29605 hybrid_clock.cc:648] HybridClock initialized: now 1780912814153500 us; error 0 us; skew 500 ppm
I20260608 10:00:14.154354 29605 server_base.cc:861] Flag tcmalloc_max_total_thread_cache_bytes is not working since tcmalloc is not enabled.
I20260608 10:00:14.157297 29605 webserver.cc:533] Webserver started at http://127.28.233.68:32995/ using document root <none> and password file <none>
I20260608 10:00:14.157936 29605 fs_manager.cc:362] Metadata directory not provided
I20260608 10:00:14.158123 29605 fs_manager.cc:368] Using write-ahead log directory (fs_wal_dir) as metadata directory
I20260608 10:00:14.158412 29605 server_base.cc:909] This appears to be a new deployment of Kudu; creating new FS layout
I20260608 10:00:14.159566 29605 fs_manager.cc:1068] Generated new instance metadata in path /tmp/dist-test-taskc3aUwp/test-tmp/auto_rebalancer-test.0.AutoRebalancerTest.AutoRebalancingTurnOffAndOn.1780912806158121-29605-0/minicluster-data/ts-3-root/instance:
uuid: "d4d27768bde34e13ad91c2cd27bbbcab"
format_stamp: "Formatted at 2026-06-08 10:00:14 on dist-test-slave-5p5d"
I20260608 10:00:14.164834 29605 fs_manager.cc:696] Time spent creating directory manager: real 0.005s	user 0.006s	sys 0.001s
I20260608 10:00:14.168658 30541 log_block_manager.cc:4031] Time spent loading block containers with low live blocks: real 0.000s	user 0.000s	sys 0.000s
I20260608 10:00:14.169683 29605 fs_manager.cc:730] Time spent opening block manager: real 0.003s	user 0.003s	sys 0.000s
I20260608 10:00:14.170095 29605 fs_manager.cc:647] Opened local filesystem: /tmp/dist-test-taskc3aUwp/test-tmp/auto_rebalancer-test.0.AutoRebalancerTest.AutoRebalancingTurnOffAndOn.1780912806158121-29605-0/minicluster-data/ts-3-root
uuid: "d4d27768bde34e13ad91c2cd27bbbcab"
format_stamp: "Formatted at 2026-06-08 10:00:14 on dist-test-slave-5p5d"
I20260608 10:00:14.170496 29605 fs_report.cc:389] FS layout report
--------------------
wal directory: /tmp/dist-test-taskc3aUwp/test-tmp/auto_rebalancer-test.0.AutoRebalancerTest.AutoRebalancingTurnOffAndOn.1780912806158121-29605-0/minicluster-data/ts-3-root
metadata directory: /tmp/dist-test-taskc3aUwp/test-tmp/auto_rebalancer-test.0.AutoRebalancerTest.AutoRebalancingTurnOffAndOn.1780912806158121-29605-0/minicluster-data/ts-3-root
1 data directories: /tmp/dist-test-taskc3aUwp/test-tmp/auto_rebalancer-test.0.AutoRebalancerTest.AutoRebalancingTurnOffAndOn.1780912806158121-29605-0/minicluster-data/ts-3-root/data
Total live blocks: 0
Total live bytes: 0
Total live bytes (after alignment): 0
Total number of LBM containers: 0 (0 full)
Did not check for missing blocks
Did not check for orphaned blocks
Total full LBM containers with extra space: 0 (0 repaired)
Total full LBM container extra space in bytes: 0 (0 repaired)
Total incomplete LBM containers: 0 (0 repaired)
Total LBM partial records: 0 (0 repaired)
Total corrupted LBM metadata records in RocksDB: 0 (0 repaired)
I20260608 10:00:14.172894 30473 consensus_queue.cc:1048] T df0d151f6d114064830faca222ee7259 P 6d8a82412ed4433aa28adda1236e8295 [LEADER]: Connected to new peer: Peer: permanent_uuid: "b7d50ef5c2f84de3b450d5507b0dfc58" member_type: VOTER last_known_addr { host: "127.28.233.67" port: 42149 }, Status: LMP_MISMATCH, Last received: 0.0, Next index: 1, Last known committed idx: 0, Time since last communication: 0.000s
I20260608 10:00:14.185611 30513 consensus_queue.cc:1048] T df0d151f6d114064830faca222ee7259 P 6d8a82412ed4433aa28adda1236e8295 [LEADER]: Connected to new peer: Peer: permanent_uuid: "06503ee1274e4ffc97c74e6c4f007b86" member_type: VOTER last_known_addr { host: "127.28.233.66" port: 40507 }, Status: LMP_MISMATCH, Last received: 0.0, Next index: 1, Last known committed idx: 0, Time since last communication: 0.000s
I20260608 10:00:14.193667 29605 rpc_server.cc:225] running with OpenSSL 1.1.1  11 Sep 2018
I20260608 10:00:14.194262 30513 consensus_queue.cc:1048] T 7e5f485ca22b467383d45b0aa75ae20b P 6d8a82412ed4433aa28adda1236e8295 [LEADER]: Connected to new peer: Peer: permanent_uuid: "b7d50ef5c2f84de3b450d5507b0dfc58" member_type: VOTER last_known_addr { host: "127.28.233.67" port: 42149 }, Status: LMP_MISMATCH, Last received: 0.0, Next index: 1, Last known committed idx: 0, Time since last communication: 0.000s
I20260608 10:00:14.195483 29605 kserver.cc:163] Server-wide thread pool size limit: 3276
I20260608 10:00:14.199028 29605 txn_system_client.cc:432] TxnSystemClient initialization is disabled...
I20260608 10:00:14.204732 29605 ts_tablet_manager.cc:585] Loaded tablet metadata (0 total tablets, 0 live tablets)
I20260608 10:00:14.205147 29605 ts_tablet_manager.cc:531] Time spent load tablet metadata: real 0.000s	user 0.001s	sys 0.000s
I20260608 10:00:14.205569 29605 ts_tablet_manager.cc:616] Registered 0 tablets
I20260608 10:00:14.205873 29605 ts_tablet_manager.cc:595] Time spent register tablets: real 0.000s	user 0.000s	sys 0.000s
I20260608 10:00:14.212574 30499 consensus_queue.cc:1048] T 7e5f485ca22b467383d45b0aa75ae20b P 6d8a82412ed4433aa28adda1236e8295 [LEADER]: Connected to new peer: Peer: permanent_uuid: "06503ee1274e4ffc97c74e6c4f007b86" member_type: VOTER last_known_addr { host: "127.28.233.66" port: 40507 }, Status: LMP_MISMATCH, Last received: 0.0, Next index: 1, Last known committed idx: 0, Time since last communication: 0.001s
I20260608 10:00:14.246233 30513 consensus_queue.cc:1048] T 58a6c68ebbfa49edbea0eeccd4a95cb5 P 6d8a82412ed4433aa28adda1236e8295 [LEADER]: Connected to new peer: Peer: permanent_uuid: "06503ee1274e4ffc97c74e6c4f007b86" member_type: VOTER last_known_addr { host: "127.28.233.66" port: 40507 }, Status: LMP_MISMATCH, Last received: 0.0, Next index: 1, Last known committed idx: 0, Time since last communication: 0.000s
I20260608 10:00:14.263532 30499 consensus_queue.cc:1048] T 58a6c68ebbfa49edbea0eeccd4a95cb5 P 6d8a82412ed4433aa28adda1236e8295 [LEADER]: Connected to new peer: Peer: permanent_uuid: "b7d50ef5c2f84de3b450d5507b0dfc58" member_type: VOTER last_known_addr { host: "127.28.233.67" port: 42149 }, Status: LMP_MISMATCH, Last received: 0.0, Next index: 1, Last known committed idx: 0, Time since last communication: 0.000s
I20260608 10:00:14.282138 30506 consensus_queue.cc:1048] T 1651364335824b89bd1e17979f309b7c P 06503ee1274e4ffc97c74e6c4f007b86 [LEADER]: Connected to new peer: Peer: permanent_uuid: "6d8a82412ed4433aa28adda1236e8295" member_type: VOTER last_known_addr { host: "127.28.233.65" port: 33641 }, Status: LMP_MISMATCH, Last received: 0.0, Next index: 1, Last known committed idx: 0, Time since last communication: 0.000s
I20260608 10:00:14.299254 30509 consensus_queue.cc:1048] T 1651364335824b89bd1e17979f309b7c P 06503ee1274e4ffc97c74e6c4f007b86 [LEADER]: Connected to new peer: Peer: permanent_uuid: "b7d50ef5c2f84de3b450d5507b0dfc58" member_type: VOTER last_known_addr { host: "127.28.233.67" port: 42149 }, Status: LMP_MISMATCH, Last received: 0.0, Next index: 1, Last known committed idx: 0, Time since last communication: 0.000s
I20260608 10:00:14.312465 29605 rpc_server.cc:307] RPC server started. Bound to: 127.28.233.68:45373
I20260608 10:00:14.312633 30611 acceptor_pool.cc:272] collecting diagnostics on the listening RPC socket 127.28.233.68:45373 every 8 connection(s)
I20260608 10:00:14.329130 30612 heartbeater.cc:344] Connected to a master server at 127.28.233.126:41353
I20260608 10:00:14.329567 30612 heartbeater.cc:461] Registering TS with master...
I20260608 10:00:14.330304 30612 heartbeater.cc:507] Master 127.28.233.126:41353 requested a full tablet report, sending...
I20260608 10:00:14.332226 30170 ts_manager.cc:194] Registered new tserver with Master: d4d27768bde34e13ad91c2cd27bbbcab (127.28.233.68:45373)
I20260608 10:00:14.333673 30170 master_service.cc:502] Signed X509 certificate for tserver {username='slave'} at 127.0.0.1:41990
I20260608 10:00:14.405647 30474 consensus_queue.cc:1048] T 3a7c57fee1874ccca3e8b3379b4b6d1e P 06503ee1274e4ffc97c74e6c4f007b86 [LEADER]: Connected to new peer: Peer: permanent_uuid: "b7d50ef5c2f84de3b450d5507b0dfc58" member_type: VOTER last_known_addr { host: "127.28.233.67" port: 42149 }, Status: LMP_MISMATCH, Last received: 0.0, Next index: 1, Last known committed idx: 0, Time since last communication: 0.000s
I20260608 10:00:14.417812 30474 consensus_queue.cc:1048] T 3a7c57fee1874ccca3e8b3379b4b6d1e P 06503ee1274e4ffc97c74e6c4f007b86 [LEADER]: Connected to new peer: Peer: permanent_uuid: "6d8a82412ed4433aa28adda1236e8295" member_type: VOTER last_known_addr { host: "127.28.233.65" port: 33641 }, Status: LMP_MISMATCH, Last received: 0.0, Next index: 1, Last known committed idx: 0, Time since last communication: 0.000s
I20260608 10:00:15.336020 30612 heartbeater.cc:499] Master 127.28.233.126:41353 was elected leader, sending a full tablet report...
I20260608 10:00:15.460736 30223 auto_leader_rebalancer.cc:140] leader rebalance for table test-workload
I20260608 10:00:15.467270 30223 auto_leader_rebalancer.cc:388] table: test-workload, leader rebalance finish, leader transfer count: 0
I20260608 10:00:15.467818 30223 auto_leader_rebalancer.cc:451] All tables' leader rebalancing finished this round
I20260608 10:00:17.469053 30223 auto_leader_rebalancer.cc:140] leader rebalance for table test-workload
I20260608 10:00:17.475813 30223 auto_leader_rebalancer.cc:388] table: test-workload, leader rebalance finish, leader transfer count: 0
I20260608 10:00:17.476289 30223 auto_leader_rebalancer.cc:451] All tables' leader rebalancing finished this round
I20260608 10:00:19.477532 30223 auto_leader_rebalancer.cc:140] leader rebalance for table test-workload
I20260608 10:00:19.486716 30223 auto_leader_rebalancer.cc:388] table: test-workload, leader rebalance finish, leader transfer count: 0
I20260608 10:00:19.487290 30223 auto_leader_rebalancer.cc:451] All tables' leader rebalancing finished this round
I20260608 10:00:19.493052 30271 consensus_queue.cc:237] T 7e5f485ca22b467383d45b0aa75ae20b P 6d8a82412ed4433aa28adda1236e8295 [LEADER]: Queue going to LEADER mode. State: All replicated index: 0, Majority replicated index: 1, Committed index: 1, Last appended: 1.1, Last appended by leader: 0, Current term: 1, Majority size: 2, State: 0, Mode: LEADER, active raft config: opid_index: 2 OBSOLETE_local: false peers { permanent_uuid: "6d8a82412ed4433aa28adda1236e8295" member_type: VOTER last_known_addr { host: "127.28.233.65" port: 33641 } } peers { permanent_uuid: "06503ee1274e4ffc97c74e6c4f007b86" member_type: VOTER last_known_addr { host: "127.28.233.66" port: 40507 } } peers { permanent_uuid: "b7d50ef5c2f84de3b450d5507b0dfc58" member_type: VOTER last_known_addr { host: "127.28.233.67" port: 42149 } attrs { replace: true } } peers { permanent_uuid: "d4d27768bde34e13ad91c2cd27bbbcab" member_type: NON_VOTER last_known_addr { host: "127.28.233.68" port: 45373 } attrs { promote: true } }
I20260608 10:00:19.501510 30420 raft_consensus.cc:1275] T 7e5f485ca22b467383d45b0aa75ae20b P b7d50ef5c2f84de3b450d5507b0dfc58 [term 1 FOLLOWER]: Refusing update from remote peer 6d8a82412ed4433aa28adda1236e8295: Log matching property violated. Preceding OpId in replica: term: 1 index: 1. Preceding OpId from leader: term: 1 index: 2. (index mismatch)
