I20260608 09:49:26.847918 32596 leader_election.cc:304] T 085bee8665ad4677a2cffb7bf48fcb08 P f3df5d084ab4453baa818e7735c9deec [CANDIDATE]: Term 1 pre-election: Election decided. Result: candidate won. Election summary: received 2 responses out of 3 voters: 2 yes votes; 0 no votes. yes voters: ef2f10c9613c482da4f4fe713ae5fe46, f3df5d084ab4453baa818e7735c9deec; no voters: 
I20260608 09:49:26.848760 32682 raft_consensus.cc:2804] T 085bee8665ad4677a2cffb7bf48fcb08 P f3df5d084ab4453baa818e7735c9deec [term 0 FOLLOWER]: Leader pre-election won for term 1
I20260608 09:49:26.849149 32682 raft_consensus.cc:493] T 085bee8665ad4677a2cffb7bf48fcb08 P f3df5d084ab4453baa818e7735c9deec [term 0 FOLLOWER]: Starting leader election (no leader contacted us within the election timeout)
I20260608 09:49:26.849241 32520 leader_election.cc:304] T 24065e91f2f94779995ba8934b5ff92b P 66ec65d4d2b943b794918716fb3f49a1 [CANDIDATE]: Term 1 pre-election: Election decided. Result: candidate won. Election summary: received 3 responses out of 3 voters: 2 yes votes; 1 no votes. yes voters: 66ec65d4d2b943b794918716fb3f49a1, f3df5d084ab4453baa818e7735c9deec; no voters: ef2f10c9613c482da4f4fe713ae5fe46
I20260608 09:49:26.849550 32682 raft_consensus.cc:3060] T 085bee8665ad4677a2cffb7bf48fcb08 P f3df5d084ab4453baa818e7735c9deec [term 0 FOLLOWER]: Advancing to term 1
I20260608 09:49:26.850749 32683 raft_consensus.cc:2764] T 24065e91f2f94779995ba8934b5ff92b P 66ec65d4d2b943b794918716fb3f49a1 [term 1 FOLLOWER]: Leader pre-election decision vote started in defunct term 0: won
I20260608 09:49:26.851451 32709 raft_consensus.cc:493] T 4a4f155ef9e84f1fb7b0d99619b8ad0b P ef2f10c9613c482da4f4fe713ae5fe46 [term 0 FOLLOWER]: Starting pre-election (no leader contacted us within the election timeout)
I20260608 09:49:26.854715 32709 raft_consensus.cc:515] T 4a4f155ef9e84f1fb7b0d99619b8ad0b P ef2f10c9613c482da4f4fe713ae5fe46 [term 0 FOLLOWER]: Starting pre-election with config: opid_index: -1 OBSOLETE_local: false peers { permanent_uuid: "ef2f10c9613c482da4f4fe713ae5fe46" member_type: VOTER last_known_addr { host: "127.27.81.1" port: 46799 } } peers { permanent_uuid: "66ec65d4d2b943b794918716fb3f49a1" member_type: VOTER last_known_addr { host: "127.27.81.2" port: 33735 } } peers { permanent_uuid: "f3df5d084ab4453baa818e7735c9deec" member_type: VOTER last_known_addr { host: "127.27.81.3" port: 42837 } }
I20260608 09:49:26.853225 32712 raft_consensus.cc:493] T 085bee8665ad4677a2cffb7bf48fcb08 P ef2f10c9613c482da4f4fe713ae5fe46 [term 0 FOLLOWER]: Starting pre-election (no leader contacted us within the election timeout)
I20260608 09:49:26.854029 32631 tablet_service.cc:1917] Received RequestConsensusVote() RPC: tablet_id: "24065e91f2f94779995ba8934b5ff92b" candidate_uuid: "ef2f10c9613c482da4f4fe713ae5fe46" candidate_term: 1 candidate_status { last_received { term: 0 index: 0 } } ignore_live_leader: false dest_uuid: "f3df5d084ab4453baa818e7735c9deec"
I20260608 09:49:26.856400 32631 raft_consensus.cc:3060] T 24065e91f2f94779995ba8934b5ff92b P f3df5d084ab4453baa818e7735c9deec [term 0 FOLLOWER]: Advancing to term 1
I20260608 09:49:26.858801 32630 tablet_service.cc:1917] Received RequestConsensusVote() RPC: tablet_id: "4a4f155ef9e84f1fb7b0d99619b8ad0b" candidate_uuid: "ef2f10c9613c482da4f4fe713ae5fe46" candidate_term: 1 candidate_status { last_received { term: 0 index: 0 } } ignore_live_leader: false dest_uuid: "f3df5d084ab4453baa818e7735c9deec" is_pre_election: true
I20260608 09:49:26.859205 32556 tablet_service.cc:1917] Received RequestConsensusVote() RPC: tablet_id: "24065e91f2f94779995ba8934b5ff92b" candidate_uuid: "f3df5d084ab4453baa818e7735c9deec" candidate_term: 1 candidate_status { last_received { term: 0 index: 0 } } ignore_live_leader: false dest_uuid: "66ec65d4d2b943b794918716fb3f49a1" is_pre_election: true
I20260608 09:49:26.859563 32630 raft_consensus.cc:2468] T 4a4f155ef9e84f1fb7b0d99619b8ad0b P f3df5d084ab4453baa818e7735c9deec [term 0 FOLLOWER]: Leader pre-election vote request: Granting yes vote for candidate ef2f10c9613c482da4f4fe713ae5fe46 in term 0.
I20260608 09:49:26.859786 32676 tablet_bootstrap.cc:492] T 2418aa6ccf2b4c9d9d2b81dc777a4e72 P 66ec65d4d2b943b794918716fb3f49a1: No bootstrap required, opened a new log
I20260608 09:49:26.860054 32556 raft_consensus.cc:2393] T 24065e91f2f94779995ba8934b5ff92b P 66ec65d4d2b943b794918716fb3f49a1 [term 1 FOLLOWER]: Leader pre-election vote request: Denying vote to candidate f3df5d084ab4453baa818e7735c9deec in current term 1: Already voted for candidate ef2f10c9613c482da4f4fe713ae5fe46 in this term.
I20260608 09:49:26.860399 32676 ts_tablet_manager.cc:1403] T 2418aa6ccf2b4c9d9d2b81dc777a4e72 P 66ec65d4d2b943b794918716fb3f49a1: Time spent bootstrapping tablet: real 0.054s	user 0.012s	sys 0.006s
I20260608 09:49:26.861267 32555 tablet_service.cc:1917] Received RequestConsensusVote() RPC: tablet_id: "085bee8665ad4677a2cffb7bf48fcb08" candidate_uuid: "f3df5d084ab4453baa818e7735c9deec" candidate_term: 1 candidate_status { last_received { term: 0 index: 0 } } ignore_live_leader: false dest_uuid: "66ec65d4d2b943b794918716fb3f49a1" is_pre_election: true
I20260608 09:49:26.861322 32445 leader_election.cc:304] T 4a4f155ef9e84f1fb7b0d99619b8ad0b P ef2f10c9613c482da4f4fe713ae5fe46 [CANDIDATE]: Term 1 pre-election: Election decided. Result: candidate won. Election summary: received 2 responses out of 3 voters: 2 yes votes; 0 no votes. yes voters: ef2f10c9613c482da4f4fe713ae5fe46, f3df5d084ab4453baa818e7735c9deec; no voters: 
I20260608 09:49:26.862085 32555 raft_consensus.cc:2468] T 085bee8665ad4677a2cffb7bf48fcb08 P 66ec65d4d2b943b794918716fb3f49a1 [term 0 FOLLOWER]: Leader pre-election vote request: Granting yes vote for candidate f3df5d084ab4453baa818e7735c9deec in term 0.
I20260608 09:49:26.863409 32554 tablet_service.cc:1917] Received RequestConsensusVote() RPC: tablet_id: "6c8b89cc917f4338b28646ff8147b994" candidate_uuid: "f3df5d084ab4453baa818e7735c9deec" candidate_term: 1 candidate_status { last_received { term: 0 index: 0 } } ignore_live_leader: false dest_uuid: "66ec65d4d2b943b794918716fb3f49a1" is_pre_election: true
I20260608 09:49:26.864219 32710 raft_consensus.cc:2804] T 24065e91f2f94779995ba8934b5ff92b P ef2f10c9613c482da4f4fe713ae5fe46 [term 1 FOLLOWER]: Leader election won for term 1
I20260608 09:49:26.864985 32553 tablet_service.cc:1917] Received RequestConsensusVote() RPC: tablet_id: "4a4f155ef9e84f1fb7b0d99619b8ad0b" candidate_uuid: "ef2f10c9613c482da4f4fe713ae5fe46" candidate_term: 1 candidate_status { last_received { term: 0 index: 0 } } ignore_live_leader: false dest_uuid: "66ec65d4d2b943b794918716fb3f49a1" is_pre_election: true
I20260608 09:49:26.863595 32709 leader_election.cc:290] T 4a4f155ef9e84f1fb7b0d99619b8ad0b P ef2f10c9613c482da4f4fe713ae5fe46 [CANDIDATE]: Term 1 pre-election: Requested pre-vote from peers 66ec65d4d2b943b794918716fb3f49a1 (127.27.81.2:33735), f3df5d084ab4453baa818e7735c9deec (127.27.81.3:42837)
I20260608 09:49:26.865121 32712 raft_consensus.cc:515] T 085bee8665ad4677a2cffb7bf48fcb08 P ef2f10c9613c482da4f4fe713ae5fe46 [term 0 FOLLOWER]: Starting pre-election with config: opid_index: -1 OBSOLETE_local: false peers { permanent_uuid: "ef2f10c9613c482da4f4fe713ae5fe46" member_type: VOTER last_known_addr { host: "127.27.81.1" port: 46799 } } peers { permanent_uuid: "66ec65d4d2b943b794918716fb3f49a1" member_type: VOTER last_known_addr { host: "127.27.81.2" port: 33735 } } peers { permanent_uuid: "f3df5d084ab4453baa818e7735c9deec" member_type: VOTER last_known_addr { host: "127.27.81.3" port: 42837 } }
I20260608 09:49:26.864285 32631 raft_consensus.cc:2468] T 24065e91f2f94779995ba8934b5ff92b P f3df5d084ab4453baa818e7735c9deec [term 1 FOLLOWER]: Leader election vote request: Granting yes vote for candidate ef2f10c9613c482da4f4fe713ae5fe46 in term 1.
I20260608 09:49:26.865712 32553 raft_consensus.cc:2468] T 4a4f155ef9e84f1fb7b0d99619b8ad0b P 66ec65d4d2b943b794918716fb3f49a1 [term 0 FOLLOWER]: Leader pre-election vote request: Granting yes vote for candidate ef2f10c9613c482da4f4fe713ae5fe46 in term 0.
I20260608 09:49:26.865778 32709 raft_consensus.cc:2804] T 4a4f155ef9e84f1fb7b0d99619b8ad0b P ef2f10c9613c482da4f4fe713ae5fe46 [term 0 FOLLOWER]: Leader pre-election won for term 1
I20260608 09:49:26.866223 32677 ts_tablet_manager.cc:1434] T 327c6ec6929a4e08ad66395b9e346322 P ef2f10c9613c482da4f4fe713ae5fe46: Time spent starting tablet: real 0.033s	user 0.010s	sys 0.000s
I20260608 09:49:26.866925 32709 raft_consensus.cc:493] T 4a4f155ef9e84f1fb7b0d99619b8ad0b P ef2f10c9613c482da4f4fe713ae5fe46 [term 0 FOLLOWER]: Starting leader election (no leader contacted us within the election timeout)
I20260608 09:49:26.867911 32709 raft_consensus.cc:3060] T 4a4f155ef9e84f1fb7b0d99619b8ad0b P ef2f10c9613c482da4f4fe713ae5fe46 [term 0 FOLLOWER]: Advancing to term 1
I20260608 09:49:26.868018 32595 leader_election.cc:304] T 24065e91f2f94779995ba8934b5ff92b P f3df5d084ab4453baa818e7735c9deec [CANDIDATE]: Term 1 pre-election: Election decided. Result: candidate lost. Election summary: received 3 responses out of 3 voters: 1 yes votes; 2 no votes. yes voters: f3df5d084ab4453baa818e7735c9deec; no voters: 66ec65d4d2b943b794918716fb3f49a1, ef2f10c9613c482da4f4fe713ae5fe46
I20260608 09:49:26.869962 32631 tablet_service.cc:1917] Received RequestConsensusVote() RPC: tablet_id: "085bee8665ad4677a2cffb7bf48fcb08" candidate_uuid: "ef2f10c9613c482da4f4fe713ae5fe46" candidate_term: 1 candidate_status { last_received { term: 0 index: 0 } } ignore_live_leader: false dest_uuid: "f3df5d084ab4453baa818e7735c9deec" is_pre_election: true
I20260608 09:49:26.852433 32684 leader_election.cc:290] T 24065e91f2f94779995ba8934b5ff92b P ef2f10c9613c482da4f4fe713ae5fe46 [CANDIDATE]: Term 1 election: Requested vote from peers 66ec65d4d2b943b794918716fb3f49a1 (127.27.81.2:33735), f3df5d084ab4453baa818e7735c9deec (127.27.81.3:42837)
I20260608 09:49:26.868811 32553 tablet_service.cc:1917] Received RequestConsensusVote() RPC: tablet_id: "085bee8665ad4677a2cffb7bf48fcb08" candidate_uuid: "ef2f10c9613c482da4f4fe713ae5fe46" candidate_term: 1 candidate_status { last_received { term: 0 index: 0 } } ignore_live_leader: false dest_uuid: "66ec65d4d2b943b794918716fb3f49a1" is_pre_election: true
I20260608 09:49:26.871272 32677 tablet_bootstrap.cc:492] T 6c8b89cc917f4338b28646ff8147b994 P ef2f10c9613c482da4f4fe713ae5fe46: Bootstrap starting.
I20260608 09:49:26.871695 32553 raft_consensus.cc:2468] T 085bee8665ad4677a2cffb7bf48fcb08 P 66ec65d4d2b943b794918716fb3f49a1 [term 0 FOLLOWER]: Leader pre-election vote request: Granting yes vote for candidate ef2f10c9613c482da4f4fe713ae5fe46 in term 0.
I20260608 09:49:26.873271 32446 leader_election.cc:304] T 085bee8665ad4677a2cffb7bf48fcb08 P ef2f10c9613c482da4f4fe713ae5fe46 [CANDIDATE]: Term 1 pre-election: Election decided. Result: candidate won. Election summary: received 2 responses out of 3 voters: 2 yes votes; 0 no votes. yes voters: 66ec65d4d2b943b794918716fb3f49a1, ef2f10c9613c482da4f4fe713ae5fe46; no voters: 
I20260608 09:49:26.874245 32684 raft_consensus.cc:2804] T 085bee8665ad4677a2cffb7bf48fcb08 P ef2f10c9613c482da4f4fe713ae5fe46 [term 0 FOLLOWER]: Leader pre-election won for term 1
I20260608 09:49:26.874668 32684 raft_consensus.cc:493] T 085bee8665ad4677a2cffb7bf48fcb08 P ef2f10c9613c482da4f4fe713ae5fe46 [term 0 FOLLOWER]: Starting leader election (no leader contacted us within the election timeout)
I20260608 09:49:26.875044 32684 raft_consensus.cc:3060] T 085bee8665ad4677a2cffb7bf48fcb08 P ef2f10c9613c482da4f4fe713ae5fe46 [term 0 FOLLOWER]: Advancing to term 1
I20260608 09:49:26.875779 32557 tablet_service.cc:1917] Received RequestConsensusVote() RPC: tablet_id: "327c6ec6929a4e08ad66395b9e346322" candidate_uuid: "f3df5d084ab4453baa818e7735c9deec" candidate_term: 1 candidate_status { last_received { term: 0 index: 0 } } ignore_live_leader: false dest_uuid: "66ec65d4d2b943b794918716fb3f49a1" is_pre_election: true
I20260608 09:49:26.876456 32557 raft_consensus.cc:2468] T 327c6ec6929a4e08ad66395b9e346322 P 66ec65d4d2b943b794918716fb3f49a1 [term 0 FOLLOWER]: Leader pre-election vote request: Granting yes vote for candidate f3df5d084ab4453baa818e7735c9deec in term 0.
I20260608 09:49:26.867666 32712 leader_election.cc:290] T 085bee8665ad4677a2cffb7bf48fcb08 P ef2f10c9613c482da4f4fe713ae5fe46 [CANDIDATE]: Term 1 pre-election: Requested pre-vote from peers 66ec65d4d2b943b794918716fb3f49a1 (127.27.81.2:33735), f3df5d084ab4453baa818e7735c9deec (127.27.81.3:42837)
I20260608 09:49:26.873240 32676 raft_consensus.cc:359] T 2418aa6ccf2b4c9d9d2b81dc777a4e72 P 66ec65d4d2b943b794918716fb3f49a1 [term 0 FOLLOWER]: Replica starting. Triggering 0 pending ops. Active config: opid_index: -1 OBSOLETE_local: false peers { permanent_uuid: "ef2f10c9613c482da4f4fe713ae5fe46" member_type: VOTER last_known_addr { host: "127.27.81.1" port: 46799 } } peers { permanent_uuid: "66ec65d4d2b943b794918716fb3f49a1" member_type: VOTER last_known_addr { host: "127.27.81.2" port: 33735 } } peers { permanent_uuid: "f3df5d084ab4453baa818e7735c9deec" member_type: VOTER last_known_addr { host: "127.27.81.3" port: 42837 } }
I20260608 09:49:26.878170 32676 raft_consensus.cc:385] T 2418aa6ccf2b4c9d9d2b81dc777a4e72 P 66ec65d4d2b943b794918716fb3f49a1 [term 0 FOLLOWER]: Consensus starting up: Expiring failure detector timer to make a prompt election more likely
I20260608 09:49:26.878476 32676 raft_consensus.cc:740] T 2418aa6ccf2b4c9d9d2b81dc777a4e72 P 66ec65d4d2b943b794918716fb3f49a1 [term 0 FOLLOWER]: Becoming Follower/Learner. State: Replica: 66ec65d4d2b943b794918716fb3f49a1, State: Initialized, Role: FOLLOWER
I20260608 09:49:26.878548 32682 raft_consensus.cc:515] T 085bee8665ad4677a2cffb7bf48fcb08 P f3df5d084ab4453baa818e7735c9deec [term 1 FOLLOWER]: Starting leader election with config: opid_index: -1 OBSOLETE_local: false peers { permanent_uuid: "ef2f10c9613c482da4f4fe713ae5fe46" member_type: VOTER last_known_addr { host: "127.27.81.1" port: 46799 } } peers { permanent_uuid: "66ec65d4d2b943b794918716fb3f49a1" member_type: VOTER last_known_addr { host: "127.27.81.2" port: 33735 } } peers { permanent_uuid: "f3df5d084ab4453baa818e7735c9deec" member_type: VOTER last_known_addr { host: "127.27.81.3" port: 42837 } }
I20260608 09:49:26.879396 32677 tablet_bootstrap.cc:654] T 6c8b89cc917f4338b28646ff8147b994 P ef2f10c9613c482da4f4fe713ae5fe46: Neither blocks nor log segments found. Creating new log.
I20260608 09:49:26.880007 32631 raft_consensus.cc:2393] T 085bee8665ad4677a2cffb7bf48fcb08 P f3df5d084ab4453baa818e7735c9deec [term 1 FOLLOWER]: Leader pre-election vote request: Denying vote to candidate ef2f10c9613c482da4f4fe713ae5fe46 in current term 1: Already voted for candidate f3df5d084ab4453baa818e7735c9deec in this term.
I20260608 09:49:26.880772 32676 consensus_queue.cc:260] T 2418aa6ccf2b4c9d9d2b81dc777a4e72 P 66ec65d4d2b943b794918716fb3f49a1 [NON_LEADER]: Queue going to NON_LEADER mode. State: All replicated index: 0, Majority replicated index: 0, Committed index: 0, Last appended: 0.0, Last appended by leader: 0, Current term: 0, Majority size: -1, State: 0, Mode: NON_LEADER, active raft config: opid_index: -1 OBSOLETE_local: false peers { permanent_uuid: "ef2f10c9613c482da4f4fe713ae5fe46" member_type: VOTER last_known_addr { host: "127.27.81.1" port: 46799 } } peers { permanent_uuid: "66ec65d4d2b943b794918716fb3f49a1" member_type: VOTER last_known_addr { host: "127.27.81.2" port: 33735 } } peers { permanent_uuid: "f3df5d084ab4453baa818e7735c9deec" member_type: VOTER last_known_addr { host: "127.27.81.3" port: 42837 } }
I20260608 09:49:26.886274 32678 tablet_bootstrap.cc:492] T ec90f1aa39734a009264ecdd9535cedc P f3df5d084ab4453baa818e7735c9deec: No bootstrap required, opened a new log
I20260608 09:49:26.886874 32678 ts_tablet_manager.cc:1403] T ec90f1aa39734a009264ecdd9535cedc P f3df5d084ab4453baa818e7735c9deec: Time spent bootstrapping tablet: real 0.109s	user 0.025s	sys 0.022s
I20260608 09:49:26.887909 32482 tablet_service.cc:1917] Received RequestConsensusVote() RPC: tablet_id: "085bee8665ad4677a2cffb7bf48fcb08" candidate_uuid: "f3df5d084ab4453baa818e7735c9deec" candidate_term: 1 candidate_status { last_received { term: 0 index: 0 } } ignore_live_leader: false dest_uuid: "ef2f10c9613c482da4f4fe713ae5fe46"
I20260608 09:49:26.889817 32676 ts_tablet_manager.cc:1434] T 2418aa6ccf2b4c9d9d2b81dc777a4e72 P 66ec65d4d2b943b794918716fb3f49a1: Time spent starting tablet: real 0.029s	user 0.005s	sys 0.003s
I20260608 09:49:26.890039 32682 leader_election.cc:290] T 085bee8665ad4677a2cffb7bf48fcb08 P f3df5d084ab4453baa818e7735c9deec [CANDIDATE]: Term 1 election: Requested vote from peers ef2f10c9613c482da4f4fe713ae5fe46 (127.27.81.1:46799), 66ec65d4d2b943b794918716fb3f49a1 (127.27.81.2:33735)
I20260608 09:49:26.890717 32682 raft_consensus.cc:2749] T 24065e91f2f94779995ba8934b5ff92b P f3df5d084ab4453baa818e7735c9deec [term 1 FOLLOWER]: Leader pre-election lost for term 1. Reason: could not achieve majority
I20260608 09:49:26.890930 32676 tablet_bootstrap.cc:492] T 6c8b89cc917f4338b28646ff8147b994 P 66ec65d4d2b943b794918716fb3f49a1: Bootstrap starting.
I20260608 09:49:26.892850 32678 raft_consensus.cc:359] T ec90f1aa39734a009264ecdd9535cedc P f3df5d084ab4453baa818e7735c9deec [term 0 FOLLOWER]: Replica starting. Triggering 0 pending ops. Active config: opid_index: -1 OBSOLETE_local: false peers { permanent_uuid: "f3df5d084ab4453baa818e7735c9deec" member_type: VOTER last_known_addr { host: "127.27.81.3" port: 42837 } } peers { permanent_uuid: "66ec65d4d2b943b794918716fb3f49a1" member_type: VOTER last_known_addr { host: "127.27.81.2" port: 33735 } } peers { permanent_uuid: "ef2f10c9613c482da4f4fe713ae5fe46" member_type: VOTER last_known_addr { host: "127.27.81.1" port: 46799 } }
W20260608 09:49:26.893647 32595 leader_election.cc:343] T 6c8b89cc917f4338b28646ff8147b994 P f3df5d084ab4453baa818e7735c9deec [CANDIDATE]: Term 1 pre-election: Tablet error from VoteRequest() call to peer 66ec65d4d2b943b794918716fb3f49a1 (127.27.81.2:33735): Illegal state: must be running to vote when last-logged opid is not known
I20260608 09:49:26.895509 32595 leader_election.cc:304] T 6c8b89cc917f4338b28646ff8147b994 P f3df5d084ab4453baa818e7735c9deec [CANDIDATE]: Term 1 pre-election: Election decided. Result: candidate lost. Election summary: received 3 responses out of 3 voters: 1 yes votes; 2 no votes. yes voters: f3df5d084ab4453baa818e7735c9deec; no voters: 66ec65d4d2b943b794918716fb3f49a1, ef2f10c9613c482da4f4fe713ae5fe46
I20260608 09:49:26.896567 32716 raft_consensus.cc:2749] T 6c8b89cc917f4338b28646ff8147b994 P f3df5d084ab4453baa818e7735c9deec [term 0 FOLLOWER]: Leader pre-election lost for term 1. Reason: could not achieve majority
I20260608 09:49:26.896911 32595 leader_election.cc:304] T 327c6ec6929a4e08ad66395b9e346322 P f3df5d084ab4453baa818e7735c9deec [CANDIDATE]: Term 1 pre-election: Election decided. Result: candidate won. Election summary: received 3 responses out of 3 voters: 2 yes votes; 1 no votes. yes voters: 66ec65d4d2b943b794918716fb3f49a1, f3df5d084ab4453baa818e7735c9deec; no voters: ef2f10c9613c482da4f4fe713ae5fe46
I20260608 09:49:26.897843 32716 raft_consensus.cc:2804] T 327c6ec6929a4e08ad66395b9e346322 P f3df5d084ab4453baa818e7735c9deec [term 0 FOLLOWER]: Leader pre-election won for term 1
I20260608 09:49:26.894243 32709 raft_consensus.cc:515] T 4a4f155ef9e84f1fb7b0d99619b8ad0b P ef2f10c9613c482da4f4fe713ae5fe46 [term 1 FOLLOWER]: Starting leader election with config: opid_index: -1 OBSOLETE_local: false peers { permanent_uuid: "ef2f10c9613c482da4f4fe713ae5fe46" member_type: VOTER last_known_addr { host: "127.27.81.1" port: 46799 } } peers { permanent_uuid: "66ec65d4d2b943b794918716fb3f49a1" member_type: VOTER last_known_addr { host: "127.27.81.2" port: 33735 } } peers { permanent_uuid: "f3df5d084ab4453baa818e7735c9deec" member_type: VOTER last_known_addr { host: "127.27.81.3" port: 42837 } }
I20260608 09:49:26.894893 32710 raft_consensus.cc:697] T 24065e91f2f94779995ba8934b5ff92b P ef2f10c9613c482da4f4fe713ae5fe46 [term 1 LEADER]: Becoming Leader. State: Replica: ef2f10c9613c482da4f4fe713ae5fe46, State: Running, Role: LEADER
I20260608 09:49:26.898972 32684 raft_consensus.cc:515] T 085bee8665ad4677a2cffb7bf48fcb08 P ef2f10c9613c482da4f4fe713ae5fe46 [term 1 FOLLOWER]: Starting leader election with config: opid_index: -1 OBSOLETE_local: false peers { permanent_uuid: "ef2f10c9613c482da4f4fe713ae5fe46" member_type: VOTER last_known_addr { host: "127.27.81.1" port: 46799 } } peers { permanent_uuid: "66ec65d4d2b943b794918716fb3f49a1" member_type: VOTER last_known_addr { host: "127.27.81.2" port: 33735 } } peers { permanent_uuid: "f3df5d084ab4453baa818e7735c9deec" member_type: VOTER last_known_addr { host: "127.27.81.3" port: 42837 } }
I20260608 09:49:26.899323 32557 tablet_service.cc:1917] Received RequestConsensusVote() RPC: tablet_id: "085bee8665ad4677a2cffb7bf48fcb08" candidate_uuid: "f3df5d084ab4453baa818e7735c9deec" candidate_term: 1 candidate_status { last_received { term: 0 index: 0 } } ignore_live_leader: false dest_uuid: "66ec65d4d2b943b794918716fb3f49a1"
I20260608 09:49:26.899226 32710 consensus_queue.cc:237] T 24065e91f2f94779995ba8934b5ff92b P ef2f10c9613c482da4f4fe713ae5fe46 [LEADER]: Queue going to LEADER mode. State: All replicated index: 0, Majority replicated index: 0, Committed index: 0, Last appended: 0.0, Last appended by leader: 0, Current term: 1, Majority size: 2, State: 0, Mode: LEADER, active raft config: opid_index: -1 OBSOLETE_local: false peers { permanent_uuid: "ef2f10c9613c482da4f4fe713ae5fe46" member_type: VOTER last_known_addr { host: "127.27.81.1" port: 46799 } } peers { permanent_uuid: "66ec65d4d2b943b794918716fb3f49a1" member_type: VOTER last_known_addr { host: "127.27.81.2" port: 33735 } } peers { permanent_uuid: "f3df5d084ab4453baa818e7735c9deec" member_type: VOTER last_known_addr { host: "127.27.81.3" port: 42837 } }
I20260608 09:49:26.900251 32482 raft_consensus.cc:2393] T 085bee8665ad4677a2cffb7bf48fcb08 P ef2f10c9613c482da4f4fe713ae5fe46 [term 1 FOLLOWER]: Leader election vote request: Denying vote to candidate f3df5d084ab4453baa818e7735c9deec in current term 1: Already voted for candidate ef2f10c9613c482da4f4fe713ae5fe46 in this term.
I20260608 09:49:26.900205 32557 raft_consensus.cc:3060] T 085bee8665ad4677a2cffb7bf48fcb08 P 66ec65d4d2b943b794918716fb3f49a1 [term 0 FOLLOWER]: Advancing to term 1
I20260608 09:49:26.904313 32677 tablet_bootstrap.cc:492] T 6c8b89cc917f4338b28646ff8147b994 P ef2f10c9613c482da4f4fe713ae5fe46: No bootstrap required, opened a new log
I20260608 09:49:26.898268 32716 raft_consensus.cc:493] T 327c6ec6929a4e08ad66395b9e346322 P f3df5d084ab4453baa818e7735c9deec [term 0 FOLLOWER]: Starting leader election (no leader contacted us within the election timeout)
I20260608 09:49:26.904848 32677 ts_tablet_manager.cc:1403] T 6c8b89cc917f4338b28646ff8147b994 P ef2f10c9613c482da4f4fe713ae5fe46: Time spent bootstrapping tablet: real 0.034s	user 0.008s	sys 0.011s
I20260608 09:49:26.907356 32676 tablet_bootstrap.cc:654] T 6c8b89cc917f4338b28646ff8147b994 P 66ec65d4d2b943b794918716fb3f49a1: Neither blocks nor log segments found. Creating new log.
I20260608 09:49:26.905098 32553 tablet_service.cc:1917] Received RequestConsensusVote() RPC: tablet_id: "085bee8665ad4677a2cffb7bf48fcb08" candidate_uuid: "ef2f10c9613c482da4f4fe713ae5fe46" candidate_term: 1 candidate_status { last_received { term: 0 index: 0 } } ignore_live_leader: false dest_uuid: "66ec65d4d2b943b794918716fb3f49a1"
I20260608 09:49:26.909756 32716 raft_consensus.cc:3060] T 327c6ec6929a4e08ad66395b9e346322 P f3df5d084ab4453baa818e7735c9deec [term 0 FOLLOWER]: Advancing to term 1
I20260608 09:49:26.906009 32554 tablet_service.cc:1917] Received RequestConsensusVote() RPC: tablet_id: "4a4f155ef9e84f1fb7b0d99619b8ad0b" candidate_uuid: "ef2f10c9613c482da4f4fe713ae5fe46" candidate_term: 1 candidate_status { last_received { term: 0 index: 0 } } ignore_live_leader: false dest_uuid: "66ec65d4d2b943b794918716fb3f49a1"
I20260608 09:49:26.904930 32684 leader_election.cc:290] T 085bee8665ad4677a2cffb7bf48fcb08 P ef2f10c9613c482da4f4fe713ae5fe46 [CANDIDATE]: Term 1 election: Requested vote from peers 66ec65d4d2b943b794918716fb3f49a1 (127.27.81.2:33735), f3df5d084ab4453baa818e7735c9deec (127.27.81.3:42837)
I20260608 09:49:26.906955 32630 tablet_service.cc:1917] Received RequestConsensusVote() RPC: tablet_id: "4a4f155ef9e84f1fb7b0d99619b8ad0b" candidate_uuid: "ef2f10c9613c482da4f4fe713ae5fe46" candidate_term: 1 candidate_status { last_received { term: 0 index: 0 } } ignore_live_leader: false dest_uuid: "f3df5d084ab4453baa818e7735c9deec"
I20260608 09:49:26.910831 32554 raft_consensus.cc:3060] T 4a4f155ef9e84f1fb7b0d99619b8ad0b P 66ec65d4d2b943b794918716fb3f49a1 [term 0 FOLLOWER]: Advancing to term 1
I20260608 09:49:26.911157 32630 raft_consensus.cc:3060] T 4a4f155ef9e84f1fb7b0d99619b8ad0b P f3df5d084ab4453baa818e7735c9deec [term 0 FOLLOWER]: Advancing to term 1
I20260608 09:49:26.911753 32677 raft_consensus.cc:359] T 6c8b89cc917f4338b28646ff8147b994 P ef2f10c9613c482da4f4fe713ae5fe46 [term 0 FOLLOWER]: Replica starting. Triggering 0 pending ops. Active config: opid_index: -1 OBSOLETE_local: false peers { permanent_uuid: "ef2f10c9613c482da4f4fe713ae5fe46" member_type: VOTER last_known_addr { host: "127.27.81.1" port: 46799 } } peers { permanent_uuid: "66ec65d4d2b943b794918716fb3f49a1" member_type: VOTER last_known_addr { host: "127.27.81.2" port: 33735 } } peers { permanent_uuid: "f3df5d084ab4453baa818e7735c9deec" member_type: VOTER last_known_addr { host: "127.27.81.3" port: 42837 } }
I20260608 09:49:26.912708 32677 raft_consensus.cc:385] T 6c8b89cc917f4338b28646ff8147b994 P ef2f10c9613c482da4f4fe713ae5fe46 [term 0 FOLLOWER]: Consensus starting up: Expiring failure detector timer to make a prompt election more likely
I20260608 09:49:26.912997 32677 raft_consensus.cc:740] T 6c8b89cc917f4338b28646ff8147b994 P ef2f10c9613c482da4f4fe713ae5fe46 [term 0 FOLLOWER]: Becoming Follower/Learner. State: Replica: ef2f10c9613c482da4f4fe713ae5fe46, State: Initialized, Role: FOLLOWER
I20260608 09:49:26.913203 32683 raft_consensus.cc:493] T ec90f1aa39734a009264ecdd9535cedc P 66ec65d4d2b943b794918716fb3f49a1 [term 0 FOLLOWER]: Starting pre-election (no leader contacted us within the election timeout)
I20260608 09:49:26.913728 32683 raft_consensus.cc:515] T ec90f1aa39734a009264ecdd9535cedc P 66ec65d4d2b943b794918716fb3f49a1 [term 0 FOLLOWER]: Starting pre-election with config: opid_index: -1 OBSOLETE_local: false peers { permanent_uuid: "f3df5d084ab4453baa818e7735c9deec" member_type: VOTER last_known_addr { host: "127.27.81.3" port: 42837 } } peers { permanent_uuid: "66ec65d4d2b943b794918716fb3f49a1" member_type: VOTER last_known_addr { host: "127.27.81.2" port: 33735 } } peers { permanent_uuid: "ef2f10c9613c482da4f4fe713ae5fe46" member_type: VOTER last_known_addr { host: "127.27.81.1" port: 46799 } }
I20260608 09:49:26.913882 32677 consensus_queue.cc:260] T 6c8b89cc917f4338b28646ff8147b994 P ef2f10c9613c482da4f4fe713ae5fe46 [NON_LEADER]: Queue going to NON_LEADER mode. State: All replicated index: 0, Majority replicated index: 0, Committed index: 0, Last appended: 0.0, Last appended by leader: 0, Current term: 0, Majority size: -1, State: 0, Mode: NON_LEADER, active raft config: opid_index: -1 OBSOLETE_local: false peers { permanent_uuid: "ef2f10c9613c482da4f4fe713ae5fe46" member_type: VOTER last_known_addr { host: "127.27.81.1" port: 46799 } } peers { permanent_uuid: "66ec65d4d2b943b794918716fb3f49a1" member_type: VOTER last_known_addr { host: "127.27.81.2" port: 33735 } } peers { permanent_uuid: "f3df5d084ab4453baa818e7735c9deec" member_type: VOTER last_known_addr { host: "127.27.81.3" port: 42837 } }
I20260608 09:49:26.906467 32631 tablet_service.cc:1917] Received RequestConsensusVote() RPC: tablet_id: "085bee8665ad4677a2cffb7bf48fcb08" candidate_uuid: "ef2f10c9613c482da4f4fe713ae5fe46" candidate_term: 1 candidate_status { last_received { term: 0 index: 0 } } ignore_live_leader: false dest_uuid: "f3df5d084ab4453baa818e7735c9deec"
I20260608 09:49:26.915477 32631 raft_consensus.cc:2393] T 085bee8665ad4677a2cffb7bf48fcb08 P f3df5d084ab4453baa818e7735c9deec [term 1 FOLLOWER]: Leader election vote request: Denying vote to candidate ef2f10c9613c482da4f4fe713ae5fe46 in current term 1: Already voted for candidate f3df5d084ab4453baa818e7735c9deec in this term.
I20260608 09:49:26.916618 32677 ts_tablet_manager.cc:1434] T 6c8b89cc917f4338b28646ff8147b994 P ef2f10c9613c482da4f4fe713ae5fe46: Time spent starting tablet: real 0.009s	user 0.005s	sys 0.003s
I20260608 09:49:26.916893 32683 leader_election.cc:290] T ec90f1aa39734a009264ecdd9535cedc P 66ec65d4d2b943b794918716fb3f49a1 [CANDIDATE]: Term 1 pre-election: Requested pre-vote from peers f3df5d084ab4453baa818e7735c9deec (127.27.81.3:42837), ef2f10c9613c482da4f4fe713ae5fe46 (127.27.81.1:46799)
I20260608 09:49:26.917353 32445 leader_election.cc:304] T 085bee8665ad4677a2cffb7bf48fcb08 P ef2f10c9613c482da4f4fe713ae5fe46 [CANDIDATE]: Term 1 election: Election decided. Result: candidate lost. Election summary: received 3 responses out of 3 voters: 1 yes votes; 2 no votes. yes voters: ef2f10c9613c482da4f4fe713ae5fe46; no voters: 66ec65d4d2b943b794918716fb3f49a1, f3df5d084ab4453baa818e7735c9deec
I20260608 09:49:26.917755 32677 tablet_bootstrap.cc:492] T ec90f1aa39734a009264ecdd9535cedc P ef2f10c9613c482da4f4fe713ae5fe46: Bootstrap starting.
I20260608 09:49:26.905737 32709 leader_election.cc:290] T 4a4f155ef9e84f1fb7b0d99619b8ad0b P ef2f10c9613c482da4f4fe713ae5fe46 [CANDIDATE]: Term 1 election: Requested vote from peers 66ec65d4d2b943b794918716fb3f49a1 (127.27.81.2:33735), f3df5d084ab4453baa818e7735c9deec (127.27.81.3:42837)
I20260608 09:49:26.905129 32678 raft_consensus.cc:385] T ec90f1aa39734a009264ecdd9535cedc P f3df5d084ab4453baa818e7735c9deec [term 0 FOLLOWER]: Consensus starting up: Expiring failure detector timer to make a prompt election more likely
I20260608 09:49:26.918296 32631 tablet_service.cc:1917] Received RequestConsensusVote() RPC: tablet_id: "ec90f1aa39734a009264ecdd9535cedc" candidate_uuid: "66ec65d4d2b943b794918716fb3f49a1" candidate_term: 1 candidate_status { last_received { term: 0 index: 0 } } ignore_live_leader: false dest_uuid: "f3df5d084ab4453baa818e7735c9deec" is_pre_election: true
I20260608 09:49:26.920256 32482 tablet_service.cc:1917] Received RequestConsensusVote() RPC: tablet_id: "ec90f1aa39734a009264ecdd9535cedc" candidate_uuid: "66ec65d4d2b943b794918716fb3f49a1" candidate_term: 1 candidate_status { last_received { term: 0 index: 0 } } ignore_live_leader: false dest_uuid: "ef2f10c9613c482da4f4fe713ae5fe46" is_pre_election: true
I20260608 09:49:26.921021 32678 raft_consensus.cc:740] T ec90f1aa39734a009264ecdd9535cedc P f3df5d084ab4453baa818e7735c9deec [term 0 FOLLOWER]: Becoming Follower/Learner. State: Replica: f3df5d084ab4453baa818e7735c9deec, State: Initialized, Role: FOLLOWER
W20260608 09:49:26.922102 32522 leader_election.cc:343] T ec90f1aa39734a009264ecdd9535cedc P 66ec65d4d2b943b794918716fb3f49a1 [CANDIDATE]: Term 1 pre-election: Tablet error from VoteRequest() call to peer ef2f10c9613c482da4f4fe713ae5fe46 (127.27.81.1:46799): Illegal state: must be running to vote when last-logged opid is not known
I20260608 09:49:26.922227 32678 consensus_queue.cc:260] T ec90f1aa39734a009264ecdd9535cedc P f3df5d084ab4453baa818e7735c9deec [NON_LEADER]: Queue going to NON_LEADER mode. State: All replicated index: 0, Majority replicated index: 0, Committed index: 0, Last appended: 0.0, Last appended by leader: 0, Current term: 0, Majority size: -1, State: 0, Mode: NON_LEADER, active raft config: opid_index: -1 OBSOLETE_local: false peers { permanent_uuid: "f3df5d084ab4453baa818e7735c9deec" member_type: VOTER last_known_addr { host: "127.27.81.3" port: 42837 } } peers { permanent_uuid: "66ec65d4d2b943b794918716fb3f49a1" member_type: VOTER last_known_addr { host: "127.27.81.2" port: 33735 } } peers { permanent_uuid: "ef2f10c9613c482da4f4fe713ae5fe46" member_type: VOTER last_known_addr { host: "127.27.81.1" port: 46799 } }
I20260608 09:49:26.923039 32709 raft_consensus.cc:2749] T 085bee8665ad4677a2cffb7bf48fcb08 P ef2f10c9613c482da4f4fe713ae5fe46 [term 1 FOLLOWER]: Leader election lost for term 1. Reason: could not achieve majority
I20260608 09:49:26.924463 32557 raft_consensus.cc:2468] T 085bee8665ad4677a2cffb7bf48fcb08 P 66ec65d4d2b943b794918716fb3f49a1 [term 1 FOLLOWER]: Leader election vote request: Granting yes vote for candidate f3df5d084ab4453baa818e7735c9deec in term 1.
I20260608 09:49:26.925839 32677 tablet_bootstrap.cc:654] T ec90f1aa39734a009264ecdd9535cedc P ef2f10c9613c482da4f4fe713ae5fe46: Neither blocks nor log segments found. Creating new log.
I20260608 09:49:26.924031 32631 raft_consensus.cc:2468] T ec90f1aa39734a009264ecdd9535cedc P f3df5d084ab4453baa818e7735c9deec [term 0 FOLLOWER]: Leader pre-election vote request: Granting yes vote for candidate 66ec65d4d2b943b794918716fb3f49a1 in term 0.
I20260608 09:49:26.925743 32595 leader_election.cc:304] T 085bee8665ad4677a2cffb7bf48fcb08 P f3df5d084ab4453baa818e7735c9deec [CANDIDATE]: Term 1 election: Election decided. Result: candidate won. Election summary: received 3 responses out of 3 voters: 2 yes votes; 1 no votes. yes voters: 66ec65d4d2b943b794918716fb3f49a1, f3df5d084ab4453baa818e7735c9deec; no voters: ef2f10c9613c482da4f4fe713ae5fe46
I20260608 09:49:26.920178 32630 raft_consensus.cc:2468] T 4a4f155ef9e84f1fb7b0d99619b8ad0b P f3df5d084ab4453baa818e7735c9deec [term 1 FOLLOWER]: Leader election vote request: Granting yes vote for candidate ef2f10c9613c482da4f4fe713ae5fe46 in term 1.
I20260608 09:49:26.927582 32682 raft_consensus.cc:2804] T 085bee8665ad4677a2cffb7bf48fcb08 P f3df5d084ab4453baa818e7735c9deec [term 1 FOLLOWER]: Leader election won for term 1
I20260608 09:49:26.928112 32520 leader_election.cc:304] T ec90f1aa39734a009264ecdd9535cedc P 66ec65d4d2b943b794918716fb3f49a1 [CANDIDATE]: Term 1 pre-election: Election decided. Result: candidate won. Election summary: received 3 responses out of 3 voters: 2 yes votes; 1 no votes. yes voters: 66ec65d4d2b943b794918716fb3f49a1, f3df5d084ab4453baa818e7735c9deec; no voters: ef2f10c9613c482da4f4fe713ae5fe46
I20260608 09:49:26.931756 32683 raft_consensus.cc:2804] T ec90f1aa39734a009264ecdd9535cedc P 66ec65d4d2b943b794918716fb3f49a1 [term 0 FOLLOWER]: Leader pre-election won for term 1
I20260608 09:49:26.932297 32683 raft_consensus.cc:493] T ec90f1aa39734a009264ecdd9535cedc P 66ec65d4d2b943b794918716fb3f49a1 [term 0 FOLLOWER]: Starting leader election (no leader contacted us within the election timeout)
I20260608 09:49:26.932107 32445 leader_election.cc:304] T 4a4f155ef9e84f1fb7b0d99619b8ad0b P ef2f10c9613c482da4f4fe713ae5fe46 [CANDIDATE]: Term 1 election: Election decided. Result: candidate won. Election summary: received 2 responses out of 3 voters: 2 yes votes; 0 no votes. yes voters: ef2f10c9613c482da4f4fe713ae5fe46, f3df5d084ab4453baa818e7735c9deec; no voters: 
I20260608 09:49:26.932824 32683 raft_consensus.cc:3060] T ec90f1aa39734a009264ecdd9535cedc P 66ec65d4d2b943b794918716fb3f49a1 [term 0 FOLLOWER]: Advancing to term 1
I20260608 09:49:26.933296 32709 raft_consensus.cc:2804] T 4a4f155ef9e84f1fb7b0d99619b8ad0b P ef2f10c9613c482da4f4fe713ae5fe46 [term 1 FOLLOWER]: Leader election won for term 1
I20260608 09:49:26.934060 32709 raft_consensus.cc:697] T 4a4f155ef9e84f1fb7b0d99619b8ad0b P ef2f10c9613c482da4f4fe713ae5fe46 [term 1 LEADER]: Becoming Leader. State: Replica: ef2f10c9613c482da4f4fe713ae5fe46, State: Running, Role: LEADER
I20260608 09:49:26.935009 32709 consensus_queue.cc:237] T 4a4f155ef9e84f1fb7b0d99619b8ad0b P ef2f10c9613c482da4f4fe713ae5fe46 [LEADER]: Queue going to LEADER mode. State: All replicated index: 0, Majority replicated index: 0, Committed index: 0, Last appended: 0.0, Last appended by leader: 0, Current term: 1, Majority size: 2, State: 0, Mode: LEADER, active raft config: opid_index: -1 OBSOLETE_local: false peers { permanent_uuid: "ef2f10c9613c482da4f4fe713ae5fe46" member_type: VOTER last_known_addr { host: "127.27.81.1" port: 46799 } } peers { permanent_uuid: "66ec65d4d2b943b794918716fb3f49a1" member_type: VOTER last_known_addr { host: "127.27.81.2" port: 33735 } } peers { permanent_uuid: "f3df5d084ab4453baa818e7735c9deec" member_type: VOTER last_known_addr { host: "127.27.81.3" port: 42837 } }
I20260608 09:49:26.926026 32554 raft_consensus.cc:2468] T 4a4f155ef9e84f1fb7b0d99619b8ad0b P 66ec65d4d2b943b794918716fb3f49a1 [term 1 FOLLOWER]: Leader election vote request: Granting yes vote for candidate ef2f10c9613c482da4f4fe713ae5fe46 in term 1.
I20260608 09:49:26.949363 32676 tablet_bootstrap.cc:492] T 6c8b89cc917f4338b28646ff8147b994 P 66ec65d4d2b943b794918716fb3f49a1: No bootstrap required, opened a new log
I20260608 09:49:26.950031 32676 ts_tablet_manager.cc:1403] T 6c8b89cc917f4338b28646ff8147b994 P 66ec65d4d2b943b794918716fb3f49a1: Time spent bootstrapping tablet: real 0.059s	user 0.013s	sys 0.004s
I20260608 09:49:26.952988 32677 tablet_bootstrap.cc:492] T ec90f1aa39734a009264ecdd9535cedc P ef2f10c9613c482da4f4fe713ae5fe46: No bootstrap required, opened a new log
I20260608 09:49:26.953680 32677 ts_tablet_manager.cc:1403] T ec90f1aa39734a009264ecdd9535cedc P ef2f10c9613c482da4f4fe713ae5fe46: Time spent bootstrapping tablet: real 0.036s	user 0.013s	sys 0.003s
I20260608 09:49:26.957729 32677 raft_consensus.cc:359] T ec90f1aa39734a009264ecdd9535cedc P ef2f10c9613c482da4f4fe713ae5fe46 [term 0 FOLLOWER]: Replica starting. Triggering 0 pending ops. Active config: opid_index: -1 OBSOLETE_local: false peers { permanent_uuid: "f3df5d084ab4453baa818e7735c9deec" member_type: VOTER last_known_addr { host: "127.27.81.3" port: 42837 } } peers { permanent_uuid: "66ec65d4d2b943b794918716fb3f49a1" member_type: VOTER last_known_addr { host: "127.27.81.2" port: 33735 } } peers { permanent_uuid: "ef2f10c9613c482da4f4fe713ae5fe46" member_type: VOTER last_known_addr { host: "127.27.81.1" port: 46799 } }
I20260608 09:49:26.958686 32677 raft_consensus.cc:385] T ec90f1aa39734a009264ecdd9535cedc P ef2f10c9613c482da4f4fe713ae5fe46 [term 0 FOLLOWER]: Consensus starting up: Expiring failure detector timer to make a prompt election more likely
I20260608 09:49:26.959043 32677 raft_consensus.cc:740] T ec90f1aa39734a009264ecdd9535cedc P ef2f10c9613c482da4f4fe713ae5fe46 [term 0 FOLLOWER]: Becoming Follower/Learner. State: Replica: ef2f10c9613c482da4f4fe713ae5fe46, State: Initialized, Role: FOLLOWER
I20260608 09:49:26.960088 32677 consensus_queue.cc:260] T ec90f1aa39734a009264ecdd9535cedc P ef2f10c9613c482da4f4fe713ae5fe46 [NON_LEADER]: Queue going to NON_LEADER mode. State: All replicated index: 0, Majority replicated index: 0, Committed index: 0, Last appended: 0.0, Last appended by leader: 0, Current term: 0, Majority size: -1, State: 0, Mode: NON_LEADER, active raft config: opid_index: -1 OBSOLETE_local: false peers { permanent_uuid: "f3df5d084ab4453baa818e7735c9deec" member_type: VOTER last_known_addr { host: "127.27.81.3" port: 42837 } } peers { permanent_uuid: "66ec65d4d2b943b794918716fb3f49a1" member_type: VOTER last_known_addr { host: "127.27.81.2" port: 33735 } } peers { permanent_uuid: "ef2f10c9613c482da4f4fe713ae5fe46" member_type: VOTER last_known_addr { host: "127.27.81.1" port: 46799 } }
I20260608 09:49:26.956204 32682 raft_consensus.cc:697] T 085bee8665ad4677a2cffb7bf48fcb08 P f3df5d084ab4453baa818e7735c9deec [term 1 LEADER]: Becoming Leader. State: Replica: f3df5d084ab4453baa818e7735c9deec, State: Running, Role: LEADER
I20260608 09:49:26.961987 32682 consensus_queue.cc:237] T 085bee8665ad4677a2cffb7bf48fcb08 P f3df5d084ab4453baa818e7735c9deec [LEADER]: Queue going to LEADER mode. State: All replicated index: 0, Majority replicated index: 0, Committed index: 0, Last appended: 0.0, Last appended by leader: 0, Current term: 1, Majority size: 2, State: 0, Mode: LEADER, active raft config: opid_index: -1 OBSOLETE_local: false peers { permanent_uuid: "ef2f10c9613c482da4f4fe713ae5fe46" member_type: VOTER last_known_addr { host: "127.27.81.1" port: 46799 } } peers { permanent_uuid: "66ec65d4d2b943b794918716fb3f49a1" member_type: VOTER last_known_addr { host: "127.27.81.2" port: 33735 } } peers { permanent_uuid: "f3df5d084ab4453baa818e7735c9deec" member_type: VOTER last_known_addr { host: "127.27.81.3" port: 42837 } }
I20260608 09:49:26.964068 32676 raft_consensus.cc:359] T 6c8b89cc917f4338b28646ff8147b994 P 66ec65d4d2b943b794918716fb3f49a1 [term 0 FOLLOWER]: Replica starting. Triggering 0 pending ops. Active config: opid_index: -1 OBSOLETE_local: false peers { permanent_uuid: "ef2f10c9613c482da4f4fe713ae5fe46" member_type: VOTER last_known_addr { host: "127.27.81.1" port: 46799 } } peers { permanent_uuid: "66ec65d4d2b943b794918716fb3f49a1" member_type: VOTER last_known_addr { host: "127.27.81.2" port: 33735 } } peers { permanent_uuid: "f3df5d084ab4453baa818e7735c9deec" member_type: VOTER last_known_addr { host: "127.27.81.3" port: 42837 } }
I20260608 09:49:26.963878 32379 catalog_manager.cc:5696] T 24065e91f2f94779995ba8934b5ff92b P ef2f10c9613c482da4f4fe713ae5fe46 reported cstate change: term changed from 0 to 1, leader changed from <none> to ef2f10c9613c482da4f4fe713ae5fe46 (127.27.81.1). New cstate: current_term: 1 leader_uuid: "ef2f10c9613c482da4f4fe713ae5fe46" committed_config { opid_index: -1 OBSOLETE_local: false peers { permanent_uuid: "ef2f10c9613c482da4f4fe713ae5fe46" member_type: VOTER last_known_addr { host: "127.27.81.1" port: 46799 } health_report { overall_health: HEALTHY } } peers { permanent_uuid: "66ec65d4d2b943b794918716fb3f49a1" member_type: VOTER last_known_addr { host: "127.27.81.2" port: 33735 } health_report { overall_health: UNKNOWN } } peers { permanent_uuid: "f3df5d084ab4453baa818e7735c9deec" member_type: VOTER last_known_addr { host: "127.27.81.3" port: 42837 } health_report { overall_health: UNKNOWN } } }
I20260608 09:49:26.964771 32676 raft_consensus.cc:385] T 6c8b89cc917f4338b28646ff8147b994 P 66ec65d4d2b943b794918716fb3f49a1 [term 0 FOLLOWER]: Consensus starting up: Expiring failure detector timer to make a prompt election more likely
I20260608 09:49:26.965212 32676 raft_consensus.cc:740] T 6c8b89cc917f4338b28646ff8147b994 P 66ec65d4d2b943b794918716fb3f49a1 [term 0 FOLLOWER]: Becoming Follower/Learner. State: Replica: 66ec65d4d2b943b794918716fb3f49a1, State: Initialized, Role: FOLLOWER
I20260608 09:49:26.966087 32676 consensus_queue.cc:260] T 6c8b89cc917f4338b28646ff8147b994 P 66ec65d4d2b943b794918716fb3f49a1 [NON_LEADER]: Queue going to NON_LEADER mode. State: All replicated index: 0, Majority replicated index: 0, Committed index: 0, Last appended: 0.0, Last appended by leader: 0, Current term: 0, Majority size: -1, State: 0, Mode: NON_LEADER, active raft config: opid_index: -1 OBSOLETE_local: false peers { permanent_uuid: "ef2f10c9613c482da4f4fe713ae5fe46" member_type: VOTER last_known_addr { host: "127.27.81.1" port: 46799 } } peers { permanent_uuid: "66ec65d4d2b943b794918716fb3f49a1" member_type: VOTER last_known_addr { host: "127.27.81.2" port: 33735 } } peers { permanent_uuid: "f3df5d084ab4453baa818e7735c9deec" member_type: VOTER last_known_addr { host: "127.27.81.3" port: 42837 } }
I20260608 09:49:26.962888 32677 ts_tablet_manager.cc:1434] T ec90f1aa39734a009264ecdd9535cedc P ef2f10c9613c482da4f4fe713ae5fe46: Time spent starting tablet: real 0.009s	user 0.009s	sys 0.000s
I20260608 09:49:26.968989 32677 tablet_bootstrap.cc:492] T 2418aa6ccf2b4c9d9d2b81dc777a4e72 P ef2f10c9613c482da4f4fe713ae5fe46: Bootstrap starting.
I20260608 09:49:26.970780 32676 ts_tablet_manager.cc:1434] T 6c8b89cc917f4338b28646ff8147b994 P 66ec65d4d2b943b794918716fb3f49a1: Time spent starting tablet: real 0.020s	user 0.007s	sys 0.002s
I20260608 09:49:26.972625 32676 tablet_bootstrap.cc:492] T c3fe3e278b6b4309ad279bc2ebe436ae P 66ec65d4d2b943b794918716fb3f49a1: Bootstrap starting.
I20260608 09:49:26.976507 32677 tablet_bootstrap.cc:654] T 2418aa6ccf2b4c9d9d2b81dc777a4e72 P ef2f10c9613c482da4f4fe713ae5fe46: Neither blocks nor log segments found. Creating new log.
I20260608 09:49:26.977723 32683 raft_consensus.cc:515] T ec90f1aa39734a009264ecdd9535cedc P 66ec65d4d2b943b794918716fb3f49a1 [term 1 FOLLOWER]: Starting leader election with config: opid_index: -1 OBSOLETE_local: false peers { permanent_uuid: "f3df5d084ab4453baa818e7735c9deec" member_type: VOTER last_known_addr { host: "127.27.81.3" port: 42837 } } peers { permanent_uuid: "66ec65d4d2b943b794918716fb3f49a1" member_type: VOTER last_known_addr { host: "127.27.81.2" port: 33735 } } peers { permanent_uuid: "ef2f10c9613c482da4f4fe713ae5fe46" member_type: VOTER last_known_addr { host: "127.27.81.1" port: 46799 } }
I20260608 09:49:26.980868 32676 tablet_bootstrap.cc:654] T c3fe3e278b6b4309ad279bc2ebe436ae P 66ec65d4d2b943b794918716fb3f49a1: Neither blocks nor log segments found. Creating new log.
I20260608 09:49:26.982163 32678 ts_tablet_manager.cc:1434] T ec90f1aa39734a009264ecdd9535cedc P f3df5d084ab4453baa818e7735c9deec: Time spent starting tablet: real 0.095s	user 0.014s	sys 0.019s
I20260608 09:49:26.983225 32678 tablet_bootstrap.cc:492] T c3fe3e278b6b4309ad279bc2ebe436ae P f3df5d084ab4453baa818e7735c9deec: Bootstrap starting.
I20260608 09:49:26.985159 32716 raft_consensus.cc:515] T 327c6ec6929a4e08ad66395b9e346322 P f3df5d084ab4453baa818e7735c9deec [term 1 FOLLOWER]: Starting leader election with config: opid_index: -1 OBSOLETE_local: false peers { permanent_uuid: "ef2f10c9613c482da4f4fe713ae5fe46" member_type: VOTER last_known_addr { host: "127.27.81.1" port: 46799 } } peers { permanent_uuid: "66ec65d4d2b943b794918716fb3f49a1" member_type: VOTER last_known_addr { host: "127.27.81.2" port: 33735 } } peers { permanent_uuid: "f3df5d084ab4453baa818e7735c9deec" member_type: VOTER last_known_addr { host: "127.27.81.3" port: 42837 } }
I20260608 09:49:26.986235 32631 tablet_service.cc:1917] Received RequestConsensusVote() RPC: tablet_id: "ec90f1aa39734a009264ecdd9535cedc" candidate_uuid: "66ec65d4d2b943b794918716fb3f49a1" candidate_term: 1 candidate_status { last_received { term: 0 index: 0 } } ignore_live_leader: false dest_uuid: "f3df5d084ab4453baa818e7735c9deec"
I20260608 09:49:26.988355 32631 raft_consensus.cc:3060] T ec90f1aa39734a009264ecdd9535cedc P f3df5d084ab4453baa818e7735c9deec [term 0 FOLLOWER]: Advancing to term 1
I20260608 09:49:26.992424 32678 tablet_bootstrap.cc:654] T c3fe3e278b6b4309ad279bc2ebe436ae P f3df5d084ab4453baa818e7735c9deec: Neither blocks nor log segments found. Creating new log.
I20260608 09:49:26.993381 32709 raft_consensus.cc:493] T 1a5dcab308054f819df84c9e2312e12f P ef2f10c9613c482da4f4fe713ae5fe46 [term 0 FOLLOWER]: Starting pre-election (no leader contacted us within the election timeout)
I20260608 09:49:26.994063 32709 raft_consensus.cc:515] T 1a5dcab308054f819df84c9e2312e12f P ef2f10c9613c482da4f4fe713ae5fe46 [term 0 FOLLOWER]: Starting pre-election with config: opid_index: -1 OBSOLETE_local: false peers { permanent_uuid: "ef2f10c9613c482da4f4fe713ae5fe46" member_type: VOTER last_known_addr { host: "127.27.81.1" port: 46799 } } peers { permanent_uuid: "66ec65d4d2b943b794918716fb3f49a1" member_type: VOTER last_known_addr { host: "127.27.81.2" port: 33735 } } peers { permanent_uuid: "f3df5d084ab4453baa818e7735c9deec" member_type: VOTER last_known_addr { host: "127.27.81.3" port: 42837 } }
I20260608 09:49:26.995047 32710 raft_consensus.cc:493] T 327c6ec6929a4e08ad66395b9e346322 P ef2f10c9613c482da4f4fe713ae5fe46 [term 0 FOLLOWER]: Starting pre-election (no leader contacted us within the election timeout)
I20260608 09:49:26.995523 32710 raft_consensus.cc:515] T 327c6ec6929a4e08ad66395b9e346322 P ef2f10c9613c482da4f4fe713ae5fe46 [term 0 FOLLOWER]: Starting pre-election with config: opid_index: -1 OBSOLETE_local: false peers { permanent_uuid: "ef2f10c9613c482da4f4fe713ae5fe46" member_type: VOTER last_known_addr { host: "127.27.81.1" port: 46799 } } peers { permanent_uuid: "66ec65d4d2b943b794918716fb3f49a1" member_type: VOTER last_known_addr { host: "127.27.81.2" port: 33735 } } peers { permanent_uuid: "f3df5d084ab4453baa818e7735c9deec" member_type: VOTER last_known_addr { host: "127.27.81.3" port: 42837 } }
I20260608 09:49:26.996639 32709 leader_election.cc:290] T 1a5dcab308054f819df84c9e2312e12f P ef2f10c9613c482da4f4fe713ae5fe46 [CANDIDATE]: Term 1 pre-election: Requested pre-vote from peers 66ec65d4d2b943b794918716fb3f49a1 (127.27.81.2:33735), f3df5d084ab4453baa818e7735c9deec (127.27.81.3:42837)
I20260608 09:49:26.997207 32683 leader_election.cc:290] T ec90f1aa39734a009264ecdd9535cedc P 66ec65d4d2b943b794918716fb3f49a1 [CANDIDATE]: Term 1 election: Requested vote from peers f3df5d084ab4453baa818e7735c9deec (127.27.81.3:42837), ef2f10c9613c482da4f4fe713ae5fe46 (127.27.81.1:46799)
I20260608 09:49:26.998027 32716 leader_election.cc:290] T 327c6ec6929a4e08ad66395b9e346322 P f3df5d084ab4453baa818e7735c9deec [CANDIDATE]: Term 1 election: Requested vote from peers ef2f10c9613c482da4f4fe713ae5fe46 (127.27.81.1:46799), 66ec65d4d2b943b794918716fb3f49a1 (127.27.81.2:33735)
I20260608 09:49:26.998859 32630 tablet_service.cc:1917] Received RequestConsensusVote() RPC: tablet_id: "1a5dcab308054f819df84c9e2312e12f" candidate_uuid: "ef2f10c9613c482da4f4fe713ae5fe46" candidate_term: 1 candidate_status { last_received { term: 0 index: 0 } } ignore_live_leader: false dest_uuid: "f3df5d084ab4453baa818e7735c9deec" is_pre_election: true
I20260608 09:49:26.998932 32482 tablet_service.cc:1917] Received RequestConsensusVote() RPC: tablet_id: "ec90f1aa39734a009264ecdd9535cedc" candidate_uuid: "66ec65d4d2b943b794918716fb3f49a1" candidate_term: 1 candidate_status { last_received { term: 0 index: 0 } } ignore_live_leader: false dest_uuid: "ef2f10c9613c482da4f4fe713ae5fe46"
