I20260608 09:49:30.833185  8272 leader_election.cc:304] T 41c4b24fd0aa4f3ea4abcb16e72e547c P b44f4d524e2444fcb2c3159df0942531 [CANDIDATE]: Term 1 pre-election: Election decided. Result: candidate won. Election summary: received 2 responses out of 3 voters: 2 yes votes; 0 no votes. yes voters: 2debd5d2cc5444158885cad2a42d9b3b, b44f4d524e2444fcb2c3159df0942531; no voters: 
I20260608 09:49:30.834087  8509 raft_consensus.cc:2804] T 41c4b24fd0aa4f3ea4abcb16e72e547c P b44f4d524e2444fcb2c3159df0942531 [term 0 FOLLOWER]: Leader pre-election won for term 1
I20260608 09:49:30.833928  8273 leader_election.cc:304] T 05752f4a94cc44a88aa439963dfa6be5 P b44f4d524e2444fcb2c3159df0942531 [CANDIDATE]: Term 1 pre-election: Election decided. Result: candidate won. Election summary: received 3 responses out of 3 voters: 2 yes votes; 1 no votes. yes voters: a4d3edb03cf24fedb320b6791b60880e, b44f4d524e2444fcb2c3159df0942531; no voters: 2debd5d2cc5444158885cad2a42d9b3b
I20260608 09:49:30.834514  8509 raft_consensus.cc:493] T 41c4b24fd0aa4f3ea4abcb16e72e547c P b44f4d524e2444fcb2c3159df0942531 [term 0 FOLLOWER]: Starting leader election (no leader contacted us within the election timeout)
I20260608 09:49:30.834908  8509 raft_consensus.cc:3060] T 41c4b24fd0aa4f3ea4abcb16e72e547c P b44f4d524e2444fcb2c3159df0942531 [term 0 FOLLOWER]: Advancing to term 1
I20260608 09:49:30.828325  8382 tablet_service.cc:1917] Received RequestConsensusVote() RPC: tablet_id: "4586e4835ab84f3e90a6ac7fef8f0078" candidate_uuid: "b44f4d524e2444fcb2c3159df0942531" candidate_term: 1 candidate_status { last_received { term: 0 index: 0 } } ignore_live_leader: false dest_uuid: "2debd5d2cc5444158885cad2a42d9b3b" is_pre_election: true
I20260608 09:49:30.841876  8308 tablet_service.cc:1917] Received RequestConsensusVote() RPC: tablet_id: "41c4b24fd0aa4f3ea4abcb16e72e547c" candidate_uuid: "2debd5d2cc5444158885cad2a42d9b3b" candidate_term: 1 candidate_status { last_received { term: 0 index: 0 } } ignore_live_leader: false dest_uuid: "b44f4d524e2444fcb2c3159df0942531" is_pre_election: true
I20260608 09:49:30.842144  8382 raft_consensus.cc:2468] T 4586e4835ab84f3e90a6ac7fef8f0078 P 2debd5d2cc5444158885cad2a42d9b3b [term 0 FOLLOWER]: Leader pre-election vote request: Granting yes vote for candidate b44f4d524e2444fcb2c3159df0942531 in term 0.
I20260608 09:49:30.831039  8458 tablet_service.cc:1917] Received RequestConsensusVote() RPC: tablet_id: "4586e4835ab84f3e90a6ac7fef8f0078" candidate_uuid: "b44f4d524e2444fcb2c3159df0942531" candidate_term: 1 candidate_status { last_received { term: 0 index: 0 } } ignore_live_leader: false dest_uuid: "a4d3edb03cf24fedb320b6791b60880e" is_pre_election: true
I20260608 09:49:30.844328  8457 tablet_service.cc:1917] Received RequestConsensusVote() RPC: tablet_id: "41c4b24fd0aa4f3ea4abcb16e72e547c" candidate_uuid: "2debd5d2cc5444158885cad2a42d9b3b" candidate_term: 1 candidate_status { last_received { term: 0 index: 0 } } ignore_live_leader: false dest_uuid: "a4d3edb03cf24fedb320b6791b60880e" is_pre_election: true
I20260608 09:49:30.846843  8272 leader_election.cc:304] T 4586e4835ab84f3e90a6ac7fef8f0078 P b44f4d524e2444fcb2c3159df0942531 [CANDIDATE]: Term 1 pre-election: Election decided. Result: candidate won. Election summary: received 2 responses out of 3 voters: 2 yes votes; 0 no votes. yes voters: 2debd5d2cc5444158885cad2a42d9b3b, b44f4d524e2444fcb2c3159df0942531; no voters: 
I20260608 09:49:30.844535  8307 tablet_service.cc:1917] Received RequestConsensusVote() RPC: tablet_id: "489f1fea11984ea2aa2937d156c0c0d6" candidate_uuid: "2debd5d2cc5444158885cad2a42d9b3b" candidate_term: 1 candidate_status { last_received { term: 0 index: 0 } } ignore_live_leader: false dest_uuid: "b44f4d524e2444fcb2c3159df0942531" is_pre_election: true
I20260608 09:49:30.847199  8456 tablet_service.cc:1917] Received RequestConsensusVote() RPC: tablet_id: "489f1fea11984ea2aa2937d156c0c0d6" candidate_uuid: "2debd5d2cc5444158885cad2a42d9b3b" candidate_term: 1 candidate_status { last_received { term: 0 index: 0 } } ignore_live_leader: false dest_uuid: "a4d3edb03cf24fedb320b6791b60880e" is_pre_election: true
I20260608 09:49:30.850239  8456 raft_consensus.cc:2468] T 489f1fea11984ea2aa2937d156c0c0d6 P a4d3edb03cf24fedb320b6791b60880e [term 0 FOLLOWER]: Leader pre-election vote request: Granting yes vote for candidate 2debd5d2cc5444158885cad2a42d9b3b in term 0.
W20260608 09:49:30.847445  8273 leader_election.cc:343] T 41c4b24fd0aa4f3ea4abcb16e72e547c P b44f4d524e2444fcb2c3159df0942531 [CANDIDATE]: Term 1 pre-election: Tablet error from VoteRequest() call to peer a4d3edb03cf24fedb320b6791b60880e (127.3.176.131:40219): Illegal state: must be running to vote when last-logged opid is not known
I20260608 09:49:30.853068  8349 leader_election.cc:304] T 489f1fea11984ea2aa2937d156c0c0d6 P 2debd5d2cc5444158885cad2a42d9b3b [CANDIDATE]: Term 1 pre-election: Election decided. Result: candidate won. Election summary: received 2 responses out of 3 voters: 2 yes votes; 0 no votes. yes voters: 2debd5d2cc5444158885cad2a42d9b3b, a4d3edb03cf24fedb320b6791b60880e; no voters: 
I20260608 09:49:30.854157  8513 raft_consensus.cc:2804] T 489f1fea11984ea2aa2937d156c0c0d6 P 2debd5d2cc5444158885cad2a42d9b3b [term 0 FOLLOWER]: Leader pre-election won for term 1
I20260608 09:49:30.854554  8513 raft_consensus.cc:493] T 489f1fea11984ea2aa2937d156c0c0d6 P 2debd5d2cc5444158885cad2a42d9b3b [term 0 FOLLOWER]: Starting leader election (no leader contacted us within the election timeout)
I20260608 09:49:30.854883  8513 raft_consensus.cc:3060] T 489f1fea11984ea2aa2937d156c0c0d6 P 2debd5d2cc5444158885cad2a42d9b3b [term 0 FOLLOWER]: Advancing to term 1
I20260608 09:49:30.856977  8273 leader_election.cc:304] T 3ffb7e6fdd1f4b06a7e6ccc1a7a4e875 P b44f4d524e2444fcb2c3159df0942531 [CANDIDATE]: Term 1 pre-election: Election decided. Result: candidate won. Election summary: received 3 responses out of 3 voters: 2 yes votes; 1 no votes. yes voters: a4d3edb03cf24fedb320b6791b60880e, b44f4d524e2444fcb2c3159df0942531; no voters: 2debd5d2cc5444158885cad2a42d9b3b
W20260608 09:49:30.860642  8349 leader_election.cc:343] T 41c4b24fd0aa4f3ea4abcb16e72e547c P 2debd5d2cc5444158885cad2a42d9b3b [CANDIDATE]: Term 1 pre-election: Tablet error from VoteRequest() call to peer a4d3edb03cf24fedb320b6791b60880e (127.3.176.131:40219): Illegal state: must be running to vote when last-logged opid is not known
I20260608 09:49:30.864576  8503 tablet_bootstrap.cc:492] T 91b3ed92cb0e4bcc9f9884d43ec10bbd P 2debd5d2cc5444158885cad2a42d9b3b: No bootstrap required, opened a new log
I20260608 09:49:30.864254  8513 raft_consensus.cc:515] T 489f1fea11984ea2aa2937d156c0c0d6 P 2debd5d2cc5444158885cad2a42d9b3b [term 1 FOLLOWER]: Starting leader election with config: opid_index: -1 OBSOLETE_local: false peers { permanent_uuid: "2debd5d2cc5444158885cad2a42d9b3b" member_type: VOTER last_known_addr { host: "127.3.176.130" port: 46679 } } peers { permanent_uuid: "b44f4d524e2444fcb2c3159df0942531" member_type: VOTER last_known_addr { host: "127.3.176.129" port: 36755 } } peers { permanent_uuid: "a4d3edb03cf24fedb320b6791b60880e" member_type: VOTER last_known_addr { host: "127.3.176.131" port: 40219 } }
I20260608 09:49:30.865224  8503 ts_tablet_manager.cc:1403] T 91b3ed92cb0e4bcc9f9884d43ec10bbd P 2debd5d2cc5444158885cad2a42d9b3b: Time spent bootstrapping tablet: real 0.230s	user 0.056s	sys 0.113s
I20260608 09:49:30.860520  8509 raft_consensus.cc:515] T 41c4b24fd0aa4f3ea4abcb16e72e547c P b44f4d524e2444fcb2c3159df0942531 [term 1 FOLLOWER]: Starting leader election with config: opid_index: -1 OBSOLETE_local: false peers { permanent_uuid: "b44f4d524e2444fcb2c3159df0942531" member_type: VOTER last_known_addr { host: "127.3.176.129" port: 36755 } } peers { permanent_uuid: "2debd5d2cc5444158885cad2a42d9b3b" member_type: VOTER last_known_addr { host: "127.3.176.130" port: 46679 } } peers { permanent_uuid: "a4d3edb03cf24fedb320b6791b60880e" member_type: VOTER last_known_addr { host: "127.3.176.131" port: 40219 } }
I20260608 09:49:30.867790  8308 raft_consensus.cc:2393] T 41c4b24fd0aa4f3ea4abcb16e72e547c P b44f4d524e2444fcb2c3159df0942531 [term 1 FOLLOWER]: Leader pre-election vote request: Denying vote to candidate 2debd5d2cc5444158885cad2a42d9b3b in current term 1: Already voted for candidate b44f4d524e2444fcb2c3159df0942531 in this term.
I20260608 09:49:30.870666  8538 raft_consensus.cc:2804] T 05752f4a94cc44a88aa439963dfa6be5 P b44f4d524e2444fcb2c3159df0942531 [term 0 FOLLOWER]: Leader pre-election won for term 1
I20260608 09:49:30.870450  8503 raft_consensus.cc:359] T 91b3ed92cb0e4bcc9f9884d43ec10bbd P 2debd5d2cc5444158885cad2a42d9b3b [term 0 FOLLOWER]: Replica starting. Triggering 0 pending ops. Active config: opid_index: -1 OBSOLETE_local: false peers { permanent_uuid: "b44f4d524e2444fcb2c3159df0942531" member_type: VOTER last_known_addr { host: "127.3.176.129" port: 36755 } } peers { permanent_uuid: "2debd5d2cc5444158885cad2a42d9b3b" member_type: VOTER last_known_addr { host: "127.3.176.130" port: 46679 } } peers { permanent_uuid: "a4d3edb03cf24fedb320b6791b60880e" member_type: VOTER last_known_addr { host: "127.3.176.131" port: 40219 } }
I20260608 09:49:30.871064  8540 raft_consensus.cc:2804] T 4586e4835ab84f3e90a6ac7fef8f0078 P b44f4d524e2444fcb2c3159df0942531 [term 0 FOLLOWER]: Leader pre-election won for term 1
I20260608 09:49:30.871222  8538 raft_consensus.cc:493] T 05752f4a94cc44a88aa439963dfa6be5 P b44f4d524e2444fcb2c3159df0942531 [term 0 FOLLOWER]: Starting leader election (no leader contacted us within the election timeout)
I20260608 09:49:30.871577  8540 raft_consensus.cc:493] T 4586e4835ab84f3e90a6ac7fef8f0078 P b44f4d524e2444fcb2c3159df0942531 [term 0 FOLLOWER]: Starting leader election (no leader contacted us within the election timeout)
I20260608 09:49:30.871822  8538 raft_consensus.cc:3060] T 05752f4a94cc44a88aa439963dfa6be5 P b44f4d524e2444fcb2c3159df0942531 [term 0 FOLLOWER]: Advancing to term 1
I20260608 09:49:30.872102  8540 raft_consensus.cc:3060] T 4586e4835ab84f3e90a6ac7fef8f0078 P b44f4d524e2444fcb2c3159df0942531 [term 0 FOLLOWER]: Advancing to term 1
W20260608 09:49:30.873167  8348 leader_election.cc:343] T 489f1fea11984ea2aa2937d156c0c0d6 P 2debd5d2cc5444158885cad2a42d9b3b [CANDIDATE]: Term 1 pre-election: Tablet error from VoteRequest() call to peer b44f4d524e2444fcb2c3159df0942531 (127.3.176.129:36755): Illegal state: must be running to vote when last-logged opid is not known
I20260608 09:49:30.874034  8457 tablet_service.cc:1917] Received RequestConsensusVote() RPC: tablet_id: "489f1fea11984ea2aa2937d156c0c0d6" candidate_uuid: "2debd5d2cc5444158885cad2a42d9b3b" candidate_term: 1 candidate_status { last_received { term: 0 index: 0 } } ignore_live_leader: false dest_uuid: "a4d3edb03cf24fedb320b6791b60880e"
I20260608 09:49:30.874684  8457 raft_consensus.cc:3060] T 489f1fea11984ea2aa2937d156c0c0d6 P a4d3edb03cf24fedb320b6791b60880e [term 0 FOLLOWER]: Advancing to term 1
I20260608 09:49:30.875386  8348 leader_election.cc:304] T 41c4b24fd0aa4f3ea4abcb16e72e547c P 2debd5d2cc5444158885cad2a42d9b3b [CANDIDATE]: Term 1 pre-election: Election decided. Result: candidate lost. Election summary: received 3 responses out of 3 voters: 1 yes votes; 2 no votes. yes voters: 2debd5d2cc5444158885cad2a42d9b3b; no voters: a4d3edb03cf24fedb320b6791b60880e, b44f4d524e2444fcb2c3159df0942531
I20260608 09:49:30.878129  8503 raft_consensus.cc:385] T 91b3ed92cb0e4bcc9f9884d43ec10bbd P 2debd5d2cc5444158885cad2a42d9b3b [term 0 FOLLOWER]: Consensus starting up: Expiring failure detector timer to make a prompt election more likely
I20260608 09:49:30.874534  8308 tablet_service.cc:1917] Received RequestConsensusVote() RPC: tablet_id: "489f1fea11984ea2aa2937d156c0c0d6" candidate_uuid: "2debd5d2cc5444158885cad2a42d9b3b" candidate_term: 1 candidate_status { last_received { term: 0 index: 0 } } ignore_live_leader: false dest_uuid: "b44f4d524e2444fcb2c3159df0942531"
I20260608 09:49:30.878500  8503 raft_consensus.cc:740] T 91b3ed92cb0e4bcc9f9884d43ec10bbd P 2debd5d2cc5444158885cad2a42d9b3b [term 0 FOLLOWER]: Becoming Follower/Learner. State: Replica: 2debd5d2cc5444158885cad2a42d9b3b, State: Initialized, Role: FOLLOWER
I20260608 09:49:30.879683  8503 consensus_queue.cc:260] T 91b3ed92cb0e4bcc9f9884d43ec10bbd P 2debd5d2cc5444158885cad2a42d9b3b [NON_LEADER]: Queue going to NON_LEADER mode. State: All replicated index: 0, Majority replicated index: 0, Committed index: 0, Last appended: 0.0, Last appended by leader: 0, Current term: 0, Majority size: -1, State: 0, Mode: NON_LEADER, active raft config: opid_index: -1 OBSOLETE_local: false peers { permanent_uuid: "b44f4d524e2444fcb2c3159df0942531" member_type: VOTER last_known_addr { host: "127.3.176.129" port: 36755 } } peers { permanent_uuid: "2debd5d2cc5444158885cad2a42d9b3b" member_type: VOTER last_known_addr { host: "127.3.176.130" port: 46679 } } peers { permanent_uuid: "a4d3edb03cf24fedb320b6791b60880e" member_type: VOTER last_known_addr { host: "127.3.176.131" port: 40219 } }
I20260608 09:49:30.882536  8509 leader_election.cc:290] T 41c4b24fd0aa4f3ea4abcb16e72e547c P b44f4d524e2444fcb2c3159df0942531 [CANDIDATE]: Term 1 election: Requested vote from peers 2debd5d2cc5444158885cad2a42d9b3b (127.3.176.130:46679), a4d3edb03cf24fedb320b6791b60880e (127.3.176.131:40219)
I20260608 09:49:30.883613  8509 raft_consensus.cc:2804] T 3ffb7e6fdd1f4b06a7e6ccc1a7a4e875 P b44f4d524e2444fcb2c3159df0942531 [term 0 FOLLOWER]: Leader pre-election won for term 1
I20260608 09:49:30.884789  8509 raft_consensus.cc:493] T 3ffb7e6fdd1f4b06a7e6ccc1a7a4e875 P b44f4d524e2444fcb2c3159df0942531 [term 0 FOLLOWER]: Starting leader election (no leader contacted us within the election timeout)
I20260608 09:49:30.883726  8382 tablet_service.cc:1917] Received RequestConsensusVote() RPC: tablet_id: "41c4b24fd0aa4f3ea4abcb16e72e547c" candidate_uuid: "b44f4d524e2444fcb2c3159df0942531" candidate_term: 1 candidate_status { last_received { term: 0 index: 0 } } ignore_live_leader: false dest_uuid: "2debd5d2cc5444158885cad2a42d9b3b"
W20260608 09:49:30.885126  8348 leader_election.cc:343] T 489f1fea11984ea2aa2937d156c0c0d6 P 2debd5d2cc5444158885cad2a42d9b3b [CANDIDATE]: Term 1 election: Tablet error from VoteRequest() call to peer b44f4d524e2444fcb2c3159df0942531 (127.3.176.129:36755): Illegal state: must be running to vote when last-logged opid is not known
I20260608 09:49:30.882977  8513 leader_election.cc:290] T 489f1fea11984ea2aa2937d156c0c0d6 P 2debd5d2cc5444158885cad2a42d9b3b [CANDIDATE]: Term 1 election: Requested vote from peers b44f4d524e2444fcb2c3159df0942531 (127.3.176.129:36755), a4d3edb03cf24fedb320b6791b60880e (127.3.176.131:40219)
I20260608 09:49:30.885630  8509 raft_consensus.cc:3060] T 3ffb7e6fdd1f4b06a7e6ccc1a7a4e875 P b44f4d524e2444fcb2c3159df0942531 [term 0 FOLLOWER]: Advancing to term 1
I20260608 09:49:30.887048  8457 raft_consensus.cc:2468] T 489f1fea11984ea2aa2937d156c0c0d6 P a4d3edb03cf24fedb320b6791b60880e [term 1 FOLLOWER]: Leader election vote request: Granting yes vote for candidate 2debd5d2cc5444158885cad2a42d9b3b in term 1.
I20260608 09:49:30.885366  8504 tablet_bootstrap.cc:492] T 489f1fea11984ea2aa2937d156c0c0d6 P b44f4d524e2444fcb2c3159df0942531: No bootstrap required, opened a new log
I20260608 09:49:30.887964  8504 ts_tablet_manager.cc:1403] T 489f1fea11984ea2aa2937d156c0c0d6 P b44f4d524e2444fcb2c3159df0942531: Time spent bootstrapping tablet: real 0.266s	user 0.084s	sys 0.135s
I20260608 09:49:30.888491  8349 leader_election.cc:304] T 489f1fea11984ea2aa2937d156c0c0d6 P 2debd5d2cc5444158885cad2a42d9b3b [CANDIDATE]: Term 1 election: Election decided. Result: candidate won. Election summary: received 3 responses out of 3 voters: 2 yes votes; 1 no votes. yes voters: 2debd5d2cc5444158885cad2a42d9b3b, a4d3edb03cf24fedb320b6791b60880e; no voters: b44f4d524e2444fcb2c3159df0942531
I20260608 09:49:30.883622  8538 raft_consensus.cc:515] T 05752f4a94cc44a88aa439963dfa6be5 P b44f4d524e2444fcb2c3159df0942531 [term 1 FOLLOWER]: Starting leader election with config: opid_index: -1 OBSOLETE_local: false peers { permanent_uuid: "b44f4d524e2444fcb2c3159df0942531" member_type: VOTER last_known_addr { host: "127.3.176.129" port: 36755 } } peers { permanent_uuid: "2debd5d2cc5444158885cad2a42d9b3b" member_type: VOTER last_known_addr { host: "127.3.176.130" port: 46679 } } peers { permanent_uuid: "a4d3edb03cf24fedb320b6791b60880e" member_type: VOTER last_known_addr { host: "127.3.176.131" port: 40219 } }
I20260608 09:49:30.877967  8543 raft_consensus.cc:3060] T 41c4b24fd0aa4f3ea4abcb16e72e547c P 2debd5d2cc5444158885cad2a42d9b3b [term 0 FOLLOWER]: Advancing to term 1
I20260608 09:49:30.890906  8513 raft_consensus.cc:2804] T 489f1fea11984ea2aa2937d156c0c0d6 P 2debd5d2cc5444158885cad2a42d9b3b [term 1 FOLLOWER]: Leader election won for term 1
I20260608 09:49:30.894208  8505 tablet_bootstrap.cc:492] T 4586e4835ab84f3e90a6ac7fef8f0078 P a4d3edb03cf24fedb320b6791b60880e: No bootstrap required, opened a new log
I20260608 09:49:30.894650  8505 ts_tablet_manager.cc:1403] T 4586e4835ab84f3e90a6ac7fef8f0078 P a4d3edb03cf24fedb320b6791b60880e: Time spent bootstrapping tablet: real 0.185s	user 0.058s	sys 0.069s
I20260608 09:49:30.891345  8504 raft_consensus.cc:359] T 489f1fea11984ea2aa2937d156c0c0d6 P b44f4d524e2444fcb2c3159df0942531 [term 0 FOLLOWER]: Replica starting. Triggering 0 pending ops. Active config: opid_index: -1 OBSOLETE_local: false peers { permanent_uuid: "2debd5d2cc5444158885cad2a42d9b3b" member_type: VOTER last_known_addr { host: "127.3.176.130" port: 46679 } } peers { permanent_uuid: "b44f4d524e2444fcb2c3159df0942531" member_type: VOTER last_known_addr { host: "127.3.176.129" port: 36755 } } peers { permanent_uuid: "a4d3edb03cf24fedb320b6791b60880e" member_type: VOTER last_known_addr { host: "127.3.176.131" port: 40219 } }
I20260608 09:49:30.897320  8504 raft_consensus.cc:385] T 489f1fea11984ea2aa2937d156c0c0d6 P b44f4d524e2444fcb2c3159df0942531 [term 0 FOLLOWER]: Consensus starting up: Expiring failure detector timer to make a prompt election more likely
I20260608 09:49:30.897606  8504 raft_consensus.cc:740] T 489f1fea11984ea2aa2937d156c0c0d6 P b44f4d524e2444fcb2c3159df0942531 [term 0 FOLLOWER]: Becoming Follower/Learner. State: Replica: b44f4d524e2444fcb2c3159df0942531, State: Initialized, Role: FOLLOWER
I20260608 09:49:30.898424  8504 consensus_queue.cc:260] T 489f1fea11984ea2aa2937d156c0c0d6 P b44f4d524e2444fcb2c3159df0942531 [NON_LEADER]: Queue going to NON_LEADER mode. State: All replicated index: 0, Majority replicated index: 0, Committed index: 0, Last appended: 0.0, Last appended by leader: 0, Current term: 0, Majority size: -1, State: 0, Mode: NON_LEADER, active raft config: opid_index: -1 OBSOLETE_local: false peers { permanent_uuid: "2debd5d2cc5444158885cad2a42d9b3b" member_type: VOTER last_known_addr { host: "127.3.176.130" port: 46679 } } peers { permanent_uuid: "b44f4d524e2444fcb2c3159df0942531" member_type: VOTER last_known_addr { host: "127.3.176.129" port: 36755 } } peers { permanent_uuid: "a4d3edb03cf24fedb320b6791b60880e" member_type: VOTER last_known_addr { host: "127.3.176.131" port: 40219 } }
I20260608 09:49:30.902840  8505 raft_consensus.cc:359] T 4586e4835ab84f3e90a6ac7fef8f0078 P a4d3edb03cf24fedb320b6791b60880e [term 0 FOLLOWER]: Replica starting. Triggering 0 pending ops. Active config: opid_index: -1 OBSOLETE_local: false peers { permanent_uuid: "b44f4d524e2444fcb2c3159df0942531" member_type: VOTER last_known_addr { host: "127.3.176.129" port: 36755 } } peers { permanent_uuid: "2debd5d2cc5444158885cad2a42d9b3b" member_type: VOTER last_known_addr { host: "127.3.176.130" port: 46679 } } peers { permanent_uuid: "a4d3edb03cf24fedb320b6791b60880e" member_type: VOTER last_known_addr { host: "127.3.176.131" port: 40219 } }
I20260608 09:49:30.903652  8505 raft_consensus.cc:385] T 4586e4835ab84f3e90a6ac7fef8f0078 P a4d3edb03cf24fedb320b6791b60880e [term 0 FOLLOWER]: Consensus starting up: Expiring failure detector timer to make a prompt election more likely
I20260608 09:49:30.903982  8505 raft_consensus.cc:740] T 4586e4835ab84f3e90a6ac7fef8f0078 P a4d3edb03cf24fedb320b6791b60880e [term 0 FOLLOWER]: Becoming Follower/Learner. State: Replica: a4d3edb03cf24fedb320b6791b60880e, State: Initialized, Role: FOLLOWER
I20260608 09:49:30.904986  8505 consensus_queue.cc:260] T 4586e4835ab84f3e90a6ac7fef8f0078 P a4d3edb03cf24fedb320b6791b60880e [NON_LEADER]: Queue going to NON_LEADER mode. State: All replicated index: 0, Majority replicated index: 0, Committed index: 0, Last appended: 0.0, Last appended by leader: 0, Current term: 0, Majority size: -1, State: 0, Mode: NON_LEADER, active raft config: opid_index: -1 OBSOLETE_local: false peers { permanent_uuid: "b44f4d524e2444fcb2c3159df0942531" member_type: VOTER last_known_addr { host: "127.3.176.129" port: 36755 } } peers { permanent_uuid: "2debd5d2cc5444158885cad2a42d9b3b" member_type: VOTER last_known_addr { host: "127.3.176.130" port: 46679 } } peers { permanent_uuid: "a4d3edb03cf24fedb320b6791b60880e" member_type: VOTER last_known_addr { host: "127.3.176.131" port: 40219 } }
I20260608 09:49:30.905756  8543 raft_consensus.cc:2749] T 41c4b24fd0aa4f3ea4abcb16e72e547c P 2debd5d2cc5444158885cad2a42d9b3b [term 1 FOLLOWER]: Leader pre-election lost for term 1. Reason: could not achieve majority
I20260608 09:49:30.907146  8538 leader_election.cc:290] T 05752f4a94cc44a88aa439963dfa6be5 P b44f4d524e2444fcb2c3159df0942531 [CANDIDATE]: Term 1 election: Requested vote from peers 2debd5d2cc5444158885cad2a42d9b3b (127.3.176.130:46679), a4d3edb03cf24fedb320b6791b60880e (127.3.176.131:40219)
I20260608 09:49:30.908712  8383 tablet_service.cc:1917] Received RequestConsensusVote() RPC: tablet_id: "05752f4a94cc44a88aa439963dfa6be5" candidate_uuid: "b44f4d524e2444fcb2c3159df0942531" candidate_term: 1 candidate_status { last_received { term: 0 index: 0 } } ignore_live_leader: false dest_uuid: "2debd5d2cc5444158885cad2a42d9b3b"
I20260608 09:49:30.910429  8504 ts_tablet_manager.cc:1434] T 489f1fea11984ea2aa2937d156c0c0d6 P b44f4d524e2444fcb2c3159df0942531: Time spent starting tablet: real 0.022s	user 0.006s	sys 0.000s
W20260608 09:49:30.910529  8272 leader_election.cc:343] T 05752f4a94cc44a88aa439963dfa6be5 P b44f4d524e2444fcb2c3159df0942531 [CANDIDATE]: Term 1 election: Tablet error from VoteRequest() call to peer 2debd5d2cc5444158885cad2a42d9b3b (127.3.176.130:46679): Illegal state: must be running to vote when last-logged opid is not known
I20260608 09:49:30.891422  8513 raft_consensus.cc:697] T 489f1fea11984ea2aa2937d156c0c0d6 P 2debd5d2cc5444158885cad2a42d9b3b [term 1 LEADER]: Becoming Leader. State: Replica: 2debd5d2cc5444158885cad2a42d9b3b, State: Running, Role: LEADER
I20260608 09:49:30.911513  8504 tablet_bootstrap.cc:492] T fe6d7fbca84146f8827e15654afea8dc P b44f4d524e2444fcb2c3159df0942531: Bootstrap starting.
I20260608 09:49:30.901490  8503 ts_tablet_manager.cc:1434] T 91b3ed92cb0e4bcc9f9884d43ec10bbd P 2debd5d2cc5444158885cad2a42d9b3b: Time spent starting tablet: real 0.036s	user 0.009s	sys 0.000s
I20260608 09:49:30.921811  8503 tablet_bootstrap.cc:492] T 3ffb7e6fdd1f4b06a7e6ccc1a7a4e875 P 2debd5d2cc5444158885cad2a42d9b3b: Bootstrap starting.
I20260608 09:49:30.913043  8540 raft_consensus.cc:515] T 4586e4835ab84f3e90a6ac7fef8f0078 P b44f4d524e2444fcb2c3159df0942531 [term 1 FOLLOWER]: Starting leader election with config: opid_index: -1 OBSOLETE_local: false peers { permanent_uuid: "b44f4d524e2444fcb2c3159df0942531" member_type: VOTER last_known_addr { host: "127.3.176.129" port: 36755 } } peers { permanent_uuid: "2debd5d2cc5444158885cad2a42d9b3b" member_type: VOTER last_known_addr { host: "127.3.176.130" port: 46679 } } peers { permanent_uuid: "a4d3edb03cf24fedb320b6791b60880e" member_type: VOTER last_known_addr { host: "127.3.176.131" port: 40219 } }
I20260608 09:49:30.923717  8509 raft_consensus.cc:515] T 3ffb7e6fdd1f4b06a7e6ccc1a7a4e875 P b44f4d524e2444fcb2c3159df0942531 [term 1 FOLLOWER]: Starting leader election with config: opid_index: -1 OBSOLETE_local: false peers { permanent_uuid: "b44f4d524e2444fcb2c3159df0942531" member_type: VOTER last_known_addr { host: "127.3.176.129" port: 36755 } } peers { permanent_uuid: "2debd5d2cc5444158885cad2a42d9b3b" member_type: VOTER last_known_addr { host: "127.3.176.130" port: 46679 } } peers { permanent_uuid: "a4d3edb03cf24fedb320b6791b60880e" member_type: VOTER last_known_addr { host: "127.3.176.131" port: 40219 } }
I20260608 09:49:30.924543  8540 leader_election.cc:290] T 4586e4835ab84f3e90a6ac7fef8f0078 P b44f4d524e2444fcb2c3159df0942531 [CANDIDATE]: Term 1 election: Requested vote from peers 2debd5d2cc5444158885cad2a42d9b3b (127.3.176.130:46679), a4d3edb03cf24fedb320b6791b60880e (127.3.176.131:40219)
I20260608 09:49:30.925468  8383 tablet_service.cc:1917] Received RequestConsensusVote() RPC: tablet_id: "4586e4835ab84f3e90a6ac7fef8f0078" candidate_uuid: "b44f4d524e2444fcb2c3159df0942531" candidate_term: 1 candidate_status { last_received { term: 0 index: 0 } } ignore_live_leader: false dest_uuid: "2debd5d2cc5444158885cad2a42d9b3b"
I20260608 09:49:30.926148  8383 raft_consensus.cc:3060] T 4586e4835ab84f3e90a6ac7fef8f0078 P 2debd5d2cc5444158885cad2a42d9b3b [term 0 FOLLOWER]: Advancing to term 1
I20260608 09:49:30.926956  8381 tablet_service.cc:1917] Received RequestConsensusVote() RPC: tablet_id: "3ffb7e6fdd1f4b06a7e6ccc1a7a4e875" candidate_uuid: "b44f4d524e2444fcb2c3159df0942531" candidate_term: 1 candidate_status { last_received { term: 0 index: 0 } } ignore_live_leader: false dest_uuid: "2debd5d2cc5444158885cad2a42d9b3b"
I20260608 09:49:30.928825  8530 raft_consensus.cc:493] T 16151dd2a7274e128e0daa645b70c3b5 P a4d3edb03cf24fedb320b6791b60880e [term 0 FOLLOWER]: Starting pre-election (no leader contacted us within the election timeout)
W20260608 09:49:30.928882  8272 leader_election.cc:343] T 3ffb7e6fdd1f4b06a7e6ccc1a7a4e875 P b44f4d524e2444fcb2c3159df0942531 [CANDIDATE]: Term 1 election: Tablet error from VoteRequest() call to peer 2debd5d2cc5444158885cad2a42d9b3b (127.3.176.130:46679): Illegal state: must be running to vote when last-logged opid is not known
I20260608 09:49:30.913812  8505 ts_tablet_manager.cc:1434] T 4586e4835ab84f3e90a6ac7fef8f0078 P a4d3edb03cf24fedb320b6791b60880e: Time spent starting tablet: real 0.019s	user 0.008s	sys 0.000s
I20260608 09:49:30.931763  8382 raft_consensus.cc:2468] T 41c4b24fd0aa4f3ea4abcb16e72e547c P 2debd5d2cc5444158885cad2a42d9b3b [term 1 FOLLOWER]: Leader election vote request: Granting yes vote for candidate b44f4d524e2444fcb2c3159df0942531 in term 1.
I20260608 09:49:30.933241  8505 tablet_bootstrap.cc:492] T 41c4b24fd0aa4f3ea4abcb16e72e547c P a4d3edb03cf24fedb320b6791b60880e: Bootstrap starting.
I20260608 09:49:30.933784  8503 tablet_bootstrap.cc:654] T 3ffb7e6fdd1f4b06a7e6ccc1a7a4e875 P 2debd5d2cc5444158885cad2a42d9b3b: Neither blocks nor log segments found. Creating new log.
I20260608 09:49:30.929388  8530 raft_consensus.cc:515] T 16151dd2a7274e128e0daa645b70c3b5 P a4d3edb03cf24fedb320b6791b60880e [term 0 FOLLOWER]: Starting pre-election with config: opid_index: -1 OBSOLETE_local: false peers { permanent_uuid: "b44f4d524e2444fcb2c3159df0942531" member_type: VOTER last_known_addr { host: "127.3.176.129" port: 36755 } } peers { permanent_uuid: "2debd5d2cc5444158885cad2a42d9b3b" member_type: VOTER last_known_addr { host: "127.3.176.130" port: 46679 } } peers { permanent_uuid: "a4d3edb03cf24fedb320b6791b60880e" member_type: VOTER last_known_addr { host: "127.3.176.131" port: 40219 } }
I20260608 09:49:30.938226  8530 leader_election.cc:290] T 16151dd2a7274e128e0daa645b70c3b5 P a4d3edb03cf24fedb320b6791b60880e [CANDIDATE]: Term 1 pre-election: Requested pre-vote from peers b44f4d524e2444fcb2c3159df0942531 (127.3.176.129:36755), 2debd5d2cc5444158885cad2a42d9b3b (127.3.176.130:46679)
I20260608 09:49:30.940037  8272 leader_election.cc:304] T 41c4b24fd0aa4f3ea4abcb16e72e547c P b44f4d524e2444fcb2c3159df0942531 [CANDIDATE]: Term 1 election: Election decided. Result: candidate won. Election summary: received 2 responses out of 3 voters: 2 yes votes; 0 no votes. yes voters: 2debd5d2cc5444158885cad2a42d9b3b, b44f4d524e2444fcb2c3159df0942531; no voters: 
I20260608 09:49:30.940552  8381 tablet_service.cc:1917] Received RequestConsensusVote() RPC: tablet_id: "16151dd2a7274e128e0daa645b70c3b5" candidate_uuid: "a4d3edb03cf24fedb320b6791b60880e" candidate_term: 1 candidate_status { last_received { term: 0 index: 0 } } ignore_live_leader: false dest_uuid: "2debd5d2cc5444158885cad2a42d9b3b" is_pre_election: true
I20260608 09:49:30.941330  8509 leader_election.cc:290] T 3ffb7e6fdd1f4b06a7e6ccc1a7a4e875 P b44f4d524e2444fcb2c3159df0942531 [CANDIDATE]: Term 1 election: Requested vote from peers 2debd5d2cc5444158885cad2a42d9b3b (127.3.176.130:46679), a4d3edb03cf24fedb320b6791b60880e (127.3.176.131:40219)
I20260608 09:49:30.919044  8504 tablet_bootstrap.cc:654] T fe6d7fbca84146f8827e15654afea8dc P b44f4d524e2444fcb2c3159df0942531: Neither blocks nor log segments found. Creating new log.
W20260608 09:49:30.942386  8422 leader_election.cc:343] T 16151dd2a7274e128e0daa645b70c3b5 P a4d3edb03cf24fedb320b6791b60880e [CANDIDATE]: Term 1 pre-election: Tablet error from VoteRequest() call to peer 2debd5d2cc5444158885cad2a42d9b3b (127.3.176.130:46679): Illegal state: must be running to vote when last-logged opid is not known
W20260608 09:49:30.908823  8273 outbound_call.cc:321] RPC callback for RPC call kudu.consensus.ConsensusService.RequestConsensusVote -> {remote=127.3.176.131:40219, user_credentials={real_user=slave}} blocked reactor thread for 51974.7us
I20260608 09:49:30.941262  8540 raft_consensus.cc:2804] T 41c4b24fd0aa4f3ea4abcb16e72e547c P b44f4d524e2444fcb2c3159df0942531 [term 1 FOLLOWER]: Leader election won for term 1
I20260608 09:49:30.943665  8540 raft_consensus.cc:697] T 41c4b24fd0aa4f3ea4abcb16e72e547c P b44f4d524e2444fcb2c3159df0942531 [term 1 LEADER]: Becoming Leader. State: Replica: b44f4d524e2444fcb2c3159df0942531, State: Running, Role: LEADER
I20260608 09:49:30.944728  8540 consensus_queue.cc:237] T 41c4b24fd0aa4f3ea4abcb16e72e547c P b44f4d524e2444fcb2c3159df0942531 [LEADER]: Queue going to LEADER mode. State: All replicated index: 0, Majority replicated index: 0, Committed index: 0, Last appended: 0.0, Last appended by leader: 0, Current term: 1, Majority size: 2, State: 0, Mode: LEADER, active raft config: opid_index: -1 OBSOLETE_local: false peers { permanent_uuid: "b44f4d524e2444fcb2c3159df0942531" member_type: VOTER last_known_addr { host: "127.3.176.129" port: 36755 } } peers { permanent_uuid: "2debd5d2cc5444158885cad2a42d9b3b" member_type: VOTER last_known_addr { host: "127.3.176.130" port: 46679 } } peers { permanent_uuid: "a4d3edb03cf24fedb320b6791b60880e" member_type: VOTER last_known_addr { host: "127.3.176.131" port: 40219 } }
I20260608 09:49:30.911963  8513 consensus_queue.cc:237] T 489f1fea11984ea2aa2937d156c0c0d6 P 2debd5d2cc5444158885cad2a42d9b3b [LEADER]: Queue going to LEADER mode. State: All replicated index: 0, Majority replicated index: 0, Committed index: 0, Last appended: 0.0, Last appended by leader: 0, Current term: 1, Majority size: 2, State: 0, Mode: LEADER, active raft config: opid_index: -1 OBSOLETE_local: false peers { permanent_uuid: "2debd5d2cc5444158885cad2a42d9b3b" member_type: VOTER last_known_addr { host: "127.3.176.130" port: 46679 } } peers { permanent_uuid: "b44f4d524e2444fcb2c3159df0942531" member_type: VOTER last_known_addr { host: "127.3.176.129" port: 36755 } } peers { permanent_uuid: "a4d3edb03cf24fedb320b6791b60880e" member_type: VOTER last_known_addr { host: "127.3.176.131" port: 40219 } }
I20260608 09:49:30.944743  8457 tablet_service.cc:1917] Received RequestConsensusVote() RPC: tablet_id: "41c4b24fd0aa4f3ea4abcb16e72e547c" candidate_uuid: "b44f4d524e2444fcb2c3159df0942531" candidate_term: 1 candidate_status { last_received { term: 0 index: 0 } } ignore_live_leader: false dest_uuid: "a4d3edb03cf24fedb320b6791b60880e"
I20260608 09:49:30.949010  8457 tablet_service.cc:1917] Received RequestConsensusVote() RPC: tablet_id: "05752f4a94cc44a88aa439963dfa6be5" candidate_uuid: "b44f4d524e2444fcb2c3159df0942531" candidate_term: 1 candidate_status { last_received { term: 0 index: 0 } } ignore_live_leader: false dest_uuid: "a4d3edb03cf24fedb320b6791b60880e"
I20260608 09:49:30.949756  8457 raft_consensus.cc:3060] T 05752f4a94cc44a88aa439963dfa6be5 P a4d3edb03cf24fedb320b6791b60880e [term 0 FOLLOWER]: Advancing to term 1
I20260608 09:49:30.940694  8505 tablet_bootstrap.cc:654] T 41c4b24fd0aa4f3ea4abcb16e72e547c P a4d3edb03cf24fedb320b6791b60880e: Neither blocks nor log segments found. Creating new log.
I20260608 09:49:30.958410  8457 raft_consensus.cc:2468] T 05752f4a94cc44a88aa439963dfa6be5 P a4d3edb03cf24fedb320b6791b60880e [term 1 FOLLOWER]: Leader election vote request: Granting yes vote for candidate b44f4d524e2444fcb2c3159df0942531 in term 1.
I20260608 09:49:30.960824  8456 tablet_service.cc:1917] Received RequestConsensusVote() RPC: tablet_id: "4586e4835ab84f3e90a6ac7fef8f0078" candidate_uuid: "b44f4d524e2444fcb2c3159df0942531" candidate_term: 1 candidate_status { last_received { term: 0 index: 0 } } ignore_live_leader: false dest_uuid: "a4d3edb03cf24fedb320b6791b60880e"
I20260608 09:49:30.963239  8505 tablet_bootstrap.cc:492] T 41c4b24fd0aa4f3ea4abcb16e72e547c P a4d3edb03cf24fedb320b6791b60880e: No bootstrap required, opened a new log
I20260608 09:49:30.966804  8458 tablet_service.cc:1917] Received RequestConsensusVote() RPC: tablet_id: "3ffb7e6fdd1f4b06a7e6ccc1a7a4e875" candidate_uuid: "b44f4d524e2444fcb2c3159df0942531" candidate_term: 1 candidate_status { last_received { term: 0 index: 0 } } ignore_live_leader: false dest_uuid: "a4d3edb03cf24fedb320b6791b60880e"
I20260608 09:49:30.972064  8456 raft_consensus.cc:3060] T 4586e4835ab84f3e90a6ac7fef8f0078 P a4d3edb03cf24fedb320b6791b60880e [term 0 FOLLOWER]: Advancing to term 1
I20260608 09:49:30.972172  8458 raft_consensus.cc:3060] T 3ffb7e6fdd1f4b06a7e6ccc1a7a4e875 P a4d3edb03cf24fedb320b6791b60880e [term 0 FOLLOWER]: Advancing to term 1
I20260608 09:49:30.971138  8205 catalog_manager.cc:5696] T 41c4b24fd0aa4f3ea4abcb16e72e547c P b44f4d524e2444fcb2c3159df0942531 reported cstate change: term changed from 0 to 1, leader changed from <none> to b44f4d524e2444fcb2c3159df0942531 (127.3.176.129). New cstate: current_term: 1 leader_uuid: "b44f4d524e2444fcb2c3159df0942531" committed_config { opid_index: -1 OBSOLETE_local: false peers { permanent_uuid: "b44f4d524e2444fcb2c3159df0942531" member_type: VOTER last_known_addr { host: "127.3.176.129" port: 36755 } health_report { overall_health: HEALTHY } } peers { permanent_uuid: "2debd5d2cc5444158885cad2a42d9b3b" member_type: VOTER last_known_addr { host: "127.3.176.130" port: 46679 } health_report { overall_health: UNKNOWN } } peers { permanent_uuid: "a4d3edb03cf24fedb320b6791b60880e" member_type: VOTER last_known_addr { host: "127.3.176.131" port: 40219 } health_report { overall_health: UNKNOWN } } }
W20260608 09:49:30.968298  8273 leader_election.cc:343] T 4586e4835ab84f3e90a6ac7fef8f0078 P b44f4d524e2444fcb2c3159df0942531 [CANDIDATE]: Term 1 pre-election: Tablet error from VoteRequest() call to peer a4d3edb03cf24fedb320b6791b60880e (127.3.176.131:40219): Illegal state: must be running to vote when last-logged opid is not known
I20260608 09:49:30.968400  8308 tablet_service.cc:1917] Received RequestConsensusVote() RPC: tablet_id: "16151dd2a7274e128e0daa645b70c3b5" candidate_uuid: "a4d3edb03cf24fedb320b6791b60880e" candidate_term: 1 candidate_status { last_received { term: 0 index: 0 } } ignore_live_leader: false dest_uuid: "b44f4d524e2444fcb2c3159df0942531" is_pre_election: true
I20260608 09:49:30.980304  8458 raft_consensus.cc:2468] T 3ffb7e6fdd1f4b06a7e6ccc1a7a4e875 P a4d3edb03cf24fedb320b6791b60880e [term 1 FOLLOWER]: Leader election vote request: Granting yes vote for candidate b44f4d524e2444fcb2c3159df0942531 in term 1.
W20260608 09:49:30.981493  8273 leader_election.cc:343] T 41c4b24fd0aa4f3ea4abcb16e72e547c P b44f4d524e2444fcb2c3159df0942531 [CANDIDATE]: Term 1 election: Tablet error from VoteRequest() call to peer a4d3edb03cf24fedb320b6791b60880e (127.3.176.131:40219): Illegal state: must be running to vote when last-logged opid is not known
I20260608 09:49:30.971310  8383 raft_consensus.cc:2468] T 4586e4835ab84f3e90a6ac7fef8f0078 P 2debd5d2cc5444158885cad2a42d9b3b [term 1 FOLLOWER]: Leader election vote request: Granting yes vote for candidate b44f4d524e2444fcb2c3159df0942531 in term 1.
W20260608 09:49:30.985699  8422 leader_election.cc:343] T 16151dd2a7274e128e0daa645b70c3b5 P a4d3edb03cf24fedb320b6791b60880e [CANDIDATE]: Term 1 pre-election: Tablet error from VoteRequest() call to peer b44f4d524e2444fcb2c3159df0942531 (127.3.176.129:36755): Illegal state: must be running to vote when last-logged opid is not known
I20260608 09:49:30.985889  8273 leader_election.cc:304] T 3ffb7e6fdd1f4b06a7e6ccc1a7a4e875 P b44f4d524e2444fcb2c3159df0942531 [CANDIDATE]: Term 1 election: Election decided. Result: candidate won. Election summary: received 3 responses out of 3 voters: 2 yes votes; 1 no votes. yes voters: a4d3edb03cf24fedb320b6791b60880e, b44f4d524e2444fcb2c3159df0942531; no voters: 2debd5d2cc5444158885cad2a42d9b3b
I20260608 09:49:30.986218  8422 leader_election.cc:304] T 16151dd2a7274e128e0daa645b70c3b5 P a4d3edb03cf24fedb320b6791b60880e [CANDIDATE]: Term 1 pre-election: Election decided. Result: candidate lost. Election summary: received 3 responses out of 3 voters: 1 yes votes; 2 no votes. yes voters: a4d3edb03cf24fedb320b6791b60880e; no voters: 2debd5d2cc5444158885cad2a42d9b3b, b44f4d524e2444fcb2c3159df0942531
I20260608 09:49:30.986898  8540 raft_consensus.cc:2804] T 3ffb7e6fdd1f4b06a7e6ccc1a7a4e875 P b44f4d524e2444fcb2c3159df0942531 [term 1 FOLLOWER]: Leader election won for term 1
I20260608 09:49:30.987579  8540 raft_consensus.cc:697] T 3ffb7e6fdd1f4b06a7e6ccc1a7a4e875 P b44f4d524e2444fcb2c3159df0942531 [term 1 LEADER]: Becoming Leader. State: Replica: b44f4d524e2444fcb2c3159df0942531, State: Running, Role: LEADER
I20260608 09:49:30.987015  8530 raft_consensus.cc:2749] T 16151dd2a7274e128e0daa645b70c3b5 P a4d3edb03cf24fedb320b6791b60880e [term 0 FOLLOWER]: Leader pre-election lost for term 1. Reason: could not achieve majority
I20260608 09:49:30.988595  8540 consensus_queue.cc:237] T 3ffb7e6fdd1f4b06a7e6ccc1a7a4e875 P b44f4d524e2444fcb2c3159df0942531 [LEADER]: Queue going to LEADER mode. State: All replicated index: 0, Majority replicated index: 0, Committed index: 0, Last appended: 0.0, Last appended by leader: 0, Current term: 1, Majority size: 2, State: 0, Mode: LEADER, active raft config: opid_index: -1 OBSOLETE_local: false peers { permanent_uuid: "b44f4d524e2444fcb2c3159df0942531" member_type: VOTER last_known_addr { host: "127.3.176.129" port: 36755 } } peers { permanent_uuid: "2debd5d2cc5444158885cad2a42d9b3b" member_type: VOTER last_known_addr { host: "127.3.176.130" port: 46679 } } peers { permanent_uuid: "a4d3edb03cf24fedb320b6791b60880e" member_type: VOTER last_known_addr { host: "127.3.176.131" port: 40219 } }
I20260608 09:49:30.980304  8456 raft_consensus.cc:2468] T 4586e4835ab84f3e90a6ac7fef8f0078 P a4d3edb03cf24fedb320b6791b60880e [term 1 FOLLOWER]: Leader election vote request: Granting yes vote for candidate b44f4d524e2444fcb2c3159df0942531 in term 1.
I20260608 09:49:30.990356  8272 leader_election.cc:304] T 4586e4835ab84f3e90a6ac7fef8f0078 P b44f4d524e2444fcb2c3159df0942531 [CANDIDATE]: Term 1 election: Election decided. Result: candidate won. Election summary: received 2 responses out of 3 voters: 2 yes votes; 0 no votes. yes voters: 2debd5d2cc5444158885cad2a42d9b3b, b44f4d524e2444fcb2c3159df0942531; no voters: 
I20260608 09:49:30.991186  8505 ts_tablet_manager.cc:1403] T 41c4b24fd0aa4f3ea4abcb16e72e547c P a4d3edb03cf24fedb320b6791b60880e: Time spent bootstrapping tablet: real 0.058s	user 0.011s	sys 0.002s
I20260608 09:49:30.991304  8509 raft_consensus.cc:2804] T 4586e4835ab84f3e90a6ac7fef8f0078 P b44f4d524e2444fcb2c3159df0942531 [term 1 FOLLOWER]: Leader election won for term 1
I20260608 09:49:30.991807  8509 raft_consensus.cc:697] T 4586e4835ab84f3e90a6ac7fef8f0078 P b44f4d524e2444fcb2c3159df0942531 [term 1 LEADER]: Becoming Leader. State: Replica: b44f4d524e2444fcb2c3159df0942531, State: Running, Role: LEADER
I20260608 09:49:30.992710  8509 consensus_queue.cc:237] T 4586e4835ab84f3e90a6ac7fef8f0078 P b44f4d524e2444fcb2c3159df0942531 [LEADER]: Queue going to LEADER mode. State: All replicated index: 0, Majority replicated index: 0, Committed index: 0, Last appended: 0.0, Last appended by leader: 0, Current term: 1, Majority size: 2, State: 0, Mode: LEADER, active raft config: opid_index: -1 OBSOLETE_local: false peers { permanent_uuid: "b44f4d524e2444fcb2c3159df0942531" member_type: VOTER last_known_addr { host: "127.3.176.129" port: 36755 } } peers { permanent_uuid: "2debd5d2cc5444158885cad2a42d9b3b" member_type: VOTER last_known_addr { host: "127.3.176.130" port: 46679 } } peers { permanent_uuid: "a4d3edb03cf24fedb320b6791b60880e" member_type: VOTER last_known_addr { host: "127.3.176.131" port: 40219 } }
I20260608 09:49:30.993705  8203 catalog_manager.cc:5696] T 489f1fea11984ea2aa2937d156c0c0d6 P 2debd5d2cc5444158885cad2a42d9b3b reported cstate change: term changed from 0 to 1, leader changed from <none> to 2debd5d2cc5444158885cad2a42d9b3b (127.3.176.130). New cstate: current_term: 1 leader_uuid: "2debd5d2cc5444158885cad2a42d9b3b" committed_config { opid_index: -1 OBSOLETE_local: false peers { permanent_uuid: "2debd5d2cc5444158885cad2a42d9b3b" member_type: VOTER last_known_addr { host: "127.3.176.130" port: 46679 } health_report { overall_health: HEALTHY } } peers { permanent_uuid: "b44f4d524e2444fcb2c3159df0942531" member_type: VOTER last_known_addr { host: "127.3.176.129" port: 36755 } health_report { overall_health: UNKNOWN } } peers { permanent_uuid: "a4d3edb03cf24fedb320b6791b60880e" member_type: VOTER last_known_addr { host: "127.3.176.131" port: 40219 } health_report { overall_health: UNKNOWN } } }
I20260608 09:49:30.994532  8505 raft_consensus.cc:359] T 41c4b24fd0aa4f3ea4abcb16e72e547c P a4d3edb03cf24fedb320b6791b60880e [term 0 FOLLOWER]: Replica starting. Triggering 0 pending ops. Active config: opid_index: -1 OBSOLETE_local: false peers { permanent_uuid: "b44f4d524e2444fcb2c3159df0942531" member_type: VOTER last_known_addr { host: "127.3.176.129" port: 36755 } } peers { permanent_uuid: "2debd5d2cc5444158885cad2a42d9b3b" member_type: VOTER last_known_addr { host: "127.3.176.130" port: 46679 } } peers { permanent_uuid: "a4d3edb03cf24fedb320b6791b60880e" member_type: VOTER last_known_addr { host: "127.3.176.131" port: 40219 } }
I20260608 09:49:30.995263  8505 raft_consensus.cc:385] T 41c4b24fd0aa4f3ea4abcb16e72e547c P a4d3edb03cf24fedb320b6791b60880e [term 0 FOLLOWER]: Consensus starting up: Expiring failure detector timer to make a prompt election more likely
I20260608 09:49:30.995563  8505 raft_consensus.cc:740] T 41c4b24fd0aa4f3ea4abcb16e72e547c P a4d3edb03cf24fedb320b6791b60880e [term 0 FOLLOWER]: Becoming Follower/Learner. State: Replica: a4d3edb03cf24fedb320b6791b60880e, State: Initialized, Role: FOLLOWER
I20260608 09:49:30.997277  8273 leader_election.cc:304] T 05752f4a94cc44a88aa439963dfa6be5 P b44f4d524e2444fcb2c3159df0942531 [CANDIDATE]: Term 1 election: Election decided. Result: candidate won. Election summary: received 3 responses out of 3 voters: 2 yes votes; 1 no votes. yes voters: a4d3edb03cf24fedb320b6791b60880e, b44f4d524e2444fcb2c3159df0942531; no voters: 2debd5d2cc5444158885cad2a42d9b3b
I20260608 09:49:30.998606  8541 raft_consensus.cc:2804] T 05752f4a94cc44a88aa439963dfa6be5 P b44f4d524e2444fcb2c3159df0942531 [term 1 FOLLOWER]: Leader election won for term 1
I20260608 09:49:30.999107  8541 raft_consensus.cc:697] T 05752f4a94cc44a88aa439963dfa6be5 P b44f4d524e2444fcb2c3159df0942531 [term 1 LEADER]: Becoming Leader. State: Replica: b44f4d524e2444fcb2c3159df0942531, State: Running, Role: LEADER
I20260608 09:49:31.001042  8505 consensus_queue.cc:260] T 41c4b24fd0aa4f3ea4abcb16e72e547c P a4d3edb03cf24fedb320b6791b60880e [NON_LEADER]: Queue going to NON_LEADER mode. State: All replicated index: 0, Majority replicated index: 0, Committed index: 0, Last appended: 0.0, Last appended by leader: 0, Current term: 0, Majority size: -1, State: 0, Mode: NON_LEADER, active raft config: opid_index: -1 OBSOLETE_local: false peers { permanent_uuid: "b44f4d524e2444fcb2c3159df0942531" member_type: VOTER last_known_addr { host: "127.3.176.129" port: 36755 } } peers { permanent_uuid: "2debd5d2cc5444158885cad2a42d9b3b" member_type: VOTER last_known_addr { host: "127.3.176.130" port: 46679 } } peers { permanent_uuid: "a4d3edb03cf24fedb320b6791b60880e" member_type: VOTER last_known_addr { host: "127.3.176.131" port: 40219 } }
I20260608 09:49:31.000016  8541 consensus_queue.cc:237] T 05752f4a94cc44a88aa439963dfa6be5 P b44f4d524e2444fcb2c3159df0942531 [LEADER]: Queue going to LEADER mode. State: All replicated index: 0, Majority replicated index: 0, Committed index: 0, Last appended: 0.0, Last appended by leader: 0, Current term: 1, Majority size: 2, State: 0, Mode: LEADER, active raft config: opid_index: -1 OBSOLETE_local: false peers { permanent_uuid: "b44f4d524e2444fcb2c3159df0942531" member_type: VOTER last_known_addr { host: "127.3.176.129" port: 36755 } } peers { permanent_uuid: "2debd5d2cc5444158885cad2a42d9b3b" member_type: VOTER last_known_addr { host: "127.3.176.130" port: 46679 } } peers { permanent_uuid: "a4d3edb03cf24fedb320b6791b60880e" member_type: VOTER last_known_addr { host: "127.3.176.131" port: 40219 } }
I20260608 09:49:31.002526  8504 tablet_bootstrap.cc:492] T fe6d7fbca84146f8827e15654afea8dc P b44f4d524e2444fcb2c3159df0942531: No bootstrap required, opened a new log
I20260608 09:49:31.003126  8504 ts_tablet_manager.cc:1403] T fe6d7fbca84146f8827e15654afea8dc P b44f4d524e2444fcb2c3159df0942531: Time spent bootstrapping tablet: real 0.092s	user 0.022s	sys 0.006s
I20260608 09:49:31.003772  8505 ts_tablet_manager.cc:1434] T 41c4b24fd0aa4f3ea4abcb16e72e547c P a4d3edb03cf24fedb320b6791b60880e: Time spent starting tablet: real 0.012s	user 0.006s	sys 0.000s
I20260608 09:49:31.004869  8505 tablet_bootstrap.cc:492] T 91b3ed92cb0e4bcc9f9884d43ec10bbd P a4d3edb03cf24fedb320b6791b60880e: Bootstrap starting.
I20260608 09:49:31.014904  8504 raft_consensus.cc:359] T fe6d7fbca84146f8827e15654afea8dc P b44f4d524e2444fcb2c3159df0942531 [term 0 FOLLOWER]: Replica starting. Triggering 0 pending ops. Active config: opid_index: -1 OBSOLETE_local: false peers { permanent_uuid: "b44f4d524e2444fcb2c3159df0942531" member_type: VOTER last_known_addr { host: "127.3.176.129" port: 36755 } } peers { permanent_uuid: "2debd5d2cc5444158885cad2a42d9b3b" member_type: VOTER last_known_addr { host: "127.3.176.130" port: 46679 } } peers { permanent_uuid: "a4d3edb03cf24fedb320b6791b60880e" member_type: VOTER last_known_addr { host: "127.3.176.131" port: 40219 } }
I20260608 09:49:31.015676  8504 raft_consensus.cc:385] T fe6d7fbca84146f8827e15654afea8dc P b44f4d524e2444fcb2c3159df0942531 [term 0 FOLLOWER]: Consensus starting up: Expiring failure detector timer to make a prompt election more likely
I20260608 09:49:31.015977  8504 raft_consensus.cc:740] T fe6d7fbca84146f8827e15654afea8dc P b44f4d524e2444fcb2c3159df0942531 [term 0 FOLLOWER]: Becoming Follower/Learner. State: Replica: b44f4d524e2444fcb2c3159df0942531, State: Initialized, Role: FOLLOWER
I20260608 09:49:31.016743  8504 consensus_queue.cc:260] T fe6d7fbca84146f8827e15654afea8dc P b44f4d524e2444fcb2c3159df0942531 [NON_LEADER]: Queue going to NON_LEADER mode. State: All replicated index: 0, Majority replicated index: 0, Committed index: 0, Last appended: 0.0, Last appended by leader: 0, Current term: 0, Majority size: -1, State: 0, Mode: NON_LEADER, active raft config: opid_index: -1 OBSOLETE_local: false peers { permanent_uuid: "b44f4d524e2444fcb2c3159df0942531" member_type: VOTER last_known_addr { host: "127.3.176.129" port: 36755 } } peers { permanent_uuid: "2debd5d2cc5444158885cad2a42d9b3b" member_type: VOTER last_known_addr { host: "127.3.176.130" port: 46679 } } peers { permanent_uuid: "a4d3edb03cf24fedb320b6791b60880e" member_type: VOTER last_known_addr { host: "127.3.176.131" port: 40219 } }
I20260608 09:49:31.018952  8504 ts_tablet_manager.cc:1434] T fe6d7fbca84146f8827e15654afea8dc P b44f4d524e2444fcb2c3159df0942531: Time spent starting tablet: real 0.015s	user 0.004s	sys 0.000s
I20260608 09:49:31.019976  8504 tablet_bootstrap.cc:492] T 24322fa6a0e14ffba4138ec2aec595b3 P b44f4d524e2444fcb2c3159df0942531: Bootstrap starting.
I20260608 09:49:31.021905  8505 tablet_bootstrap.cc:654] T 91b3ed92cb0e4bcc9f9884d43ec10bbd P a4d3edb03cf24fedb320b6791b60880e: Neither blocks nor log segments found. Creating new log.
I20260608 09:49:31.025609  8540 raft_consensus.cc:493] T 91b3ed92cb0e4bcc9f9884d43ec10bbd P b44f4d524e2444fcb2c3159df0942531 [term 0 FOLLOWER]: Starting pre-election (no leader contacted us within the election timeout)
I20260608 09:49:31.026106  8540 raft_consensus.cc:515] T 91b3ed92cb0e4bcc9f9884d43ec10bbd P b44f4d524e2444fcb2c3159df0942531 [term 0 FOLLOWER]: Starting pre-election with config: opid_index: -1 OBSOLETE_local: false peers { permanent_uuid: "b44f4d524e2444fcb2c3159df0942531" member_type: VOTER last_known_addr { host: "127.3.176.129" port: 36755 } } peers { permanent_uuid: "2debd5d2cc5444158885cad2a42d9b3b" member_type: VOTER last_known_addr { host: "127.3.176.130" port: 46679 } } peers { permanent_uuid: "a4d3edb03cf24fedb320b6791b60880e" member_type: VOTER last_known_addr { host: "127.3.176.131" port: 40219 } }
