I20260608 09:47:31.961874  4648 consensus_queue.cc:237] T 82efb58cb92449a7a506479de60d4ffc P 5c14d12d1b2f4b029c5782e9d1d611df [LEADER]: Queue going to LEADER mode. State: All replicated index: 0, Majority replicated index: 0, Committed index: 0, Last appended: 0.0, Last appended by leader: 0, Current term: 1, Majority size: 2, State: 0, Mode: LEADER, active raft config: opid_index: -1 OBSOLETE_local: false peers { permanent_uuid: "5df60e74fc8e4ea29f609ff30afe3d1d" member_type: VOTER last_known_addr { host: "127.3.176.129" port: 43379 } } peers { permanent_uuid: "4e90b0a4bf2644e493c344757097d736" member_type: VOTER last_known_addr { host: "127.3.176.130" port: 36803 } } peers { permanent_uuid: "5c14d12d1b2f4b029c5782e9d1d611df" member_type: VOTER last_known_addr { host: "127.3.176.131" port: 35047 } }
I20260608 09:47:31.958112  4517 raft_consensus.cc:2468] T 82efb58cb92449a7a506479de60d4ffc P 4e90b0a4bf2644e493c344757097d736 [term 1 FOLLOWER]: Leader election vote request: Granting yes vote for candidate 5c14d12d1b2f4b029c5782e9d1d611df in term 1.
I20260608 09:47:31.959616  4559 leader_election.cc:304] T e92e386d27d34f11b76aedab1f855c8a P 5c14d12d1b2f4b029c5782e9d1d611df [CANDIDATE]: Term 1 election: Election decided. Result: candidate won. Election summary: received 2 responses out of 3 voters: 2 yes votes; 0 no votes. yes voters: 5c14d12d1b2f4b029c5782e9d1d611df, 5df60e74fc8e4ea29f609ff30afe3d1d; no voters: 
I20260608 09:47:31.966078  4667 raft_consensus.cc:2804] T e92e386d27d34f11b76aedab1f855c8a P 5c14d12d1b2f4b029c5782e9d1d611df [term 1 FOLLOWER]: Leader election won for term 1
I20260608 09:47:31.966645  4667 raft_consensus.cc:697] T e92e386d27d34f11b76aedab1f855c8a P 5c14d12d1b2f4b029c5782e9d1d611df [term 1 LEADER]: Becoming Leader. State: Replica: 5c14d12d1b2f4b029c5782e9d1d611df, State: Running, Role: LEADER
I20260608 09:47:31.967535  4667 consensus_queue.cc:237] T e92e386d27d34f11b76aedab1f855c8a P 5c14d12d1b2f4b029c5782e9d1d611df [LEADER]: Queue going to LEADER mode. State: All replicated index: 0, Majority replicated index: 0, Committed index: 0, Last appended: 0.0, Last appended by leader: 0, Current term: 1, Majority size: 2, State: 0, Mode: LEADER, active raft config: opid_index: -1 OBSOLETE_local: false peers { permanent_uuid: "5df60e74fc8e4ea29f609ff30afe3d1d" member_type: VOTER last_known_addr { host: "127.3.176.129" port: 43379 } } peers { permanent_uuid: "4e90b0a4bf2644e493c344757097d736" member_type: VOTER last_known_addr { host: "127.3.176.130" port: 36803 } } peers { permanent_uuid: "5c14d12d1b2f4b029c5782e9d1d611df" member_type: VOTER last_known_addr { host: "127.3.176.131" port: 35047 } }
I20260608 09:47:31.972136  4340 catalog_manager.cc:5696] T 0193a3fdbddd4316a6aac7ac163cb8ea P 5df60e74fc8e4ea29f609ff30afe3d1d reported cstate change: term changed from 0 to 1, leader changed from <none> to 5df60e74fc8e4ea29f609ff30afe3d1d (127.3.176.129). New cstate: current_term: 1 leader_uuid: "5df60e74fc8e4ea29f609ff30afe3d1d" committed_config { opid_index: -1 OBSOLETE_local: false peers { permanent_uuid: "5df60e74fc8e4ea29f609ff30afe3d1d" member_type: VOTER last_known_addr { host: "127.3.176.129" port: 43379 } health_report { overall_health: HEALTHY } } peers { permanent_uuid: "5c14d12d1b2f4b029c5782e9d1d611df" member_type: VOTER last_known_addr { host: "127.3.176.131" port: 35047 } health_report { overall_health: UNKNOWN } } peers { permanent_uuid: "4e90b0a4bf2644e493c344757097d736" member_type: VOTER last_known_addr { host: "127.3.176.130" port: 36803 } health_report { overall_health: UNKNOWN } } }
I20260608 09:47:31.974327  4340 catalog_manager.cc:5696] T 47422af26dfc422faff6e0df8cdc790a P 5df60e74fc8e4ea29f609ff30afe3d1d reported cstate change: term changed from 0 to 1, leader changed from <none> to 5df60e74fc8e4ea29f609ff30afe3d1d (127.3.176.129). New cstate: current_term: 1 leader_uuid: "5df60e74fc8e4ea29f609ff30afe3d1d" committed_config { opid_index: -1 OBSOLETE_local: false peers { permanent_uuid: "5df60e74fc8e4ea29f609ff30afe3d1d" member_type: VOTER last_known_addr { host: "127.3.176.129" port: 43379 } health_report { overall_health: HEALTHY } } peers { permanent_uuid: "4e90b0a4bf2644e493c344757097d736" member_type: VOTER last_known_addr { host: "127.3.176.130" port: 36803 } health_report { overall_health: UNKNOWN } } peers { permanent_uuid: "5c14d12d1b2f4b029c5782e9d1d611df" member_type: VOTER last_known_addr { host: "127.3.176.131" port: 35047 } health_report { overall_health: UNKNOWN } } }
I20260608 09:47:31.986869  4341 catalog_manager.cc:5696] T eff90ea2bed74057bdf313ca6563eb38 P 5c14d12d1b2f4b029c5782e9d1d611df reported cstate change: term changed from 0 to 1, leader changed from <none> to 5c14d12d1b2f4b029c5782e9d1d611df (127.3.176.131). New cstate: current_term: 1 leader_uuid: "5c14d12d1b2f4b029c5782e9d1d611df" committed_config { opid_index: -1 OBSOLETE_local: false peers { permanent_uuid: "5df60e74fc8e4ea29f609ff30afe3d1d" member_type: VOTER last_known_addr { host: "127.3.176.129" port: 43379 } health_report { overall_health: UNKNOWN } } peers { permanent_uuid: "4e90b0a4bf2644e493c344757097d736" member_type: VOTER last_known_addr { host: "127.3.176.130" port: 36803 } health_report { overall_health: UNKNOWN } } peers { permanent_uuid: "5c14d12d1b2f4b029c5782e9d1d611df" member_type: VOTER last_known_addr { host: "127.3.176.131" port: 35047 } health_report { overall_health: HEALTHY } } }
I20260608 09:47:31.989514  4341 catalog_manager.cc:5696] T 82efb58cb92449a7a506479de60d4ffc P 5c14d12d1b2f4b029c5782e9d1d611df reported cstate change: term changed from 0 to 1, leader changed from <none> to 5c14d12d1b2f4b029c5782e9d1d611df (127.3.176.131). New cstate: current_term: 1 leader_uuid: "5c14d12d1b2f4b029c5782e9d1d611df" committed_config { opid_index: -1 OBSOLETE_local: false peers { permanent_uuid: "5df60e74fc8e4ea29f609ff30afe3d1d" member_type: VOTER last_known_addr { host: "127.3.176.129" port: 43379 } health_report { overall_health: UNKNOWN } } peers { permanent_uuid: "4e90b0a4bf2644e493c344757097d736" member_type: VOTER last_known_addr { host: "127.3.176.130" port: 36803 } health_report { overall_health: UNKNOWN } } peers { permanent_uuid: "5c14d12d1b2f4b029c5782e9d1d611df" member_type: VOTER last_known_addr { host: "127.3.176.131" port: 35047 } health_report { overall_health: HEALTHY } } }
I20260608 09:47:32.004717  4341 catalog_manager.cc:5696] T e92e386d27d34f11b76aedab1f855c8a P 5c14d12d1b2f4b029c5782e9d1d611df reported cstate change: term changed from 0 to 1, leader changed from <none> to 5c14d12d1b2f4b029c5782e9d1d611df (127.3.176.131). New cstate: current_term: 1 leader_uuid: "5c14d12d1b2f4b029c5782e9d1d611df" committed_config { opid_index: -1 OBSOLETE_local: false peers { permanent_uuid: "5df60e74fc8e4ea29f609ff30afe3d1d" member_type: VOTER last_known_addr { host: "127.3.176.129" port: 43379 } health_report { overall_health: UNKNOWN } } peers { permanent_uuid: "4e90b0a4bf2644e493c344757097d736" member_type: VOTER last_known_addr { host: "127.3.176.130" port: 36803 } health_report { overall_health: UNKNOWN } } peers { permanent_uuid: "5c14d12d1b2f4b029c5782e9d1d611df" member_type: VOTER last_known_addr { host: "127.3.176.131" port: 35047 } health_report { overall_health: HEALTHY } } }
I20260608 09:47:32.098453  4646 consensus_queue.cc:1048] T ba021c38a59243028ee4bccf9adde085 P 5df60e74fc8e4ea29f609ff30afe3d1d [LEADER]: Connected to new peer: Peer: permanent_uuid: "5c14d12d1b2f4b029c5782e9d1d611df" member_type: VOTER last_known_addr { host: "127.3.176.131" port: 35047 }, Status: LMP_MISMATCH, Last received: 0.0, Next index: 1, Last known committed idx: 0, Time since last communication: 0.001s
I20260608 09:47:32.101202  4646 consensus_queue.cc:1048] T ba021c38a59243028ee4bccf9adde085 P 5df60e74fc8e4ea29f609ff30afe3d1d [LEADER]: Connected to new peer: Peer: permanent_uuid: "4e90b0a4bf2644e493c344757097d736" member_type: VOTER last_known_addr { host: "127.3.176.130" port: 36803 }, Status: LMP_MISMATCH, Last received: 0.0, Next index: 1, Last known committed idx: 0, Time since last communication: 0.000s
I20260608 09:47:32.251672  4700 consensus_queue.cc:1048] T 0193a3fdbddd4316a6aac7ac163cb8ea P 5df60e74fc8e4ea29f609ff30afe3d1d [LEADER]: Connected to new peer: Peer: permanent_uuid: "4e90b0a4bf2644e493c344757097d736" member_type: VOTER last_known_addr { host: "127.3.176.130" port: 36803 }, Status: LMP_MISMATCH, Last received: 0.0, Next index: 1, Last known committed idx: 0, Time since last communication: 0.001s
I20260608 09:47:32.264876  4700 consensus_queue.cc:1048] T 0193a3fdbddd4316a6aac7ac163cb8ea P 5df60e74fc8e4ea29f609ff30afe3d1d [LEADER]: Connected to new peer: Peer: permanent_uuid: "5c14d12d1b2f4b029c5782e9d1d611df" member_type: VOTER last_known_addr { host: "127.3.176.131" port: 35047 }, Status: LMP_MISMATCH, Last received: 0.0, Next index: 1, Last known committed idx: 0, Time since last communication: 0.001s
I20260608 09:47:32.284240  4700 consensus_queue.cc:1048] T 47422af26dfc422faff6e0df8cdc790a P 5df60e74fc8e4ea29f609ff30afe3d1d [LEADER]: Connected to new peer: Peer: permanent_uuid: "4e90b0a4bf2644e493c344757097d736" member_type: VOTER last_known_addr { host: "127.3.176.130" port: 36803 }, Status: LMP_MISMATCH, Last received: 0.0, Next index: 1, Last known committed idx: 0, Time since last communication: 0.000s
I20260608 09:47:32.298880  4700 consensus_queue.cc:1048] T 47422af26dfc422faff6e0df8cdc790a P 5df60e74fc8e4ea29f609ff30afe3d1d [LEADER]: Connected to new peer: Peer: permanent_uuid: "5c14d12d1b2f4b029c5782e9d1d611df" member_type: VOTER last_known_addr { host: "127.3.176.131" port: 35047 }, Status: LMP_MISMATCH, Last received: 0.0, Next index: 1, Last known committed idx: 0, Time since last communication: 0.000s
I20260608 09:47:32.325139  4667 consensus_queue.cc:1048] T 57f6c23619384e24b244fe26787ef474 P 5c14d12d1b2f4b029c5782e9d1d611df [LEADER]: Connected to new peer: Peer: permanent_uuid: "5df60e74fc8e4ea29f609ff30afe3d1d" member_type: VOTER last_known_addr { host: "127.3.176.129" port: 43379 }, Status: LMP_MISMATCH, Last received: 0.0, Next index: 1, Last known committed idx: 0, Time since last communication: 0.000s
I20260608 09:47:32.327077  4667 consensus_queue.cc:1048] T 57f6c23619384e24b244fe26787ef474 P 5c14d12d1b2f4b029c5782e9d1d611df [LEADER]: Connected to new peer: Peer: permanent_uuid: "4e90b0a4bf2644e493c344757097d736" member_type: VOTER last_known_addr { host: "127.3.176.130" port: 36803 }, Status: LMP_MISMATCH, Last received: 0.0, Next index: 1, Last known committed idx: 0, Time since last communication: 0.000s
I20260608 09:47:32.354431  4681 consensus_queue.cc:1048] T e92e386d27d34f11b76aedab1f855c8a P 5c14d12d1b2f4b029c5782e9d1d611df [LEADER]: Connected to new peer: Peer: permanent_uuid: "5df60e74fc8e4ea29f609ff30afe3d1d" member_type: VOTER last_known_addr { host: "127.3.176.129" port: 43379 }, Status: LMP_MISMATCH, Last received: 0.0, Next index: 1, Last known committed idx: 0, Time since last communication: 0.000s
I20260608 09:47:32.361929  4686 consensus_queue.cc:1048] T eff90ea2bed74057bdf313ca6563eb38 P 5c14d12d1b2f4b029c5782e9d1d611df [LEADER]: Connected to new peer: Peer: permanent_uuid: "5df60e74fc8e4ea29f609ff30afe3d1d" member_type: VOTER last_known_addr { host: "127.3.176.129" port: 43379 }, Status: LMP_MISMATCH, Last received: 0.0, Next index: 1, Last known committed idx: 0, Time since last communication: 0.000s
I20260608 09:47:32.367573  4667 consensus_queue.cc:1048] T e92e386d27d34f11b76aedab1f855c8a P 5c14d12d1b2f4b029c5782e9d1d611df [LEADER]: Connected to new peer: Peer: permanent_uuid: "4e90b0a4bf2644e493c344757097d736" member_type: VOTER last_known_addr { host: "127.3.176.130" port: 36803 }, Status: LMP_MISMATCH, Last received: 0.0, Next index: 1, Last known committed idx: 0, Time since last communication: 0.000s
I20260608 09:47:32.379076  4686 consensus_queue.cc:1048] T eff90ea2bed74057bdf313ca6563eb38 P 5c14d12d1b2f4b029c5782e9d1d611df [LEADER]: Connected to new peer: Peer: permanent_uuid: "4e90b0a4bf2644e493c344757097d736" member_type: VOTER last_known_addr { host: "127.3.176.130" port: 36803 }, Status: LMP_MISMATCH, Last received: 0.0, Next index: 1, Last known committed idx: 0, Time since last communication: 0.000s
W20260608 09:47:32.491632  4391 auto_rebalancer.cc:259] Could not retrieve cluster info: Service unavailable: Tablet not running
I20260608 09:47:32.513222  4686 consensus_queue.cc:1048] T 82efb58cb92449a7a506479de60d4ffc P 5c14d12d1b2f4b029c5782e9d1d611df [LEADER]: Connected to new peer: Peer: permanent_uuid: "5df60e74fc8e4ea29f609ff30afe3d1d" member_type: VOTER last_known_addr { host: "127.3.176.129" port: 43379 }, Status: LMP_MISMATCH, Last received: 0.0, Next index: 1, Last known committed idx: 0, Time since last communication: 0.000s
I20260608 09:47:32.525801  4648 consensus_queue.cc:1048] T 82efb58cb92449a7a506479de60d4ffc P 5c14d12d1b2f4b029c5782e9d1d611df [LEADER]: Connected to new peer: Peer: permanent_uuid: "4e90b0a4bf2644e493c344757097d736" member_type: VOTER last_known_addr { host: "127.3.176.130" port: 36803 }, Status: LMP_MISMATCH, Last received: 0.0, Next index: 1, Last known committed idx: 0, Time since last communication: 0.000s
I20260608 09:47:33.430285  4715 raft_consensus.cc:493] T 805f397b784e4d78a229577633f8b58b P 4e90b0a4bf2644e493c344757097d736 [term 1 FOLLOWER]: Starting pre-election (no leader contacted us within the election timeout)
I20260608 09:47:33.430825  4715 raft_consensus.cc:515] T 805f397b784e4d78a229577633f8b58b P 4e90b0a4bf2644e493c344757097d736 [term 1 FOLLOWER]: Starting pre-election with config: opid_index: -1 OBSOLETE_local: false peers { permanent_uuid: "5df60e74fc8e4ea29f609ff30afe3d1d" member_type: VOTER last_known_addr { host: "127.3.176.129" port: 43379 } } peers { permanent_uuid: "4e90b0a4bf2644e493c344757097d736" member_type: VOTER last_known_addr { host: "127.3.176.130" port: 36803 } } peers { permanent_uuid: "5c14d12d1b2f4b029c5782e9d1d611df" member_type: VOTER last_known_addr { host: "127.3.176.131" port: 35047 } }
I20260608 09:47:33.432765  4715 leader_election.cc:290] T 805f397b784e4d78a229577633f8b58b P 4e90b0a4bf2644e493c344757097d736 [CANDIDATE]: Term 2 pre-election: Requested pre-vote from peers 5df60e74fc8e4ea29f609ff30afe3d1d (127.3.176.129:43379), 5c14d12d1b2f4b029c5782e9d1d611df (127.3.176.131:35047)
I20260608 09:47:33.433789  4443 tablet_service.cc:1917] Received RequestConsensusVote() RPC: tablet_id: "805f397b784e4d78a229577633f8b58b" candidate_uuid: "4e90b0a4bf2644e493c344757097d736" candidate_term: 2 candidate_status { last_received { term: 0 index: 0 } } ignore_live_leader: false dest_uuid: "5df60e74fc8e4ea29f609ff30afe3d1d" is_pre_election: true
I20260608 09:47:33.433917  4594 tablet_service.cc:1917] Received RequestConsensusVote() RPC: tablet_id: "805f397b784e4d78a229577633f8b58b" candidate_uuid: "4e90b0a4bf2644e493c344757097d736" candidate_term: 2 candidate_status { last_received { term: 0 index: 0 } } ignore_live_leader: false dest_uuid: "5c14d12d1b2f4b029c5782e9d1d611df" is_pre_election: true
I20260608 09:47:33.434350  4443 raft_consensus.cc:2468] T 805f397b784e4d78a229577633f8b58b P 5df60e74fc8e4ea29f609ff30afe3d1d [term 1 FOLLOWER]: Leader pre-election vote request: Granting yes vote for candidate 4e90b0a4bf2644e493c344757097d736 in term 1.
I20260608 09:47:33.434607  4594 raft_consensus.cc:2468] T 805f397b784e4d78a229577633f8b58b P 5c14d12d1b2f4b029c5782e9d1d611df [term 1 FOLLOWER]: Leader pre-election vote request: Granting yes vote for candidate 4e90b0a4bf2644e493c344757097d736 in term 1.
I20260608 09:47:33.435549  4485 leader_election.cc:304] T 805f397b784e4d78a229577633f8b58b P 4e90b0a4bf2644e493c344757097d736 [CANDIDATE]: Term 2 pre-election: Election decided. Result: candidate won. Election summary: received 2 responses out of 3 voters: 2 yes votes; 0 no votes. yes voters: 4e90b0a4bf2644e493c344757097d736, 5df60e74fc8e4ea29f609ff30afe3d1d; no voters: 
I20260608 09:47:33.436343  4715 raft_consensus.cc:2804] T 805f397b784e4d78a229577633f8b58b P 4e90b0a4bf2644e493c344757097d736 [term 1 FOLLOWER]: Leader pre-election won for term 2
I20260608 09:47:33.436645  4715 raft_consensus.cc:493] T 805f397b784e4d78a229577633f8b58b P 4e90b0a4bf2644e493c344757097d736 [term 1 FOLLOWER]: Starting leader election (no leader contacted us within the election timeout)
I20260608 09:47:33.436918  4715 raft_consensus.cc:3060] T 805f397b784e4d78a229577633f8b58b P 4e90b0a4bf2644e493c344757097d736 [term 1 FOLLOWER]: Advancing to term 2
I20260608 09:47:33.442046  4715 raft_consensus.cc:515] T 805f397b784e4d78a229577633f8b58b P 4e90b0a4bf2644e493c344757097d736 [term 2 FOLLOWER]: Starting leader election with config: opid_index: -1 OBSOLETE_local: false peers { permanent_uuid: "5df60e74fc8e4ea29f609ff30afe3d1d" member_type: VOTER last_known_addr { host: "127.3.176.129" port: 43379 } } peers { permanent_uuid: "4e90b0a4bf2644e493c344757097d736" member_type: VOTER last_known_addr { host: "127.3.176.130" port: 36803 } } peers { permanent_uuid: "5c14d12d1b2f4b029c5782e9d1d611df" member_type: VOTER last_known_addr { host: "127.3.176.131" port: 35047 } }
I20260608 09:47:33.444185  4715 leader_election.cc:290] T 805f397b784e4d78a229577633f8b58b P 4e90b0a4bf2644e493c344757097d736 [CANDIDATE]: Term 2 election: Requested vote from peers 5df60e74fc8e4ea29f609ff30afe3d1d (127.3.176.129:43379), 5c14d12d1b2f4b029c5782e9d1d611df (127.3.176.131:35047)
I20260608 09:47:33.445200  4443 tablet_service.cc:1917] Received RequestConsensusVote() RPC: tablet_id: "805f397b784e4d78a229577633f8b58b" candidate_uuid: "4e90b0a4bf2644e493c344757097d736" candidate_term: 2 candidate_status { last_received { term: 0 index: 0 } } ignore_live_leader: false dest_uuid: "5df60e74fc8e4ea29f609ff30afe3d1d"
I20260608 09:47:33.445864  4443 raft_consensus.cc:3060] T 805f397b784e4d78a229577633f8b58b P 5df60e74fc8e4ea29f609ff30afe3d1d [term 1 FOLLOWER]: Advancing to term 2
I20260608 09:47:33.445951  4594 tablet_service.cc:1917] Received RequestConsensusVote() RPC: tablet_id: "805f397b784e4d78a229577633f8b58b" candidate_uuid: "4e90b0a4bf2644e493c344757097d736" candidate_term: 2 candidate_status { last_received { term: 0 index: 0 } } ignore_live_leader: false dest_uuid: "5c14d12d1b2f4b029c5782e9d1d611df"
I20260608 09:47:33.446601  4594 raft_consensus.cc:3060] T 805f397b784e4d78a229577633f8b58b P 5c14d12d1b2f4b029c5782e9d1d611df [term 1 FOLLOWER]: Advancing to term 2
I20260608 09:47:33.451087  4443 raft_consensus.cc:2468] T 805f397b784e4d78a229577633f8b58b P 5df60e74fc8e4ea29f609ff30afe3d1d [term 2 FOLLOWER]: Leader election vote request: Granting yes vote for candidate 4e90b0a4bf2644e493c344757097d736 in term 2.
I20260608 09:47:33.451879  4594 raft_consensus.cc:2468] T 805f397b784e4d78a229577633f8b58b P 5c14d12d1b2f4b029c5782e9d1d611df [term 2 FOLLOWER]: Leader election vote request: Granting yes vote for candidate 4e90b0a4bf2644e493c344757097d736 in term 2.
I20260608 09:47:33.452327  4485 leader_election.cc:304] T 805f397b784e4d78a229577633f8b58b P 4e90b0a4bf2644e493c344757097d736 [CANDIDATE]: Term 2 election: Election decided. Result: candidate won. Election summary: received 2 responses out of 3 voters: 2 yes votes; 0 no votes. yes voters: 4e90b0a4bf2644e493c344757097d736, 5df60e74fc8e4ea29f609ff30afe3d1d; no voters: 
I20260608 09:47:33.453140  4715 raft_consensus.cc:2804] T 805f397b784e4d78a229577633f8b58b P 4e90b0a4bf2644e493c344757097d736 [term 2 FOLLOWER]: Leader election won for term 2
I20260608 09:47:33.454087  4715 raft_consensus.cc:697] T 805f397b784e4d78a229577633f8b58b P 4e90b0a4bf2644e493c344757097d736 [term 2 LEADER]: Becoming Leader. State: Replica: 4e90b0a4bf2644e493c344757097d736, State: Running, Role: LEADER
I20260608 09:47:33.455390  4715 consensus_queue.cc:237] T 805f397b784e4d78a229577633f8b58b P 4e90b0a4bf2644e493c344757097d736 [LEADER]: Queue going to LEADER mode. State: All replicated index: 0, Majority replicated index: 0, Committed index: 0, Last appended: 0.0, Last appended by leader: 0, Current term: 2, Majority size: 2, State: 0, Mode: LEADER, active raft config: opid_index: -1 OBSOLETE_local: false peers { permanent_uuid: "5df60e74fc8e4ea29f609ff30afe3d1d" member_type: VOTER last_known_addr { host: "127.3.176.129" port: 43379 } } peers { permanent_uuid: "4e90b0a4bf2644e493c344757097d736" member_type: VOTER last_known_addr { host: "127.3.176.130" port: 36803 } } peers { permanent_uuid: "5c14d12d1b2f4b029c5782e9d1d611df" member_type: VOTER last_known_addr { host: "127.3.176.131" port: 35047 } }
I20260608 09:47:33.463891  4341 catalog_manager.cc:5696] T 805f397b784e4d78a229577633f8b58b P 4e90b0a4bf2644e493c344757097d736 reported cstate change: term changed from 0 to 2, leader changed from <none> to 4e90b0a4bf2644e493c344757097d736 (127.3.176.130). New cstate: current_term: 2 leader_uuid: "4e90b0a4bf2644e493c344757097d736" committed_config { opid_index: -1 OBSOLETE_local: false peers { permanent_uuid: "5df60e74fc8e4ea29f609ff30afe3d1d" member_type: VOTER last_known_addr { host: "127.3.176.129" port: 43379 } health_report { overall_health: UNKNOWN } } peers { permanent_uuid: "4e90b0a4bf2644e493c344757097d736" member_type: VOTER last_known_addr { host: "127.3.176.130" port: 36803 } health_report { overall_health: HEALTHY } } peers { permanent_uuid: "5c14d12d1b2f4b029c5782e9d1d611df" member_type: VOTER last_known_addr { host: "127.3.176.131" port: 35047 } health_report { overall_health: UNKNOWN } } }
I20260608 09:47:33.492311  4396 auto_leader_rebalancer.cc:140] leader rebalance for table test-workload
I20260608 09:47:33.518065  4594 tablet_service.cc:2072] Received LeaderStepDown RPC: tablet_id: "57f6c23619384e24b244fe26787ef474"
dest_uuid: "5c14d12d1b2f4b029c5782e9d1d611df"
mode: GRACEFUL
new_leader_uuid: "4e90b0a4bf2644e493c344757097d736"
 from {username='slave'} at 127.0.0.1:59222
I20260608 09:47:33.518841  4594 raft_consensus.cc:606] T 57f6c23619384e24b244fe26787ef474 P 5c14d12d1b2f4b029c5782e9d1d611df [term 1 LEADER]: Received request to transfer leadership to TS 4e90b0a4bf2644e493c344757097d736
I20260608 09:47:33.520375  4396 auto_leader_rebalancer.cc:388] table: test-workload, leader rebalance finish, leader transfer count: 1
I20260608 09:47:33.521009  4396 auto_leader_rebalancer.cc:451] All tables' leader rebalancing finished this round
I20260608 09:47:33.779706  3778 file_cache.cc:492] Constructed file cache file cache with capacity 419430
W20260608 09:47:33.787490  4724 instance_detector.cc:116] could not retrieve AWS instance metadata: Network error: curl error: HTTP response code said error: The requested URL returned error: 404
W20260608 09:47:33.788369  4725 instance_detector.cc:116] could not retrieve Azure instance metadata: Network error: curl error: HTTP response code said error: The requested URL returned error: 404
W20260608 09:47:33.790330  4727 instance_detector.cc:116] could not retrieve OpenStack instance metadata: Network error: curl error: HTTP response code said error: The requested URL returned error: 404
I20260608 09:47:33.790463  3778 server_base.cc:1061] running on GCE node
I20260608 09:47:33.791859  3778 hybrid_clock.cc:584] initializing the hybrid clock with 'system_unsync' time source
W20260608 09:47:33.792120  3778 system_unsync_time.cc:38] NTP support is disabled. Clock error bounds will not be accurate. This configuration is not suitable for distributed clusters.
I20260608 09:47:33.792308  3778 hybrid_clock.cc:648] HybridClock initialized: now 1780912053792290 us; error 0 us; skew 500 ppm
I20260608 09:47:33.792938  3778 server_base.cc:861] Flag tcmalloc_max_total_thread_cache_bytes is not working since tcmalloc is not enabled.
I20260608 09:47:33.796185  3778 webserver.cc:533] Webserver started at http://127.3.176.132:40739/ using document root <none> and password file <none>
I20260608 09:47:33.796733  3778 fs_manager.cc:362] Metadata directory not provided
I20260608 09:47:33.796927  3778 fs_manager.cc:368] Using write-ahead log directory (fs_wal_dir) as metadata directory
I20260608 09:47:33.797224  3778 server_base.cc:909] This appears to be a new deployment of Kudu; creating new FS layout
I20260608 09:47:33.798523  3778 fs_manager.cc:1068] Generated new instance metadata in path /tmp/dist-test-taskjRl9F5/test-tmp/auto_rebalancer-test.0.AutoRebalancerTest.AutoRebalancingTurnOffAndOn.1780912040303198-3778-0/minicluster-data/ts-3-root/instance:
uuid: "35a6009812c344b4b2698003438fcecd"
format_stamp: "Formatted at 2026-06-08 09:47:33 on dist-test-slave-qcvl"
I20260608 09:47:33.803915  3778 fs_manager.cc:696] Time spent creating directory manager: real 0.005s	user 0.007s	sys 0.000s
I20260608 09:47:33.808646  4732 log_block_manager.cc:4031] Time spent loading block containers with low live blocks: real 0.000s	user 0.000s	sys 0.000s
I20260608 09:47:33.809679  3778 fs_manager.cc:730] Time spent opening block manager: real 0.003s	user 0.004s	sys 0.000s
I20260608 09:47:33.810124  3778 fs_manager.cc:647] Opened local filesystem: /tmp/dist-test-taskjRl9F5/test-tmp/auto_rebalancer-test.0.AutoRebalancerTest.AutoRebalancingTurnOffAndOn.1780912040303198-3778-0/minicluster-data/ts-3-root
uuid: "35a6009812c344b4b2698003438fcecd"
format_stamp: "Formatted at 2026-06-08 09:47:33 on dist-test-slave-qcvl"
I20260608 09:47:33.810550  3778 fs_report.cc:389] FS layout report
--------------------
wal directory: /tmp/dist-test-taskjRl9F5/test-tmp/auto_rebalancer-test.0.AutoRebalancerTest.AutoRebalancingTurnOffAndOn.1780912040303198-3778-0/minicluster-data/ts-3-root
metadata directory: /tmp/dist-test-taskjRl9F5/test-tmp/auto_rebalancer-test.0.AutoRebalancerTest.AutoRebalancingTurnOffAndOn.1780912040303198-3778-0/minicluster-data/ts-3-root
1 data directories: /tmp/dist-test-taskjRl9F5/test-tmp/auto_rebalancer-test.0.AutoRebalancerTest.AutoRebalancingTurnOffAndOn.1780912040303198-3778-0/minicluster-data/ts-3-root/data
Total live blocks: 0
Total live bytes: 0
Total live bytes (after alignment): 0
Total number of LBM containers: 0 (0 full)
Did not check for missing blocks
Did not check for orphaned blocks
Total full LBM containers with extra space: 0 (0 repaired)
Total full LBM container extra space in bytes: 0 (0 repaired)
Total incomplete LBM containers: 0 (0 repaired)
Total LBM partial records: 0 (0 repaired)
Total corrupted LBM metadata records in RocksDB: 0 (0 repaired)
I20260608 09:47:33.837476  3778 rpc_server.cc:225] running with OpenSSL 1.1.1  11 Sep 2018
I20260608 09:47:33.839054  3778 kserver.cc:163] Server-wide thread pool size limit: 3276
I20260608 09:47:33.840885  3778 txn_system_client.cc:432] TxnSystemClient initialization is disabled...
I20260608 09:47:33.843931  3778 ts_tablet_manager.cc:585] Loaded tablet metadata (0 total tablets, 0 live tablets)
I20260608 09:47:33.844187  3778 ts_tablet_manager.cc:531] Time spent load tablet metadata: real 0.000s	user 0.000s	sys 0.001s
I20260608 09:47:33.844471  3778 ts_tablet_manager.cc:616] Registered 0 tablets
I20260608 09:47:33.844663  3778 ts_tablet_manager.cc:595] Time spent register tablets: real 0.000s	user 0.000s	sys 0.000s
I20260608 09:47:33.846695  4443 raft_consensus.cc:1275] T 805f397b784e4d78a229577633f8b58b P 5df60e74fc8e4ea29f609ff30afe3d1d [term 2 FOLLOWER]: Refusing update from remote peer 4e90b0a4bf2644e493c344757097d736: Log matching property violated. Preceding OpId in replica: term: 0 index: 0. Preceding OpId from leader: term: 2 index: 1. (index mismatch)
I20260608 09:47:33.848227  4715 consensus_queue.cc:1048] T 805f397b784e4d78a229577633f8b58b P 4e90b0a4bf2644e493c344757097d736 [LEADER]: Connected to new peer: Peer: permanent_uuid: "5df60e74fc8e4ea29f609ff30afe3d1d" member_type: VOTER last_known_addr { host: "127.3.176.129" port: 43379 }, Status: LMP_MISMATCH, Last received: 0.0, Next index: 1, Last known committed idx: 0, Time since last communication: 0.000s
I20260608 09:47:33.865368  4594 raft_consensus.cc:1275] T 805f397b784e4d78a229577633f8b58b P 5c14d12d1b2f4b029c5782e9d1d611df [term 2 FOLLOWER]: Refusing update from remote peer 4e90b0a4bf2644e493c344757097d736: Log matching property violated. Preceding OpId in replica: term: 0 index: 0. Preceding OpId from leader: term: 2 index: 1. (index mismatch)
I20260608 09:47:33.867105  4716 consensus_queue.cc:1048] T 805f397b784e4d78a229577633f8b58b P 4e90b0a4bf2644e493c344757097d736 [LEADER]: Connected to new peer: Peer: permanent_uuid: "5c14d12d1b2f4b029c5782e9d1d611df" member_type: VOTER last_known_addr { host: "127.3.176.131" port: 35047 }, Status: LMP_MISMATCH, Last received: 0.0, Next index: 1, Last known committed idx: 0, Time since last communication: 0.001s
I20260608 09:47:33.921432  3778 rpc_server.cc:307] RPC server started. Bound to: 127.3.176.132:36025
I20260608 09:47:33.921635  4800 acceptor_pool.cc:272] collecting diagnostics on the listening RPC socket 127.3.176.132:36025 every 8 connection(s)
I20260608 09:47:33.933521  4686 raft_consensus.cc:993] T 57f6c23619384e24b244fe26787ef474 P 5c14d12d1b2f4b029c5782e9d1d611df: : Instructing follower 4e90b0a4bf2644e493c344757097d736 to start an election
I20260608 09:47:33.934119  4760 raft_consensus.cc:1081] T 57f6c23619384e24b244fe26787ef474 P 5c14d12d1b2f4b029c5782e9d1d611df [term 1 LEADER]: Signalling peer 4e90b0a4bf2644e493c344757097d736 to start an election
I20260608 09:47:33.936282  4516 tablet_service.cc:2044] Received Run Leader Election RPC: tablet_id: "57f6c23619384e24b244fe26787ef474"
dest_uuid: "4e90b0a4bf2644e493c344757097d736"
 from {username='slave'} at 127.0.0.1:48654
I20260608 09:47:33.936991  4516 raft_consensus.cc:493] T 57f6c23619384e24b244fe26787ef474 P 4e90b0a4bf2644e493c344757097d736 [term 1 FOLLOWER]: Starting forced leader election (received explicit request)
I20260608 09:47:33.937414  4516 raft_consensus.cc:3060] T 57f6c23619384e24b244fe26787ef474 P 4e90b0a4bf2644e493c344757097d736 [term 1 FOLLOWER]: Advancing to term 2
I20260608 09:47:33.939123  4801 heartbeater.cc:344] Connected to a master server at 127.3.176.190:37015
I20260608 09:47:33.939607  4801 heartbeater.cc:461] Registering TS with master...
I20260608 09:47:33.940697  4801 heartbeater.cc:507] Master 127.3.176.190:37015 requested a full tablet report, sending...
I20260608 09:47:33.943301  4341 ts_manager.cc:194] Registered new tserver with Master: 35a6009812c344b4b2698003438fcecd (127.3.176.132:36025)
I20260608 09:47:33.943454  4516 raft_consensus.cc:515] T 57f6c23619384e24b244fe26787ef474 P 4e90b0a4bf2644e493c344757097d736 [term 2 FOLLOWER]: Starting forced leader election with config: opid_index: -1 OBSOLETE_local: false peers { permanent_uuid: "5df60e74fc8e4ea29f609ff30afe3d1d" member_type: VOTER last_known_addr { host: "127.3.176.129" port: 43379 } } peers { permanent_uuid: "4e90b0a4bf2644e493c344757097d736" member_type: VOTER last_known_addr { host: "127.3.176.130" port: 36803 } } peers { permanent_uuid: "5c14d12d1b2f4b029c5782e9d1d611df" member_type: VOTER last_known_addr { host: "127.3.176.131" port: 35047 } }
I20260608 09:47:33.945135  4341 master_service.cc:502] Signed X509 certificate for tserver {username='slave'} at 127.0.0.1:44376
I20260608 09:47:33.946082  4516 leader_election.cc:290] T 57f6c23619384e24b244fe26787ef474 P 4e90b0a4bf2644e493c344757097d736 [CANDIDATE]: Term 2 election: Requested vote from peers 5df60e74fc8e4ea29f609ff30afe3d1d (127.3.176.129:43379), 5c14d12d1b2f4b029c5782e9d1d611df (127.3.176.131:35047)
I20260608 09:47:33.946442  4443 tablet_service.cc:1917] Received RequestConsensusVote() RPC: tablet_id: "57f6c23619384e24b244fe26787ef474" candidate_uuid: "4e90b0a4bf2644e493c344757097d736" candidate_term: 2 candidate_status { last_received { term: 1 index: 1 } } ignore_live_leader: true dest_uuid: "5df60e74fc8e4ea29f609ff30afe3d1d"
I20260608 09:47:33.946908  4594 tablet_service.cc:1917] Received RequestConsensusVote() RPC: tablet_id: "57f6c23619384e24b244fe26787ef474" candidate_uuid: "4e90b0a4bf2644e493c344757097d736" candidate_term: 2 candidate_status { last_received { term: 1 index: 1 } } ignore_live_leader: true dest_uuid: "5c14d12d1b2f4b029c5782e9d1d611df"
I20260608 09:47:33.947042  4443 raft_consensus.cc:3060] T 57f6c23619384e24b244fe26787ef474 P 5df60e74fc8e4ea29f609ff30afe3d1d [term 1 FOLLOWER]: Advancing to term 2
I20260608 09:47:33.947611  4594 raft_consensus.cc:3055] T 57f6c23619384e24b244fe26787ef474 P 5c14d12d1b2f4b029c5782e9d1d611df [term 1 LEADER]: Stepping down as leader of term 1
I20260608 09:47:33.947916  4594 raft_consensus.cc:740] T 57f6c23619384e24b244fe26787ef474 P 5c14d12d1b2f4b029c5782e9d1d611df [term 1 LEADER]: Becoming Follower/Learner. State: Replica: 5c14d12d1b2f4b029c5782e9d1d611df, State: Running, Role: LEADER
I20260608 09:47:33.948844  4594 consensus_queue.cc:260] T 57f6c23619384e24b244fe26787ef474 P 5c14d12d1b2f4b029c5782e9d1d611df [NON_LEADER]: Queue going to NON_LEADER mode. State: All replicated index: 0, Majority replicated index: 1, Committed index: 1, Last appended: 1.1, Last appended by leader: 1, Current term: 1, Majority size: -1, State: 0, Mode: NON_LEADER, active raft config: opid_index: -1 OBSOLETE_local: false peers { permanent_uuid: "5df60e74fc8e4ea29f609ff30afe3d1d" member_type: VOTER last_known_addr { host: "127.3.176.129" port: 43379 } } peers { permanent_uuid: "4e90b0a4bf2644e493c344757097d736" member_type: VOTER last_known_addr { host: "127.3.176.130" port: 36803 } } peers { permanent_uuid: "5c14d12d1b2f4b029c5782e9d1d611df" member_type: VOTER last_known_addr { host: "127.3.176.131" port: 35047 } }
I20260608 09:47:33.950554  4594 raft_consensus.cc:3060] T 57f6c23619384e24b244fe26787ef474 P 5c14d12d1b2f4b029c5782e9d1d611df [term 1 FOLLOWER]: Advancing to term 2
I20260608 09:47:33.953603  4443 raft_consensus.cc:2468] T 57f6c23619384e24b244fe26787ef474 P 5df60e74fc8e4ea29f609ff30afe3d1d [term 2 FOLLOWER]: Leader election vote request: Granting yes vote for candidate 4e90b0a4bf2644e493c344757097d736 in term 2.
I20260608 09:47:33.954849  4485 leader_election.cc:304] T 57f6c23619384e24b244fe26787ef474 P 4e90b0a4bf2644e493c344757097d736 [CANDIDATE]: Term 2 election: Election decided. Result: candidate won. Election summary: received 2 responses out of 3 voters: 2 yes votes; 0 no votes. yes voters: 4e90b0a4bf2644e493c344757097d736, 5df60e74fc8e4ea29f609ff30afe3d1d; no voters: 
I20260608 09:47:33.955829  4716 raft_consensus.cc:2804] T 57f6c23619384e24b244fe26787ef474 P 4e90b0a4bf2644e493c344757097d736 [term 2 FOLLOWER]: Leader election won for term 2
I20260608 09:47:33.956322  4716 raft_consensus.cc:697] T 57f6c23619384e24b244fe26787ef474 P 4e90b0a4bf2644e493c344757097d736 [term 2 LEADER]: Becoming Leader. State: Replica: 4e90b0a4bf2644e493c344757097d736, State: Running, Role: LEADER
I20260608 09:47:33.956427  4594 raft_consensus.cc:2468] T 57f6c23619384e24b244fe26787ef474 P 5c14d12d1b2f4b029c5782e9d1d611df [term 2 FOLLOWER]: Leader election vote request: Granting yes vote for candidate 4e90b0a4bf2644e493c344757097d736 in term 2.
I20260608 09:47:33.957249  4716 consensus_queue.cc:237] T 57f6c23619384e24b244fe26787ef474 P 4e90b0a4bf2644e493c344757097d736 [LEADER]: Queue going to LEADER mode. State: All replicated index: 0, Majority replicated index: 1, Committed index: 1, Last appended: 1.1, Last appended by leader: 1, Current term: 2, Majority size: 2, State: 0, Mode: LEADER, active raft config: opid_index: -1 OBSOLETE_local: false peers { permanent_uuid: "5df60e74fc8e4ea29f609ff30afe3d1d" member_type: VOTER last_known_addr { host: "127.3.176.129" port: 43379 } } peers { permanent_uuid: "4e90b0a4bf2644e493c344757097d736" member_type: VOTER last_known_addr { host: "127.3.176.130" port: 36803 } } peers { permanent_uuid: "5c14d12d1b2f4b029c5782e9d1d611df" member_type: VOTER last_known_addr { host: "127.3.176.131" port: 35047 } }
I20260608 09:47:33.966166  4341 catalog_manager.cc:5696] T 57f6c23619384e24b244fe26787ef474 P 4e90b0a4bf2644e493c344757097d736 reported cstate change: term changed from 1 to 2, leader changed from 5c14d12d1b2f4b029c5782e9d1d611df (127.3.176.131) to 4e90b0a4bf2644e493c344757097d736 (127.3.176.130). New cstate: current_term: 2 leader_uuid: "4e90b0a4bf2644e493c344757097d736" committed_config { opid_index: -1 OBSOLETE_local: false peers { permanent_uuid: "5df60e74fc8e4ea29f609ff30afe3d1d" member_type: VOTER last_known_addr { host: "127.3.176.129" port: 43379 } health_report { overall_health: UNKNOWN } } peers { permanent_uuid: "4e90b0a4bf2644e493c344757097d736" member_type: VOTER last_known_addr { host: "127.3.176.130" port: 36803 } health_report { overall_health: HEALTHY } } peers { permanent_uuid: "5c14d12d1b2f4b029c5782e9d1d611df" member_type: VOTER last_known_addr { host: "127.3.176.131" port: 35047 } health_report { overall_health: UNKNOWN } } }
I20260608 09:47:34.608280  4443 raft_consensus.cc:1275] T 57f6c23619384e24b244fe26787ef474 P 5df60e74fc8e4ea29f609ff30afe3d1d [term 2 FOLLOWER]: Refusing update from remote peer 4e90b0a4bf2644e493c344757097d736: Log matching property violated. Preceding OpId in replica: term: 1 index: 1. Preceding OpId from leader: term: 2 index: 2. (index mismatch)
I20260608 09:47:34.696046  4594 raft_consensus.cc:1275] T 57f6c23619384e24b244fe26787ef474 P 5c14d12d1b2f4b029c5782e9d1d611df [term 2 FOLLOWER]: Refusing update from remote peer 4e90b0a4bf2644e493c344757097d736: Log matching property violated. Preceding OpId in replica: term: 1 index: 1. Preceding OpId from leader: term: 2 index: 2. (index mismatch)
I20260608 09:47:34.699679  4811 consensus_queue.cc:1048] T 57f6c23619384e24b244fe26787ef474 P 4e90b0a4bf2644e493c344757097d736 [LEADER]: Connected to new peer: Peer: permanent_uuid: "5df60e74fc8e4ea29f609ff30afe3d1d" member_type: VOTER last_known_addr { host: "127.3.176.129" port: 43379 }, Status: LMP_MISMATCH, Last received: 0.0, Next index: 2, Last known committed idx: 1, Time since last communication: 0.000s
I20260608 09:47:34.701404  4715 consensus_queue.cc:1048] T 57f6c23619384e24b244fe26787ef474 P 4e90b0a4bf2644e493c344757097d736 [LEADER]: Connected to new peer: Peer: permanent_uuid: "5c14d12d1b2f4b029c5782e9d1d611df" member_type: VOTER last_known_addr { host: "127.3.176.131" port: 35047 }, Status: LMP_MISMATCH, Last received: 0.0, Next index: 2, Last known committed idx: 1, Time since last communication: 0.001s
I20260608 09:47:34.950205  4801 heartbeater.cc:499] Master 127.3.176.190:37015 was elected leader, sending a full tablet report...
W20260608 09:47:35.467236  4615 debug-util.cc:398] Leaking SignalData structure 0x7b08001f4000 after lost signal to thread 3781
W20260608 09:47:35.468158  4615 debug-util.cc:398] Leaking SignalData structure 0x7b08001f56c0 after lost signal to thread 4377
W20260608 09:47:35.469129  4615 debug-util.cc:398] Leaking SignalData structure 0x7b0800129560 after lost signal to thread 4469
W20260608 09:47:35.469923  4615 debug-util.cc:398] Leaking SignalData structure 0x7b080017f3a0 after lost signal to thread 4544
W20260608 09:47:35.470789  4615 debug-util.cc:398] Leaking SignalData structure 0x7b08001a6e40 after lost signal to thread 4618
W20260608 09:47:35.471684  4615 debug-util.cc:398] Leaking SignalData structure 0x7b080019d6c0 after lost signal to thread 4800
W20260608 09:47:35.471897  4615 debug-util.cc:398] Leaking SignalData structure 0x7b08001a69e0 after lost signal to thread 4804
I20260608 09:47:35.522475  4396 auto_leader_rebalancer.cc:140] leader rebalance for table test-workload
I20260608 09:47:35.534961  4593 tablet_service.cc:2072] Received LeaderStepDown RPC: tablet_id: "eff90ea2bed74057bdf313ca6563eb38"
dest_uuid: "5c14d12d1b2f4b029c5782e9d1d611df"
mode: GRACEFUL
new_leader_uuid: "4e90b0a4bf2644e493c344757097d736"
 from {username='slave'} at 127.0.0.1:59222
I20260608 09:47:35.535650  4593 raft_consensus.cc:606] T eff90ea2bed74057bdf313ca6563eb38 P 5c14d12d1b2f4b029c5782e9d1d611df [term 1 LEADER]: Received request to transfer leadership to TS 4e90b0a4bf2644e493c344757097d736
I20260608 09:47:35.537518  4396 auto_leader_rebalancer.cc:388] table: test-workload, leader rebalance finish, leader transfer count: 1
I20260608 09:47:35.538163  4396 auto_leader_rebalancer.cc:451] All tables' leader rebalancing finished this round
I20260608 09:47:36.078928  4686 raft_consensus.cc:993] T eff90ea2bed74057bdf313ca6563eb38 P 5c14d12d1b2f4b029c5782e9d1d611df: : Instructing follower 4e90b0a4bf2644e493c344757097d736 to start an election
I20260608 09:47:36.079363  4818 raft_consensus.cc:1081] T eff90ea2bed74057bdf313ca6563eb38 P 5c14d12d1b2f4b029c5782e9d1d611df [term 1 LEADER]: Signalling peer 4e90b0a4bf2644e493c344757097d736 to start an election
I20260608 09:47:36.081521  4516 tablet_service.cc:2044] Received Run Leader Election RPC: tablet_id: "eff90ea2bed74057bdf313ca6563eb38"
dest_uuid: "4e90b0a4bf2644e493c344757097d736"
 from {username='slave'} at 127.0.0.1:48654
I20260608 09:47:36.082005  4516 raft_consensus.cc:493] T eff90ea2bed74057bdf313ca6563eb38 P 4e90b0a4bf2644e493c344757097d736 [term 1 FOLLOWER]: Starting forced leader election (received explicit request)
I20260608 09:47:36.082288  4516 raft_consensus.cc:3060] T eff90ea2bed74057bdf313ca6563eb38 P 4e90b0a4bf2644e493c344757097d736 [term 1 FOLLOWER]: Advancing to term 2
I20260608 09:47:36.086869  4516 raft_consensus.cc:515] T eff90ea2bed74057bdf313ca6563eb38 P 4e90b0a4bf2644e493c344757097d736 [term 2 FOLLOWER]: Starting forced leader election with config: opid_index: -1 OBSOLETE_local: false peers { permanent_uuid: "5df60e74fc8e4ea29f609ff30afe3d1d" member_type: VOTER last_known_addr { host: "127.3.176.129" port: 43379 } } peers { permanent_uuid: "4e90b0a4bf2644e493c344757097d736" member_type: VOTER last_known_addr { host: "127.3.176.130" port: 36803 } } peers { permanent_uuid: "5c14d12d1b2f4b029c5782e9d1d611df" member_type: VOTER last_known_addr { host: "127.3.176.131" port: 35047 } }
I20260608 09:47:36.088538  4516 leader_election.cc:290] T eff90ea2bed74057bdf313ca6563eb38 P 4e90b0a4bf2644e493c344757097d736 [CANDIDATE]: Term 2 election: Requested vote from peers 5df60e74fc8e4ea29f609ff30afe3d1d (127.3.176.129:43379), 5c14d12d1b2f4b029c5782e9d1d611df (127.3.176.131:35047)
I20260608 09:47:36.089874  4593 tablet_service.cc:1917] Received RequestConsensusVote() RPC: tablet_id: "eff90ea2bed74057bdf313ca6563eb38" candidate_uuid: "4e90b0a4bf2644e493c344757097d736" candidate_term: 2 candidate_status { last_received { term: 1 index: 1 } } ignore_live_leader: true dest_uuid: "5c14d12d1b2f4b029c5782e9d1d611df"
I20260608 09:47:36.089781  4443 tablet_service.cc:1917] Received RequestConsensusVote() RPC: tablet_id: "eff90ea2bed74057bdf313ca6563eb38" candidate_uuid: "4e90b0a4bf2644e493c344757097d736" candidate_term: 2 candidate_status { last_received { term: 1 index: 1 } } ignore_live_leader: true dest_uuid: "5df60e74fc8e4ea29f609ff30afe3d1d"
I20260608 09:47:36.090571  4593 raft_consensus.cc:3055] T eff90ea2bed74057bdf313ca6563eb38 P 5c14d12d1b2f4b029c5782e9d1d611df [term 1 LEADER]: Stepping down as leader of term 1
I20260608 09:47:36.090708  4443 raft_consensus.cc:3060] T eff90ea2bed74057bdf313ca6563eb38 P 5df60e74fc8e4ea29f609ff30afe3d1d [term 1 FOLLOWER]: Advancing to term 2
I20260608 09:47:36.090888  4593 raft_consensus.cc:740] T eff90ea2bed74057bdf313ca6563eb38 P 5c14d12d1b2f4b029c5782e9d1d611df [term 1 LEADER]: Becoming Follower/Learner. State: Replica: 5c14d12d1b2f4b029c5782e9d1d611df, State: Running, Role: LEADER
I20260608 09:47:36.092149  4593 consensus_queue.cc:260] T eff90ea2bed74057bdf313ca6563eb38 P 5c14d12d1b2f4b029c5782e9d1d611df [NON_LEADER]: Queue going to NON_LEADER mode. State: All replicated index: 0, Majority replicated index: 1, Committed index: 1, Last appended: 1.1, Last appended by leader: 1, Current term: 1, Majority size: -1, State: 0, Mode: NON_LEADER, active raft config: opid_index: -1 OBSOLETE_local: false peers { permanent_uuid: "5df60e74fc8e4ea29f609ff30afe3d1d" member_type: VOTER last_known_addr { host: "127.3.176.129" port: 43379 } } peers { permanent_uuid: "4e90b0a4bf2644e493c344757097d736" member_type: VOTER last_known_addr { host: "127.3.176.130" port: 36803 } } peers { permanent_uuid: "5c14d12d1b2f4b029c5782e9d1d611df" member_type: VOTER last_known_addr { host: "127.3.176.131" port: 35047 } }
I20260608 09:47:36.093057  4593 raft_consensus.cc:3060] T eff90ea2bed74057bdf313ca6563eb38 P 5c14d12d1b2f4b029c5782e9d1d611df [term 1 FOLLOWER]: Advancing to term 2
I20260608 09:47:36.098040  4593 raft_consensus.cc:2468] T eff90ea2bed74057bdf313ca6563eb38 P 5c14d12d1b2f4b029c5782e9d1d611df [term 2 FOLLOWER]: Leader election vote request: Granting yes vote for candidate 4e90b0a4bf2644e493c344757097d736 in term 2.
I20260608 09:47:36.098453  4443 raft_consensus.cc:2468] T eff90ea2bed74057bdf313ca6563eb38 P 5df60e74fc8e4ea29f609ff30afe3d1d [term 2 FOLLOWER]: Leader election vote request: Granting yes vote for candidate 4e90b0a4bf2644e493c344757097d736 in term 2.
I20260608 09:47:36.099149  4484 leader_election.cc:304] T eff90ea2bed74057bdf313ca6563eb38 P 4e90b0a4bf2644e493c344757097d736 [CANDIDATE]: Term 2 election: Election decided. Result: candidate won. Election summary: received 2 responses out of 3 voters: 2 yes votes; 0 no votes. yes voters: 4e90b0a4bf2644e493c344757097d736, 5c14d12d1b2f4b029c5782e9d1d611df; no voters: 
I20260608 09:47:36.099969  4715 raft_consensus.cc:2804] T eff90ea2bed74057bdf313ca6563eb38 P 4e90b0a4bf2644e493c344757097d736 [term 2 FOLLOWER]: Leader election won for term 2
I20260608 09:47:36.101023  4715 raft_consensus.cc:697] T eff90ea2bed74057bdf313ca6563eb38 P 4e90b0a4bf2644e493c344757097d736 [term 2 LEADER]: Becoming Leader. State: Replica: 4e90b0a4bf2644e493c344757097d736, State: Running, Role: LEADER
I20260608 09:47:36.102226  4715 consensus_queue.cc:237] T eff90ea2bed74057bdf313ca6563eb38 P 4e90b0a4bf2644e493c344757097d736 [LEADER]: Queue going to LEADER mode. State: All replicated index: 0, Majority replicated index: 1, Committed index: 1, Last appended: 1.1, Last appended by leader: 1, Current term: 2, Majority size: 2, State: 0, Mode: LEADER, active raft config: opid_index: -1 OBSOLETE_local: false peers { permanent_uuid: "5df60e74fc8e4ea29f609ff30afe3d1d" member_type: VOTER last_known_addr { host: "127.3.176.129" port: 43379 } } peers { permanent_uuid: "4e90b0a4bf2644e493c344757097d736" member_type: VOTER last_known_addr { host: "127.3.176.130" port: 36803 } } peers { permanent_uuid: "5c14d12d1b2f4b029c5782e9d1d611df" member_type: VOTER last_known_addr { host: "127.3.176.131" port: 35047 } }
I20260608 09:47:36.111264  4340 catalog_manager.cc:5696] T eff90ea2bed74057bdf313ca6563eb38 P 4e90b0a4bf2644e493c344757097d736 reported cstate change: term changed from 1 to 2, leader changed from 5c14d12d1b2f4b029c5782e9d1d611df (127.3.176.131) to 4e90b0a4bf2644e493c344757097d736 (127.3.176.130). New cstate: current_term: 2 leader_uuid: "4e90b0a4bf2644e493c344757097d736" committed_config { opid_index: -1 OBSOLETE_local: false peers { permanent_uuid: "5df60e74fc8e4ea29f609ff30afe3d1d" member_type: VOTER last_known_addr { host: "127.3.176.129" port: 43379 } health_report { overall_health: UNKNOWN } } peers { permanent_uuid: "4e90b0a4bf2644e493c344757097d736" member_type: VOTER last_known_addr { host: "127.3.176.130" port: 36803 } health_report { overall_health: HEALTHY } } peers { permanent_uuid: "5c14d12d1b2f4b029c5782e9d1d611df" member_type: VOTER last_known_addr { host: "127.3.176.131" port: 35047 } health_report { overall_health: UNKNOWN } } }
I20260608 09:47:36.635201  4593 raft_consensus.cc:1275] T eff90ea2bed74057bdf313ca6563eb38 P 5c14d12d1b2f4b029c5782e9d1d611df [term 2 FOLLOWER]: Refusing update from remote peer 4e90b0a4bf2644e493c344757097d736: Log matching property violated. Preceding OpId in replica: term: 1 index: 1. Preceding OpId from leader: term: 2 index: 2. (index mismatch)
I20260608 09:47:36.636482  4715 consensus_queue.cc:1048] T eff90ea2bed74057bdf313ca6563eb38 P 4e90b0a4bf2644e493c344757097d736 [LEADER]: Connected to new peer: Peer: permanent_uuid: "5c14d12d1b2f4b029c5782e9d1d611df" member_type: VOTER last_known_addr { host: "127.3.176.131" port: 35047 }, Status: LMP_MISMATCH, Last received: 0.0, Next index: 2, Last known committed idx: 1, Time since last communication: 0.000s
I20260608 09:47:36.650848  4443 raft_consensus.cc:1275] T eff90ea2bed74057bdf313ca6563eb38 P 5df60e74fc8e4ea29f609ff30afe3d1d [term 2 FOLLOWER]: Refusing update from remote peer 4e90b0a4bf2644e493c344757097d736: Log matching property violated. Preceding OpId in replica: term: 1 index: 1. Preceding OpId from leader: term: 2 index: 2. (index mismatch)
I20260608 09:47:36.653823  4826 consensus_queue.cc:1048] T eff90ea2bed74057bdf313ca6563eb38 P 4e90b0a4bf2644e493c344757097d736 [LEADER]: Connected to new peer: Peer: permanent_uuid: "5df60e74fc8e4ea29f609ff30afe3d1d" member_type: VOTER last_known_addr { host: "127.3.176.129" port: 43379 }, Status: LMP_MISMATCH, Last received: 0.0, Next index: 2, Last known committed idx: 1, Time since last communication: 0.002s
I20260608 09:47:37.539244  4396 auto_leader_rebalancer.cc:140] leader rebalance for table test-workload
I20260608 09:47:37.558712  4516 tablet_service.cc:2072] Received LeaderStepDown RPC: tablet_id: "57f6c23619384e24b244fe26787ef474"
dest_uuid: "4e90b0a4bf2644e493c344757097d736"
mode: GRACEFUL
new_leader_uuid: "5c14d12d1b2f4b029c5782e9d1d611df"
 from {username='slave'} at 127.0.0.1:57858
I20260608 09:47:37.559484  4516 raft_consensus.cc:606] T 57f6c23619384e24b244fe26787ef474 P 4e90b0a4bf2644e493c344757097d736 [term 2 LEADER]: Received request to transfer leadership to TS 5c14d12d1b2f4b029c5782e9d1d611df
I20260608 09:47:37.561124  4396 auto_leader_rebalancer.cc:388] table: test-workload, leader rebalance finish, leader transfer count: 1
I20260608 09:47:37.561645  4396 auto_leader_rebalancer.cc:451] All tables' leader rebalancing finished this round
I20260608 09:47:37.995432  4833 raft_consensus.cc:993] T 57f6c23619384e24b244fe26787ef474 P 4e90b0a4bf2644e493c344757097d736: : Instructing follower 5c14d12d1b2f4b029c5782e9d1d611df to start an election
