I20260608 09:48:50.851382  6814 raft_consensus.cc:2468] T bc3cbd1b25d9410683afc264c7cc7494 P 2b92b7eb6eee462185196dcab8f379be [term 0 FOLLOWER]: Leader pre-election vote request: Granting yes vote for candidate 211d6c7272c843fa95fc6b7b7efb375f in term 0.
I20260608 09:48:50.852499  7025 consensus_queue.cc:1048] T 5155961838b443969293c787dd454304 P 211d6c7272c843fa95fc6b7b7efb375f [LEADER]: Connected to new peer: Peer: permanent_uuid: "0f4e1d02b00a4b92a5b1d4ce18d31d20" member_type: VOTER last_known_addr { host: "127.3.176.131" port: 42535 }, Status: LMP_MISMATCH, Last received: 0.0, Next index: 1, Last known committed idx: 0, Time since last communication: 0.000s
I20260608 09:48:50.851284  6962 raft_consensus.cc:2468] T bc3cbd1b25d9410683afc264c7cc7494 P 0f4e1d02b00a4b92a5b1d4ce18d31d20 [term 0 FOLLOWER]: Leader pre-election vote request: Granting yes vote for candidate 211d6c7272c843fa95fc6b7b7efb375f in term 0.
I20260608 09:48:50.852846  6853 leader_election.cc:304] T bc3cbd1b25d9410683afc264c7cc7494 P 211d6c7272c843fa95fc6b7b7efb375f [CANDIDATE]: Term 1 pre-election: Election decided. Result: candidate won. Election summary: received 2 responses out of 3 voters: 2 yes votes; 0 no votes. yes voters: 211d6c7272c843fa95fc6b7b7efb375f, 2b92b7eb6eee462185196dcab8f379be; no voters: 
I20260608 09:48:50.855041  7017 raft_consensus.cc:2804] T bc3cbd1b25d9410683afc264c7cc7494 P 211d6c7272c843fa95fc6b7b7efb375f [term 0 FOLLOWER]: Leader pre-election won for term 1
I20260608 09:48:50.855576  7017 raft_consensus.cc:493] T bc3cbd1b25d9410683afc264c7cc7494 P 211d6c7272c843fa95fc6b7b7efb375f [term 0 FOLLOWER]: Starting leader election (no leader contacted us within the election timeout)
I20260608 09:48:50.855940  7017 raft_consensus.cc:3060] T bc3cbd1b25d9410683afc264c7cc7494 P 211d6c7272c843fa95fc6b7b7efb375f [term 0 FOLLOWER]: Advancing to term 1
I20260608 09:48:50.864575  7017 raft_consensus.cc:515] T bc3cbd1b25d9410683afc264c7cc7494 P 211d6c7272c843fa95fc6b7b7efb375f [term 1 FOLLOWER]: Starting leader election with config: opid_index: -1 OBSOLETE_local: false peers { permanent_uuid: "211d6c7272c843fa95fc6b7b7efb375f" member_type: VOTER last_known_addr { host: "127.3.176.130" port: 45441 } } peers { permanent_uuid: "2b92b7eb6eee462185196dcab8f379be" member_type: VOTER last_known_addr { host: "127.3.176.129" port: 41599 } } peers { permanent_uuid: "0f4e1d02b00a4b92a5b1d4ce18d31d20" member_type: VOTER last_known_addr { host: "127.3.176.131" port: 42535 } }
I20260608 09:48:50.866721  7017 leader_election.cc:290] T bc3cbd1b25d9410683afc264c7cc7494 P 211d6c7272c843fa95fc6b7b7efb375f [CANDIDATE]: Term 1 election: Requested vote from peers 2b92b7eb6eee462185196dcab8f379be (127.3.176.129:41599), 0f4e1d02b00a4b92a5b1d4ce18d31d20 (127.3.176.131:42535)
I20260608 09:48:50.898331  6813 tablet_service.cc:1917] Received RequestConsensusVote() RPC: tablet_id: "bc3cbd1b25d9410683afc264c7cc7494" candidate_uuid: "211d6c7272c843fa95fc6b7b7efb375f" candidate_term: 1 candidate_status { last_received { term: 0 index: 0 } } ignore_live_leader: false dest_uuid: "2b92b7eb6eee462185196dcab8f379be"
I20260608 09:48:50.900149  6813 raft_consensus.cc:3060] T bc3cbd1b25d9410683afc264c7cc7494 P 2b92b7eb6eee462185196dcab8f379be [term 0 FOLLOWER]: Advancing to term 1
I20260608 09:48:50.901947  6963 tablet_service.cc:1917] Received RequestConsensusVote() RPC: tablet_id: "bc3cbd1b25d9410683afc264c7cc7494" candidate_uuid: "211d6c7272c843fa95fc6b7b7efb375f" candidate_term: 1 candidate_status { last_received { term: 0 index: 0 } } ignore_live_leader: false dest_uuid: "0f4e1d02b00a4b92a5b1d4ce18d31d20"
I20260608 09:48:50.903057  6963 raft_consensus.cc:3060] T bc3cbd1b25d9410683afc264c7cc7494 P 0f4e1d02b00a4b92a5b1d4ce18d31d20 [term 0 FOLLOWER]: Advancing to term 1
I20260608 09:48:50.913254  6813 raft_consensus.cc:2468] T bc3cbd1b25d9410683afc264c7cc7494 P 2b92b7eb6eee462185196dcab8f379be [term 1 FOLLOWER]: Leader election vote request: Granting yes vote for candidate 211d6c7272c843fa95fc6b7b7efb375f in term 1.
I20260608 09:48:50.915087  6853 leader_election.cc:304] T bc3cbd1b25d9410683afc264c7cc7494 P 211d6c7272c843fa95fc6b7b7efb375f [CANDIDATE]: Term 1 election: Election decided. Result: candidate won. Election summary: received 2 responses out of 3 voters: 2 yes votes; 0 no votes. yes voters: 211d6c7272c843fa95fc6b7b7efb375f, 2b92b7eb6eee462185196dcab8f379be; no voters: 
I20260608 09:48:50.916172  6963 raft_consensus.cc:2468] T bc3cbd1b25d9410683afc264c7cc7494 P 0f4e1d02b00a4b92a5b1d4ce18d31d20 [term 1 FOLLOWER]: Leader election vote request: Granting yes vote for candidate 211d6c7272c843fa95fc6b7b7efb375f in term 1.
I20260608 09:48:50.919005  7059 raft_consensus.cc:2804] T bc3cbd1b25d9410683afc264c7cc7494 P 211d6c7272c843fa95fc6b7b7efb375f [term 1 FOLLOWER]: Leader election won for term 1
I20260608 09:48:50.921718  7059 raft_consensus.cc:697] T bc3cbd1b25d9410683afc264c7cc7494 P 211d6c7272c843fa95fc6b7b7efb375f [term 1 LEADER]: Becoming Leader. State: Replica: 211d6c7272c843fa95fc6b7b7efb375f, State: Running, Role: LEADER
I20260608 09:48:50.923647  7059 consensus_queue.cc:237] T bc3cbd1b25d9410683afc264c7cc7494 P 211d6c7272c843fa95fc6b7b7efb375f [LEADER]: Queue going to LEADER mode. State: All replicated index: 0, Majority replicated index: 0, Committed index: 0, Last appended: 0.0, Last appended by leader: 0, Current term: 1, Majority size: 2, State: 0, Mode: LEADER, active raft config: opid_index: -1 OBSOLETE_local: false peers { permanent_uuid: "211d6c7272c843fa95fc6b7b7efb375f" member_type: VOTER last_known_addr { host: "127.3.176.130" port: 45441 } } peers { permanent_uuid: "2b92b7eb6eee462185196dcab8f379be" member_type: VOTER last_known_addr { host: "127.3.176.129" port: 41599 } } peers { permanent_uuid: "0f4e1d02b00a4b92a5b1d4ce18d31d20" member_type: VOTER last_known_addr { host: "127.3.176.131" port: 42535 } }
I20260608 09:48:50.934971  6709 catalog_manager.cc:5696] T bc3cbd1b25d9410683afc264c7cc7494 P 211d6c7272c843fa95fc6b7b7efb375f reported cstate change: term changed from 0 to 1, leader changed from <none> to 211d6c7272c843fa95fc6b7b7efb375f (127.3.176.130). New cstate: current_term: 1 leader_uuid: "211d6c7272c843fa95fc6b7b7efb375f" committed_config { opid_index: -1 OBSOLETE_local: false peers { permanent_uuid: "211d6c7272c843fa95fc6b7b7efb375f" member_type: VOTER last_known_addr { host: "127.3.176.130" port: 45441 } health_report { overall_health: HEALTHY } } peers { permanent_uuid: "2b92b7eb6eee462185196dcab8f379be" member_type: VOTER last_known_addr { host: "127.3.176.129" port: 41599 } health_report { overall_health: UNKNOWN } } peers { permanent_uuid: "0f4e1d02b00a4b92a5b1d4ce18d31d20" member_type: VOTER last_known_addr { host: "127.3.176.131" port: 42535 } health_report { overall_health: UNKNOWN } } }
I20260608 09:48:50.939879  6813 raft_consensus.cc:3060] T b2ef491ce5bd46fa970ce8d043ae7201 P 2b92b7eb6eee462185196dcab8f379be [term 0 FOLLOWER]: Advancing to term 1
I20260608 09:48:50.948798  7059 consensus_queue.cc:1048] T b2ef491ce5bd46fa970ce8d043ae7201 P 211d6c7272c843fa95fc6b7b7efb375f [LEADER]: Connected to new peer: Peer: permanent_uuid: "2b92b7eb6eee462185196dcab8f379be" member_type: VOTER last_known_addr { host: "127.3.176.129" port: 41599 }, Status: LMP_MISMATCH, Last received: 0.0, Next index: 1, Last known committed idx: 0, Time since last communication: 0.001s
I20260608 09:48:50.965140  7017 consensus_queue.cc:1048] T b2ef491ce5bd46fa970ce8d043ae7201 P 211d6c7272c843fa95fc6b7b7efb375f [LEADER]: Connected to new peer: Peer: permanent_uuid: "0f4e1d02b00a4b92a5b1d4ce18d31d20" member_type: VOTER last_known_addr { host: "127.3.176.131" port: 42535 }, Status: LMP_MISMATCH, Last received: 0.0, Next index: 1, Last known committed idx: 0, Time since last communication: 0.001s
I20260608 09:48:50.973127  7017 raft_consensus.cc:493] T 7fa7d625adca40e39d048e09dbced444 P 211d6c7272c843fa95fc6b7b7efb375f [term 0 FOLLOWER]: Starting pre-election (no leader contacted us within the election timeout)
I20260608 09:48:50.973919  7017 raft_consensus.cc:515] T 7fa7d625adca40e39d048e09dbced444 P 211d6c7272c843fa95fc6b7b7efb375f [term 0 FOLLOWER]: Starting pre-election with config: opid_index: -1 OBSOLETE_local: false peers { permanent_uuid: "211d6c7272c843fa95fc6b7b7efb375f" member_type: VOTER last_known_addr { host: "127.3.176.130" port: 45441 } } peers { permanent_uuid: "2b92b7eb6eee462185196dcab8f379be" member_type: VOTER last_known_addr { host: "127.3.176.129" port: 41599 } } peers { permanent_uuid: "0f4e1d02b00a4b92a5b1d4ce18d31d20" member_type: VOTER last_known_addr { host: "127.3.176.131" port: 42535 } }
I20260608 09:48:50.977439  7017 leader_election.cc:290] T 7fa7d625adca40e39d048e09dbced444 P 211d6c7272c843fa95fc6b7b7efb375f [CANDIDATE]: Term 1 pre-election: Requested pre-vote from peers 2b92b7eb6eee462185196dcab8f379be (127.3.176.129:41599), 0f4e1d02b00a4b92a5b1d4ce18d31d20 (127.3.176.131:42535)
I20260608 09:48:50.978782  6813 tablet_service.cc:1917] Received RequestConsensusVote() RPC: tablet_id: "7fa7d625adca40e39d048e09dbced444" candidate_uuid: "211d6c7272c843fa95fc6b7b7efb375f" candidate_term: 1 candidate_status { last_received { term: 0 index: 0 } } ignore_live_leader: false dest_uuid: "2b92b7eb6eee462185196dcab8f379be" is_pre_election: true
I20260608 09:48:50.979678  6813 raft_consensus.cc:2468] T 7fa7d625adca40e39d048e09dbced444 P 2b92b7eb6eee462185196dcab8f379be [term 0 FOLLOWER]: Leader pre-election vote request: Granting yes vote for candidate 211d6c7272c843fa95fc6b7b7efb375f in term 0.
I20260608 09:48:50.980306  6963 tablet_service.cc:1917] Received RequestConsensusVote() RPC: tablet_id: "7fa7d625adca40e39d048e09dbced444" candidate_uuid: "211d6c7272c843fa95fc6b7b7efb375f" candidate_term: 1 candidate_status { last_received { term: 0 index: 0 } } ignore_live_leader: false dest_uuid: "0f4e1d02b00a4b92a5b1d4ce18d31d20" is_pre_election: true
I20260608 09:48:50.981066  6963 raft_consensus.cc:2468] T 7fa7d625adca40e39d048e09dbced444 P 0f4e1d02b00a4b92a5b1d4ce18d31d20 [term 0 FOLLOWER]: Leader pre-election vote request: Granting yes vote for candidate 211d6c7272c843fa95fc6b7b7efb375f in term 0.
I20260608 09:48:50.981104  6853 leader_election.cc:304] T 7fa7d625adca40e39d048e09dbced444 P 211d6c7272c843fa95fc6b7b7efb375f [CANDIDATE]: Term 1 pre-election: Election decided. Result: candidate won. Election summary: received 2 responses out of 3 voters: 2 yes votes; 0 no votes. yes voters: 211d6c7272c843fa95fc6b7b7efb375f, 2b92b7eb6eee462185196dcab8f379be; no voters: 
I20260608 09:48:50.982164  7017 raft_consensus.cc:2804] T 7fa7d625adca40e39d048e09dbced444 P 211d6c7272c843fa95fc6b7b7efb375f [term 0 FOLLOWER]: Leader pre-election won for term 1
I20260608 09:48:50.982553  7017 raft_consensus.cc:493] T 7fa7d625adca40e39d048e09dbced444 P 211d6c7272c843fa95fc6b7b7efb375f [term 0 FOLLOWER]: Starting leader election (no leader contacted us within the election timeout)
I20260608 09:48:50.982877  7017 raft_consensus.cc:3060] T 7fa7d625adca40e39d048e09dbced444 P 211d6c7272c843fa95fc6b7b7efb375f [term 0 FOLLOWER]: Advancing to term 1
I20260608 09:48:50.990329  7017 raft_consensus.cc:515] T 7fa7d625adca40e39d048e09dbced444 P 211d6c7272c843fa95fc6b7b7efb375f [term 1 FOLLOWER]: Starting leader election with config: opid_index: -1 OBSOLETE_local: false peers { permanent_uuid: "211d6c7272c843fa95fc6b7b7efb375f" member_type: VOTER last_known_addr { host: "127.3.176.130" port: 45441 } } peers { permanent_uuid: "2b92b7eb6eee462185196dcab8f379be" member_type: VOTER last_known_addr { host: "127.3.176.129" port: 41599 } } peers { permanent_uuid: "0f4e1d02b00a4b92a5b1d4ce18d31d20" member_type: VOTER last_known_addr { host: "127.3.176.131" port: 42535 } }
I20260608 09:48:50.992791  7017 leader_election.cc:290] T 7fa7d625adca40e39d048e09dbced444 P 211d6c7272c843fa95fc6b7b7efb375f [CANDIDATE]: Term 1 election: Requested vote from peers 2b92b7eb6eee462185196dcab8f379be (127.3.176.129:41599), 0f4e1d02b00a4b92a5b1d4ce18d31d20 (127.3.176.131:42535)
I20260608 09:48:50.993671  6813 tablet_service.cc:1917] Received RequestConsensusVote() RPC: tablet_id: "7fa7d625adca40e39d048e09dbced444" candidate_uuid: "211d6c7272c843fa95fc6b7b7efb375f" candidate_term: 1 candidate_status { last_received { term: 0 index: 0 } } ignore_live_leader: false dest_uuid: "2b92b7eb6eee462185196dcab8f379be"
I20260608 09:48:50.994063  6963 tablet_service.cc:1917] Received RequestConsensusVote() RPC: tablet_id: "7fa7d625adca40e39d048e09dbced444" candidate_uuid: "211d6c7272c843fa95fc6b7b7efb375f" candidate_term: 1 candidate_status { last_received { term: 0 index: 0 } } ignore_live_leader: false dest_uuid: "0f4e1d02b00a4b92a5b1d4ce18d31d20"
I20260608 09:48:50.994234  6813 raft_consensus.cc:3060] T 7fa7d625adca40e39d048e09dbced444 P 2b92b7eb6eee462185196dcab8f379be [term 0 FOLLOWER]: Advancing to term 1
I20260608 09:48:50.994622  6963 raft_consensus.cc:3060] T 7fa7d625adca40e39d048e09dbced444 P 0f4e1d02b00a4b92a5b1d4ce18d31d20 [term 0 FOLLOWER]: Advancing to term 1
I20260608 09:48:51.000286  6813 raft_consensus.cc:2468] T 7fa7d625adca40e39d048e09dbced444 P 2b92b7eb6eee462185196dcab8f379be [term 1 FOLLOWER]: Leader election vote request: Granting yes vote for candidate 211d6c7272c843fa95fc6b7b7efb375f in term 1.
I20260608 09:48:51.000571  6963 raft_consensus.cc:2468] T 7fa7d625adca40e39d048e09dbced444 P 0f4e1d02b00a4b92a5b1d4ce18d31d20 [term 1 FOLLOWER]: Leader election vote request: Granting yes vote for candidate 211d6c7272c843fa95fc6b7b7efb375f in term 1.
I20260608 09:48:51.001539  6853 leader_election.cc:304] T 7fa7d625adca40e39d048e09dbced444 P 211d6c7272c843fa95fc6b7b7efb375f [CANDIDATE]: Term 1 election: Election decided. Result: candidate won. Election summary: received 2 responses out of 3 voters: 2 yes votes; 0 no votes. yes voters: 211d6c7272c843fa95fc6b7b7efb375f, 2b92b7eb6eee462185196dcab8f379be; no voters: 
I20260608 09:48:51.002290  7017 raft_consensus.cc:2804] T 7fa7d625adca40e39d048e09dbced444 P 211d6c7272c843fa95fc6b7b7efb375f [term 1 FOLLOWER]: Leader election won for term 1
I20260608 09:48:51.002838  7017 raft_consensus.cc:697] T 7fa7d625adca40e39d048e09dbced444 P 211d6c7272c843fa95fc6b7b7efb375f [term 1 LEADER]: Becoming Leader. State: Replica: 211d6c7272c843fa95fc6b7b7efb375f, State: Running, Role: LEADER
I20260608 09:48:51.003777  7017 consensus_queue.cc:237] T 7fa7d625adca40e39d048e09dbced444 P 211d6c7272c843fa95fc6b7b7efb375f [LEADER]: Queue going to LEADER mode. State: All replicated index: 0, Majority replicated index: 0, Committed index: 0, Last appended: 0.0, Last appended by leader: 0, Current term: 1, Majority size: 2, State: 0, Mode: LEADER, active raft config: opid_index: -1 OBSOLETE_local: false peers { permanent_uuid: "211d6c7272c843fa95fc6b7b7efb375f" member_type: VOTER last_known_addr { host: "127.3.176.130" port: 45441 } } peers { permanent_uuid: "2b92b7eb6eee462185196dcab8f379be" member_type: VOTER last_known_addr { host: "127.3.176.129" port: 41599 } } peers { permanent_uuid: "0f4e1d02b00a4b92a5b1d4ce18d31d20" member_type: VOTER last_known_addr { host: "127.3.176.131" port: 42535 } }
I20260608 09:48:51.012634  6709 catalog_manager.cc:5696] T 7fa7d625adca40e39d048e09dbced444 P 211d6c7272c843fa95fc6b7b7efb375f reported cstate change: term changed from 0 to 1, leader changed from <none> to 211d6c7272c843fa95fc6b7b7efb375f (127.3.176.130). New cstate: current_term: 1 leader_uuid: "211d6c7272c843fa95fc6b7b7efb375f" committed_config { opid_index: -1 OBSOLETE_local: false peers { permanent_uuid: "211d6c7272c843fa95fc6b7b7efb375f" member_type: VOTER last_known_addr { host: "127.3.176.130" port: 45441 } health_report { overall_health: HEALTHY } } peers { permanent_uuid: "2b92b7eb6eee462185196dcab8f379be" member_type: VOTER last_known_addr { host: "127.3.176.129" port: 41599 } health_report { overall_health: UNKNOWN } } peers { permanent_uuid: "0f4e1d02b00a4b92a5b1d4ce18d31d20" member_type: VOTER last_known_addr { host: "127.3.176.131" port: 42535 } health_report { overall_health: UNKNOWN } } }
I20260608 09:48:51.071623  7015 consensus_queue.cc:1048] T 0263b2288d6343fc984392012ad3a981 P 0f4e1d02b00a4b92a5b1d4ce18d31d20 [LEADER]: Connected to new peer: Peer: permanent_uuid: "211d6c7272c843fa95fc6b7b7efb375f" member_type: VOTER last_known_addr { host: "127.3.176.130" port: 45441 }, Status: LMP_MISMATCH, Last received: 0.0, Next index: 1, Last known committed idx: 0, Time since last communication: 0.001s
I20260608 09:48:51.086318  7068 consensus_queue.cc:1048] T 0263b2288d6343fc984392012ad3a981 P 0f4e1d02b00a4b92a5b1d4ce18d31d20 [LEADER]: Connected to new peer: Peer: permanent_uuid: "2b92b7eb6eee462185196dcab8f379be" member_type: VOTER last_known_addr { host: "127.3.176.129" port: 41599 }, Status: LMP_MISMATCH, Last received: 0.0, Next index: 1, Last known committed idx: 0, Time since last communication: 0.001s
I20260608 09:48:51.107122  3778 file_cache.cc:492] Constructed file cache file cache with capacity 419430
W20260608 09:48:51.115666  7070 instance_detector.cc:116] could not retrieve AWS instance metadata: Network error: curl error: HTTP response code said error: The requested URL returned error: 404
W20260608 09:48:51.116128  7071 instance_detector.cc:116] could not retrieve Azure instance metadata: Network error: curl error: HTTP response code said error: The requested URL returned error: 404
W20260608 09:48:51.119359  7073 instance_detector.cc:116] could not retrieve OpenStack instance metadata: Network error: curl error: HTTP response code said error: The requested URL returned error: 404
I20260608 09:48:51.119547  3778 server_base.cc:1061] running on GCE node
I20260608 09:48:51.121089  3778 hybrid_clock.cc:584] initializing the hybrid clock with 'system_unsync' time source
W20260608 09:48:51.121308  3778 system_unsync_time.cc:38] NTP support is disabled. Clock error bounds will not be accurate. This configuration is not suitable for distributed clusters.
I20260608 09:48:51.121513  3778 hybrid_clock.cc:648] HybridClock initialized: now 1780912131121497 us; error 0 us; skew 500 ppm
I20260608 09:48:51.122188  3778 server_base.cc:861] Flag tcmalloc_max_total_thread_cache_bytes is not working since tcmalloc is not enabled.
I20260608 09:48:51.125097  3778 webserver.cc:533] Webserver started at http://127.3.176.132:39449/ using document root <none> and password file <none>
I20260608 09:48:51.125689  3778 fs_manager.cc:362] Metadata directory not provided
I20260608 09:48:51.125892  3778 fs_manager.cc:368] Using write-ahead log directory (fs_wal_dir) as metadata directory
I20260608 09:48:51.126200  3778 server_base.cc:909] This appears to be a new deployment of Kudu; creating new FS layout
I20260608 09:48:51.127624  3778 fs_manager.cc:1068] Generated new instance metadata in path /tmp/dist-test-taskjRl9F5/test-tmp/auto_rebalancer-test.0.AutoRebalancerTest.RangeAwareRebalancesNewRangeReplicas.1780912040303198-3778-0/minicluster-data/ts-3-root/instance:
uuid: "da12c34a5a384e068bca2566327bf0d0"
format_stamp: "Formatted at 2026-06-08 09:48:51 on dist-test-slave-qcvl"
I20260608 09:48:51.133275  3778 fs_manager.cc:696] Time spent creating directory manager: real 0.005s	user 0.000s	sys 0.004s
I20260608 09:48:51.137743  7078 log_block_manager.cc:4031] Time spent loading block containers with low live blocks: real 0.000s	user 0.000s	sys 0.000s
I20260608 09:48:51.138780  3778 fs_manager.cc:730] Time spent opening block manager: real 0.003s	user 0.004s	sys 0.000s
I20260608 09:48:51.139210  3778 fs_manager.cc:647] Opened local filesystem: /tmp/dist-test-taskjRl9F5/test-tmp/auto_rebalancer-test.0.AutoRebalancerTest.RangeAwareRebalancesNewRangeReplicas.1780912040303198-3778-0/minicluster-data/ts-3-root
uuid: "da12c34a5a384e068bca2566327bf0d0"
format_stamp: "Formatted at 2026-06-08 09:48:51 on dist-test-slave-qcvl"
I20260608 09:48:51.139605  3778 fs_report.cc:389] FS layout report
--------------------
wal directory: /tmp/dist-test-taskjRl9F5/test-tmp/auto_rebalancer-test.0.AutoRebalancerTest.RangeAwareRebalancesNewRangeReplicas.1780912040303198-3778-0/minicluster-data/ts-3-root
metadata directory: /tmp/dist-test-taskjRl9F5/test-tmp/auto_rebalancer-test.0.AutoRebalancerTest.RangeAwareRebalancesNewRangeReplicas.1780912040303198-3778-0/minicluster-data/ts-3-root
1 data directories: /tmp/dist-test-taskjRl9F5/test-tmp/auto_rebalancer-test.0.AutoRebalancerTest.RangeAwareRebalancesNewRangeReplicas.1780912040303198-3778-0/minicluster-data/ts-3-root/data
Total live blocks: 0
Total live bytes: 0
Total live bytes (after alignment): 0
Total number of LBM containers: 0 (0 full)
Did not check for missing blocks
Did not check for orphaned blocks
Total full LBM containers with extra space: 0 (0 repaired)
Total full LBM container extra space in bytes: 0 (0 repaired)
Total incomplete LBM containers: 0 (0 repaired)
Total LBM partial records: 0 (0 repaired)
Total corrupted LBM metadata records in RocksDB: 0 (0 repaired)
I20260608 09:48:51.140453  7017 consensus_queue.cc:1048] T 26b3c4f23fac493fb7a8c90b582532c1 P 211d6c7272c843fa95fc6b7b7efb375f [LEADER]: Connected to new peer: Peer: permanent_uuid: "0f4e1d02b00a4b92a5b1d4ce18d31d20" member_type: VOTER last_known_addr { host: "127.3.176.131" port: 42535 }, Status: LMP_MISMATCH, Last received: 0.0, Next index: 1, Last known committed idx: 0, Time since last communication: 0.000s
I20260608 09:48:51.155489  7025 consensus_queue.cc:1048] T 26b3c4f23fac493fb7a8c90b582532c1 P 211d6c7272c843fa95fc6b7b7efb375f [LEADER]: Connected to new peer: Peer: permanent_uuid: "2b92b7eb6eee462185196dcab8f379be" member_type: VOTER last_known_addr { host: "127.3.176.129" port: 41599 }, Status: LMP_MISMATCH, Last received: 0.0, Next index: 1, Last known committed idx: 0, Time since last communication: 0.001s
I20260608 09:48:51.169243  7085 consensus_queue.cc:1048] T 73ea2432dc1d41e7a139c3d5cc67c6c5 P 2b92b7eb6eee462185196dcab8f379be [LEADER]: Connected to new peer: Peer: permanent_uuid: "211d6c7272c843fa95fc6b7b7efb375f" member_type: VOTER last_known_addr { host: "127.3.176.130" port: 45441 }, Status: LMP_MISMATCH, Last received: 0.0, Next index: 1, Last known committed idx: 0, Time since last communication: 0.001s
I20260608 09:48:51.189025  7014 consensus_queue.cc:1048] T 73ea2432dc1d41e7a139c3d5cc67c6c5 P 2b92b7eb6eee462185196dcab8f379be [LEADER]: Connected to new peer: Peer: permanent_uuid: "0f4e1d02b00a4b92a5b1d4ce18d31d20" member_type: VOTER last_known_addr { host: "127.3.176.131" port: 42535 }, Status: LMP_MISMATCH, Last received: 0.0, Next index: 1, Last known committed idx: 0, Time since last communication: 0.001s
I20260608 09:48:51.203382  3778 rpc_server.cc:225] running with OpenSSL 1.1.1  11 Sep 2018
I20260608 09:48:51.204319  7068 consensus_queue.cc:1048] T f30b5cb60a0a4708a045b3eefba18570 P 0f4e1d02b00a4b92a5b1d4ce18d31d20 [LEADER]: Connected to new peer: Peer: permanent_uuid: "2b92b7eb6eee462185196dcab8f379be" member_type: VOTER last_known_addr { host: "127.3.176.129" port: 41599 }, Status: LMP_MISMATCH, Last received: 0.0, Next index: 1, Last known committed idx: 0, Time since last communication: 0.001s
I20260608 09:48:51.205767  3778 kserver.cc:163] Server-wide thread pool size limit: 3276
I20260608 09:48:51.210808  3778 txn_system_client.cc:432] TxnSystemClient initialization is disabled...
I20260608 09:48:51.214496  3778 ts_tablet_manager.cc:585] Loaded tablet metadata (0 total tablets, 0 live tablets)
I20260608 09:48:51.214816  3778 ts_tablet_manager.cc:531] Time spent load tablet metadata: real 0.000s	user 0.000s	sys 0.000s
I20260608 09:48:51.215202  3778 ts_tablet_manager.cc:616] Registered 0 tablets
I20260608 09:48:51.215464  3778 ts_tablet_manager.cc:595] Time spent register tablets: real 0.000s	user 0.000s	sys 0.000s
I20260608 09:48:51.223863  7068 consensus_queue.cc:1048] T f30b5cb60a0a4708a045b3eefba18570 P 0f4e1d02b00a4b92a5b1d4ce18d31d20 [LEADER]: Connected to new peer: Peer: permanent_uuid: "211d6c7272c843fa95fc6b7b7efb375f" member_type: VOTER last_known_addr { host: "127.3.176.130" port: 45441 }, Status: LMP_MISMATCH, Last received: 0.0, Next index: 1, Last known committed idx: 0, Time since last communication: 0.000s
I20260608 09:48:51.280002  3778 rpc_server.cc:307] RPC server started. Bound to: 127.3.176.132:38801
I20260608 09:48:51.280265  7147 acceptor_pool.cc:272] collecting diagnostics on the listening RPC socket 127.3.176.132:38801 every 8 connection(s)
I20260608 09:48:51.289489  6711 catalog_manager.cc:3569] Servicing AlterTable request from {username='slave'} at 127.0.0.1:43146:
table { table_name: "range_aware_rebalance_new_range" } alter_schema_steps { type: ADD_RANGE_PARTITION add_range_partition { range_bounds { rows: "\006\001\n\000\000\000\007\001\024\000\000\000""\006\001\n\000\000\000\007\001\024\000\000\000" indirect_data: """" } } } schema { columns { name: "key" type: INT32 is_key: true is_nullable: false encoding: AUTO_ENCODING compression: DEFAULT_COMPRESSION cfile_block_size: 0 immutable: false } } modify_external_catalogs: true
I20260608 09:48:51.301586  7148 heartbeater.cc:344] Connected to a master server at 127.3.176.190:42943
I20260608 09:48:51.302090  7148 heartbeater.cc:461] Registering TS with master...
I20260608 09:48:51.302975  7148 heartbeater.cc:507] Master 127.3.176.190:42943 requested a full tablet report, sending...
I20260608 09:48:51.305301  6709 ts_manager.cc:194] Registered new tserver with Master: da12c34a5a384e068bca2566327bf0d0 (127.3.176.132:38801)
I20260608 09:48:51.307054  6709 master_service.cc:502] Signed X509 certificate for tserver {username='slave'} at 127.0.0.1:43152
W20260608 09:48:51.315954  6711 catalog_manager.cc:5956] Failed to send alter table request: Not found: failed to reset TS proxy: No leader found: Tablet 11e77017ab284315a2e94245ebbd5566 has no consensus state
W20260608 09:48:51.317623  6711 catalog_manager.cc:5956] Failed to send alter table request: Not found: failed to reset TS proxy: No leader found: Tablet 8edd9024bbbf4a6ba240d2c7ffd92f17 has no consensus state
W20260608 09:48:51.319136  6711 catalog_manager.cc:5956] Failed to send alter table request: Not found: failed to reset TS proxy: No leader found: Tablet 2d9dc110e0eb466b9233aa17f14e3aa8 has no consensus state
W20260608 09:48:51.320634  6711 catalog_manager.cc:5956] Failed to send alter table request: Not found: failed to reset TS proxy: No leader found: Tablet f3ed6a3b18c04e319b68448068898048 has no consensus state
W20260608 09:48:51.321894  6711 catalog_manager.cc:5956] Failed to send alter table request: Not found: failed to reset TS proxy: No leader found: Tablet 91f4e06ecf244626a4382d0cc27bf2e2 has no consensus state
W20260608 09:48:51.323154  6711 catalog_manager.cc:5956] Failed to send alter table request: Not found: failed to reset TS proxy: No leader found: Tablet 4620d5db91964ae9af021fdc9f689691 has no consensus state
W20260608 09:48:51.324311  6711 catalog_manager.cc:5956] Failed to send alter table request: Not found: failed to reset TS proxy: No leader found: Tablet bebc1dae77fa4369b9e334c159e1e9ed has no consensus state
W20260608 09:48:51.325546  6711 catalog_manager.cc:5956] Failed to send alter table request: Not found: failed to reset TS proxy: No leader found: Tablet aaf7009910374cefb9e082454b0e8c27 has no consensus state
I20260608 09:48:51.351845  6877 tablet_service.cc:1511] Processing CreateTablet for tablet 11e77017ab284315a2e94245ebbd5566 (DEFAULT_TABLE table=range_aware_rebalance_new_range [id=41e7b99784cc4e5893509346cb6e387a]), partition=HASH (key) PARTITION 0, RANGE (key) PARTITION 10 <= VALUES < 20
W20260608 09:48:51.351855  6696 catalog_manager.cc:4809] Async tablet task AlterTable RPC for tablet 91f4e06ecf244626a4382d0cc27bf2e2 (table range_aware_rebalance_new_range [id=41e7b99784cc4e5893509346cb6e387a], current schema version=0) failed: Not found: failed to reset TS proxy: No leader found: Tablet 91f4e06ecf244626a4382d0cc27bf2e2 consensus state has no leader
I20260608 09:48:51.353894  6877 data_dirs.cc:400] Could only allocate 1 dirs of requested 3 for tablet 11e77017ab284315a2e94245ebbd5566. 1 dirs total, 0 dirs full, 0 dirs failed
I20260608 09:48:51.358522  6797 tablet_service.cc:1511] Processing CreateTablet for tablet 11e77017ab284315a2e94245ebbd5566 (DEFAULT_TABLE table=range_aware_rebalance_new_range [id=41e7b99784cc4e5893509346cb6e387a]), partition=HASH (key) PARTITION 0, RANGE (key) PARTITION 10 <= VALUES < 20
I20260608 09:48:51.359021  6953 tablet_service.cc:1511] Processing CreateTablet for tablet 8edd9024bbbf4a6ba240d2c7ffd92f17 (DEFAULT_TABLE table=range_aware_rebalance_new_range [id=41e7b99784cc4e5893509346cb6e387a]), partition=HASH (key) PARTITION 1, RANGE (key) PARTITION 10 <= VALUES < 20
I20260608 09:48:51.360741  6797 data_dirs.cc:400] Could only allocate 1 dirs of requested 3 for tablet 11e77017ab284315a2e94245ebbd5566. 1 dirs total, 0 dirs full, 0 dirs failed
I20260608 09:48:51.361107  6953 data_dirs.cc:400] Could only allocate 1 dirs of requested 3 for tablet 8edd9024bbbf4a6ba240d2c7ffd92f17. 1 dirs total, 0 dirs full, 0 dirs failed
I20260608 09:48:51.359042  6800 tablet_service.cc:1511] Processing CreateTablet for tablet 8edd9024bbbf4a6ba240d2c7ffd92f17 (DEFAULT_TABLE table=range_aware_rebalance_new_range [id=41e7b99784cc4e5893509346cb6e387a]), partition=HASH (key) PARTITION 1, RANGE (key) PARTITION 10 <= VALUES < 20
I20260608 09:48:51.366963  6800 data_dirs.cc:400] Could only allocate 1 dirs of requested 3 for tablet 8edd9024bbbf4a6ba240d2c7ffd92f17. 1 dirs total, 0 dirs full, 0 dirs failed
I20260608 09:48:51.383423  6873 tablet_service.cc:1511] Processing CreateTablet for tablet 2d9dc110e0eb466b9233aa17f14e3aa8 (DEFAULT_TABLE table=range_aware_rebalance_new_range [id=41e7b99784cc4e5893509346cb6e387a]), partition=HASH (key) PARTITION 2, RANGE (key) PARTITION 10 <= VALUES < 20
I20260608 09:48:51.383524  6947 tablet_service.cc:1511] Processing CreateTablet for tablet 2d9dc110e0eb466b9233aa17f14e3aa8 (DEFAULT_TABLE table=range_aware_rebalance_new_range [id=41e7b99784cc4e5893509346cb6e387a]), partition=HASH (key) PARTITION 2, RANGE (key) PARTITION 10 <= VALUES < 20
I20260608 09:48:51.385135  6873 data_dirs.cc:400] Could only allocate 1 dirs of requested 3 for tablet 2d9dc110e0eb466b9233aa17f14e3aa8. 1 dirs total, 0 dirs full, 0 dirs failed
I20260608 09:48:51.385367  6947 data_dirs.cc:400] Could only allocate 1 dirs of requested 3 for tablet 2d9dc110e0eb466b9233aa17f14e3aa8. 1 dirs total, 0 dirs full, 0 dirs failed
I20260608 09:48:51.391265  7025 consensus_queue.cc:1048] T bc3cbd1b25d9410683afc264c7cc7494 P 211d6c7272c843fa95fc6b7b7efb375f [LEADER]: Connected to new peer: Peer: permanent_uuid: "2b92b7eb6eee462185196dcab8f379be" member_type: VOTER last_known_addr { host: "127.3.176.129" port: 41599 }, Status: LMP_MISMATCH, Last received: 0.0, Next index: 1, Last known committed idx: 0, Time since last communication: 0.000s
I20260608 09:48:51.395294  6801 tablet_service.cc:1511] Processing CreateTablet for tablet f3ed6a3b18c04e319b68448068898048 (DEFAULT_TABLE table=range_aware_rebalance_new_range [id=41e7b99784cc4e5893509346cb6e387a]), partition=HASH (key) PARTITION 3, RANGE (key) PARTITION 10 <= VALUES < 20
I20260608 09:48:51.398339  6801 data_dirs.cc:400] Could only allocate 1 dirs of requested 3 for tablet f3ed6a3b18c04e319b68448068898048. 1 dirs total, 0 dirs full, 0 dirs failed
I20260608 09:48:51.402937  6876 tablet_service.cc:1511] Processing CreateTablet for tablet f3ed6a3b18c04e319b68448068898048 (DEFAULT_TABLE table=range_aware_rebalance_new_range [id=41e7b99784cc4e5893509346cb6e387a]), partition=HASH (key) PARTITION 3, RANGE (key) PARTITION 10 <= VALUES < 20
I20260608 09:48:51.404979  6876 data_dirs.cc:400] Could only allocate 1 dirs of requested 3 for tablet f3ed6a3b18c04e319b68448068898048. 1 dirs total, 0 dirs full, 0 dirs failed
I20260608 09:48:51.440176  6872 tablet_service.cc:1511] Processing CreateTablet for tablet 4620d5db91964ae9af021fdc9f689691 (DEFAULT_TABLE table=range_aware_rebalance_new_range [id=41e7b99784cc4e5893509346cb6e387a]), partition=HASH (key) PARTITION 5, RANGE (key) PARTITION 10 <= VALUES < 20
I20260608 09:48:51.440439  6802 tablet_service.cc:1511] Processing CreateTablet for tablet 91f4e06ecf244626a4382d0cc27bf2e2 (DEFAULT_TABLE table=range_aware_rebalance_new_range [id=41e7b99784cc4e5893509346cb6e387a]), partition=HASH (key) PARTITION 4, RANGE (key) PARTITION 10 <= VALUES < 20
I20260608 09:48:51.441872  6872 data_dirs.cc:400] Could only allocate 1 dirs of requested 3 for tablet 4620d5db91964ae9af021fdc9f689691. 1 dirs total, 0 dirs full, 0 dirs failed
I20260608 09:48:51.443854  6950 tablet_service.cc:1511] Processing CreateTablet for tablet 91f4e06ecf244626a4382d0cc27bf2e2 (DEFAULT_TABLE table=range_aware_rebalance_new_range [id=41e7b99784cc4e5893509346cb6e387a]), partition=HASH (key) PARTITION 4, RANGE (key) PARTITION 10 <= VALUES < 20
I20260608 09:48:51.445365  6878 tablet_service.cc:1511] Processing CreateTablet for tablet bebc1dae77fa4369b9e334c159e1e9ed (DEFAULT_TABLE table=range_aware_rebalance_new_range [id=41e7b99784cc4e5893509346cb6e387a]), partition=HASH (key) PARTITION 6, RANGE (key) PARTITION 10 <= VALUES < 20
I20260608 09:48:51.446353  6802 data_dirs.cc:400] Could only allocate 1 dirs of requested 3 for tablet 91f4e06ecf244626a4382d0cc27bf2e2. 1 dirs total, 0 dirs full, 0 dirs failed
I20260608 09:48:51.446863  6878 data_dirs.cc:400] Could only allocate 1 dirs of requested 3 for tablet bebc1dae77fa4369b9e334c159e1e9ed. 1 dirs total, 0 dirs full, 0 dirs failed
I20260608 09:48:51.445827  6950 data_dirs.cc:400] Could only allocate 1 dirs of requested 3 for tablet 91f4e06ecf244626a4382d0cc27bf2e2. 1 dirs total, 0 dirs full, 0 dirs failed
I20260608 09:48:51.452051  7025 consensus_queue.cc:1048] T 7fa7d625adca40e39d048e09dbced444 P 211d6c7272c843fa95fc6b7b7efb375f [LEADER]: Connected to new peer: Peer: permanent_uuid: "2b92b7eb6eee462185196dcab8f379be" member_type: VOTER last_known_addr { host: "127.3.176.129" port: 41599 }, Status: LMP_MISMATCH, Last received: 0.0, Next index: 1, Last known committed idx: 0, Time since last communication: 0.001s
I20260608 09:48:51.452636  6948 tablet_service.cc:1511] Processing CreateTablet for tablet aaf7009910374cefb9e082454b0e8c27 (DEFAULT_TABLE table=range_aware_rebalance_new_range [id=41e7b99784cc4e5893509346cb6e387a]), partition=HASH (key) PARTITION 7, RANGE (key) PARTITION 10 <= VALUES < 20
I20260608 09:48:51.456791  6952 tablet_service.cc:1511] Processing CreateTablet for tablet 4620d5db91964ae9af021fdc9f689691 (DEFAULT_TABLE table=range_aware_rebalance_new_range [id=41e7b99784cc4e5893509346cb6e387a]), partition=HASH (key) PARTITION 5, RANGE (key) PARTITION 10 <= VALUES < 20
I20260608 09:48:51.462900  6799 tablet_service.cc:1511] Processing CreateTablet for tablet aaf7009910374cefb9e082454b0e8c27 (DEFAULT_TABLE table=range_aware_rebalance_new_range [id=41e7b99784cc4e5893509346cb6e387a]), partition=HASH (key) PARTITION 7, RANGE (key) PARTITION 10 <= VALUES < 20
I20260608 09:48:51.464509  6799 data_dirs.cc:400] Could only allocate 1 dirs of requested 3 for tablet aaf7009910374cefb9e082454b0e8c27. 1 dirs total, 0 dirs full, 0 dirs failed
I20260608 09:48:51.460331  6803 tablet_service.cc:1511] Processing CreateTablet for tablet bebc1dae77fa4369b9e334c159e1e9ed (DEFAULT_TABLE table=range_aware_rebalance_new_range [id=41e7b99784cc4e5893509346cb6e387a]), partition=HASH (key) PARTITION 6, RANGE (key) PARTITION 10 <= VALUES < 20
I20260608 09:48:51.479952  7153 tablet_bootstrap.cc:492] T 8edd9024bbbf4a6ba240d2c7ffd92f17 P 0f4e1d02b00a4b92a5b1d4ce18d31d20: Bootstrap starting.
I20260608 09:48:51.481325  6803 data_dirs.cc:400] Could only allocate 1 dirs of requested 3 for tablet bebc1dae77fa4369b9e334c159e1e9ed. 1 dirs total, 0 dirs full, 0 dirs failed
I20260608 09:48:51.499290  7025 consensus_queue.cc:1048] T 7fa7d625adca40e39d048e09dbced444 P 211d6c7272c843fa95fc6b7b7efb375f [LEADER]: Connected to new peer: Peer: permanent_uuid: "0f4e1d02b00a4b92a5b1d4ce18d31d20" member_type: VOTER last_known_addr { host: "127.3.176.131" port: 42535 }, Status: LMP_MISMATCH, Last received: 0.0, Next index: 1, Last known committed idx: 0, Time since last communication: 0.001s
I20260608 09:48:51.478278  6948 data_dirs.cc:400] Could only allocate 1 dirs of requested 3 for tablet aaf7009910374cefb9e082454b0e8c27. 1 dirs total, 0 dirs full, 0 dirs failed
I20260608 09:48:51.540423  7025 consensus_queue.cc:1048] T bc3cbd1b25d9410683afc264c7cc7494 P 211d6c7272c843fa95fc6b7b7efb375f [LEADER]: Connected to new peer: Peer: permanent_uuid: "0f4e1d02b00a4b92a5b1d4ce18d31d20" member_type: VOTER last_known_addr { host: "127.3.176.131" port: 42535 }, Status: LMP_MISMATCH, Last received: 0.0, Next index: 1, Last known committed idx: 0, Time since last communication: 0.001s
W20260608 09:48:51.557158  6760 auto_rebalancer.cc:259] Could not retrieve cluster info: Service unavailable: Tablet not running
I20260608 09:48:51.563041  6952 data_dirs.cc:400] Could only allocate 1 dirs of requested 3 for tablet 4620d5db91964ae9af021fdc9f689691. 1 dirs total, 0 dirs full, 0 dirs failed
I20260608 09:48:51.565215  7157 tablet_bootstrap.cc:492] T 2d9dc110e0eb466b9233aa17f14e3aa8 P 211d6c7272c843fa95fc6b7b7efb375f: Bootstrap starting.
I20260608 09:48:51.583459  7113 tablet_service.cc:1511] Processing CreateTablet for tablet 11e77017ab284315a2e94245ebbd5566 (DEFAULT_TABLE table=range_aware_rebalance_new_range [id=41e7b99784cc4e5893509346cb6e387a]), partition=HASH (key) PARTITION 0, RANGE (key) PARTITION 10 <= VALUES < 20
I20260608 09:48:51.585090  7113 data_dirs.cc:400] Could only allocate 1 dirs of requested 3 for tablet 11e77017ab284315a2e94245ebbd5566. 1 dirs total, 0 dirs full, 0 dirs failed
I20260608 09:48:51.588737  7112 tablet_service.cc:1511] Processing CreateTablet for tablet 8edd9024bbbf4a6ba240d2c7ffd92f17 (DEFAULT_TABLE table=range_aware_rebalance_new_range [id=41e7b99784cc4e5893509346cb6e387a]), partition=HASH (key) PARTITION 1, RANGE (key) PARTITION 10 <= VALUES < 20
I20260608 09:48:51.590382  7112 data_dirs.cc:400] Could only allocate 1 dirs of requested 3 for tablet 8edd9024bbbf4a6ba240d2c7ffd92f17. 1 dirs total, 0 dirs full, 0 dirs failed
I20260608 09:48:51.593327  7111 tablet_service.cc:1511] Processing CreateTablet for tablet 2d9dc110e0eb466b9233aa17f14e3aa8 (DEFAULT_TABLE table=range_aware_rebalance_new_range [id=41e7b99784cc4e5893509346cb6e387a]), partition=HASH (key) PARTITION 2, RANGE (key) PARTITION 10 <= VALUES < 20
I20260608 09:48:51.593856  7108 tablet_service.cc:1511] Processing CreateTablet for tablet 4620d5db91964ae9af021fdc9f689691 (DEFAULT_TABLE table=range_aware_rebalance_new_range [id=41e7b99784cc4e5893509346cb6e387a]), partition=HASH (key) PARTITION 5, RANGE (key) PARTITION 10 <= VALUES < 20
I20260608 09:48:51.597527  7107 tablet_service.cc:1511] Processing CreateTablet for tablet bebc1dae77fa4369b9e334c159e1e9ed (DEFAULT_TABLE table=range_aware_rebalance_new_range [id=41e7b99784cc4e5893509346cb6e387a]), partition=HASH (key) PARTITION 6, RANGE (key) PARTITION 10 <= VALUES < 20
I20260608 09:48:51.599167  7109 tablet_service.cc:1511] Processing CreateTablet for tablet 91f4e06ecf244626a4382d0cc27bf2e2 (DEFAULT_TABLE table=range_aware_rebalance_new_range [id=41e7b99784cc4e5893509346cb6e387a]), partition=HASH (key) PARTITION 4, RANGE (key) PARTITION 10 <= VALUES < 20
I20260608 09:48:51.599609  7110 tablet_service.cc:1511] Processing CreateTablet for tablet f3ed6a3b18c04e319b68448068898048 (DEFAULT_TABLE table=range_aware_rebalance_new_range [id=41e7b99784cc4e5893509346cb6e387a]), partition=HASH (key) PARTITION 3, RANGE (key) PARTITION 10 <= VALUES < 20
I20260608 09:48:51.608829  7158 tablet_bootstrap.cc:492] T 8edd9024bbbf4a6ba240d2c7ffd92f17 P 2b92b7eb6eee462185196dcab8f379be: Bootstrap starting.
I20260608 09:48:51.614845  7157 tablet_bootstrap.cc:654] T 2d9dc110e0eb466b9233aa17f14e3aa8 P 211d6c7272c843fa95fc6b7b7efb375f: Neither blocks nor log segments found. Creating new log.
I20260608 09:48:51.609431  7106 tablet_service.cc:1511] Processing CreateTablet for tablet aaf7009910374cefb9e082454b0e8c27 (DEFAULT_TABLE table=range_aware_rebalance_new_range [id=41e7b99784cc4e5893509346cb6e387a]), partition=HASH (key) PARTITION 7, RANGE (key) PARTITION 10 <= VALUES < 20
I20260608 09:48:51.625211  7109 data_dirs.cc:400] Could only allocate 1 dirs of requested 3 for tablet 91f4e06ecf244626a4382d0cc27bf2e2. 1 dirs total, 0 dirs full, 0 dirs failed
I20260608 09:48:51.634361  7107 data_dirs.cc:400] Could only allocate 1 dirs of requested 3 for tablet bebc1dae77fa4369b9e334c159e1e9ed. 1 dirs total, 0 dirs full, 0 dirs failed
I20260608 09:48:51.635705  7110 data_dirs.cc:400] Could only allocate 1 dirs of requested 3 for tablet f3ed6a3b18c04e319b68448068898048. 1 dirs total, 0 dirs full, 0 dirs failed
I20260608 09:48:51.649187  7153 tablet_bootstrap.cc:654] T 8edd9024bbbf4a6ba240d2c7ffd92f17 P 0f4e1d02b00a4b92a5b1d4ce18d31d20: Neither blocks nor log segments found. Creating new log.
I20260608 09:48:51.659402  7108 data_dirs.cc:400] Could only allocate 1 dirs of requested 3 for tablet 4620d5db91964ae9af021fdc9f689691. 1 dirs total, 0 dirs full, 0 dirs failed
I20260608 09:48:51.661155  7111 data_dirs.cc:400] Could only allocate 1 dirs of requested 3 for tablet 2d9dc110e0eb466b9233aa17f14e3aa8. 1 dirs total, 0 dirs full, 0 dirs failed
I20260608 09:48:51.686582  7106 data_dirs.cc:400] Could only allocate 1 dirs of requested 3 for tablet aaf7009910374cefb9e082454b0e8c27. 1 dirs total, 0 dirs full, 0 dirs failed
I20260608 09:48:51.696426  7157 tablet_bootstrap.cc:492] T 2d9dc110e0eb466b9233aa17f14e3aa8 P 211d6c7272c843fa95fc6b7b7efb375f: No bootstrap required, opened a new log
I20260608 09:48:51.697156  7157 ts_tablet_manager.cc:1403] T 2d9dc110e0eb466b9233aa17f14e3aa8 P 211d6c7272c843fa95fc6b7b7efb375f: Time spent bootstrapping tablet: real 0.132s	user 0.011s	sys 0.013s
I20260608 09:48:51.705462  7153 tablet_bootstrap.cc:492] T 8edd9024bbbf4a6ba240d2c7ffd92f17 P 0f4e1d02b00a4b92a5b1d4ce18d31d20: No bootstrap required, opened a new log
I20260608 09:48:51.706138  7153 ts_tablet_manager.cc:1403] T 8edd9024bbbf4a6ba240d2c7ffd92f17 P 0f4e1d02b00a4b92a5b1d4ce18d31d20: Time spent bootstrapping tablet: real 0.227s	user 0.019s	sys 0.016s
I20260608 09:48:51.706483  7158 tablet_bootstrap.cc:654] T 8edd9024bbbf4a6ba240d2c7ffd92f17 P 2b92b7eb6eee462185196dcab8f379be: Neither blocks nor log segments found. Creating new log.
I20260608 09:48:51.710180  7153 raft_consensus.cc:359] T 8edd9024bbbf4a6ba240d2c7ffd92f17 P 0f4e1d02b00a4b92a5b1d4ce18d31d20 [term 0 FOLLOWER]: Replica starting. Triggering 0 pending ops. Active config: opid_index: -1 OBSOLETE_local: false peers { permanent_uuid: "2b92b7eb6eee462185196dcab8f379be" member_type: VOTER last_known_addr { host: "127.3.176.129" port: 41599 } } peers { permanent_uuid: "0f4e1d02b00a4b92a5b1d4ce18d31d20" member_type: VOTER last_known_addr { host: "127.3.176.131" port: 42535 } } peers { permanent_uuid: "da12c34a5a384e068bca2566327bf0d0" member_type: VOTER last_known_addr { host: "127.3.176.132" port: 38801 } }
I20260608 09:48:51.712934  7153 raft_consensus.cc:385] T 8edd9024bbbf4a6ba240d2c7ffd92f17 P 0f4e1d02b00a4b92a5b1d4ce18d31d20 [term 0 FOLLOWER]: Consensus starting up: Expiring failure detector timer to make a prompt election more likely
I20260608 09:48:51.720733  7153 raft_consensus.cc:740] T 8edd9024bbbf4a6ba240d2c7ffd92f17 P 0f4e1d02b00a4b92a5b1d4ce18d31d20 [term 0 FOLLOWER]: Becoming Follower/Learner. State: Replica: 0f4e1d02b00a4b92a5b1d4ce18d31d20, State: Initialized, Role: FOLLOWER
I20260608 09:48:51.716421  7157 raft_consensus.cc:359] T 2d9dc110e0eb466b9233aa17f14e3aa8 P 211d6c7272c843fa95fc6b7b7efb375f [term 0 FOLLOWER]: Replica starting. Triggering 0 pending ops. Active config: opid_index: -1 OBSOLETE_local: false peers { permanent_uuid: "211d6c7272c843fa95fc6b7b7efb375f" member_type: VOTER last_known_addr { host: "127.3.176.130" port: 45441 } } peers { permanent_uuid: "da12c34a5a384e068bca2566327bf0d0" member_type: VOTER last_known_addr { host: "127.3.176.132" port: 38801 } } peers { permanent_uuid: "0f4e1d02b00a4b92a5b1d4ce18d31d20" member_type: VOTER last_known_addr { host: "127.3.176.131" port: 42535 } }
I20260608 09:48:51.723220  7157 raft_consensus.cc:385] T 2d9dc110e0eb466b9233aa17f14e3aa8 P 211d6c7272c843fa95fc6b7b7efb375f [term 0 FOLLOWER]: Consensus starting up: Expiring failure detector timer to make a prompt election more likely
I20260608 09:48:51.726512  7157 raft_consensus.cc:740] T 2d9dc110e0eb466b9233aa17f14e3aa8 P 211d6c7272c843fa95fc6b7b7efb375f [term 0 FOLLOWER]: Becoming Follower/Learner. State: Replica: 211d6c7272c843fa95fc6b7b7efb375f, State: Initialized, Role: FOLLOWER
I20260608 09:48:51.730124  7157 consensus_queue.cc:260] T 2d9dc110e0eb466b9233aa17f14e3aa8 P 211d6c7272c843fa95fc6b7b7efb375f [NON_LEADER]: Queue going to NON_LEADER mode. State: All replicated index: 0, Majority replicated index: 0, Committed index: 0, Last appended: 0.0, Last appended by leader: 0, Current term: 0, Majority size: -1, State: 0, Mode: NON_LEADER, active raft config: opid_index: -1 OBSOLETE_local: false peers { permanent_uuid: "211d6c7272c843fa95fc6b7b7efb375f" member_type: VOTER last_known_addr { host: "127.3.176.130" port: 45441 } } peers { permanent_uuid: "da12c34a5a384e068bca2566327bf0d0" member_type: VOTER last_known_addr { host: "127.3.176.132" port: 38801 } } peers { permanent_uuid: "0f4e1d02b00a4b92a5b1d4ce18d31d20" member_type: VOTER last_known_addr { host: "127.3.176.131" port: 42535 } }
I20260608 09:48:51.736820  7157 ts_tablet_manager.cc:1434] T 2d9dc110e0eb466b9233aa17f14e3aa8 P 211d6c7272c843fa95fc6b7b7efb375f: Time spent starting tablet: real 0.039s	user 0.008s	sys 0.001s
I20260608 09:48:51.737924  7157 tablet_bootstrap.cc:492] T 4620d5db91964ae9af021fdc9f689691 P 211d6c7272c843fa95fc6b7b7efb375f: Bootstrap starting.
I20260608 09:48:51.741362  7158 tablet_bootstrap.cc:492] T 8edd9024bbbf4a6ba240d2c7ffd92f17 P 2b92b7eb6eee462185196dcab8f379be: No bootstrap required, opened a new log
I20260608 09:48:51.728816  7153 consensus_queue.cc:260] T 8edd9024bbbf4a6ba240d2c7ffd92f17 P 0f4e1d02b00a4b92a5b1d4ce18d31d20 [NON_LEADER]: Queue going to NON_LEADER mode. State: All replicated index: 0, Majority replicated index: 0, Committed index: 0, Last appended: 0.0, Last appended by leader: 0, Current term: 0, Majority size: -1, State: 0, Mode: NON_LEADER, active raft config: opid_index: -1 OBSOLETE_local: false peers { permanent_uuid: "2b92b7eb6eee462185196dcab8f379be" member_type: VOTER last_known_addr { host: "127.3.176.129" port: 41599 } } peers { permanent_uuid: "0f4e1d02b00a4b92a5b1d4ce18d31d20" member_type: VOTER last_known_addr { host: "127.3.176.131" port: 42535 } } peers { permanent_uuid: "da12c34a5a384e068bca2566327bf0d0" member_type: VOTER last_known_addr { host: "127.3.176.132" port: 38801 } }
I20260608 09:48:51.748912  7163 tablet_bootstrap.cc:492] T aaf7009910374cefb9e082454b0e8c27 P da12c34a5a384e068bca2566327bf0d0: Bootstrap starting.
I20260608 09:48:51.741885  7158 ts_tablet_manager.cc:1403] T 8edd9024bbbf4a6ba240d2c7ffd92f17 P 2b92b7eb6eee462185196dcab8f379be: Time spent bootstrapping tablet: real 0.134s	user 0.006s	sys 0.009s
I20260608 09:48:51.751262  7153 ts_tablet_manager.cc:1434] T 8edd9024bbbf4a6ba240d2c7ffd92f17 P 0f4e1d02b00a4b92a5b1d4ce18d31d20: Time spent starting tablet: real 0.045s	user 0.009s	sys 0.001s
I20260608 09:48:51.752506  7153 tablet_bootstrap.cc:492] T 2d9dc110e0eb466b9233aa17f14e3aa8 P 0f4e1d02b00a4b92a5b1d4ce18d31d20: Bootstrap starting.
I20260608 09:48:51.753564  7158 raft_consensus.cc:359] T 8edd9024bbbf4a6ba240d2c7ffd92f17 P 2b92b7eb6eee462185196dcab8f379be [term 0 FOLLOWER]: Replica starting. Triggering 0 pending ops. Active config: opid_index: -1 OBSOLETE_local: false peers { permanent_uuid: "2b92b7eb6eee462185196dcab8f379be" member_type: VOTER last_known_addr { host: "127.3.176.129" port: 41599 } } peers { permanent_uuid: "0f4e1d02b00a4b92a5b1d4ce18d31d20" member_type: VOTER last_known_addr { host: "127.3.176.131" port: 42535 } } peers { permanent_uuid: "da12c34a5a384e068bca2566327bf0d0" member_type: VOTER last_known_addr { host: "127.3.176.132" port: 38801 } }
I20260608 09:48:51.754631  7158 raft_consensus.cc:385] T 8edd9024bbbf4a6ba240d2c7ffd92f17 P 2b92b7eb6eee462185196dcab8f379be [term 0 FOLLOWER]: Consensus starting up: Expiring failure detector timer to make a prompt election more likely
I20260608 09:48:51.754936  7158 raft_consensus.cc:740] T 8edd9024bbbf4a6ba240d2c7ffd92f17 P 2b92b7eb6eee462185196dcab8f379be [term 0 FOLLOWER]: Becoming Follower/Learner. State: Replica: 2b92b7eb6eee462185196dcab8f379be, State: Initialized, Role: FOLLOWER
I20260608 09:48:51.755939  7158 consensus_queue.cc:260] T 8edd9024bbbf4a6ba240d2c7ffd92f17 P 2b92b7eb6eee462185196dcab8f379be [NON_LEADER]: Queue going to NON_LEADER mode. State: All replicated index: 0, Majority replicated index: 0, Committed index: 0, Last appended: 0.0, Last appended by leader: 0, Current term: 0, Majority size: -1, State: 0, Mode: NON_LEADER, active raft config: opid_index: -1 OBSOLETE_local: false peers { permanent_uuid: "2b92b7eb6eee462185196dcab8f379be" member_type: VOTER last_known_addr { host: "127.3.176.129" port: 41599 } } peers { permanent_uuid: "0f4e1d02b00a4b92a5b1d4ce18d31d20" member_type: VOTER last_known_addr { host: "127.3.176.131" port: 42535 } } peers { permanent_uuid: "da12c34a5a384e068bca2566327bf0d0" member_type: VOTER last_known_addr { host: "127.3.176.132" port: 38801 } }
I20260608 09:48:51.761142  7158 ts_tablet_manager.cc:1434] T 8edd9024bbbf4a6ba240d2c7ffd92f17 P 2b92b7eb6eee462185196dcab8f379be: Time spent starting tablet: real 0.011s	user 0.007s	sys 0.000s
I20260608 09:48:51.762176  7158 tablet_bootstrap.cc:492] T f3ed6a3b18c04e319b68448068898048 P 2b92b7eb6eee462185196dcab8f379be: Bootstrap starting.
I20260608 09:48:51.769654  7153 tablet_bootstrap.cc:654] T 2d9dc110e0eb466b9233aa17f14e3aa8 P 0f4e1d02b00a4b92a5b1d4ce18d31d20: Neither blocks nor log segments found. Creating new log.
