I20260608 10:01:26.716970  8118 data_dirs.cc:400] Could only allocate 1 dirs of requested 3 for tablet d52d47cde4f44350a61dee91de850ee8. 1 dirs total, 0 dirs full, 0 dirs failed
I20260608 10:01:26.719444  8117 tablet_service.cc:1511] Processing CreateTablet for tablet f843733f0a514750954bc8fa664e4d15 (DEFAULT_TABLE table=range_aware_rebalance_new_range [id=7822a56541d544a9b23b3525fd8f462b]), partition=HASH (key) PARTITION 1, RANGE (key) PARTITION 0 <= VALUES < 10
I20260608 10:01:26.721297  8117 data_dirs.cc:400] Could only allocate 1 dirs of requested 3 for tablet f843733f0a514750954bc8fa664e4d15. 1 dirs total, 0 dirs full, 0 dirs failed
I20260608 10:01:26.720886  8113 tablet_service.cc:1511] Processing CreateTablet for tablet 45a9206e131a4ac5b6bcff42f70c31f9 (DEFAULT_TABLE table=range_aware_rebalance_new_range [id=7822a56541d544a9b23b3525fd8f462b]), partition=HASH (key) PARTITION 5, RANGE (key) PARTITION 0 <= VALUES < 10
I20260608 10:01:26.722975  8116 tablet_service.cc:1511] Processing CreateTablet for tablet 7041de1ed8364e8f8829f548ce643658 (DEFAULT_TABLE table=range_aware_rebalance_new_range [id=7822a56541d544a9b23b3525fd8f462b]), partition=HASH (key) PARTITION 2, RANGE (key) PARTITION 0 <= VALUES < 10
I20260608 10:01:26.723416  8115 tablet_service.cc:1511] Processing CreateTablet for tablet 9641ad4c64d748f295e9e6f80691a7cf (DEFAULT_TABLE table=range_aware_rebalance_new_range [id=7822a56541d544a9b23b3525fd8f462b]), partition=HASH (key) PARTITION 3, RANGE (key) PARTITION 0 <= VALUES < 10
I20260608 10:01:26.722311  8113 data_dirs.cc:400] Could only allocate 1 dirs of requested 3 for tablet 45a9206e131a4ac5b6bcff42f70c31f9. 1 dirs total, 0 dirs full, 0 dirs failed
I20260608 10:01:26.719444  8114 tablet_service.cc:1511] Processing CreateTablet for tablet fad6f4f5285044cdabd29670535718ad (DEFAULT_TABLE table=range_aware_rebalance_new_range [id=7822a56541d544a9b23b3525fd8f462b]), partition=HASH (key) PARTITION 4, RANGE (key) PARTITION 0 <= VALUES < 10
I20260608 10:01:26.725656  8114 data_dirs.cc:400] Could only allocate 1 dirs of requested 3 for tablet fad6f4f5285044cdabd29670535718ad. 1 dirs total, 0 dirs full, 0 dirs failed
I20260608 10:01:26.726918  8116 data_dirs.cc:400] Could only allocate 1 dirs of requested 3 for tablet 7041de1ed8364e8f8829f548ce643658. 1 dirs total, 0 dirs full, 0 dirs failed
I20260608 10:01:26.730438  8115 data_dirs.cc:400] Could only allocate 1 dirs of requested 3 for tablet 9641ad4c64d748f295e9e6f80691a7cf. 1 dirs total, 0 dirs full, 0 dirs failed
I20260608 10:01:26.738325  8112 tablet_service.cc:1511] Processing CreateTablet for tablet 0ef3dfa9fee7435890fce9048ed4aa4c (DEFAULT_TABLE table=range_aware_rebalance_new_range [id=7822a56541d544a9b23b3525fd8f462b]), partition=HASH (key) PARTITION 6, RANGE (key) PARTITION 0 <= VALUES < 10
I20260608 10:01:26.739845  8112 data_dirs.cc:400] Could only allocate 1 dirs of requested 3 for tablet 0ef3dfa9fee7435890fce9048ed4aa4c. 1 dirs total, 0 dirs full, 0 dirs failed
I20260608 10:01:26.743515  8111 tablet_service.cc:1511] Processing CreateTablet for tablet b4b1865299f34bba9e519c57b909806e (DEFAULT_TABLE table=range_aware_rebalance_new_range [id=7822a56541d544a9b23b3525fd8f462b]), partition=HASH (key) PARTITION 7, RANGE (key) PARTITION 0 <= VALUES < 10
I20260608 10:01:26.745462  8111 data_dirs.cc:400] Could only allocate 1 dirs of requested 3 for tablet b4b1865299f34bba9e519c57b909806e. 1 dirs total, 0 dirs full, 0 dirs failed
I20260608 10:01:26.751308  8261 tablet_service.cc:1511] Processing CreateTablet for tablet 0ef3dfa9fee7435890fce9048ed4aa4c (DEFAULT_TABLE table=range_aware_rebalance_new_range [id=7822a56541d544a9b23b3525fd8f462b]), partition=HASH (key) PARTITION 6, RANGE (key) PARTITION 0 <= VALUES < 10
I20260608 10:01:26.752836  8261 data_dirs.cc:400] Could only allocate 1 dirs of requested 3 for tablet 0ef3dfa9fee7435890fce9048ed4aa4c. 1 dirs total, 0 dirs full, 0 dirs failed
I20260608 10:01:26.778105  8322 tablet_bootstrap.cc:492] T f843733f0a514750954bc8fa664e4d15 P 4e9ce6601e5a4e19ba35b174c266bace: Bootstrap starting.
I20260608 10:01:26.798470  8323 tablet_bootstrap.cc:492] T d52d47cde4f44350a61dee91de850ee8 P 4766d2f024444c9ea0f44f2b40e70d4e: Bootstrap starting.
I20260608 10:01:26.802225  8322 tablet_bootstrap.cc:654] T f843733f0a514750954bc8fa664e4d15 P 4e9ce6601e5a4e19ba35b174c266bace: Neither blocks nor log segments found. Creating new log.
I20260608 10:01:26.806552  8260 tablet_service.cc:1511] Processing CreateTablet for tablet b4b1865299f34bba9e519c57b909806e (DEFAULT_TABLE table=range_aware_rebalance_new_range [id=7822a56541d544a9b23b3525fd8f462b]), partition=HASH (key) PARTITION 7, RANGE (key) PARTITION 0 <= VALUES < 10
I20260608 10:01:26.808148  8260 data_dirs.cc:400] Could only allocate 1 dirs of requested 3 for tablet b4b1865299f34bba9e519c57b909806e. 1 dirs total, 0 dirs full, 0 dirs failed
I20260608 10:01:26.830446  8324 tablet_bootstrap.cc:492] T 45a9206e131a4ac5b6bcff42f70c31f9 P 629b9b5c95b9473bb22c41484566f427: Bootstrap starting.
I20260608 10:01:26.842146  8323 tablet_bootstrap.cc:654] T d52d47cde4f44350a61dee91de850ee8 P 4766d2f024444c9ea0f44f2b40e70d4e: Neither blocks nor log segments found. Creating new log.
I20260608 10:01:26.853406  8322 tablet_bootstrap.cc:492] T f843733f0a514750954bc8fa664e4d15 P 4e9ce6601e5a4e19ba35b174c266bace: No bootstrap required, opened a new log
I20260608 10:01:26.854115  8322 ts_tablet_manager.cc:1403] T f843733f0a514750954bc8fa664e4d15 P 4e9ce6601e5a4e19ba35b174c266bace: Time spent bootstrapping tablet: real 0.077s	user 0.008s	sys 0.024s
I20260608 10:01:26.861555  8322 raft_consensus.cc:359] T f843733f0a514750954bc8fa664e4d15 P 4e9ce6601e5a4e19ba35b174c266bace [term 0 FOLLOWER]: Replica starting. Triggering 0 pending ops. Active config: opid_index: -1 OBSOLETE_local: false peers { permanent_uuid: "629b9b5c95b9473bb22c41484566f427" member_type: VOTER last_known_addr { host: "127.5.1.65" port: 46153 } } peers { permanent_uuid: "4e9ce6601e5a4e19ba35b174c266bace" member_type: VOTER last_known_addr { host: "127.5.1.66" port: 36429 } } peers { permanent_uuid: "4766d2f024444c9ea0f44f2b40e70d4e" member_type: VOTER last_known_addr { host: "127.5.1.67" port: 44261 } }
I20260608 10:01:26.862568  8322 raft_consensus.cc:385] T f843733f0a514750954bc8fa664e4d15 P 4e9ce6601e5a4e19ba35b174c266bace [term 0 FOLLOWER]: Consensus starting up: Expiring failure detector timer to make a prompt election more likely
I20260608 10:01:26.863008  8322 raft_consensus.cc:740] T f843733f0a514750954bc8fa664e4d15 P 4e9ce6601e5a4e19ba35b174c266bace [term 0 FOLLOWER]: Becoming Follower/Learner. State: Replica: 4e9ce6601e5a4e19ba35b174c266bace, State: Initialized, Role: FOLLOWER
I20260608 10:01:26.863308  8324 tablet_bootstrap.cc:654] T 45a9206e131a4ac5b6bcff42f70c31f9 P 629b9b5c95b9473bb22c41484566f427: Neither blocks nor log segments found. Creating new log.
I20260608 10:01:26.863936  8323 tablet_bootstrap.cc:492] T d52d47cde4f44350a61dee91de850ee8 P 4766d2f024444c9ea0f44f2b40e70d4e: No bootstrap required, opened a new log
I20260608 10:01:26.864442  8323 ts_tablet_manager.cc:1403] T d52d47cde4f44350a61dee91de850ee8 P 4766d2f024444c9ea0f44f2b40e70d4e: Time spent bootstrapping tablet: real 0.066s	user 0.003s	sys 0.009s
I20260608 10:01:26.864317  8322 consensus_queue.cc:260] T f843733f0a514750954bc8fa664e4d15 P 4e9ce6601e5a4e19ba35b174c266bace [NON_LEADER]: Queue going to NON_LEADER mode. State: All replicated index: 0, Majority replicated index: 0, Committed index: 0, Last appended: 0.0, Last appended by leader: 0, Current term: 0, Majority size: -1, State: 0, Mode: NON_LEADER, active raft config: opid_index: -1 OBSOLETE_local: false peers { permanent_uuid: "629b9b5c95b9473bb22c41484566f427" member_type: VOTER last_known_addr { host: "127.5.1.65" port: 46153 } } peers { permanent_uuid: "4e9ce6601e5a4e19ba35b174c266bace" member_type: VOTER last_known_addr { host: "127.5.1.66" port: 36429 } } peers { permanent_uuid: "4766d2f024444c9ea0f44f2b40e70d4e" member_type: VOTER last_known_addr { host: "127.5.1.67" port: 44261 } }
I20260608 10:01:26.868099  8323 raft_consensus.cc:359] T d52d47cde4f44350a61dee91de850ee8 P 4766d2f024444c9ea0f44f2b40e70d4e [term 0 FOLLOWER]: Replica starting. Triggering 0 pending ops. Active config: opid_index: -1 OBSOLETE_local: false peers { permanent_uuid: "4766d2f024444c9ea0f44f2b40e70d4e" member_type: VOTER last_known_addr { host: "127.5.1.67" port: 44261 } } peers { permanent_uuid: "629b9b5c95b9473bb22c41484566f427" member_type: VOTER last_known_addr { host: "127.5.1.65" port: 46153 } } peers { permanent_uuid: "4e9ce6601e5a4e19ba35b174c266bace" member_type: VOTER last_known_addr { host: "127.5.1.66" port: 36429 } }
I20260608 10:01:26.868788  8322 ts_tablet_manager.cc:1434] T f843733f0a514750954bc8fa664e4d15 P 4e9ce6601e5a4e19ba35b174c266bace: Time spent starting tablet: real 0.014s	user 0.001s	sys 0.007s
I20260608 10:01:26.869110  8323 raft_consensus.cc:385] T d52d47cde4f44350a61dee91de850ee8 P 4766d2f024444c9ea0f44f2b40e70d4e [term 0 FOLLOWER]: Consensus starting up: Expiring failure detector timer to make a prompt election more likely
I20260608 10:01:26.869484  8323 raft_consensus.cc:740] T d52d47cde4f44350a61dee91de850ee8 P 4766d2f024444c9ea0f44f2b40e70d4e [term 0 FOLLOWER]: Becoming Follower/Learner. State: Replica: 4766d2f024444c9ea0f44f2b40e70d4e, State: Initialized, Role: FOLLOWER
I20260608 10:01:26.870105  8322 tablet_bootstrap.cc:492] T 7041de1ed8364e8f8829f548ce643658 P 4e9ce6601e5a4e19ba35b174c266bace: Bootstrap starting.
I20260608 10:01:26.871048  8323 consensus_queue.cc:260] T d52d47cde4f44350a61dee91de850ee8 P 4766d2f024444c9ea0f44f2b40e70d4e [NON_LEADER]: Queue going to NON_LEADER mode. State: All replicated index: 0, Majority replicated index: 0, Committed index: 0, Last appended: 0.0, Last appended by leader: 0, Current term: 0, Majority size: -1, State: 0, Mode: NON_LEADER, active raft config: opid_index: -1 OBSOLETE_local: false peers { permanent_uuid: "4766d2f024444c9ea0f44f2b40e70d4e" member_type: VOTER last_known_addr { host: "127.5.1.67" port: 44261 } } peers { permanent_uuid: "629b9b5c95b9473bb22c41484566f427" member_type: VOTER last_known_addr { host: "127.5.1.65" port: 46153 } } peers { permanent_uuid: "4e9ce6601e5a4e19ba35b174c266bace" member_type: VOTER last_known_addr { host: "127.5.1.66" port: 36429 } }
I20260608 10:01:26.875869  8324 tablet_bootstrap.cc:492] T 45a9206e131a4ac5b6bcff42f70c31f9 P 629b9b5c95b9473bb22c41484566f427: No bootstrap required, opened a new log
I20260608 10:01:26.876441  8324 ts_tablet_manager.cc:1403] T 45a9206e131a4ac5b6bcff42f70c31f9 P 629b9b5c95b9473bb22c41484566f427: Time spent bootstrapping tablet: real 0.046s	user 0.014s	sys 0.003s
I20260608 10:01:26.877884  8322 tablet_bootstrap.cc:654] T 7041de1ed8364e8f8829f548ce643658 P 4e9ce6601e5a4e19ba35b174c266bace: Neither blocks nor log segments found. Creating new log.
I20260608 10:01:26.879701  8324 raft_consensus.cc:359] T 45a9206e131a4ac5b6bcff42f70c31f9 P 629b9b5c95b9473bb22c41484566f427 [term 0 FOLLOWER]: Replica starting. Triggering 0 pending ops. Active config: opid_index: -1 OBSOLETE_local: false peers { permanent_uuid: "629b9b5c95b9473bb22c41484566f427" member_type: VOTER last_known_addr { host: "127.5.1.65" port: 46153 } } peers { permanent_uuid: "4e9ce6601e5a4e19ba35b174c266bace" member_type: VOTER last_known_addr { host: "127.5.1.66" port: 36429 } } peers { permanent_uuid: "4766d2f024444c9ea0f44f2b40e70d4e" member_type: VOTER last_known_addr { host: "127.5.1.67" port: 44261 } }
I20260608 10:01:26.880550  8324 raft_consensus.cc:385] T 45a9206e131a4ac5b6bcff42f70c31f9 P 629b9b5c95b9473bb22c41484566f427 [term 0 FOLLOWER]: Consensus starting up: Expiring failure detector timer to make a prompt election more likely
I20260608 10:01:26.880947  8324 raft_consensus.cc:740] T 45a9206e131a4ac5b6bcff42f70c31f9 P 629b9b5c95b9473bb22c41484566f427 [term 0 FOLLOWER]: Becoming Follower/Learner. State: Replica: 629b9b5c95b9473bb22c41484566f427, State: Initialized, Role: FOLLOWER
I20260608 10:01:26.882102  8324 consensus_queue.cc:260] T 45a9206e131a4ac5b6bcff42f70c31f9 P 629b9b5c95b9473bb22c41484566f427 [NON_LEADER]: Queue going to NON_LEADER mode. State: All replicated index: 0, Majority replicated index: 0, Committed index: 0, Last appended: 0.0, Last appended by leader: 0, Current term: 0, Majority size: -1, State: 0, Mode: NON_LEADER, active raft config: opid_index: -1 OBSOLETE_local: false peers { permanent_uuid: "629b9b5c95b9473bb22c41484566f427" member_type: VOTER last_known_addr { host: "127.5.1.65" port: 46153 } } peers { permanent_uuid: "4e9ce6601e5a4e19ba35b174c266bace" member_type: VOTER last_known_addr { host: "127.5.1.66" port: 36429 } } peers { permanent_uuid: "4766d2f024444c9ea0f44f2b40e70d4e" member_type: VOTER last_known_addr { host: "127.5.1.67" port: 44261 } }
I20260608 10:01:26.883689  8323 ts_tablet_manager.cc:1434] T d52d47cde4f44350a61dee91de850ee8 P 4766d2f024444c9ea0f44f2b40e70d4e: Time spent starting tablet: real 0.019s	user 0.010s	sys 0.000s
I20260608 10:01:26.884888  8323 tablet_bootstrap.cc:492] T fad6f4f5285044cdabd29670535718ad P 4766d2f024444c9ea0f44f2b40e70d4e: Bootstrap starting.
I20260608 10:01:26.892674  8324 ts_tablet_manager.cc:1434] T 45a9206e131a4ac5b6bcff42f70c31f9 P 629b9b5c95b9473bb22c41484566f427: Time spent starting tablet: real 0.016s	user 0.015s	sys 0.000s
I20260608 10:01:26.892905  8323 tablet_bootstrap.cc:654] T fad6f4f5285044cdabd29670535718ad P 4766d2f024444c9ea0f44f2b40e70d4e: Neither blocks nor log segments found. Creating new log.
I20260608 10:01:26.893956  8322 tablet_bootstrap.cc:492] T 7041de1ed8364e8f8829f548ce643658 P 4e9ce6601e5a4e19ba35b174c266bace: No bootstrap required, opened a new log
I20260608 10:01:26.894575  8322 ts_tablet_manager.cc:1403] T 7041de1ed8364e8f8829f548ce643658 P 4e9ce6601e5a4e19ba35b174c266bace: Time spent bootstrapping tablet: real 0.025s	user 0.015s	sys 0.009s
I20260608 10:01:26.895802  8324 tablet_bootstrap.cc:492] T f843733f0a514750954bc8fa664e4d15 P 629b9b5c95b9473bb22c41484566f427: Bootstrap starting.
I20260608 10:01:26.898053  8322 raft_consensus.cc:359] T 7041de1ed8364e8f8829f548ce643658 P 4e9ce6601e5a4e19ba35b174c266bace [term 0 FOLLOWER]: Replica starting. Triggering 0 pending ops. Active config: opid_index: -1 OBSOLETE_local: false peers { permanent_uuid: "4e9ce6601e5a4e19ba35b174c266bace" member_type: VOTER last_known_addr { host: "127.5.1.66" port: 36429 } } peers { permanent_uuid: "629b9b5c95b9473bb22c41484566f427" member_type: VOTER last_known_addr { host: "127.5.1.65" port: 46153 } } peers { permanent_uuid: "4766d2f024444c9ea0f44f2b40e70d4e" member_type: VOTER last_known_addr { host: "127.5.1.67" port: 44261 } }
I20260608 10:01:26.899183  8322 raft_consensus.cc:385] T 7041de1ed8364e8f8829f548ce643658 P 4e9ce6601e5a4e19ba35b174c266bace [term 0 FOLLOWER]: Consensus starting up: Expiring failure detector timer to make a prompt election more likely
I20260608 10:01:26.899536  8322 raft_consensus.cc:740] T 7041de1ed8364e8f8829f548ce643658 P 4e9ce6601e5a4e19ba35b174c266bace [term 0 FOLLOWER]: Becoming Follower/Learner. State: Replica: 4e9ce6601e5a4e19ba35b174c266bace, State: Initialized, Role: FOLLOWER
I20260608 10:01:26.900630  8322 consensus_queue.cc:260] T 7041de1ed8364e8f8829f548ce643658 P 4e9ce6601e5a4e19ba35b174c266bace [NON_LEADER]: Queue going to NON_LEADER mode. State: All replicated index: 0, Majority replicated index: 0, Committed index: 0, Last appended: 0.0, Last appended by leader: 0, Current term: 0, Majority size: -1, State: 0, Mode: NON_LEADER, active raft config: opid_index: -1 OBSOLETE_local: false peers { permanent_uuid: "4e9ce6601e5a4e19ba35b174c266bace" member_type: VOTER last_known_addr { host: "127.5.1.66" port: 36429 } } peers { permanent_uuid: "629b9b5c95b9473bb22c41484566f427" member_type: VOTER last_known_addr { host: "127.5.1.65" port: 46153 } } peers { permanent_uuid: "4766d2f024444c9ea0f44f2b40e70d4e" member_type: VOTER last_known_addr { host: "127.5.1.67" port: 44261 } }
I20260608 10:01:26.905076  8324 tablet_bootstrap.cc:654] T f843733f0a514750954bc8fa664e4d15 P 629b9b5c95b9473bb22c41484566f427: Neither blocks nor log segments found. Creating new log.
I20260608 10:01:26.905835  8322 ts_tablet_manager.cc:1434] T 7041de1ed8364e8f8829f548ce643658 P 4e9ce6601e5a4e19ba35b174c266bace: Time spent starting tablet: real 0.011s	user 0.007s	sys 0.000s
I20260608 10:01:26.906991  8322 tablet_bootstrap.cc:492] T 9641ad4c64d748f295e9e6f80691a7cf P 4e9ce6601e5a4e19ba35b174c266bace: Bootstrap starting.
I20260608 10:01:26.911072  8323 tablet_bootstrap.cc:492] T fad6f4f5285044cdabd29670535718ad P 4766d2f024444c9ea0f44f2b40e70d4e: No bootstrap required, opened a new log
I20260608 10:01:26.911660  8323 ts_tablet_manager.cc:1403] T fad6f4f5285044cdabd29670535718ad P 4766d2f024444c9ea0f44f2b40e70d4e: Time spent bootstrapping tablet: real 0.027s	user 0.012s	sys 0.012s
I20260608 10:01:26.914150  8322 tablet_bootstrap.cc:654] T 9641ad4c64d748f295e9e6f80691a7cf P 4e9ce6601e5a4e19ba35b174c266bace: Neither blocks nor log segments found. Creating new log.
I20260608 10:01:26.915560  8324 tablet_bootstrap.cc:492] T f843733f0a514750954bc8fa664e4d15 P 629b9b5c95b9473bb22c41484566f427: No bootstrap required, opened a new log
I20260608 10:01:26.916253  8324 ts_tablet_manager.cc:1403] T f843733f0a514750954bc8fa664e4d15 P 629b9b5c95b9473bb22c41484566f427: Time spent bootstrapping tablet: real 0.021s	user 0.010s	sys 0.004s
I20260608 10:01:26.915666  8323 raft_consensus.cc:359] T fad6f4f5285044cdabd29670535718ad P 4766d2f024444c9ea0f44f2b40e70d4e [term 0 FOLLOWER]: Replica starting. Triggering 0 pending ops. Active config: opid_index: -1 OBSOLETE_local: false peers { permanent_uuid: "629b9b5c95b9473bb22c41484566f427" member_type: VOTER last_known_addr { host: "127.5.1.65" port: 46153 } } peers { permanent_uuid: "4e9ce6601e5a4e19ba35b174c266bace" member_type: VOTER last_known_addr { host: "127.5.1.66" port: 36429 } } peers { permanent_uuid: "4766d2f024444c9ea0f44f2b40e70d4e" member_type: VOTER last_known_addr { host: "127.5.1.67" port: 44261 } }
I20260608 10:01:26.916807  8323 raft_consensus.cc:385] T fad6f4f5285044cdabd29670535718ad P 4766d2f024444c9ea0f44f2b40e70d4e [term 0 FOLLOWER]: Consensus starting up: Expiring failure detector timer to make a prompt election more likely
I20260608 10:01:26.917213  8323 raft_consensus.cc:740] T fad6f4f5285044cdabd29670535718ad P 4766d2f024444c9ea0f44f2b40e70d4e [term 0 FOLLOWER]: Becoming Follower/Learner. State: Replica: 4766d2f024444c9ea0f44f2b40e70d4e, State: Initialized, Role: FOLLOWER
I20260608 10:01:26.918467  8323 consensus_queue.cc:260] T fad6f4f5285044cdabd29670535718ad P 4766d2f024444c9ea0f44f2b40e70d4e [NON_LEADER]: Queue going to NON_LEADER mode. State: All replicated index: 0, Majority replicated index: 0, Committed index: 0, Last appended: 0.0, Last appended by leader: 0, Current term: 0, Majority size: -1, State: 0, Mode: NON_LEADER, active raft config: opid_index: -1 OBSOLETE_local: false peers { permanent_uuid: "629b9b5c95b9473bb22c41484566f427" member_type: VOTER last_known_addr { host: "127.5.1.65" port: 46153 } } peers { permanent_uuid: "4e9ce6601e5a4e19ba35b174c266bace" member_type: VOTER last_known_addr { host: "127.5.1.66" port: 36429 } } peers { permanent_uuid: "4766d2f024444c9ea0f44f2b40e70d4e" member_type: VOTER last_known_addr { host: "127.5.1.67" port: 44261 } }
I20260608 10:01:26.920866  8324 raft_consensus.cc:359] T f843733f0a514750954bc8fa664e4d15 P 629b9b5c95b9473bb22c41484566f427 [term 0 FOLLOWER]: Replica starting. Triggering 0 pending ops. Active config: opid_index: -1 OBSOLETE_local: false peers { permanent_uuid: "629b9b5c95b9473bb22c41484566f427" member_type: VOTER last_known_addr { host: "127.5.1.65" port: 46153 } } peers { permanent_uuid: "4e9ce6601e5a4e19ba35b174c266bace" member_type: VOTER last_known_addr { host: "127.5.1.66" port: 36429 } } peers { permanent_uuid: "4766d2f024444c9ea0f44f2b40e70d4e" member_type: VOTER last_known_addr { host: "127.5.1.67" port: 44261 } }
I20260608 10:01:26.921945  8324 raft_consensus.cc:385] T f843733f0a514750954bc8fa664e4d15 P 629b9b5c95b9473bb22c41484566f427 [term 0 FOLLOWER]: Consensus starting up: Expiring failure detector timer to make a prompt election more likely
I20260608 10:01:26.922434  8324 raft_consensus.cc:740] T f843733f0a514750954bc8fa664e4d15 P 629b9b5c95b9473bb22c41484566f427 [term 0 FOLLOWER]: Becoming Follower/Learner. State: Replica: 629b9b5c95b9473bb22c41484566f427, State: Initialized, Role: FOLLOWER
I20260608 10:01:26.923547  8324 consensus_queue.cc:260] T f843733f0a514750954bc8fa664e4d15 P 629b9b5c95b9473bb22c41484566f427 [NON_LEADER]: Queue going to NON_LEADER mode. State: All replicated index: 0, Majority replicated index: 0, Committed index: 0, Last appended: 0.0, Last appended by leader: 0, Current term: 0, Majority size: -1, State: 0, Mode: NON_LEADER, active raft config: opid_index: -1 OBSOLETE_local: false peers { permanent_uuid: "629b9b5c95b9473bb22c41484566f427" member_type: VOTER last_known_addr { host: "127.5.1.65" port: 46153 } } peers { permanent_uuid: "4e9ce6601e5a4e19ba35b174c266bace" member_type: VOTER last_known_addr { host: "127.5.1.66" port: 36429 } } peers { permanent_uuid: "4766d2f024444c9ea0f44f2b40e70d4e" member_type: VOTER last_known_addr { host: "127.5.1.67" port: 44261 } }
I20260608 10:01:26.926121  8324 ts_tablet_manager.cc:1434] T f843733f0a514750954bc8fa664e4d15 P 629b9b5c95b9473bb22c41484566f427: Time spent starting tablet: real 0.009s	user 0.007s	sys 0.000s
I20260608 10:01:26.927160  8324 tablet_bootstrap.cc:492] T fad6f4f5285044cdabd29670535718ad P 629b9b5c95b9473bb22c41484566f427: Bootstrap starting.
I20260608 10:01:26.927503  8323 ts_tablet_manager.cc:1434] T fad6f4f5285044cdabd29670535718ad P 4766d2f024444c9ea0f44f2b40e70d4e: Time spent starting tablet: real 0.016s	user 0.003s	sys 0.006s
I20260608 10:01:26.929021  8322 tablet_bootstrap.cc:492] T 9641ad4c64d748f295e9e6f80691a7cf P 4e9ce6601e5a4e19ba35b174c266bace: No bootstrap required, opened a new log
I20260608 10:01:26.929577  8322 ts_tablet_manager.cc:1403] T 9641ad4c64d748f295e9e6f80691a7cf P 4e9ce6601e5a4e19ba35b174c266bace: Time spent bootstrapping tablet: real 0.023s	user 0.009s	sys 0.011s
I20260608 10:01:26.932761  8322 raft_consensus.cc:359] T 9641ad4c64d748f295e9e6f80691a7cf P 4e9ce6601e5a4e19ba35b174c266bace [term 0 FOLLOWER]: Replica starting. Triggering 0 pending ops. Active config: opid_index: -1 OBSOLETE_local: false peers { permanent_uuid: "629b9b5c95b9473bb22c41484566f427" member_type: VOTER last_known_addr { host: "127.5.1.65" port: 46153 } } peers { permanent_uuid: "4e9ce6601e5a4e19ba35b174c266bace" member_type: VOTER last_known_addr { host: "127.5.1.66" port: 36429 } } peers { permanent_uuid: "4766d2f024444c9ea0f44f2b40e70d4e" member_type: VOTER last_known_addr { host: "127.5.1.67" port: 44261 } }
I20260608 10:01:26.933524  8322 raft_consensus.cc:385] T 9641ad4c64d748f295e9e6f80691a7cf P 4e9ce6601e5a4e19ba35b174c266bace [term 0 FOLLOWER]: Consensus starting up: Expiring failure detector timer to make a prompt election more likely
I20260608 10:01:26.933872  8322 raft_consensus.cc:740] T 9641ad4c64d748f295e9e6f80691a7cf P 4e9ce6601e5a4e19ba35b174c266bace [term 0 FOLLOWER]: Becoming Follower/Learner. State: Replica: 4e9ce6601e5a4e19ba35b174c266bace, State: Initialized, Role: FOLLOWER
I20260608 10:01:26.934531  8324 tablet_bootstrap.cc:654] T fad6f4f5285044cdabd29670535718ad P 629b9b5c95b9473bb22c41484566f427: Neither blocks nor log segments found. Creating new log.
I20260608 10:01:26.934931  8322 consensus_queue.cc:260] T 9641ad4c64d748f295e9e6f80691a7cf P 4e9ce6601e5a4e19ba35b174c266bace [NON_LEADER]: Queue going to NON_LEADER mode. State: All replicated index: 0, Majority replicated index: 0, Committed index: 0, Last appended: 0.0, Last appended by leader: 0, Current term: 0, Majority size: -1, State: 0, Mode: NON_LEADER, active raft config: opid_index: -1 OBSOLETE_local: false peers { permanent_uuid: "629b9b5c95b9473bb22c41484566f427" member_type: VOTER last_known_addr { host: "127.5.1.65" port: 46153 } } peers { permanent_uuid: "4e9ce6601e5a4e19ba35b174c266bace" member_type: VOTER last_known_addr { host: "127.5.1.66" port: 36429 } } peers { permanent_uuid: "4766d2f024444c9ea0f44f2b40e70d4e" member_type: VOTER last_known_addr { host: "127.5.1.67" port: 44261 } }
I20260608 10:01:26.935413  8323 tablet_bootstrap.cc:492] T 7041de1ed8364e8f8829f548ce643658 P 4766d2f024444c9ea0f44f2b40e70d4e: Bootstrap starting.
I20260608 10:01:26.940590  8322 ts_tablet_manager.cc:1434] T 9641ad4c64d748f295e9e6f80691a7cf P 4e9ce6601e5a4e19ba35b174c266bace: Time spent starting tablet: real 0.011s	user 0.005s	sys 0.003s
I20260608 10:01:26.942039  8322 tablet_bootstrap.cc:492] T fad6f4f5285044cdabd29670535718ad P 4e9ce6601e5a4e19ba35b174c266bace: Bootstrap starting.
I20260608 10:01:26.942582  8323 tablet_bootstrap.cc:654] T 7041de1ed8364e8f8829f548ce643658 P 4766d2f024444c9ea0f44f2b40e70d4e: Neither blocks nor log segments found. Creating new log.
I20260608 10:01:26.951177  8322 tablet_bootstrap.cc:654] T fad6f4f5285044cdabd29670535718ad P 4e9ce6601e5a4e19ba35b174c266bace: Neither blocks nor log segments found. Creating new log.
I20260608 10:01:26.954545  8323 tablet_bootstrap.cc:492] T 7041de1ed8364e8f8829f548ce643658 P 4766d2f024444c9ea0f44f2b40e70d4e: No bootstrap required, opened a new log
I20260608 10:01:26.955111  8323 ts_tablet_manager.cc:1403] T 7041de1ed8364e8f8829f548ce643658 P 4766d2f024444c9ea0f44f2b40e70d4e: Time spent bootstrapping tablet: real 0.020s	user 0.011s	sys 0.007s
I20260608 10:01:26.958608  8323 raft_consensus.cc:359] T 7041de1ed8364e8f8829f548ce643658 P 4766d2f024444c9ea0f44f2b40e70d4e [term 0 FOLLOWER]: Replica starting. Triggering 0 pending ops. Active config: opid_index: -1 OBSOLETE_local: false peers { permanent_uuid: "4e9ce6601e5a4e19ba35b174c266bace" member_type: VOTER last_known_addr { host: "127.5.1.66" port: 36429 } } peers { permanent_uuid: "629b9b5c95b9473bb22c41484566f427" member_type: VOTER last_known_addr { host: "127.5.1.65" port: 46153 } } peers { permanent_uuid: "4766d2f024444c9ea0f44f2b40e70d4e" member_type: VOTER last_known_addr { host: "127.5.1.67" port: 44261 } }
I20260608 10:01:26.959430  8323 raft_consensus.cc:385] T 7041de1ed8364e8f8829f548ce643658 P 4766d2f024444c9ea0f44f2b40e70d4e [term 0 FOLLOWER]: Consensus starting up: Expiring failure detector timer to make a prompt election more likely
I20260608 10:01:26.959762  8323 raft_consensus.cc:740] T 7041de1ed8364e8f8829f548ce643658 P 4766d2f024444c9ea0f44f2b40e70d4e [term 0 FOLLOWER]: Becoming Follower/Learner. State: Replica: 4766d2f024444c9ea0f44f2b40e70d4e, State: Initialized, Role: FOLLOWER
I20260608 10:01:26.960656  8324 tablet_bootstrap.cc:492] T fad6f4f5285044cdabd29670535718ad P 629b9b5c95b9473bb22c41484566f427: No bootstrap required, opened a new log
I20260608 10:01:26.961172  8324 ts_tablet_manager.cc:1403] T fad6f4f5285044cdabd29670535718ad P 629b9b5c95b9473bb22c41484566f427: Time spent bootstrapping tablet: real 0.034s	user 0.018s	sys 0.012s
I20260608 10:01:26.961294  8322 tablet_bootstrap.cc:492] T fad6f4f5285044cdabd29670535718ad P 4e9ce6601e5a4e19ba35b174c266bace: No bootstrap required, opened a new log
I20260608 10:01:26.960801  8323 consensus_queue.cc:260] T 7041de1ed8364e8f8829f548ce643658 P 4766d2f024444c9ea0f44f2b40e70d4e [NON_LEADER]: Queue going to NON_LEADER mode. State: All replicated index: 0, Majority replicated index: 0, Committed index: 0, Last appended: 0.0, Last appended by leader: 0, Current term: 0, Majority size: -1, State: 0, Mode: NON_LEADER, active raft config: opid_index: -1 OBSOLETE_local: false peers { permanent_uuid: "4e9ce6601e5a4e19ba35b174c266bace" member_type: VOTER last_known_addr { host: "127.5.1.66" port: 36429 } } peers { permanent_uuid: "629b9b5c95b9473bb22c41484566f427" member_type: VOTER last_known_addr { host: "127.5.1.65" port: 46153 } } peers { permanent_uuid: "4766d2f024444c9ea0f44f2b40e70d4e" member_type: VOTER last_known_addr { host: "127.5.1.67" port: 44261 } }
I20260608 10:01:26.961877  8322 ts_tablet_manager.cc:1403] T fad6f4f5285044cdabd29670535718ad P 4e9ce6601e5a4e19ba35b174c266bace: Time spent bootstrapping tablet: real 0.020s	user 0.015s	sys 0.001s
I20260608 10:01:26.964053  8323 ts_tablet_manager.cc:1434] T 7041de1ed8364e8f8829f548ce643658 P 4766d2f024444c9ea0f44f2b40e70d4e: Time spent starting tablet: real 0.009s	user 0.007s	sys 0.001s
I20260608 10:01:26.964468  8324 raft_consensus.cc:359] T fad6f4f5285044cdabd29670535718ad P 629b9b5c95b9473bb22c41484566f427 [term 0 FOLLOWER]: Replica starting. Triggering 0 pending ops. Active config: opid_index: -1 OBSOLETE_local: false peers { permanent_uuid: "629b9b5c95b9473bb22c41484566f427" member_type: VOTER last_known_addr { host: "127.5.1.65" port: 46153 } } peers { permanent_uuid: "4e9ce6601e5a4e19ba35b174c266bace" member_type: VOTER last_known_addr { host: "127.5.1.66" port: 36429 } } peers { permanent_uuid: "4766d2f024444c9ea0f44f2b40e70d4e" member_type: VOTER last_known_addr { host: "127.5.1.67" port: 44261 } }
I20260608 10:01:26.965276  8324 raft_consensus.cc:385] T fad6f4f5285044cdabd29670535718ad P 629b9b5c95b9473bb22c41484566f427 [term 0 FOLLOWER]: Consensus starting up: Expiring failure detector timer to make a prompt election more likely
I20260608 10:01:26.965418  8323 tablet_bootstrap.cc:492] T 45a9206e131a4ac5b6bcff42f70c31f9 P 4766d2f024444c9ea0f44f2b40e70d4e: Bootstrap starting.
I20260608 10:01:26.965329  8322 raft_consensus.cc:359] T fad6f4f5285044cdabd29670535718ad P 4e9ce6601e5a4e19ba35b174c266bace [term 0 FOLLOWER]: Replica starting. Triggering 0 pending ops. Active config: opid_index: -1 OBSOLETE_local: false peers { permanent_uuid: "629b9b5c95b9473bb22c41484566f427" member_type: VOTER last_known_addr { host: "127.5.1.65" port: 46153 } } peers { permanent_uuid: "4e9ce6601e5a4e19ba35b174c266bace" member_type: VOTER last_known_addr { host: "127.5.1.66" port: 36429 } } peers { permanent_uuid: "4766d2f024444c9ea0f44f2b40e70d4e" member_type: VOTER last_known_addr { host: "127.5.1.67" port: 44261 } }
I20260608 10:01:26.965788  8324 raft_consensus.cc:740] T fad6f4f5285044cdabd29670535718ad P 629b9b5c95b9473bb22c41484566f427 [term 0 FOLLOWER]: Becoming Follower/Learner. State: Replica: 629b9b5c95b9473bb22c41484566f427, State: Initialized, Role: FOLLOWER
I20260608 10:01:26.966367  8322 raft_consensus.cc:385] T fad6f4f5285044cdabd29670535718ad P 4e9ce6601e5a4e19ba35b174c266bace [term 0 FOLLOWER]: Consensus starting up: Expiring failure detector timer to make a prompt election more likely
I20260608 10:01:26.966750  8322 raft_consensus.cc:740] T fad6f4f5285044cdabd29670535718ad P 4e9ce6601e5a4e19ba35b174c266bace [term 0 FOLLOWER]: Becoming Follower/Learner. State: Replica: 4e9ce6601e5a4e19ba35b174c266bace, State: Initialized, Role: FOLLOWER
I20260608 10:01:26.967309  8324 consensus_queue.cc:260] T fad6f4f5285044cdabd29670535718ad P 629b9b5c95b9473bb22c41484566f427 [NON_LEADER]: Queue going to NON_LEADER mode. State: All replicated index: 0, Majority replicated index: 0, Committed index: 0, Last appended: 0.0, Last appended by leader: 0, Current term: 0, Majority size: -1, State: 0, Mode: NON_LEADER, active raft config: opid_index: -1 OBSOLETE_local: false peers { permanent_uuid: "629b9b5c95b9473bb22c41484566f427" member_type: VOTER last_known_addr { host: "127.5.1.65" port: 46153 } } peers { permanent_uuid: "4e9ce6601e5a4e19ba35b174c266bace" member_type: VOTER last_known_addr { host: "127.5.1.66" port: 36429 } } peers { permanent_uuid: "4766d2f024444c9ea0f44f2b40e70d4e" member_type: VOTER last_known_addr { host: "127.5.1.67" port: 44261 } }
I20260608 10:01:26.967754  8322 consensus_queue.cc:260] T fad6f4f5285044cdabd29670535718ad P 4e9ce6601e5a4e19ba35b174c266bace [NON_LEADER]: Queue going to NON_LEADER mode. State: All replicated index: 0, Majority replicated index: 0, Committed index: 0, Last appended: 0.0, Last appended by leader: 0, Current term: 0, Majority size: -1, State: 0, Mode: NON_LEADER, active raft config: opid_index: -1 OBSOLETE_local: false peers { permanent_uuid: "629b9b5c95b9473bb22c41484566f427" member_type: VOTER last_known_addr { host: "127.5.1.65" port: 46153 } } peers { permanent_uuid: "4e9ce6601e5a4e19ba35b174c266bace" member_type: VOTER last_known_addr { host: "127.5.1.66" port: 36429 } } peers { permanent_uuid: "4766d2f024444c9ea0f44f2b40e70d4e" member_type: VOTER last_known_addr { host: "127.5.1.67" port: 44261 } }
I20260608 10:01:26.973526  8323 tablet_bootstrap.cc:654] T 45a9206e131a4ac5b6bcff42f70c31f9 P 4766d2f024444c9ea0f44f2b40e70d4e: Neither blocks nor log segments found. Creating new log.
I20260608 10:01:26.974268  8322 ts_tablet_manager.cc:1434] T fad6f4f5285044cdabd29670535718ad P 4e9ce6601e5a4e19ba35b174c266bace: Time spent starting tablet: real 0.012s	user 0.005s	sys 0.004s
I20260608 10:01:26.975482  8322 tablet_bootstrap.cc:492] T 45a9206e131a4ac5b6bcff42f70c31f9 P 4e9ce6601e5a4e19ba35b174c266bace: Bootstrap starting.
I20260608 10:01:26.978811  8324 ts_tablet_manager.cc:1434] T fad6f4f5285044cdabd29670535718ad P 629b9b5c95b9473bb22c41484566f427: Time spent starting tablet: real 0.017s	user 0.010s	sys 0.000s
I20260608 10:01:26.979120  8327 raft_consensus.cc:493] T f843733f0a514750954bc8fa664e4d15 P 4e9ce6601e5a4e19ba35b174c266bace [term 0 FOLLOWER]: Starting pre-election (no leader contacted us within the election timeout)
I20260608 10:01:26.980006  8324 tablet_bootstrap.cc:492] T 0ef3dfa9fee7435890fce9048ed4aa4c P 629b9b5c95b9473bb22c41484566f427: Bootstrap starting.
I20260608 10:01:26.979681  8327 raft_consensus.cc:515] T f843733f0a514750954bc8fa664e4d15 P 4e9ce6601e5a4e19ba35b174c266bace [term 0 FOLLOWER]: Starting pre-election with config: opid_index: -1 OBSOLETE_local: false peers { permanent_uuid: "629b9b5c95b9473bb22c41484566f427" member_type: VOTER last_known_addr { host: "127.5.1.65" port: 46153 } } peers { permanent_uuid: "4e9ce6601e5a4e19ba35b174c266bace" member_type: VOTER last_known_addr { host: "127.5.1.66" port: 36429 } } peers { permanent_uuid: "4766d2f024444c9ea0f44f2b40e70d4e" member_type: VOTER last_known_addr { host: "127.5.1.67" port: 44261 } }
I20260608 10:01:26.982657  8323 tablet_bootstrap.cc:492] T 45a9206e131a4ac5b6bcff42f70c31f9 P 4766d2f024444c9ea0f44f2b40e70d4e: No bootstrap required, opened a new log
I20260608 10:01:26.983193  8323 ts_tablet_manager.cc:1403] T 45a9206e131a4ac5b6bcff42f70c31f9 P 4766d2f024444c9ea0f44f2b40e70d4e: Time spent bootstrapping tablet: real 0.018s	user 0.010s	sys 0.003s
I20260608 10:01:26.986258  8327 leader_election.cc:290] T f843733f0a514750954bc8fa664e4d15 P 4e9ce6601e5a4e19ba35b174c266bace [CANDIDATE]: Term 1 pre-election: Requested pre-vote from peers 629b9b5c95b9473bb22c41484566f427 (127.5.1.65:46153), 4766d2f024444c9ea0f44f2b40e70d4e (127.5.1.67:44261)
I20260608 10:01:26.986649  8324 tablet_bootstrap.cc:654] T 0ef3dfa9fee7435890fce9048ed4aa4c P 629b9b5c95b9473bb22c41484566f427: Neither blocks nor log segments found. Creating new log.
I20260608 10:01:26.986353  8323 raft_consensus.cc:359] T 45a9206e131a4ac5b6bcff42f70c31f9 P 4766d2f024444c9ea0f44f2b40e70d4e [term 0 FOLLOWER]: Replica starting. Triggering 0 pending ops. Active config: opid_index: -1 OBSOLETE_local: false peers { permanent_uuid: "629b9b5c95b9473bb22c41484566f427" member_type: VOTER last_known_addr { host: "127.5.1.65" port: 46153 } } peers { permanent_uuid: "4e9ce6601e5a4e19ba35b174c266bace" member_type: VOTER last_known_addr { host: "127.5.1.66" port: 36429 } } peers { permanent_uuid: "4766d2f024444c9ea0f44f2b40e70d4e" member_type: VOTER last_known_addr { host: "127.5.1.67" port: 44261 } }
I20260608 10:01:26.987272  8323 raft_consensus.cc:385] T 45a9206e131a4ac5b6bcff42f70c31f9 P 4766d2f024444c9ea0f44f2b40e70d4e [term 0 FOLLOWER]: Consensus starting up: Expiring failure detector timer to make a prompt election more likely
I20260608 10:01:26.987610  8323 raft_consensus.cc:740] T 45a9206e131a4ac5b6bcff42f70c31f9 P 4766d2f024444c9ea0f44f2b40e70d4e [term 0 FOLLOWER]: Becoming Follower/Learner. State: Replica: 4766d2f024444c9ea0f44f2b40e70d4e, State: Initialized, Role: FOLLOWER
I20260608 10:01:26.988448  8323 consensus_queue.cc:260] T 45a9206e131a4ac5b6bcff42f70c31f9 P 4766d2f024444c9ea0f44f2b40e70d4e [NON_LEADER]: Queue going to NON_LEADER mode. State: All replicated index: 0, Majority replicated index: 0, Committed index: 0, Last appended: 0.0, Last appended by leader: 0, Current term: 0, Majority size: -1, State: 0, Mode: NON_LEADER, active raft config: opid_index: -1 OBSOLETE_local: false peers { permanent_uuid: "629b9b5c95b9473bb22c41484566f427" member_type: VOTER last_known_addr { host: "127.5.1.65" port: 46153 } } peers { permanent_uuid: "4e9ce6601e5a4e19ba35b174c266bace" member_type: VOTER last_known_addr { host: "127.5.1.66" port: 36429 } } peers { permanent_uuid: "4766d2f024444c9ea0f44f2b40e70d4e" member_type: VOTER last_known_addr { host: "127.5.1.67" port: 44261 } }
I20260608 10:01:26.993158  8323 ts_tablet_manager.cc:1434] T 45a9206e131a4ac5b6bcff42f70c31f9 P 4766d2f024444c9ea0f44f2b40e70d4e: Time spent starting tablet: real 0.010s	user 0.002s	sys 0.005s
I20260608 10:01:26.994594  8323 tablet_bootstrap.cc:492] T 0ef3dfa9fee7435890fce9048ed4aa4c P 4766d2f024444c9ea0f44f2b40e70d4e: Bootstrap starting.
I20260608 10:01:26.996632  8322 tablet_bootstrap.cc:654] T 45a9206e131a4ac5b6bcff42f70c31f9 P 4e9ce6601e5a4e19ba35b174c266bace: Neither blocks nor log segments found. Creating new log.
I20260608 10:01:27.006341  8323 tablet_bootstrap.cc:654] T 0ef3dfa9fee7435890fce9048ed4aa4c P 4766d2f024444c9ea0f44f2b40e70d4e: Neither blocks nor log segments found. Creating new log.
I20260608 10:01:27.020733  8329 raft_consensus.cc:493] T d52d47cde4f44350a61dee91de850ee8 P 4766d2f024444c9ea0f44f2b40e70d4e [term 0 FOLLOWER]: Starting pre-election (no leader contacted us within the election timeout)
I20260608 10:01:27.021050  8324 tablet_bootstrap.cc:492] T 0ef3dfa9fee7435890fce9048ed4aa4c P 629b9b5c95b9473bb22c41484566f427: No bootstrap required, opened a new log
I20260608 10:01:27.021440  8329 raft_consensus.cc:515] T d52d47cde4f44350a61dee91de850ee8 P 4766d2f024444c9ea0f44f2b40e70d4e [term 0 FOLLOWER]: Starting pre-election with config: opid_index: -1 OBSOLETE_local: false peers { permanent_uuid: "4766d2f024444c9ea0f44f2b40e70d4e" member_type: VOTER last_known_addr { host: "127.5.1.67" port: 44261 } } peers { permanent_uuid: "629b9b5c95b9473bb22c41484566f427" member_type: VOTER last_known_addr { host: "127.5.1.65" port: 46153 } } peers { permanent_uuid: "4e9ce6601e5a4e19ba35b174c266bace" member_type: VOTER last_known_addr { host: "127.5.1.66" port: 36429 } }
I20260608 10:01:27.020642  8277 tablet_service.cc:1917] Received RequestConsensusVote() RPC: tablet_id: "f843733f0a514750954bc8fa664e4d15" candidate_uuid: "4e9ce6601e5a4e19ba35b174c266bace" candidate_term: 1 candidate_status { last_received { term: 0 index: 0 } } ignore_live_leader: false dest_uuid: "4766d2f024444c9ea0f44f2b40e70d4e" is_pre_election: true
I20260608 10:01:27.022210  8324 ts_tablet_manager.cc:1403] T 0ef3dfa9fee7435890fce9048ed4aa4c P 629b9b5c95b9473bb22c41484566f427: Time spent bootstrapping tablet: real 0.042s	user 0.019s	sys 0.021s
I20260608 10:01:27.023955  8128 tablet_service.cc:1917] Received RequestConsensusVote() RPC: tablet_id: "f843733f0a514750954bc8fa664e4d15" candidate_uuid: "4e9ce6601e5a4e19ba35b174c266bace" candidate_term: 1 candidate_status { last_received { term: 0 index: 0 } } ignore_live_leader: false dest_uuid: "629b9b5c95b9473bb22c41484566f427" is_pre_election: true
I20260608 10:01:27.024716  8128 raft_consensus.cc:2468] T f843733f0a514750954bc8fa664e4d15 P 629b9b5c95b9473bb22c41484566f427 [term 0 FOLLOWER]: Leader pre-election vote request: Granting yes vote for candidate 4e9ce6601e5a4e19ba35b174c266bace in term 0.
I20260608 10:01:27.026448  8166 leader_election.cc:304] T f843733f0a514750954bc8fa664e4d15 P 4e9ce6601e5a4e19ba35b174c266bace [CANDIDATE]: Term 1 pre-election: Election decided. Result: candidate won. Election summary: received 2 responses out of 3 voters: 2 yes votes; 0 no votes. yes voters: 4e9ce6601e5a4e19ba35b174c266bace, 629b9b5c95b9473bb22c41484566f427; no voters: 
W20260608 10:01:27.027519  8166 leader_election.cc:343] T f843733f0a514750954bc8fa664e4d15 P 4e9ce6601e5a4e19ba35b174c266bace [CANDIDATE]: Term 1 pre-election: Tablet error from VoteRequest() call to peer 4766d2f024444c9ea0f44f2b40e70d4e (127.5.1.67:44261): Illegal state: must be running to vote when last-logged opid is not known
I20260608 10:01:27.027100  8324 raft_consensus.cc:359] T 0ef3dfa9fee7435890fce9048ed4aa4c P 629b9b5c95b9473bb22c41484566f427 [term 0 FOLLOWER]: Replica starting. Triggering 0 pending ops. Active config: opid_index: -1 OBSOLETE_local: false peers { permanent_uuid: "629b9b5c95b9473bb22c41484566f427" member_type: VOTER last_known_addr { host: "127.5.1.65" port: 46153 } } peers { permanent_uuid: "4e9ce6601e5a4e19ba35b174c266bace" member_type: VOTER last_known_addr { host: "127.5.1.66" port: 36429 } } peers { permanent_uuid: "4766d2f024444c9ea0f44f2b40e70d4e" member_type: VOTER last_known_addr { host: "127.5.1.67" port: 44261 } }
I20260608 10:01:27.028249  8324 raft_consensus.cc:385] T 0ef3dfa9fee7435890fce9048ed4aa4c P 629b9b5c95b9473bb22c41484566f427 [term 0 FOLLOWER]: Consensus starting up: Expiring failure detector timer to make a prompt election more likely
I20260608 10:01:27.028537  8327 raft_consensus.cc:2804] T f843733f0a514750954bc8fa664e4d15 P 4e9ce6601e5a4e19ba35b174c266bace [term 0 FOLLOWER]: Leader pre-election won for term 1
I20260608 10:01:27.028715  8324 raft_consensus.cc:740] T 0ef3dfa9fee7435890fce9048ed4aa4c P 629b9b5c95b9473bb22c41484566f427 [term 0 FOLLOWER]: Becoming Follower/Learner. State: Replica: 629b9b5c95b9473bb22c41484566f427, State: Initialized, Role: FOLLOWER
I20260608 10:01:27.029031  8327 raft_consensus.cc:493] T f843733f0a514750954bc8fa664e4d15 P 4e9ce6601e5a4e19ba35b174c266bace [term 0 FOLLOWER]: Starting leader election (no leader contacted us within the election timeout)
I20260608 10:01:27.029505  8327 raft_consensus.cc:3060] T f843733f0a514750954bc8fa664e4d15 P 4e9ce6601e5a4e19ba35b174c266bace [term 0 FOLLOWER]: Advancing to term 1
I20260608 10:01:27.030045  8324 consensus_queue.cc:260] T 0ef3dfa9fee7435890fce9048ed4aa4c P 629b9b5c95b9473bb22c41484566f427 [NON_LEADER]: Queue going to NON_LEADER mode. State: All replicated index: 0, Majority replicated index: 0, Committed index: 0, Last appended: 0.0, Last appended by leader: 0, Current term: 0, Majority size: -1, State: 0, Mode: NON_LEADER, active raft config: opid_index: -1 OBSOLETE_local: false peers { permanent_uuid: "629b9b5c95b9473bb22c41484566f427" member_type: VOTER last_known_addr { host: "127.5.1.65" port: 46153 } } peers { permanent_uuid: "4e9ce6601e5a4e19ba35b174c266bace" member_type: VOTER last_known_addr { host: "127.5.1.66" port: 36429 } } peers { permanent_uuid: "4766d2f024444c9ea0f44f2b40e70d4e" member_type: VOTER last_known_addr { host: "127.5.1.67" port: 44261 } }
I20260608 10:01:27.033421  8324 ts_tablet_manager.cc:1434] T 0ef3dfa9fee7435890fce9048ed4aa4c P 629b9b5c95b9473bb22c41484566f427: Time spent starting tablet: real 0.011s	user 0.008s	sys 0.000s
I20260608 10:01:27.034868  8324 tablet_bootstrap.cc:492] T b4b1865299f34bba9e519c57b909806e P 629b9b5c95b9473bb22c41484566f427: Bootstrap starting.
I20260608 10:01:27.037153  8329 leader_election.cc:290] T d52d47cde4f44350a61dee91de850ee8 P 4766d2f024444c9ea0f44f2b40e70d4e [CANDIDATE]: Term 1 pre-election: Requested pre-vote from peers 629b9b5c95b9473bb22c41484566f427 (127.5.1.65:46153), 4e9ce6601e5a4e19ba35b174c266bace (127.5.1.66:36429)
I20260608 10:01:27.047940  8324 tablet_bootstrap.cc:654] T b4b1865299f34bba9e519c57b909806e P 629b9b5c95b9473bb22c41484566f427: Neither blocks nor log segments found. Creating new log.
I20260608 10:01:27.048776  8322 tablet_bootstrap.cc:492] T 45a9206e131a4ac5b6bcff42f70c31f9 P 4e9ce6601e5a4e19ba35b174c266bace: No bootstrap required, opened a new log
I20260608 10:01:27.049604  8322 ts_tablet_manager.cc:1403] T 45a9206e131a4ac5b6bcff42f70c31f9 P 4e9ce6601e5a4e19ba35b174c266bace: Time spent bootstrapping tablet: real 0.074s	user 0.013s	sys 0.000s
I20260608 10:01:27.055016  8327 raft_consensus.cc:515] T f843733f0a514750954bc8fa664e4d15 P 4e9ce6601e5a4e19ba35b174c266bace [term 1 FOLLOWER]: Starting leader election with config: opid_index: -1 OBSOLETE_local: false peers { permanent_uuid: "629b9b5c95b9473bb22c41484566f427" member_type: VOTER last_known_addr { host: "127.5.1.65" port: 46153 } } peers { permanent_uuid: "4e9ce6601e5a4e19ba35b174c266bace" member_type: VOTER last_known_addr { host: "127.5.1.66" port: 36429 } } peers { permanent_uuid: "4766d2f024444c9ea0f44f2b40e70d4e" member_type: VOTER last_known_addr { host: "127.5.1.67" port: 44261 } }
I20260608 10:01:27.061484  8128 tablet_service.cc:1917] Received RequestConsensusVote() RPC: tablet_id: "f843733f0a514750954bc8fa664e4d15" candidate_uuid: "4e9ce6601e5a4e19ba35b174c266bace" candidate_term: 1 candidate_status { last_received { term: 0 index: 0 } } ignore_live_leader: false dest_uuid: "629b9b5c95b9473bb22c41484566f427"
I20260608 10:01:27.062114  8128 raft_consensus.cc:3060] T f843733f0a514750954bc8fa664e4d15 P 629b9b5c95b9473bb22c41484566f427 [term 0 FOLLOWER]: Advancing to term 1
I20260608 10:01:27.065896  8277 tablet_service.cc:1917] Received RequestConsensusVote() RPC: tablet_id: "f843733f0a514750954bc8fa664e4d15" candidate_uuid: "4e9ce6601e5a4e19ba35b174c266bace" candidate_term: 1 candidate_status { last_received { term: 0 index: 0 } } ignore_live_leader: false dest_uuid: "4766d2f024444c9ea0f44f2b40e70d4e"
I20260608 10:01:27.066131  8327 leader_election.cc:290] T f843733f0a514750954bc8fa664e4d15 P 4e9ce6601e5a4e19ba35b174c266bace [CANDIDATE]: Term 1 election: Requested vote from peers 629b9b5c95b9473bb22c41484566f427 (127.5.1.65:46153), 4766d2f024444c9ea0f44f2b40e70d4e (127.5.1.67:44261)
I20260608 10:01:27.070811  8128 raft_consensus.cc:2468] T f843733f0a514750954bc8fa664e4d15 P 629b9b5c95b9473bb22c41484566f427 [term 1 FOLLOWER]: Leader election vote request: Granting yes vote for candidate 4e9ce6601e5a4e19ba35b174c266bace in term 1.
I20260608 10:01:27.072559  8166 leader_election.cc:304] T f843733f0a514750954bc8fa664e4d15 P 4e9ce6601e5a4e19ba35b174c266bace [CANDIDATE]: Term 1 election: Election decided. Result: candidate won. Election summary: received 2 responses out of 3 voters: 2 yes votes; 0 no votes. yes voters: 4e9ce6601e5a4e19ba35b174c266bace, 629b9b5c95b9473bb22c41484566f427; no voters: 
W20260608 10:01:27.073616  8166 leader_election.cc:343] T f843733f0a514750954bc8fa664e4d15 P 4e9ce6601e5a4e19ba35b174c266bace [CANDIDATE]: Term 1 election: Tablet error from VoteRequest() call to peer 4766d2f024444c9ea0f44f2b40e70d4e (127.5.1.67:44261): Illegal state: must be running to vote when last-logged opid is not known
I20260608 10:01:27.076161  8127 tablet_service.cc:1917] Received RequestConsensusVote() RPC: tablet_id: "d52d47cde4f44350a61dee91de850ee8" candidate_uuid: "4766d2f024444c9ea0f44f2b40e70d4e" candidate_term: 1 candidate_status { last_received { term: 0 index: 0 } } ignore_live_leader: false dest_uuid: "629b9b5c95b9473bb22c41484566f427" is_pre_election: true
I20260608 10:01:27.076787  8322 raft_consensus.cc:359] T 45a9206e131a4ac5b6bcff42f70c31f9 P 4e9ce6601e5a4e19ba35b174c266bace [term 0 FOLLOWER]: Replica starting. Triggering 0 pending ops. Active config: opid_index: -1 OBSOLETE_local: false peers { permanent_uuid: "629b9b5c95b9473bb22c41484566f427" member_type: VOTER last_known_addr { host: "127.5.1.65" port: 46153 } } peers { permanent_uuid: "4e9ce6601e5a4e19ba35b174c266bace" member_type: VOTER last_known_addr { host: "127.5.1.66" port: 36429 } } peers { permanent_uuid: "4766d2f024444c9ea0f44f2b40e70d4e" member_type: VOTER last_known_addr { host: "127.5.1.67" port: 44261 } }
I20260608 10:01:27.077536  8322 raft_consensus.cc:385] T 45a9206e131a4ac5b6bcff42f70c31f9 P 4e9ce6601e5a4e19ba35b174c266bace [term 0 FOLLOWER]: Consensus starting up: Expiring failure detector timer to make a prompt election more likely
I20260608 10:01:27.077834  8322 raft_consensus.cc:740] T 45a9206e131a4ac5b6bcff42f70c31f9 P 4e9ce6601e5a4e19ba35b174c266bace [term 0 FOLLOWER]: Becoming Follower/Learner. State: Replica: 4e9ce6601e5a4e19ba35b174c266bace, State: Initialized, Role: FOLLOWER
W20260608 10:01:27.077956  8240 leader_election.cc:343] T d52d47cde4f44350a61dee91de850ee8 P 4766d2f024444c9ea0f44f2b40e70d4e [CANDIDATE]: Term 1 pre-election: Tablet error from VoteRequest() call to peer 629b9b5c95b9473bb22c41484566f427 (127.5.1.65:46153): Illegal state: must be running to vote when last-logged opid is not known
I20260608 10:01:27.074785  8327 raft_consensus.cc:2804] T f843733f0a514750954bc8fa664e4d15 P 4e9ce6601e5a4e19ba35b174c266bace [term 1 FOLLOWER]: Leader election won for term 1
I20260608 10:01:27.078753  8322 consensus_queue.cc:260] T 45a9206e131a4ac5b6bcff42f70c31f9 P 4e9ce6601e5a4e19ba35b174c266bace [NON_LEADER]: Queue going to NON_LEADER mode. State: All replicated index: 0, Majority replicated index: 0, Committed index: 0, Last appended: 0.0, Last appended by leader: 0, Current term: 0, Majority size: -1, State: 0, Mode: NON_LEADER, active raft config: opid_index: -1 OBSOLETE_local: false peers { permanent_uuid: "629b9b5c95b9473bb22c41484566f427" member_type: VOTER last_known_addr { host: "127.5.1.65" port: 46153 } } peers { permanent_uuid: "4e9ce6601e5a4e19ba35b174c266bace" member_type: VOTER last_known_addr { host: "127.5.1.66" port: 36429 } } peers { permanent_uuid: "4766d2f024444c9ea0f44f2b40e70d4e" member_type: VOTER last_known_addr { host: "127.5.1.67" port: 44261 } }
I20260608 10:01:27.082563  8323 tablet_bootstrap.cc:492] T 0ef3dfa9fee7435890fce9048ed4aa4c P 4766d2f024444c9ea0f44f2b40e70d4e: No bootstrap required, opened a new log
