I20260608 10:00:14.294147  2563 raft_consensus.cc:2955] T 412338e77fe348cd95025aa812d39aab P 06191f011f614b0cab570db351955cda [term 1 FOLLOWER]: Committing config change with OpId 1.2: config changed from index -1 to 2, NON_VOTER 13fc18f3823044e6bc8f46b627522d4f (127.1.197.132) added. New config: { opid_index: 2 OBSOLETE_local: false peers { permanent_uuid: "a505d91fb5524d5d8590c725183b1f22" member_type: VOTER last_known_addr { host: "127.1.197.129" port: 44639 } } peers { permanent_uuid: "06191f011f614b0cab570db351955cda" member_type: VOTER last_known_addr { host: "127.1.197.130" port: 43805 } } peers { permanent_uuid: "849eaf9dc49f44fabfeb67f8150f5bdd" member_type: VOTER last_known_addr { host: "127.1.197.131" port: 46119 } attrs { replace: true } } peers { permanent_uuid: "13fc18f3823044e6bc8f46b627522d4f" member_type: NON_VOTER last_known_addr { host: "127.1.197.132" port: 36201 } attrs { promote: true } } }
I20260608 10:00:14.304109  2382 catalog_manager.cc:5696] T 412338e77fe348cd95025aa812d39aab P a505d91fb5524d5d8590c725183b1f22 reported cstate change: config changed from index -1 to 2, NON_VOTER 13fc18f3823044e6bc8f46b627522d4f (127.1.197.132) added. New cstate: current_term: 1 leader_uuid: "a505d91fb5524d5d8590c725183b1f22" committed_config { opid_index: 2 OBSOLETE_local: false peers { permanent_uuid: "a505d91fb5524d5d8590c725183b1f22" member_type: VOTER last_known_addr { host: "127.1.197.129" port: 44639 } health_report { overall_health: HEALTHY } } peers { permanent_uuid: "06191f011f614b0cab570db351955cda" member_type: VOTER last_known_addr { host: "127.1.197.130" port: 43805 } health_report { overall_health: HEALTHY } } peers { permanent_uuid: "849eaf9dc49f44fabfeb67f8150f5bdd" member_type: VOTER last_known_addr { host: "127.1.197.131" port: 46119 } attrs { replace: true } health_report { overall_health: HEALTHY } } peers { permanent_uuid: "13fc18f3823044e6bc8f46b627522d4f" member_type: NON_VOTER last_known_addr { host: "127.1.197.132" port: 36201 } attrs { promote: true } health_report { overall_health: UNKNOWN } } }
I20260608 10:00:14.314641  2563 consensus_queue.cc:237] T 8be70c2a62f54e1da83b9174ae76d9de P 06191f011f614b0cab570db351955cda [LEADER]: Queue going to LEADER mode. State: All replicated index: 0, Majority replicated index: 2, Committed index: 2, Last appended: 2.2, Last appended by leader: 1, Current term: 2, Majority size: 2, State: 0, Mode: LEADER, active raft config: opid_index: 3 OBSOLETE_local: false peers { permanent_uuid: "a505d91fb5524d5d8590c725183b1f22" member_type: VOTER last_known_addr { host: "127.1.197.129" port: 44639 } } peers { permanent_uuid: "06191f011f614b0cab570db351955cda" member_type: VOTER last_known_addr { host: "127.1.197.130" port: 43805 } } peers { permanent_uuid: "849eaf9dc49f44fabfeb67f8150f5bdd" member_type: VOTER last_known_addr { host: "127.1.197.131" port: 46119 } attrs { replace: true } } peers { permanent_uuid: "13fc18f3823044e6bc8f46b627522d4f" member_type: NON_VOTER last_known_addr { host: "127.1.197.132" port: 36201 } attrs { promote: true } }
I20260608 10:00:14.322913  2637 raft_consensus.cc:1275] T 8be70c2a62f54e1da83b9174ae76d9de P 849eaf9dc49f44fabfeb67f8150f5bdd [term 2 FOLLOWER]: Refusing update from remote peer 06191f011f614b0cab570db351955cda: Log matching property violated. Preceding OpId in replica: term: 2 index: 2. Preceding OpId from leader: term: 2 index: 3. (index mismatch)
I20260608 10:00:14.325882  2838 consensus_queue.cc:1048] T 8be70c2a62f54e1da83b9174ae76d9de P 06191f011f614b0cab570db351955cda [LEADER]: Connected to new peer: Peer: permanent_uuid: "849eaf9dc49f44fabfeb67f8150f5bdd" member_type: VOTER last_known_addr { host: "127.1.197.131" port: 46119 } attrs { replace: true }, Status: LMP_MISMATCH, Last received: 0.0, Next index: 3, Last known committed idx: 2, Time since last communication: 0.001s
I20260608 10:00:14.330425  2487 raft_consensus.cc:1275] T 8be70c2a62f54e1da83b9174ae76d9de P a505d91fb5524d5d8590c725183b1f22 [term 2 FOLLOWER]: Refusing update from remote peer 06191f011f614b0cab570db351955cda: Log matching property violated. Preceding OpId in replica: term: 2 index: 2. Preceding OpId from leader: term: 2 index: 3. (index mismatch)
I20260608 10:00:14.332124  2838 consensus_queue.cc:1048] T 8be70c2a62f54e1da83b9174ae76d9de P 06191f011f614b0cab570db351955cda [LEADER]: Connected to new peer: Peer: permanent_uuid: "a505d91fb5524d5d8590c725183b1f22" member_type: VOTER last_known_addr { host: "127.1.197.129" port: 44639 }, Status: LMP_MISMATCH, Last received: 0.0, Next index: 3, Last known committed idx: 2, Time since last communication: 0.000s
I20260608 10:00:14.335201  2838 raft_consensus.cc:2955] T 8be70c2a62f54e1da83b9174ae76d9de P 06191f011f614b0cab570db351955cda [term 2 LEADER]: Committing config change with OpId 2.3: config changed from index -1 to 3, NON_VOTER 13fc18f3823044e6bc8f46b627522d4f (127.1.197.132) added. New config: { opid_index: 3 OBSOLETE_local: false peers { permanent_uuid: "a505d91fb5524d5d8590c725183b1f22" member_type: VOTER last_known_addr { host: "127.1.197.129" port: 44639 } } peers { permanent_uuid: "06191f011f614b0cab570db351955cda" member_type: VOTER last_known_addr { host: "127.1.197.130" port: 43805 } } peers { permanent_uuid: "849eaf9dc49f44fabfeb67f8150f5bdd" member_type: VOTER last_known_addr { host: "127.1.197.131" port: 46119 } attrs { replace: true } } peers { permanent_uuid: "13fc18f3823044e6bc8f46b627522d4f" member_type: NON_VOTER last_known_addr { host: "127.1.197.132" port: 36201 } attrs { promote: true } } }
W20260608 10:00:14.338037  2527 consensus_peers.cc:597] T 8be70c2a62f54e1da83b9174ae76d9de P 06191f011f614b0cab570db351955cda -> Peer 13fc18f3823044e6bc8f46b627522d4f (127.1.197.132:36201): Couldn't send request to peer 13fc18f3823044e6bc8f46b627522d4f. Error code: TABLET_NOT_FOUND (6). Status: Not found: Tablet not found: 8be70c2a62f54e1da83b9174ae76d9de. This is attempt 1: this message will repeat every 5th retry.
I20260608 10:00:14.342291  2637 raft_consensus.cc:2955] T 8be70c2a62f54e1da83b9174ae76d9de P 849eaf9dc49f44fabfeb67f8150f5bdd [term 2 FOLLOWER]: Committing config change with OpId 2.3: config changed from index -1 to 3, NON_VOTER 13fc18f3823044e6bc8f46b627522d4f (127.1.197.132) added. New config: { opid_index: 3 OBSOLETE_local: false peers { permanent_uuid: "a505d91fb5524d5d8590c725183b1f22" member_type: VOTER last_known_addr { host: "127.1.197.129" port: 44639 } } peers { permanent_uuid: "06191f011f614b0cab570db351955cda" member_type: VOTER last_known_addr { host: "127.1.197.130" port: 43805 } } peers { permanent_uuid: "849eaf9dc49f44fabfeb67f8150f5bdd" member_type: VOTER last_known_addr { host: "127.1.197.131" port: 46119 } attrs { replace: true } } peers { permanent_uuid: "13fc18f3823044e6bc8f46b627522d4f" member_type: NON_VOTER last_known_addr { host: "127.1.197.132" port: 36201 } attrs { promote: true } } }
I20260608 10:00:14.346827  2487 raft_consensus.cc:2955] T 8be70c2a62f54e1da83b9174ae76d9de P a505d91fb5524d5d8590c725183b1f22 [term 2 FOLLOWER]: Committing config change with OpId 2.3: config changed from index -1 to 3, NON_VOTER 13fc18f3823044e6bc8f46b627522d4f (127.1.197.132) added. New config: { opid_index: 3 OBSOLETE_local: false peers { permanent_uuid: "a505d91fb5524d5d8590c725183b1f22" member_type: VOTER last_known_addr { host: "127.1.197.129" port: 44639 } } peers { permanent_uuid: "06191f011f614b0cab570db351955cda" member_type: VOTER last_known_addr { host: "127.1.197.130" port: 43805 } } peers { permanent_uuid: "849eaf9dc49f44fabfeb67f8150f5bdd" member_type: VOTER last_known_addr { host: "127.1.197.131" port: 46119 } attrs { replace: true } } peers { permanent_uuid: "13fc18f3823044e6bc8f46b627522d4f" member_type: NON_VOTER last_known_addr { host: "127.1.197.132" port: 36201 } attrs { promote: true } } }
I20260608 10:00:14.351434  2382 catalog_manager.cc:5696] T 8be70c2a62f54e1da83b9174ae76d9de P 06191f011f614b0cab570db351955cda reported cstate change: config changed from index -1 to 3, NON_VOTER 13fc18f3823044e6bc8f46b627522d4f (127.1.197.132) added. New cstate: current_term: 2 leader_uuid: "06191f011f614b0cab570db351955cda" committed_config { opid_index: 3 OBSOLETE_local: false peers { permanent_uuid: "a505d91fb5524d5d8590c725183b1f22" member_type: VOTER last_known_addr { host: "127.1.197.129" port: 44639 } health_report { overall_health: HEALTHY } } peers { permanent_uuid: "06191f011f614b0cab570db351955cda" member_type: VOTER last_known_addr { host: "127.1.197.130" port: 43805 } health_report { overall_health: HEALTHY } } peers { permanent_uuid: "849eaf9dc49f44fabfeb67f8150f5bdd" member_type: VOTER last_known_addr { host: "127.1.197.131" port: 46119 } attrs { replace: true } health_report { overall_health: HEALTHY } } peers { permanent_uuid: "13fc18f3823044e6bc8f46b627522d4f" member_type: NON_VOTER last_known_addr { host: "127.1.197.132" port: 36201 } attrs { promote: true } health_report { overall_health: UNKNOWN } } }
I20260608 10:00:14.645339  2892 ts_tablet_manager.cc:933] T 5cf34839747447d7a5e6182980c0914b P 13fc18f3823044e6bc8f46b627522d4f: Initiating tablet copy from peer a505d91fb5524d5d8590c725183b1f22 (127.1.197.129:44639)
I20260608 10:00:14.646767  2893 ts_tablet_manager.cc:933] T c9b2cda1bc6f4c8bb68f57d88223574c P 13fc18f3823044e6bc8f46b627522d4f: Initiating tablet copy from peer 849eaf9dc49f44fabfeb67f8150f5bdd (127.1.197.131:46119)
I20260608 10:00:14.648854  2892 tablet_copy_client.cc:323] T 5cf34839747447d7a5e6182980c0914b P 13fc18f3823044e6bc8f46b627522d4f: tablet copy: Beginning tablet copy session from remote peer at address 127.1.197.129:44639
I20260608 10:00:14.649430  2893 tablet_copy_client.cc:323] T c9b2cda1bc6f4c8bb68f57d88223574c P 13fc18f3823044e6bc8f46b627522d4f: tablet copy: Beginning tablet copy session from remote peer at address 127.1.197.131:46119
I20260608 10:00:14.663554  2498 tablet_copy_service.cc:140] P a505d91fb5524d5d8590c725183b1f22: Received BeginTabletCopySession request for tablet 5cf34839747447d7a5e6182980c0914b from peer 13fc18f3823044e6bc8f46b627522d4f ({username='slave'} at 127.0.0.1:43470)
I20260608 10:00:14.664181  2498 tablet_copy_service.cc:161] P a505d91fb5524d5d8590c725183b1f22: Beginning new tablet copy session on tablet 5cf34839747447d7a5e6182980c0914b from peer 13fc18f3823044e6bc8f46b627522d4f at {username='slave'} at 127.0.0.1:43470: session id = 13fc18f3823044e6bc8f46b627522d4f-5cf34839747447d7a5e6182980c0914b
I20260608 10:00:14.666049  2648 tablet_copy_service.cc:140] P 849eaf9dc49f44fabfeb67f8150f5bdd: Received BeginTabletCopySession request for tablet c9b2cda1bc6f4c8bb68f57d88223574c from peer 13fc18f3823044e6bc8f46b627522d4f ({username='slave'} at 127.0.0.1:39948)
I20260608 10:00:14.666698  2648 tablet_copy_service.cc:161] P 849eaf9dc49f44fabfeb67f8150f5bdd: Beginning new tablet copy session on tablet c9b2cda1bc6f4c8bb68f57d88223574c from peer 13fc18f3823044e6bc8f46b627522d4f at {username='slave'} at 127.0.0.1:39948: session id = 13fc18f3823044e6bc8f46b627522d4f-c9b2cda1bc6f4c8bb68f57d88223574c
I20260608 10:00:14.671299  2498 tablet_copy_source_session.cc:215] T 5cf34839747447d7a5e6182980c0914b P a505d91fb5524d5d8590c725183b1f22: Tablet Copy: opened 0 blocks and 1 log segments
I20260608 10:00:14.674398  2648 tablet_copy_source_session.cc:215] T c9b2cda1bc6f4c8bb68f57d88223574c P 849eaf9dc49f44fabfeb67f8150f5bdd: Tablet Copy: opened 0 blocks and 1 log segments
I20260608 10:00:14.675040  2892 data_dirs.cc:400] Could only allocate 1 dirs of requested 3 for tablet 5cf34839747447d7a5e6182980c0914b. 1 dirs total, 0 dirs full, 0 dirs failed
I20260608 10:00:14.678227  2893 data_dirs.cc:400] Could only allocate 1 dirs of requested 3 for tablet c9b2cda1bc6f4c8bb68f57d88223574c. 1 dirs total, 0 dirs full, 0 dirs failed
I20260608 10:00:14.695539  2893 tablet_copy_client.cc:806] T c9b2cda1bc6f4c8bb68f57d88223574c P 13fc18f3823044e6bc8f46b627522d4f: tablet copy: Starting download of 0 data blocks...
I20260608 10:00:14.695391  2892 tablet_copy_client.cc:806] T 5cf34839747447d7a5e6182980c0914b P 13fc18f3823044e6bc8f46b627522d4f: tablet copy: Starting download of 0 data blocks...
I20260608 10:00:14.696368  2893 tablet_copy_client.cc:670] T c9b2cda1bc6f4c8bb68f57d88223574c P 13fc18f3823044e6bc8f46b627522d4f: tablet copy: Starting download of 1 WAL segments...
I20260608 10:00:14.696373  2892 tablet_copy_client.cc:670] T 5cf34839747447d7a5e6182980c0914b P 13fc18f3823044e6bc8f46b627522d4f: tablet copy: Starting download of 1 WAL segments...
I20260608 10:00:14.698333  2899 ts_tablet_manager.cc:933] T 412338e77fe348cd95025aa812d39aab P 13fc18f3823044e6bc8f46b627522d4f: Initiating tablet copy from peer a505d91fb5524d5d8590c725183b1f22 (127.1.197.129:44639)
I20260608 10:00:14.702499  2892 tablet_copy_client.cc:538] T 5cf34839747447d7a5e6182980c0914b P 13fc18f3823044e6bc8f46b627522d4f: tablet copy: Tablet Copy complete. Replacing tablet superblock.
I20260608 10:00:14.702754  2893 tablet_copy_client.cc:538] T c9b2cda1bc6f4c8bb68f57d88223574c P 13fc18f3823044e6bc8f46b627522d4f: tablet copy: Tablet Copy complete. Replacing tablet superblock.
I20260608 10:00:14.710991  2899 tablet_copy_client.cc:323] T 412338e77fe348cd95025aa812d39aab P 13fc18f3823044e6bc8f46b627522d4f: tablet copy: Beginning tablet copy session from remote peer at address 127.1.197.129:44639
I20260608 10:00:14.712126  2892 tablet_bootstrap.cc:492] T 5cf34839747447d7a5e6182980c0914b P 13fc18f3823044e6bc8f46b627522d4f: Bootstrap starting.
I20260608 10:00:14.712205  2893 tablet_bootstrap.cc:492] T c9b2cda1bc6f4c8bb68f57d88223574c P 13fc18f3823044e6bc8f46b627522d4f: Bootstrap starting.
I20260608 10:00:14.713338  2498 tablet_copy_service.cc:140] P a505d91fb5524d5d8590c725183b1f22: Received BeginTabletCopySession request for tablet 412338e77fe348cd95025aa812d39aab from peer 13fc18f3823044e6bc8f46b627522d4f ({username='slave'} at 127.0.0.1:43470)
I20260608 10:00:14.714517  2498 tablet_copy_service.cc:161] P a505d91fb5524d5d8590c725183b1f22: Beginning new tablet copy session on tablet 412338e77fe348cd95025aa812d39aab from peer 13fc18f3823044e6bc8f46b627522d4f at {username='slave'} at 127.0.0.1:43470: session id = 13fc18f3823044e6bc8f46b627522d4f-412338e77fe348cd95025aa812d39aab
I20260608 10:00:14.722594  2498 tablet_copy_source_session.cc:215] T 412338e77fe348cd95025aa812d39aab P a505d91fb5524d5d8590c725183b1f22: Tablet Copy: opened 0 blocks and 1 log segments
I20260608 10:00:14.726205  2899 data_dirs.cc:400] Could only allocate 1 dirs of requested 3 for tablet 412338e77fe348cd95025aa812d39aab. 1 dirs total, 0 dirs full, 0 dirs failed
I20260608 10:00:14.746021  2892 tablet_bootstrap.cc:492] T 5cf34839747447d7a5e6182980c0914b P 13fc18f3823044e6bc8f46b627522d4f: Bootstrap replayed 1/1 log segments. Stats: ops{read=2 overwritten=0 applied=2 ignored=0} inserts{seen=0 ignored=0} mutations{seen=0 ignored=0} orphaned_commits=0. Pending: 0 replicates
I20260608 10:00:14.747116  2892 tablet_bootstrap.cc:492] T 5cf34839747447d7a5e6182980c0914b P 13fc18f3823044e6bc8f46b627522d4f: Bootstrap complete.
I20260608 10:00:14.747843  1814 tablet_server.cc:179] TabletServer@127.1.197.129:0 shutting down...
I20260608 10:00:14.749030  2899 tablet_copy_client.cc:806] T 412338e77fe348cd95025aa812d39aab P 13fc18f3823044e6bc8f46b627522d4f: tablet copy: Starting download of 0 data blocks...
I20260608 10:00:14.749747  2899 tablet_copy_client.cc:670] T 412338e77fe348cd95025aa812d39aab P 13fc18f3823044e6bc8f46b627522d4f: tablet copy: Starting download of 1 WAL segments...
I20260608 10:00:14.750349  2892 ts_tablet_manager.cc:1403] T 5cf34839747447d7a5e6182980c0914b P 13fc18f3823044e6bc8f46b627522d4f: Time spent bootstrapping tablet: real 0.039s	user 0.027s	sys 0.009s
I20260608 10:00:14.761852  2893 tablet_bootstrap.cc:492] T c9b2cda1bc6f4c8bb68f57d88223574c P 13fc18f3823044e6bc8f46b627522d4f: Bootstrap replayed 1/1 log segments. Stats: ops{read=2 overwritten=0 applied=2 ignored=0} inserts{seen=0 ignored=0} mutations{seen=0 ignored=0} orphaned_commits=0. Pending: 0 replicates
I20260608 10:00:14.763823  2893 tablet_bootstrap.cc:492] T c9b2cda1bc6f4c8bb68f57d88223574c P 13fc18f3823044e6bc8f46b627522d4f: Bootstrap complete.
I20260608 10:00:14.764633  2893 ts_tablet_manager.cc:1403] T c9b2cda1bc6f4c8bb68f57d88223574c P 13fc18f3823044e6bc8f46b627522d4f: Time spent bootstrapping tablet: real 0.053s	user 0.022s	sys 0.020s
I20260608 10:00:14.767638  2903 ts_tablet_manager.cc:933] T 8be70c2a62f54e1da83b9174ae76d9de P 13fc18f3823044e6bc8f46b627522d4f: Initiating tablet copy from peer 06191f011f614b0cab570db351955cda (127.1.197.130:43805)
I20260608 10:00:14.771623  2893 raft_consensus.cc:359] T c9b2cda1bc6f4c8bb68f57d88223574c P 13fc18f3823044e6bc8f46b627522d4f [term 1 LEARNER]: Replica starting. Triggering 0 pending ops. Active config: opid_index: 2 OBSOLETE_local: false peers { permanent_uuid: "a505d91fb5524d5d8590c725183b1f22" member_type: VOTER last_known_addr { host: "127.1.197.129" port: 44639 } attrs { replace: true } } peers { permanent_uuid: "06191f011f614b0cab570db351955cda" member_type: VOTER last_known_addr { host: "127.1.197.130" port: 43805 } } peers { permanent_uuid: "849eaf9dc49f44fabfeb67f8150f5bdd" member_type: VOTER last_known_addr { host: "127.1.197.131" port: 46119 } } peers { permanent_uuid: "13fc18f3823044e6bc8f46b627522d4f" member_type: NON_VOTER last_known_addr { host: "127.1.197.132" port: 36201 } attrs { promote: true } }
I20260608 10:00:14.773476  2893 raft_consensus.cc:740] T c9b2cda1bc6f4c8bb68f57d88223574c P 13fc18f3823044e6bc8f46b627522d4f [term 1 LEARNER]: Becoming Follower/Learner. State: Replica: 13fc18f3823044e6bc8f46b627522d4f, State: Initialized, Role: LEARNER
I20260608 10:00:14.774784  2893 consensus_queue.cc:260] T c9b2cda1bc6f4c8bb68f57d88223574c P 13fc18f3823044e6bc8f46b627522d4f [NON_LEADER]: Queue going to NON_LEADER mode. State: All replicated index: 0, Majority replicated index: 0, Committed index: 2, Last appended: 1.2, Last appended by leader: 2, Current term: 0, Majority size: -1, State: 0, Mode: NON_LEADER, active raft config: opid_index: 2 OBSOLETE_local: false peers { permanent_uuid: "a505d91fb5524d5d8590c725183b1f22" member_type: VOTER last_known_addr { host: "127.1.197.129" port: 44639 } attrs { replace: true } } peers { permanent_uuid: "06191f011f614b0cab570db351955cda" member_type: VOTER last_known_addr { host: "127.1.197.130" port: 43805 } } peers { permanent_uuid: "849eaf9dc49f44fabfeb67f8150f5bdd" member_type: VOTER last_known_addr { host: "127.1.197.131" port: 46119 } } peers { permanent_uuid: "13fc18f3823044e6bc8f46b627522d4f" member_type: NON_VOTER last_known_addr { host: "127.1.197.132" port: 36201 } attrs { promote: true } }
I20260608 10:00:14.777546  2892 raft_consensus.cc:359] T 5cf34839747447d7a5e6182980c0914b P 13fc18f3823044e6bc8f46b627522d4f [term 1 LEARNER]: Replica starting. Triggering 0 pending ops. Active config: opid_index: 2 OBSOLETE_local: false peers { permanent_uuid: "a505d91fb5524d5d8590c725183b1f22" member_type: VOTER last_known_addr { host: "127.1.197.129" port: 44639 } } peers { permanent_uuid: "06191f011f614b0cab570db351955cda" member_type: VOTER last_known_addr { host: "127.1.197.130" port: 43805 } attrs { replace: true } } peers { permanent_uuid: "849eaf9dc49f44fabfeb67f8150f5bdd" member_type: VOTER last_known_addr { host: "127.1.197.131" port: 46119 } } peers { permanent_uuid: "13fc18f3823044e6bc8f46b627522d4f" member_type: NON_VOTER last_known_addr { host: "127.1.197.132" port: 36201 } attrs { promote: true } }
I20260608 10:00:14.778699  2892 raft_consensus.cc:740] T 5cf34839747447d7a5e6182980c0914b P 13fc18f3823044e6bc8f46b627522d4f [term 1 LEARNER]: Becoming Follower/Learner. State: Replica: 13fc18f3823044e6bc8f46b627522d4f, State: Initialized, Role: LEARNER
I20260608 10:00:14.779470  2892 consensus_queue.cc:260] T 5cf34839747447d7a5e6182980c0914b P 13fc18f3823044e6bc8f46b627522d4f [NON_LEADER]: Queue going to NON_LEADER mode. State: All replicated index: 0, Majority replicated index: 0, Committed index: 2, Last appended: 1.2, Last appended by leader: 2, Current term: 0, Majority size: -1, State: 0, Mode: NON_LEADER, active raft config: opid_index: 2 OBSOLETE_local: false peers { permanent_uuid: "a505d91fb5524d5d8590c725183b1f22" member_type: VOTER last_known_addr { host: "127.1.197.129" port: 44639 } } peers { permanent_uuid: "06191f011f614b0cab570db351955cda" member_type: VOTER last_known_addr { host: "127.1.197.130" port: 43805 } attrs { replace: true } } peers { permanent_uuid: "849eaf9dc49f44fabfeb67f8150f5bdd" member_type: VOTER last_known_addr { host: "127.1.197.131" port: 46119 } } peers { permanent_uuid: "13fc18f3823044e6bc8f46b627522d4f" member_type: NON_VOTER last_known_addr { host: "127.1.197.132" port: 36201 } attrs { promote: true } }
I20260608 10:00:14.780710  1814 tablet_copy_service.cc:362] P a505d91fb5524d5d8590c725183b1f22: Destroying tablet copy session 13fc18f3823044e6bc8f46b627522d4f-412338e77fe348cd95025aa812d39aab due to service shutdown
I20260608 10:00:14.781262  1814 tablet_copy_service.cc:434] P a505d91fb5524d5d8590c725183b1f22: ending tablet copy session 13fc18f3823044e6bc8f46b627522d4f-412338e77fe348cd95025aa812d39aab on tablet 412338e77fe348cd95025aa812d39aab with peer 13fc18f3823044e6bc8f46b627522d4f
I20260608 10:00:14.782111  1814 tablet_copy_service.cc:362] P a505d91fb5524d5d8590c725183b1f22: Destroying tablet copy session 13fc18f3823044e6bc8f46b627522d4f-5cf34839747447d7a5e6182980c0914b due to service shutdown
I20260608 10:00:14.782441  1814 tablet_copy_service.cc:434] P a505d91fb5524d5d8590c725183b1f22: ending tablet copy session 13fc18f3823044e6bc8f46b627522d4f-5cf34839747447d7a5e6182980c0914b on tablet 5cf34839747447d7a5e6182980c0914b with peer 13fc18f3823044e6bc8f46b627522d4f
I20260608 10:00:14.791029  2892 ts_tablet_manager.cc:1434] T 5cf34839747447d7a5e6182980c0914b P 13fc18f3823044e6bc8f46b627522d4f: Time spent starting tablet: real 0.040s	user 0.010s	sys 0.003s
I20260608 10:00:14.791266  2893 ts_tablet_manager.cc:1434] T c9b2cda1bc6f4c8bb68f57d88223574c P 13fc18f3823044e6bc8f46b627522d4f: Time spent starting tablet: real 0.026s	user 0.007s	sys 0.007s
I20260608 10:00:14.794184  2648 tablet_copy_service.cc:342] P 849eaf9dc49f44fabfeb67f8150f5bdd: Request end of tablet copy session 13fc18f3823044e6bc8f46b627522d4f-c9b2cda1bc6f4c8bb68f57d88223574c received from {username='slave'} at 127.0.0.1:39948
I20260608 10:00:14.794763  2648 tablet_copy_service.cc:434] P 849eaf9dc49f44fabfeb67f8150f5bdd: ending tablet copy session 13fc18f3823044e6bc8f46b627522d4f-c9b2cda1bc6f4c8bb68f57d88223574c on tablet c9b2cda1bc6f4c8bb68f57d88223574c with peer 13fc18f3823044e6bc8f46b627522d4f
I20260608 10:00:14.799167  2903 tablet_copy_client.cc:323] T 8be70c2a62f54e1da83b9174ae76d9de P 13fc18f3823044e6bc8f46b627522d4f: tablet copy: Beginning tablet copy session from remote peer at address 127.1.197.130:43805
W20260608 10:00:14.801993  2527 proxy.cc:239] Call had error, refreshing address and retrying: Remote error: Service unavailable: service kudu.consensus.ConsensusService not registered on TabletServer [suppressed 5 similar messages]
I20260608 10:00:14.821031  2574 tablet_copy_service.cc:140] P 06191f011f614b0cab570db351955cda: Received BeginTabletCopySession request for tablet 8be70c2a62f54e1da83b9174ae76d9de from peer 13fc18f3823044e6bc8f46b627522d4f ({username='slave'} at 127.0.0.1:40134)
I20260608 10:00:14.821689  2574 tablet_copy_service.cc:161] P 06191f011f614b0cab570db351955cda: Beginning new tablet copy session on tablet 8be70c2a62f54e1da83b9174ae76d9de from peer 13fc18f3823044e6bc8f46b627522d4f at {username='slave'} at 127.0.0.1:40134: session id = 13fc18f3823044e6bc8f46b627522d4f-8be70c2a62f54e1da83b9174ae76d9de
I20260608 10:00:14.883504  2574 tablet_copy_source_session.cc:215] T 8be70c2a62f54e1da83b9174ae76d9de P 06191f011f614b0cab570db351955cda: Tablet Copy: opened 0 blocks and 1 log segments
W20260608 10:00:14.885262  2527 consensus_peers.cc:597] T 8be70c2a62f54e1da83b9174ae76d9de P 06191f011f614b0cab570db351955cda -> Peer a505d91fb5524d5d8590c725183b1f22 (127.1.197.129:44639): Couldn't send request to peer a505d91fb5524d5d8590c725183b1f22. Status: Remote error: Service unavailable: service kudu.consensus.ConsensusService not registered on TabletServer. This is attempt 1: this message will repeat every 5th retry.
I20260608 10:00:14.887002  2903 data_dirs.cc:400] Could only allocate 1 dirs of requested 3 for tablet 8be70c2a62f54e1da83b9174ae76d9de. 1 dirs total, 0 dirs full, 0 dirs failed
W20260608 10:00:14.890218  2527 consensus_peers.cc:597] T cf54d3a2acc64cc78bbe10d7949b5dfc P 06191f011f614b0cab570db351955cda -> Peer a505d91fb5524d5d8590c725183b1f22 (127.1.197.129:44639): Couldn't send request to peer a505d91fb5524d5d8590c725183b1f22. Status: Remote error: Service unavailable: service kudu.consensus.ConsensusService not registered on TabletServer. This is attempt 1: this message will repeat every 5th retry.
I20260608 10:00:14.895226  1814 ts_tablet_manager.cc:1507] Shutting down tablet manager...
I20260608 10:00:14.896251  1814 tablet_replica.cc:333] T 8be70c2a62f54e1da83b9174ae76d9de P a505d91fb5524d5d8590c725183b1f22: stopping tablet replica
I20260608 10:00:14.897119  1814 raft_consensus.cc:2243] T 8be70c2a62f54e1da83b9174ae76d9de P a505d91fb5524d5d8590c725183b1f22 [term 2 FOLLOWER]: Raft consensus shutting down.
I20260608 10:00:14.897745  1814 raft_consensus.cc:2272] T 8be70c2a62f54e1da83b9174ae76d9de P a505d91fb5524d5d8590c725183b1f22 [term 2 FOLLOWER]: Raft consensus is shut down!
I20260608 10:00:14.900782  1814 tablet_replica.cc:333] T a28a35311a9246c19f6e7701a55af6b5 P a505d91fb5524d5d8590c725183b1f22: stopping tablet replica
I20260608 10:00:14.901510  1814 raft_consensus.cc:2243] T a28a35311a9246c19f6e7701a55af6b5 P a505d91fb5524d5d8590c725183b1f22 [term 1 FOLLOWER]: Raft consensus shutting down.
I20260608 10:00:14.902006  1814 raft_consensus.cc:2272] T a28a35311a9246c19f6e7701a55af6b5 P a505d91fb5524d5d8590c725183b1f22 [term 1 FOLLOWER]: Raft consensus is shut down!
I20260608 10:00:14.903163  2903 tablet_copy_client.cc:806] T 8be70c2a62f54e1da83b9174ae76d9de P 13fc18f3823044e6bc8f46b627522d4f: tablet copy: Starting download of 0 data blocks...
I20260608 10:00:14.903761  2903 tablet_copy_client.cc:670] T 8be70c2a62f54e1da83b9174ae76d9de P 13fc18f3823044e6bc8f46b627522d4f: tablet copy: Starting download of 1 WAL segments...
I20260608 10:00:14.904551  1814 tablet_replica.cc:333] T d9d49823261341d288f33b12c0fe8f5b P a505d91fb5524d5d8590c725183b1f22: stopping tablet replica
I20260608 10:00:14.905347  1814 raft_consensus.cc:2243] T d9d49823261341d288f33b12c0fe8f5b P a505d91fb5524d5d8590c725183b1f22 [term 1 FOLLOWER]: Raft consensus shutting down.
I20260608 10:00:14.905730  1814 raft_consensus.cc:2272] T d9d49823261341d288f33b12c0fe8f5b P a505d91fb5524d5d8590c725183b1f22 [term 1 FOLLOWER]: Raft consensus is shut down!
I20260608 10:00:14.908071  1814 tablet_replica.cc:333] T 5cf34839747447d7a5e6182980c0914b P a505d91fb5524d5d8590c725183b1f22: stopping tablet replica
I20260608 10:00:14.908520  1814 raft_consensus.cc:2243] T 5cf34839747447d7a5e6182980c0914b P a505d91fb5524d5d8590c725183b1f22 [term 1 LEADER]: Raft consensus shutting down.
I20260608 10:00:14.909479  2903 tablet_copy_client.cc:538] T 8be70c2a62f54e1da83b9174ae76d9de P 13fc18f3823044e6bc8f46b627522d4f: tablet copy: Tablet Copy complete. Replacing tablet superblock.
I20260608 10:00:14.909579  1814 raft_consensus.cc:2272] T 5cf34839747447d7a5e6182980c0914b P a505d91fb5524d5d8590c725183b1f22 [term 1 FOLLOWER]: Raft consensus is shut down!
I20260608 10:00:14.912526  1814 tablet_replica.cc:333] T 412338e77fe348cd95025aa812d39aab P a505d91fb5524d5d8590c725183b1f22: stopping tablet replica
I20260608 10:00:14.913271  1814 raft_consensus.cc:2243] T 412338e77fe348cd95025aa812d39aab P a505d91fb5524d5d8590c725183b1f22 [term 1 LEADER]: Raft consensus shutting down.
I20260608 10:00:14.914559  1814 raft_consensus.cc:2272] T 412338e77fe348cd95025aa812d39aab P a505d91fb5524d5d8590c725183b1f22 [term 1 FOLLOWER]: Raft consensus is shut down!
I20260608 10:00:14.917533  1814 tablet_replica.cc:333] T 29c7250a46184611b9a436b9cea5ff6a P a505d91fb5524d5d8590c725183b1f22: stopping tablet replica
I20260608 10:00:14.918331  1814 raft_consensus.cc:2243] T 29c7250a46184611b9a436b9cea5ff6a P a505d91fb5524d5d8590c725183b1f22 [term 1 LEADER]: Raft consensus shutting down.
I20260608 10:00:14.918642  2903 tablet_bootstrap.cc:492] T 8be70c2a62f54e1da83b9174ae76d9de P 13fc18f3823044e6bc8f46b627522d4f: Bootstrap starting.
I20260608 10:00:14.919314  1814 raft_consensus.cc:2272] T 29c7250a46184611b9a436b9cea5ff6a P a505d91fb5524d5d8590c725183b1f22 [term 1 FOLLOWER]: Raft consensus is shut down!
I20260608 10:00:14.922212  1814 tablet_replica.cc:333] T cf54d3a2acc64cc78bbe10d7949b5dfc P a505d91fb5524d5d8590c725183b1f22: stopping tablet replica
I20260608 10:00:14.922955  1814 raft_consensus.cc:2243] T cf54d3a2acc64cc78bbe10d7949b5dfc P a505d91fb5524d5d8590c725183b1f22 [term 2 FOLLOWER]: Raft consensus shutting down.
I20260608 10:00:14.923555  1814 raft_consensus.cc:2272] T cf54d3a2acc64cc78bbe10d7949b5dfc P a505d91fb5524d5d8590c725183b1f22 [term 2 FOLLOWER]: Raft consensus is shut down!
I20260608 10:00:14.926103  1814 tablet_replica.cc:333] T c9b2cda1bc6f4c8bb68f57d88223574c P a505d91fb5524d5d8590c725183b1f22: stopping tablet replica
I20260608 10:00:14.926749  1814 raft_consensus.cc:2243] T c9b2cda1bc6f4c8bb68f57d88223574c P a505d91fb5524d5d8590c725183b1f22 [term 1 FOLLOWER]: Raft consensus shutting down.
I20260608 10:00:14.927330  1814 raft_consensus.cc:2272] T c9b2cda1bc6f4c8bb68f57d88223574c P a505d91fb5524d5d8590c725183b1f22 [term 1 FOLLOWER]: Raft consensus is shut down!
I20260608 10:00:14.946039  2903 tablet_bootstrap.cc:492] T 8be70c2a62f54e1da83b9174ae76d9de P 13fc18f3823044e6bc8f46b627522d4f: Bootstrap replayed 1/1 log segments. Stats: ops{read=3 overwritten=0 applied=3 ignored=0} inserts{seen=0 ignored=0} mutations{seen=0 ignored=0} orphaned_commits=0. Pending: 0 replicates
I20260608 10:00:14.947069  2903 tablet_bootstrap.cc:492] T 8be70c2a62f54e1da83b9174ae76d9de P 13fc18f3823044e6bc8f46b627522d4f: Bootstrap complete.
I20260608 10:00:14.947782  2903 ts_tablet_manager.cc:1403] T 8be70c2a62f54e1da83b9174ae76d9de P 13fc18f3823044e6bc8f46b627522d4f: Time spent bootstrapping tablet: real 0.029s	user 0.013s	sys 0.011s
I20260608 10:00:14.951033  2903 raft_consensus.cc:359] T 8be70c2a62f54e1da83b9174ae76d9de P 13fc18f3823044e6bc8f46b627522d4f [term 2 LEARNER]: Replica starting. Triggering 0 pending ops. Active config: opid_index: 3 OBSOLETE_local: false peers { permanent_uuid: "a505d91fb5524d5d8590c725183b1f22" member_type: VOTER last_known_addr { host: "127.1.197.129" port: 44639 } } peers { permanent_uuid: "06191f011f614b0cab570db351955cda" member_type: VOTER last_known_addr { host: "127.1.197.130" port: 43805 } } peers { permanent_uuid: "849eaf9dc49f44fabfeb67f8150f5bdd" member_type: VOTER last_known_addr { host: "127.1.197.131" port: 46119 } attrs { replace: true } } peers { permanent_uuid: "13fc18f3823044e6bc8f46b627522d4f" member_type: NON_VOTER last_known_addr { host: "127.1.197.132" port: 36201 } attrs { promote: true } }
I20260608 10:00:14.952044  2903 raft_consensus.cc:740] T 8be70c2a62f54e1da83b9174ae76d9de P 13fc18f3823044e6bc8f46b627522d4f [term 2 LEARNER]: Becoming Follower/Learner. State: Replica: 13fc18f3823044e6bc8f46b627522d4f, State: Initialized, Role: LEARNER
I20260608 10:00:14.952605  1814 tablet_server.cc:196] TabletServer@127.1.197.129:0 shutdown complete.
I20260608 10:00:14.952739  2903 consensus_queue.cc:260] T 8be70c2a62f54e1da83b9174ae76d9de P 13fc18f3823044e6bc8f46b627522d4f [NON_LEADER]: Queue going to NON_LEADER mode. State: All replicated index: 0, Majority replicated index: 0, Committed index: 3, Last appended: 2.3, Last appended by leader: 3, Current term: 0, Majority size: -1, State: 0, Mode: NON_LEADER, active raft config: opid_index: 3 OBSOLETE_local: false peers { permanent_uuid: "a505d91fb5524d5d8590c725183b1f22" member_type: VOTER last_known_addr { host: "127.1.197.129" port: 44639 } } peers { permanent_uuid: "06191f011f614b0cab570db351955cda" member_type: VOTER last_known_addr { host: "127.1.197.130" port: 43805 } } peers { permanent_uuid: "849eaf9dc49f44fabfeb67f8150f5bdd" member_type: VOTER last_known_addr { host: "127.1.197.131" port: 46119 } attrs { replace: true } } peers { permanent_uuid: "13fc18f3823044e6bc8f46b627522d4f" member_type: NON_VOTER last_known_addr { host: "127.1.197.132" port: 36201 } attrs { promote: true } }
I20260608 10:00:14.955263  2903 ts_tablet_manager.cc:1434] T 8be70c2a62f54e1da83b9174ae76d9de P 13fc18f3823044e6bc8f46b627522d4f: Time spent starting tablet: real 0.007s	user 0.005s	sys 0.003s
I20260608 10:00:14.957100  2574 tablet_copy_service.cc:342] P 06191f011f614b0cab570db351955cda: Request end of tablet copy session 13fc18f3823044e6bc8f46b627522d4f-8be70c2a62f54e1da83b9174ae76d9de received from {username='slave'} at 127.0.0.1:40134
I20260608 10:00:14.957528  2574 tablet_copy_service.cc:434] P 06191f011f614b0cab570db351955cda: ending tablet copy session 13fc18f3823044e6bc8f46b627522d4f-8be70c2a62f54e1da83b9174ae76d9de on tablet 8be70c2a62f54e1da83b9174ae76d9de with peer 13fc18f3823044e6bc8f46b627522d4f
I20260608 10:00:14.980305  1814 tablet_server.cc:179] TabletServer@127.1.197.130:0 shutting down...
W20260608 10:00:15.015630  2602 consensus_peers.cc:597] T c9b2cda1bc6f4c8bb68f57d88223574c P 849eaf9dc49f44fabfeb67f8150f5bdd -> Peer a505d91fb5524d5d8590c725183b1f22 (127.1.197.129:44639): Couldn't send request to peer a505d91fb5524d5d8590c725183b1f22. Status: Network error: Client connection negotiation failed: client connection to 127.1.197.129:44639: connect: Connection refused (error 111). This is attempt 1: this message will repeat every 5th retry.
I20260608 10:00:15.017306  1814 ts_tablet_manager.cc:1507] Shutting down tablet manager...
I20260608 10:00:15.018143  1814 tablet_replica.cc:333] T d9d49823261341d288f33b12c0fe8f5b P 06191f011f614b0cab570db351955cda: stopping tablet replica
I20260608 10:00:15.019030  1814 raft_consensus.cc:2243] T d9d49823261341d288f33b12c0fe8f5b P 06191f011f614b0cab570db351955cda [term 1 FOLLOWER]: Raft consensus shutting down.
I20260608 10:00:15.019630  1814 raft_consensus.cc:2272] T d9d49823261341d288f33b12c0fe8f5b P 06191f011f614b0cab570db351955cda [term 1 FOLLOWER]: Raft consensus is shut down!
I20260608 10:00:15.022102  1814 tablet_replica.cc:333] T 8be70c2a62f54e1da83b9174ae76d9de P 06191f011f614b0cab570db351955cda: stopping tablet replica
I20260608 10:00:15.022692  1814 raft_consensus.cc:2243] T 8be70c2a62f54e1da83b9174ae76d9de P 06191f011f614b0cab570db351955cda [term 2 LEADER]: Raft consensus shutting down.
I20260608 10:00:15.023664  1814 raft_consensus.cc:2272] T 8be70c2a62f54e1da83b9174ae76d9de P 06191f011f614b0cab570db351955cda [term 2 FOLLOWER]: Raft consensus is shut down!
I20260608 10:00:15.025923  1814 tablet_replica.cc:333] T cf54d3a2acc64cc78bbe10d7949b5dfc P 06191f011f614b0cab570db351955cda: stopping tablet replica
I20260608 10:00:15.026494  1814 raft_consensus.cc:2243] T cf54d3a2acc64cc78bbe10d7949b5dfc P 06191f011f614b0cab570db351955cda [term 2 LEADER]: Raft consensus shutting down.
I20260608 10:00:15.027254  1814 raft_consensus.cc:2272] T cf54d3a2acc64cc78bbe10d7949b5dfc P 06191f011f614b0cab570db351955cda [term 2 FOLLOWER]: Raft consensus is shut down!
I20260608 10:00:15.029119  1814 tablet_replica.cc:333] T c9b2cda1bc6f4c8bb68f57d88223574c P 06191f011f614b0cab570db351955cda: stopping tablet replica
I20260608 10:00:15.029642  1814 raft_consensus.cc:2243] T c9b2cda1bc6f4c8bb68f57d88223574c P 06191f011f614b0cab570db351955cda [term 1 FOLLOWER]: Raft consensus shutting down.
I20260608 10:00:15.030120  1814 raft_consensus.cc:2272] T c9b2cda1bc6f4c8bb68f57d88223574c P 06191f011f614b0cab570db351955cda [term 1 FOLLOWER]: Raft consensus is shut down!
I20260608 10:00:15.032146  1814 tablet_replica.cc:333] T a28a35311a9246c19f6e7701a55af6b5 P 06191f011f614b0cab570db351955cda: stopping tablet replica
I20260608 10:00:15.032655  1814 raft_consensus.cc:2243] T a28a35311a9246c19f6e7701a55af6b5 P 06191f011f614b0cab570db351955cda [term 1 FOLLOWER]: Raft consensus shutting down.
I20260608 10:00:15.033063  1814 raft_consensus.cc:2272] T a28a35311a9246c19f6e7701a55af6b5 P 06191f011f614b0cab570db351955cda [term 1 FOLLOWER]: Raft consensus is shut down!
I20260608 10:00:15.034840  1814 tablet_replica.cc:333] T 412338e77fe348cd95025aa812d39aab P 06191f011f614b0cab570db351955cda: stopping tablet replica
I20260608 10:00:15.035365  1814 raft_consensus.cc:2243] T 412338e77fe348cd95025aa812d39aab P 06191f011f614b0cab570db351955cda [term 1 FOLLOWER]: Raft consensus shutting down.
I20260608 10:00:15.035799  1814 raft_consensus.cc:2272] T 412338e77fe348cd95025aa812d39aab P 06191f011f614b0cab570db351955cda [term 1 FOLLOWER]: Raft consensus is shut down!
I20260608 10:00:15.039294  1814 tablet_replica.cc:333] T 5cf34839747447d7a5e6182980c0914b P 06191f011f614b0cab570db351955cda: stopping tablet replica
W20260608 10:00:15.039405  2892 tablet_copy_client.cc:1131] T 5cf34839747447d7a5e6182980c0914b P 13fc18f3823044e6bc8f46b627522d4f: tablet copy: Unable to close tablet copy session: Network error: failure ending tablet copy session: Client connection negotiation failed: client connection to 127.1.197.129:44639: connect: Connection refused (error 111)
W20260608 10:00:15.040009  2899 ts_tablet_manager.cc:1011] T 412338e77fe348cd95025aa812d39aab P 13fc18f3823044e6bc8f46b627522d4f: Tablet Copy: Unable to fetch data from remote peer a505d91fb5524d5d8590c725183b1f22 (127.1.197.129:44639): Network error: Unable to download WAL segment with seq. number 1: unable to fetch data from remote: Client connection negotiation failed: client connection to 127.1.197.129:44639: connect: Connection refused (error 111)
I20260608 10:00:15.040023  1814 raft_consensus.cc:2243] T 5cf34839747447d7a5e6182980c0914b P 06191f011f614b0cab570db351955cda [term 1 FOLLOWER]: Raft consensus shutting down.
I20260608 10:00:15.040686  2899 tablet_replica.cc:333] T 412338e77fe348cd95025aa812d39aab P 13fc18f3823044e6bc8f46b627522d4f: stopping tablet replica
I20260608 10:00:15.040966  1814 raft_consensus.cc:2272] T 5cf34839747447d7a5e6182980c0914b P 06191f011f614b0cab570db351955cda [term 1 FOLLOWER]: Raft consensus is shut down!
I20260608 10:00:15.040989  2899 raft_consensus.cc:2243] T 412338e77fe348cd95025aa812d39aab P 13fc18f3823044e6bc8f46b627522d4f [term 1 LEARNER]: Raft consensus shutting down.
I20260608 10:00:15.041517  2899 raft_consensus.cc:2272] T 412338e77fe348cd95025aa812d39aab P 13fc18f3823044e6bc8f46b627522d4f [term 1 LEARNER]: Raft consensus is shut down!
I20260608 10:00:15.043735  1814 tablet_replica.cc:333] T 29c7250a46184611b9a436b9cea5ff6a P 06191f011f614b0cab570db351955cda: stopping tablet replica
I20260608 10:00:15.044346  1814 raft_consensus.cc:2243] T 29c7250a46184611b9a436b9cea5ff6a P 06191f011f614b0cab570db351955cda [term 1 FOLLOWER]: Raft consensus shutting down.
W20260608 10:00:15.044409  2899 tablet_copy_client.cc:1131] T 412338e77fe348cd95025aa812d39aab P 13fc18f3823044e6bc8f46b627522d4f: tablet copy: Unable to close tablet copy session: Network error: failure ending tablet copy session: Client connection negotiation failed: client connection to 127.1.197.129:44639: connect: Connection refused (error 111)
I20260608 10:00:15.044879  1814 raft_consensus.cc:2272] T 29c7250a46184611b9a436b9cea5ff6a P 06191f011f614b0cab570db351955cda [term 1 FOLLOWER]: Raft consensus is shut down!
W20260608 10:00:15.045991  2899 tablet_metadata.cc:476] failed to load DataDirGroup from superblock: Already present: tried to load directory group for tablet 412338e77fe348cd95025aa812d39aab but one is already registered
I20260608 10:00:15.046422  2899 ts_tablet_manager.cc:1916] T 412338e77fe348cd95025aa812d39aab P 13fc18f3823044e6bc8f46b627522d4f: Deleting tablet data with delete state TABLET_DATA_TOMBSTONED
I20260608 10:00:15.065817  1814 tablet_server.cc:196] TabletServer@127.1.197.130:0 shutdown complete.
I20260608 10:00:15.066859  2899 ts_tablet_manager.cc:1929] T 412338e77fe348cd95025aa812d39aab P 13fc18f3823044e6bc8f46b627522d4f: tablet deleted with delete type TABLET_DATA_TOMBSTONED: last-logged OpId 1.0
I20260608 10:00:15.067324  2899 log.cc:1199] T 412338e77fe348cd95025aa812d39aab P 13fc18f3823044e6bc8f46b627522d4f: Deleting WAL directory at /tmp/dist-test-tasksiBFqd/test-tmp/auto_rebalancer-test.0.AutoRebalancerTest.AutoRebalancingTurnOffAndOn.1780912800803290-1814-0/minicluster-data/ts-3-root/wals/412338e77fe348cd95025aa812d39aab
W20260608 10:00:15.075263  2602 consensus_peers.cc:597] T a28a35311a9246c19f6e7701a55af6b5 P 849eaf9dc49f44fabfeb67f8150f5bdd -> Peer a505d91fb5524d5d8590c725183b1f22 (127.1.197.129:44639): Couldn't send request to peer a505d91fb5524d5d8590c725183b1f22. Status: Network error: Client connection negotiation failed: client connection to 127.1.197.129:44639: connect: Connection refused (error 111). This is attempt 1: this message will repeat every 5th retry.
I20260608 10:00:15.087548  1814 tablet_server.cc:179] TabletServer@127.1.197.131:0 shutting down...
W20260608 10:00:15.096909  2602 consensus_peers.cc:597] T d9d49823261341d288f33b12c0fe8f5b P 849eaf9dc49f44fabfeb67f8150f5bdd -> Peer a505d91fb5524d5d8590c725183b1f22 (127.1.197.129:44639): Couldn't send request to peer a505d91fb5524d5d8590c725183b1f22. Status: Network error: Client connection negotiation failed: client connection to 127.1.197.129:44639: connect: Connection refused (error 111). This is attempt 1: this message will repeat every 5th retry.
I20260608 10:00:15.125553  1814 ts_tablet_manager.cc:1507] Shutting down tablet manager...
I20260608 10:00:15.126561  1814 tablet_replica.cc:333] T 29c7250a46184611b9a436b9cea5ff6a P 849eaf9dc49f44fabfeb67f8150f5bdd: stopping tablet replica
I20260608 10:00:15.127249  1814 raft_consensus.cc:2243] T 29c7250a46184611b9a436b9cea5ff6a P 849eaf9dc49f44fabfeb67f8150f5bdd [term 1 FOLLOWER]: Raft consensus shutting down.
I20260608 10:00:15.127808  1814 raft_consensus.cc:2272] T 29c7250a46184611b9a436b9cea5ff6a P 849eaf9dc49f44fabfeb67f8150f5bdd [term 1 FOLLOWER]: Raft consensus is shut down!
I20260608 10:00:15.130355  1814 tablet_replica.cc:333] T 5cf34839747447d7a5e6182980c0914b P 849eaf9dc49f44fabfeb67f8150f5bdd: stopping tablet replica
I20260608 10:00:15.131139  1814 raft_consensus.cc:2243] T 5cf34839747447d7a5e6182980c0914b P 849eaf9dc49f44fabfeb67f8150f5bdd [term 1 FOLLOWER]: Raft consensus shutting down.
I20260608 10:00:15.131739  1814 raft_consensus.cc:2272] T 5cf34839747447d7a5e6182980c0914b P 849eaf9dc49f44fabfeb67f8150f5bdd [term 1 FOLLOWER]: Raft consensus is shut down!
I20260608 10:00:15.132120  2791 raft_consensus.cc:1217] T c9b2cda1bc6f4c8bb68f57d88223574c P 13fc18f3823044e6bc8f46b627522d4f [term 1 LEARNER]: Deduplicated request from leader. Original: 1.1->[1.2-1.2]   Dedup: 1.2->[]
I20260608 10:00:15.134686  1814 tablet_replica.cc:333] T 412338e77fe348cd95025aa812d39aab P 849eaf9dc49f44fabfeb67f8150f5bdd: stopping tablet replica
I20260608 10:00:15.135504  1814 raft_consensus.cc:2243] T 412338e77fe348cd95025aa812d39aab P 849eaf9dc49f44fabfeb67f8150f5bdd [term 1 FOLLOWER]: Raft consensus shutting down.
I20260608 10:00:15.136063  1814 raft_consensus.cc:2272] T 412338e77fe348cd95025aa812d39aab P 849eaf9dc49f44fabfeb67f8150f5bdd [term 1 FOLLOWER]: Raft consensus is shut down!
I20260608 10:00:15.138927  1814 tablet_replica.cc:333] T 8be70c2a62f54e1da83b9174ae76d9de P 849eaf9dc49f44fabfeb67f8150f5bdd: stopping tablet replica
I20260608 10:00:15.139631  1814 raft_consensus.cc:2243] T 8be70c2a62f54e1da83b9174ae76d9de P 849eaf9dc49f44fabfeb67f8150f5bdd [term 2 FOLLOWER]: Raft consensus shutting down.
I20260608 10:00:15.140251  1814 raft_consensus.cc:2272] T 8be70c2a62f54e1da83b9174ae76d9de P 849eaf9dc49f44fabfeb67f8150f5bdd [term 2 FOLLOWER]: Raft consensus is shut down!
I20260608 10:00:15.142673  1814 tablet_replica.cc:333] T a28a35311a9246c19f6e7701a55af6b5 P 849eaf9dc49f44fabfeb67f8150f5bdd: stopping tablet replica
I20260608 10:00:15.143199  1814 raft_consensus.cc:2243] T a28a35311a9246c19f6e7701a55af6b5 P 849eaf9dc49f44fabfeb67f8150f5bdd [term 1 LEADER]: Raft consensus shutting down.
I20260608 10:00:15.143903  1814 raft_consensus.cc:2272] T a28a35311a9246c19f6e7701a55af6b5 P 849eaf9dc49f44fabfeb67f8150f5bdd [term 1 FOLLOWER]: Raft consensus is shut down!
I20260608 10:00:15.145571  1814 tablet_replica.cc:333] T c9b2cda1bc6f4c8bb68f57d88223574c P 849eaf9dc49f44fabfeb67f8150f5bdd: stopping tablet replica
I20260608 10:00:15.146072  1814 raft_consensus.cc:2243] T c9b2cda1bc6f4c8bb68f57d88223574c P 849eaf9dc49f44fabfeb67f8150f5bdd [term 1 LEADER]: Raft consensus shutting down.
I20260608 10:00:15.146973  1814 raft_consensus.cc:2272] T c9b2cda1bc6f4c8bb68f57d88223574c P 849eaf9dc49f44fabfeb67f8150f5bdd [term 1 FOLLOWER]: Raft consensus is shut down!
I20260608 10:00:15.149248  1814 tablet_replica.cc:333] T cf54d3a2acc64cc78bbe10d7949b5dfc P 849eaf9dc49f44fabfeb67f8150f5bdd: stopping tablet replica
I20260608 10:00:15.149741  1814 raft_consensus.cc:2243] T cf54d3a2acc64cc78bbe10d7949b5dfc P 849eaf9dc49f44fabfeb67f8150f5bdd [term 2 FOLLOWER]: Raft consensus shutting down.
I20260608 10:00:15.150243  1814 raft_consensus.cc:2272] T cf54d3a2acc64cc78bbe10d7949b5dfc P 849eaf9dc49f44fabfeb67f8150f5bdd [term 2 FOLLOWER]: Raft consensus is shut down!
I20260608 10:00:15.152030  1814 tablet_replica.cc:333] T d9d49823261341d288f33b12c0fe8f5b P 849eaf9dc49f44fabfeb67f8150f5bdd: stopping tablet replica
I20260608 10:00:15.152485  1814 raft_consensus.cc:2243] T d9d49823261341d288f33b12c0fe8f5b P 849eaf9dc49f44fabfeb67f8150f5bdd [term 1 LEADER]: Raft consensus shutting down.
I20260608 10:00:15.153213  1814 raft_consensus.cc:2272] T d9d49823261341d288f33b12c0fe8f5b P 849eaf9dc49f44fabfeb67f8150f5bdd [term 1 FOLLOWER]: Raft consensus is shut down!
I20260608 10:00:15.182458  1814 tablet_server.cc:196] TabletServer@127.1.197.131:0 shutdown complete.
I20260608 10:00:15.202224  1814 tablet_server.cc:179] TabletServer@127.1.197.132:0 shutting down...
I20260608 10:00:15.235853  1814 ts_tablet_manager.cc:1507] Shutting down tablet manager...
I20260608 10:00:15.237887  1814 tablet_replica.cc:333] T 8be70c2a62f54e1da83b9174ae76d9de P 13fc18f3823044e6bc8f46b627522d4f: stopping tablet replica
I20260608 10:00:15.238436  1814 raft_consensus.cc:2243] T 8be70c2a62f54e1da83b9174ae76d9de P 13fc18f3823044e6bc8f46b627522d4f [term 2 LEARNER]: Raft consensus shutting down.
I20260608 10:00:15.238848  1814 raft_consensus.cc:2272] T 8be70c2a62f54e1da83b9174ae76d9de P 13fc18f3823044e6bc8f46b627522d4f [term 2 LEARNER]: Raft consensus is shut down!
I20260608 10:00:15.240764  1814 tablet_replica.cc:333] T c9b2cda1bc6f4c8bb68f57d88223574c P 13fc18f3823044e6bc8f46b627522d4f: stopping tablet replica
I20260608 10:00:15.241281  1814 raft_consensus.cc:2243] T c9b2cda1bc6f4c8bb68f57d88223574c P 13fc18f3823044e6bc8f46b627522d4f [term 1 LEARNER]: Raft consensus shutting down.
I20260608 10:00:15.241662  1814 raft_consensus.cc:2272] T c9b2cda1bc6f4c8bb68f57d88223574c P 13fc18f3823044e6bc8f46b627522d4f [term 1 LEARNER]: Raft consensus is shut down!
I20260608 10:00:15.243788  1814 tablet_replica.cc:333] T 5cf34839747447d7a5e6182980c0914b P 13fc18f3823044e6bc8f46b627522d4f: stopping tablet replica
I20260608 10:00:15.244320  1814 raft_consensus.cc:2243] T 5cf34839747447d7a5e6182980c0914b P 13fc18f3823044e6bc8f46b627522d4f [term 1 LEARNER]: Raft consensus shutting down.
I20260608 10:00:15.244702  1814 raft_consensus.cc:2272] T 5cf34839747447d7a5e6182980c0914b P 13fc18f3823044e6bc8f46b627522d4f [term 1 LEARNER]: Raft consensus is shut down!
I20260608 10:00:15.266455  1814 tablet_server.cc:196] TabletServer@127.1.197.132:0 shutdown complete.
I20260608 10:00:15.278303  1814 master.cc:562] Master@127.1.197.190:33793 shutting down...
W20260608 10:00:15.309285  2434 auto_rebalancer.cc:835] Removing replace marker failed: Catalog manager is not initialized. State: Closing
W20260608 10:00:15.309568  2434 auto_rebalancer.cc:863] Could not move replica: Service unavailable: Catalog manager is not initialized. State: Closing
W20260608 10:00:15.309784  2434 auto_rebalancer.cc:301] scheduled replica move failed to complete: Service unavailable: Catalog manager is not initialized. State: Closing
I20260608 10:00:15.311195  1814 raft_consensus.cc:2243] T 00000000000000000000000000000000 P ebbd39526bc24d72a481386ba30fbf7e [term 1 LEADER]: Raft consensus shutting down.
I20260608 10:00:15.311683  1814 raft_consensus.cc:2272] T 00000000000000000000000000000000 P ebbd39526bc24d72a481386ba30fbf7e [term 1 FOLLOWER]: Raft consensus is shut down!
I20260608 10:00:15.312019  1814 tablet_replica.cc:333] T 00000000000000000000000000000000 P ebbd39526bc24d72a481386ba30fbf7e: stopping tablet replica
I20260608 10:00:15.332156  1814 master.cc:584] Master@127.1.197.190:33793 shutdown complete.
[       OK ] AutoRebalancerTest.AutoRebalancingTurnOffAndOn (9413 ms)
[ RUN      ] AutoRebalancerTest.NextLeaderResumesAutoRebalancing
I20260608 10:00:15.372558  1814 internal_mini_cluster.cc:156] Creating distributed mini masters. Addrs: 127.1.197.190:34361,127.1.197.189:37867,127.1.197.188:41057
I20260608 10:00:15.374157  1814 file_cache.cc:492] Constructed file cache file cache with capacity 419430
W20260608 10:00:15.380295  2915 instance_detector.cc:116] could not retrieve Azure instance metadata: Network error: curl error: HTTP response code said error: The requested URL returned error: 404
W20260608 10:00:15.380290  2914 instance_detector.cc:116] could not retrieve AWS instance metadata: Network error: curl error: HTTP response code said error: The requested URL returned error: 404
W20260608 10:00:15.381001  2917 instance_detector.cc:116] could not retrieve OpenStack instance metadata: Network error: curl error: HTTP response code said error: The requested URL returned error: 404
