I20260608 10:01:26.493193 27978 ts_tablet_manager.cc:933] T 7dd98ef7b0ce46ba962943f4244ed649 P 44f5630b38b04e149a253c2d4d22e65b: Initiating tablet copy from peer 1b1987a6222340318f0501c7fbdc971e (127.23.249.194:38189)
I20260608 10:01:26.494710 27978 tablet_copy_client.cc:323] T 7dd98ef7b0ce46ba962943f4244ed649 P 44f5630b38b04e149a253c2d4d22e65b: tablet copy: Beginning tablet copy session from remote peer at address 127.23.249.194:38189
I20260608 10:01:26.496642 27596 tablet_copy_service.cc:140] P 1b1987a6222340318f0501c7fbdc971e: Received BeginTabletCopySession request for tablet 7dd98ef7b0ce46ba962943f4244ed649 from peer 44f5630b38b04e149a253c2d4d22e65b ({username='slave'} at 127.0.0.1:36174)
I20260608 10:01:26.497243 27596 tablet_copy_service.cc:161] P 1b1987a6222340318f0501c7fbdc971e: Beginning new tablet copy session on tablet 7dd98ef7b0ce46ba962943f4244ed649 from peer 44f5630b38b04e149a253c2d4d22e65b at {username='slave'} at 127.0.0.1:36174: session id = 44f5630b38b04e149a253c2d4d22e65b-7dd98ef7b0ce46ba962943f4244ed649
I20260608 10:01:26.502897 27596 tablet_copy_source_session.cc:215] T 7dd98ef7b0ce46ba962943f4244ed649 P 1b1987a6222340318f0501c7fbdc971e: Tablet Copy: opened 0 blocks and 1 log segments
I20260608 10:01:26.505723 27978 data_dirs.cc:400] Could only allocate 1 dirs of requested 3 for tablet 7dd98ef7b0ce46ba962943f4244ed649. 1 dirs total, 0 dirs full, 0 dirs failed
I20260608 10:01:26.517171 27978 tablet_copy_client.cc:806] T 7dd98ef7b0ce46ba962943f4244ed649 P 44f5630b38b04e149a253c2d4d22e65b: tablet copy: Starting download of 0 data blocks...
I20260608 10:01:26.517721 27978 tablet_copy_client.cc:670] T 7dd98ef7b0ce46ba962943f4244ed649 P 44f5630b38b04e149a253c2d4d22e65b: tablet copy: Starting download of 1 WAL segments...
I20260608 10:01:26.522244 27978 tablet_copy_client.cc:538] T 7dd98ef7b0ce46ba962943f4244ed649 P 44f5630b38b04e149a253c2d4d22e65b: tablet copy: Tablet Copy complete. Replacing tablet superblock.
I20260608 10:01:26.530747 27978 tablet_bootstrap.cc:492] T 7dd98ef7b0ce46ba962943f4244ed649 P 44f5630b38b04e149a253c2d4d22e65b: Bootstrap starting.
I20260608 10:01:26.551973 27978 tablet_bootstrap.cc:492] T 7dd98ef7b0ce46ba962943f4244ed649 P 44f5630b38b04e149a253c2d4d22e65b: Bootstrap replayed 1/1 log segments. Stats: ops{read=2 overwritten=0 applied=2 ignored=0} inserts{seen=0 ignored=0} mutations{seen=0 ignored=0} orphaned_commits=0. Pending: 0 replicates
I20260608 10:01:26.552922 27978 tablet_bootstrap.cc:492] T 7dd98ef7b0ce46ba962943f4244ed649 P 44f5630b38b04e149a253c2d4d22e65b: Bootstrap complete.
I20260608 10:01:26.553699 27978 ts_tablet_manager.cc:1403] T 7dd98ef7b0ce46ba962943f4244ed649 P 44f5630b38b04e149a253c2d4d22e65b: Time spent bootstrapping tablet: real 0.023s	user 0.019s	sys 0.004s
I20260608 10:01:26.556767 27978 raft_consensus.cc:359] T 7dd98ef7b0ce46ba962943f4244ed649 P 44f5630b38b04e149a253c2d4d22e65b [term 1 LEARNER]: Replica starting. Triggering 0 pending ops. Active config: opid_index: 2 OBSOLETE_local: false peers { permanent_uuid: "1b1987a6222340318f0501c7fbdc971e" member_type: VOTER last_known_addr { host: "127.23.249.194" port: 38189 } } peers { permanent_uuid: "547b73294b574d51b81b9c7fd2344f26" member_type: VOTER last_known_addr { host: "127.23.249.193" port: 42655 } attrs { replace: true } } peers { permanent_uuid: "8b81c1d08fe645ce86d8b5efaccadb65" member_type: VOTER last_known_addr { host: "127.23.249.195" port: 46341 } } peers { permanent_uuid: "44f5630b38b04e149a253c2d4d22e65b" member_type: NON_VOTER last_known_addr { host: "127.23.249.196" port: 34083 } attrs { promote: true } }
I20260608 10:01:26.557641 27978 raft_consensus.cc:740] T 7dd98ef7b0ce46ba962943f4244ed649 P 44f5630b38b04e149a253c2d4d22e65b [term 1 LEARNER]: Becoming Follower/Learner. State: Replica: 44f5630b38b04e149a253c2d4d22e65b, State: Initialized, Role: LEARNER
I20260608 10:01:26.558334 27978 consensus_queue.cc:260] T 7dd98ef7b0ce46ba962943f4244ed649 P 44f5630b38b04e149a253c2d4d22e65b [NON_LEADER]: Queue going to NON_LEADER mode. State: All replicated index: 0, Majority replicated index: 0, Committed index: 2, Last appended: 1.2, Last appended by leader: 2, Current term: 0, Majority size: -1, State: 0, Mode: NON_LEADER, active raft config: opid_index: 2 OBSOLETE_local: false peers { permanent_uuid: "1b1987a6222340318f0501c7fbdc971e" member_type: VOTER last_known_addr { host: "127.23.249.194" port: 38189 } } peers { permanent_uuid: "547b73294b574d51b81b9c7fd2344f26" member_type: VOTER last_known_addr { host: "127.23.249.193" port: 42655 } attrs { replace: true } } peers { permanent_uuid: "8b81c1d08fe645ce86d8b5efaccadb65" member_type: VOTER last_known_addr { host: "127.23.249.195" port: 46341 } } peers { permanent_uuid: "44f5630b38b04e149a253c2d4d22e65b" member_type: NON_VOTER last_known_addr { host: "127.23.249.196" port: 34083 } attrs { promote: true } }
I20260608 10:01:26.561285 27978 ts_tablet_manager.cc:1434] T 7dd98ef7b0ce46ba962943f4244ed649 P 44f5630b38b04e149a253c2d4d22e65b: Time spent starting tablet: real 0.007s	user 0.008s	sys 0.000s
I20260608 10:01:26.563387 27596 tablet_copy_service.cc:342] P 1b1987a6222340318f0501c7fbdc971e: Request end of tablet copy session 44f5630b38b04e149a253c2d4d22e65b-7dd98ef7b0ce46ba962943f4244ed649 received from {username='slave'} at 127.0.0.1:36174
I20260608 10:01:26.563841 27596 tablet_copy_service.cc:434] P 1b1987a6222340318f0501c7fbdc971e: ending tablet copy session 44f5630b38b04e149a253c2d4d22e65b-7dd98ef7b0ce46ba962943f4244ed649 on tablet 7dd98ef7b0ce46ba962943f4244ed649 with peer 44f5630b38b04e149a253c2d4d22e65b
I20260608 10:01:26.717440 27511 raft_consensus.cc:1275] T 15efdc7a47c7474bb6702a2731d5c654 P 547b73294b574d51b81b9c7fd2344f26 [term 2 FOLLOWER]: Refusing update from remote peer 1b1987a6222340318f0501c7fbdc971e: Log matching property violated. Preceding OpId in replica: term: 1 index: 1. Preceding OpId from leader: term: 2 index: 2. (index mismatch)
I20260608 10:01:26.718967 27875 consensus_queue.cc:1048] T 15efdc7a47c7474bb6702a2731d5c654 P 1b1987a6222340318f0501c7fbdc971e [LEADER]: Connected to new peer: Peer: permanent_uuid: "547b73294b574d51b81b9c7fd2344f26" member_type: VOTER last_known_addr { host: "127.23.249.193" port: 42655 }, Status: LMP_MISMATCH, Last received: 0.0, Next index: 2, Last known committed idx: 1, Time since last communication: 0.000s
I20260608 10:01:26.730624 27657 raft_consensus.cc:1275] T 15efdc7a47c7474bb6702a2731d5c654 P 8b81c1d08fe645ce86d8b5efaccadb65 [term 2 FOLLOWER]: Refusing update from remote peer 1b1987a6222340318f0501c7fbdc971e: Log matching property violated. Preceding OpId in replica: term: 1 index: 1. Preceding OpId from leader: term: 2 index: 2. (index mismatch)
I20260608 10:01:26.732491 27990 consensus_queue.cc:1048] T 15efdc7a47c7474bb6702a2731d5c654 P 1b1987a6222340318f0501c7fbdc971e [LEADER]: Connected to new peer: Peer: permanent_uuid: "8b81c1d08fe645ce86d8b5efaccadb65" member_type: VOTER last_known_addr { host: "127.23.249.195" port: 46341 }, Status: LMP_MISMATCH, Last received: 0.0, Next index: 2, Last known committed idx: 1, Time since last communication: 0.001s
I20260608 10:01:26.820747 27585 raft_consensus.cc:1275] T b13a1184f8894731914d18adaa82a4cf P 1b1987a6222340318f0501c7fbdc971e [term 2 FOLLOWER]: Refusing update from remote peer 547b73294b574d51b81b9c7fd2344f26: Log matching property violated. Preceding OpId in replica: term: 1 index: 1. Preceding OpId from leader: term: 2 index: 2. (index mismatch)
I20260608 10:01:26.822309 27973 consensus_queue.cc:1048] T b13a1184f8894731914d18adaa82a4cf P 547b73294b574d51b81b9c7fd2344f26 [LEADER]: Connected to new peer: Peer: permanent_uuid: "1b1987a6222340318f0501c7fbdc971e" member_type: VOTER last_known_addr { host: "127.23.249.194" port: 38189 }, Status: LMP_MISMATCH, Last received: 0.0, Next index: 2, Last known committed idx: 1, Time since last communication: 0.000s
I20260608 10:01:26.837124 27657 raft_consensus.cc:1275] T b13a1184f8894731914d18adaa82a4cf P 8b81c1d08fe645ce86d8b5efaccadb65 [term 2 FOLLOWER]: Refusing update from remote peer 547b73294b574d51b81b9c7fd2344f26: Log matching property violated. Preceding OpId in replica: term: 1 index: 1. Preceding OpId from leader: term: 2 index: 2. (index mismatch)
I20260608 10:01:26.838575 27953 consensus_queue.cc:1048] T b13a1184f8894731914d18adaa82a4cf P 547b73294b574d51b81b9c7fd2344f26 [LEADER]: Connected to new peer: Peer: permanent_uuid: "8b81c1d08fe645ce86d8b5efaccadb65" member_type: VOTER last_known_addr { host: "127.23.249.195" port: 46341 }, Status: LMP_MISMATCH, Last received: 0.0, Next index: 2, Last known committed idx: 1, Time since last communication: 0.000s
I20260608 10:01:26.858525 27585 raft_consensus.cc:1275] T 484a64295f214a048f37d20c395862ee P 1b1987a6222340318f0501c7fbdc971e [term 2 FOLLOWER]: Refusing update from remote peer 44f5630b38b04e149a253c2d4d22e65b: Log matching property violated. Preceding OpId in replica: term: 1 index: 1. Preceding OpId from leader: term: 2 index: 2. (index mismatch)
I20260608 10:01:26.859905 27975 consensus_queue.cc:1048] T 484a64295f214a048f37d20c395862ee P 44f5630b38b04e149a253c2d4d22e65b [LEADER]: Connected to new peer: Peer: permanent_uuid: "1b1987a6222340318f0501c7fbdc971e" member_type: VOTER last_known_addr { host: "127.23.249.194" port: 38189 }, Status: LMP_MISMATCH, Last received: 0.0, Next index: 2, Last known committed idx: 1, Time since last communication: 0.000s
I20260608 10:01:26.873117 27507 raft_consensus.cc:1275] T 484a64295f214a048f37d20c395862ee P 547b73294b574d51b81b9c7fd2344f26 [term 2 FOLLOWER]: Refusing update from remote peer 44f5630b38b04e149a253c2d4d22e65b: Log matching property violated. Preceding OpId in replica: term: 1 index: 1. Preceding OpId from leader: term: 2 index: 2. (index mismatch)
I20260608 10:01:26.876374 27975 consensus_queue.cc:1048] T 484a64295f214a048f37d20c395862ee P 44f5630b38b04e149a253c2d4d22e65b [LEADER]: Connected to new peer: Peer: permanent_uuid: "547b73294b574d51b81b9c7fd2344f26" member_type: VOTER last_known_addr { host: "127.23.249.193" port: 42655 }, Status: LMP_MISMATCH, Last received: 0.0, Next index: 2, Last known committed idx: 1, Time since last communication: 0.000s
I20260608 10:01:26.906359 27807 raft_consensus.cc:1217] T 7dd98ef7b0ce46ba962943f4244ed649 P 44f5630b38b04e149a253c2d4d22e65b [term 1 LEARNER]: Deduplicated request from leader. Original: 1.1->[1.2-1.2]   Dedup: 1.2->[]
I20260608 10:01:26.918207 27807 raft_consensus.cc:1217] T c1dcd6af62444e8cad9411e24f6cc276 P 44f5630b38b04e149a253c2d4d22e65b [term 1 LEARNER]: Deduplicated request from leader. Original: 1.1->[1.2-1.2]   Dedup: 1.2->[]
I20260608 10:01:27.419621 28000 raft_consensus.cc:1064] T c1dcd6af62444e8cad9411e24f6cc276 P 8b81c1d08fe645ce86d8b5efaccadb65: attempting to promote NON_VOTER 44f5630b38b04e149a253c2d4d22e65b to VOTER
I20260608 10:01:27.422694 28000 consensus_queue.cc:237] T c1dcd6af62444e8cad9411e24f6cc276 P 8b81c1d08fe645ce86d8b5efaccadb65 [LEADER]: Queue going to LEADER mode. State: All replicated index: 0, Majority replicated index: 2, Committed index: 2, Last appended: 1.2, Last appended by leader: 0, Current term: 1, Majority size: 3, State: 0, Mode: LEADER, active raft config: opid_index: 3 OBSOLETE_local: false peers { permanent_uuid: "547b73294b574d51b81b9c7fd2344f26" member_type: VOTER last_known_addr { host: "127.23.249.193" port: 42655 } } peers { permanent_uuid: "1b1987a6222340318f0501c7fbdc971e" member_type: VOTER last_known_addr { host: "127.23.249.194" port: 38189 } attrs { replace: true } } peers { permanent_uuid: "8b81c1d08fe645ce86d8b5efaccadb65" member_type: VOTER last_known_addr { host: "127.23.249.195" port: 46341 } } peers { permanent_uuid: "44f5630b38b04e149a253c2d4d22e65b" member_type: VOTER last_known_addr { host: "127.23.249.196" port: 34083 } attrs { promote: false } }
I20260608 10:01:27.430490 27809 raft_consensus.cc:1275] T c1dcd6af62444e8cad9411e24f6cc276 P 44f5630b38b04e149a253c2d4d22e65b [term 1 LEARNER]: Refusing update from remote peer 8b81c1d08fe645ce86d8b5efaccadb65: Log matching property violated. Preceding OpId in replica: term: 1 index: 2. Preceding OpId from leader: term: 1 index: 3. (index mismatch)
I20260608 10:01:27.433276 27585 raft_consensus.cc:1275] T c1dcd6af62444e8cad9411e24f6cc276 P 1b1987a6222340318f0501c7fbdc971e [term 1 FOLLOWER]: Refusing update from remote peer 8b81c1d08fe645ce86d8b5efaccadb65: Log matching property violated. Preceding OpId in replica: term: 1 index: 2. Preceding OpId from leader: term: 1 index: 3. (index mismatch)
I20260608 10:01:27.433549 27990 raft_consensus.cc:1064] T 7dd98ef7b0ce46ba962943f4244ed649 P 1b1987a6222340318f0501c7fbdc971e: attempting to promote NON_VOTER 44f5630b38b04e149a253c2d4d22e65b to VOTER
I20260608 10:01:27.432188 27507 raft_consensus.cc:1275] T c1dcd6af62444e8cad9411e24f6cc276 P 547b73294b574d51b81b9c7fd2344f26 [term 1 FOLLOWER]: Refusing update from remote peer 8b81c1d08fe645ce86d8b5efaccadb65: Log matching property violated. Preceding OpId in replica: term: 1 index: 2. Preceding OpId from leader: term: 1 index: 3. (index mismatch)
I20260608 10:01:27.432225 28000 consensus_queue.cc:1048] T c1dcd6af62444e8cad9411e24f6cc276 P 8b81c1d08fe645ce86d8b5efaccadb65 [LEADER]: Connected to new peer: Peer: permanent_uuid: "44f5630b38b04e149a253c2d4d22e65b" member_type: VOTER last_known_addr { host: "127.23.249.196" port: 34083 } attrs { promote: false }, Status: LMP_MISMATCH, Last received: 0.0, Next index: 3, Last known committed idx: 2, Time since last communication: 0.003s
I20260608 10:01:27.436121 27950 consensus_queue.cc:1048] T c1dcd6af62444e8cad9411e24f6cc276 P 8b81c1d08fe645ce86d8b5efaccadb65 [LEADER]: Connected to new peer: Peer: permanent_uuid: "1b1987a6222340318f0501c7fbdc971e" member_type: VOTER last_known_addr { host: "127.23.249.194" port: 38189 } attrs { replace: true }, Status: LMP_MISMATCH, Last received: 0.0, Next index: 3, Last known committed idx: 2, Time since last communication: 0.001s
I20260608 10:01:27.436146 27990 consensus_queue.cc:237] T 7dd98ef7b0ce46ba962943f4244ed649 P 1b1987a6222340318f0501c7fbdc971e [LEADER]: Queue going to LEADER mode. State: All replicated index: 0, Majority replicated index: 2, Committed index: 2, Last appended: 1.2, Last appended by leader: 0, Current term: 1, Majority size: 3, State: 0, Mode: LEADER, active raft config: opid_index: 3 OBSOLETE_local: false peers { permanent_uuid: "1b1987a6222340318f0501c7fbdc971e" member_type: VOTER last_known_addr { host: "127.23.249.194" port: 38189 } } peers { permanent_uuid: "547b73294b574d51b81b9c7fd2344f26" member_type: VOTER last_known_addr { host: "127.23.249.193" port: 42655 } attrs { replace: true } } peers { permanent_uuid: "8b81c1d08fe645ce86d8b5efaccadb65" member_type: VOTER last_known_addr { host: "127.23.249.195" port: 46341 } } peers { permanent_uuid: "44f5630b38b04e149a253c2d4d22e65b" member_type: VOTER last_known_addr { host: "127.23.249.196" port: 34083 } attrs { promote: false } }
I20260608 10:01:27.437515 28001 consensus_queue.cc:1048] T c1dcd6af62444e8cad9411e24f6cc276 P 8b81c1d08fe645ce86d8b5efaccadb65 [LEADER]: Connected to new peer: Peer: permanent_uuid: "547b73294b574d51b81b9c7fd2344f26" member_type: VOTER last_known_addr { host: "127.23.249.193" port: 42655 }, Status: LMP_MISMATCH, Last received: 0.0, Next index: 3, Last known committed idx: 2, Time since last communication: 0.000s
I20260608 10:01:27.459890 27950 raft_consensus.cc:2955] T c1dcd6af62444e8cad9411e24f6cc276 P 8b81c1d08fe645ce86d8b5efaccadb65 [term 1 LEADER]: Committing config change with OpId 1.3: config changed from index 2 to 3, 44f5630b38b04e149a253c2d4d22e65b (127.23.249.196) changed from NON_VOTER to VOTER. New config: { opid_index: 3 OBSOLETE_local: false peers { permanent_uuid: "547b73294b574d51b81b9c7fd2344f26" member_type: VOTER last_known_addr { host: "127.23.249.193" port: 42655 } } peers { permanent_uuid: "1b1987a6222340318f0501c7fbdc971e" member_type: VOTER last_known_addr { host: "127.23.249.194" port: 38189 } attrs { replace: true } } peers { permanent_uuid: "8b81c1d08fe645ce86d8b5efaccadb65" member_type: VOTER last_known_addr { host: "127.23.249.195" port: 46341 } } peers { permanent_uuid: "44f5630b38b04e149a253c2d4d22e65b" member_type: VOTER last_known_addr { host: "127.23.249.196" port: 34083 } attrs { promote: false } } }
I20260608 10:01:27.461884 27807 raft_consensus.cc:1275] T 7dd98ef7b0ce46ba962943f4244ed649 P 44f5630b38b04e149a253c2d4d22e65b [term 1 LEARNER]: Refusing update from remote peer 1b1987a6222340318f0501c7fbdc971e: Log matching property violated. Preceding OpId in replica: term: 1 index: 2. Preceding OpId from leader: term: 1 index: 3. (index mismatch)
I20260608 10:01:27.464392 27657 raft_consensus.cc:1275] T 7dd98ef7b0ce46ba962943f4244ed649 P 8b81c1d08fe645ce86d8b5efaccadb65 [term 1 FOLLOWER]: Refusing update from remote peer 1b1987a6222340318f0501c7fbdc971e: Log matching property violated. Preceding OpId in replica: term: 1 index: 2. Preceding OpId from leader: term: 1 index: 3. (index mismatch)
I20260608 10:01:27.467222 27875 consensus_queue.cc:1048] T 7dd98ef7b0ce46ba962943f4244ed649 P 1b1987a6222340318f0501c7fbdc971e [LEADER]: Connected to new peer: Peer: permanent_uuid: "44f5630b38b04e149a253c2d4d22e65b" member_type: VOTER last_known_addr { host: "127.23.249.196" port: 34083 } attrs { promote: false }, Status: LMP_MISMATCH, Last received: 0.0, Next index: 3, Last known committed idx: 2, Time since last communication: 0.001s
I20260608 10:01:27.469609 27875 consensus_queue.cc:1048] T 7dd98ef7b0ce46ba962943f4244ed649 P 1b1987a6222340318f0501c7fbdc971e [LEADER]: Connected to new peer: Peer: permanent_uuid: "8b81c1d08fe645ce86d8b5efaccadb65" member_type: VOTER last_known_addr { host: "127.23.249.195" port: 46341 }, Status: LMP_MISMATCH, Last received: 0.0, Next index: 3, Last known committed idx: 2, Time since last communication: 0.000s
I20260608 10:01:27.473558 27585 raft_consensus.cc:2955] T c1dcd6af62444e8cad9411e24f6cc276 P 1b1987a6222340318f0501c7fbdc971e [term 1 FOLLOWER]: Committing config change with OpId 1.3: config changed from index 2 to 3, 44f5630b38b04e149a253c2d4d22e65b (127.23.249.196) changed from NON_VOTER to VOTER. New config: { opid_index: 3 OBSOLETE_local: false peers { permanent_uuid: "547b73294b574d51b81b9c7fd2344f26" member_type: VOTER last_known_addr { host: "127.23.249.193" port: 42655 } } peers { permanent_uuid: "1b1987a6222340318f0501c7fbdc971e" member_type: VOTER last_known_addr { host: "127.23.249.194" port: 38189 } attrs { replace: true } } peers { permanent_uuid: "8b81c1d08fe645ce86d8b5efaccadb65" member_type: VOTER last_known_addr { host: "127.23.249.195" port: 46341 } } peers { permanent_uuid: "44f5630b38b04e149a253c2d4d22e65b" member_type: VOTER last_known_addr { host: "127.23.249.196" port: 34083 } attrs { promote: false } } }
I20260608 10:01:27.472533 27807 raft_consensus.cc:2955] T c1dcd6af62444e8cad9411e24f6cc276 P 44f5630b38b04e149a253c2d4d22e65b [term 1 FOLLOWER]: Committing config change with OpId 1.3: config changed from index 2 to 3, 44f5630b38b04e149a253c2d4d22e65b (127.23.249.196) changed from NON_VOTER to VOTER. New config: { opid_index: 3 OBSOLETE_local: false peers { permanent_uuid: "547b73294b574d51b81b9c7fd2344f26" member_type: VOTER last_known_addr { host: "127.23.249.193" port: 42655 } } peers { permanent_uuid: "1b1987a6222340318f0501c7fbdc971e" member_type: VOTER last_known_addr { host: "127.23.249.194" port: 38189 } attrs { replace: true } } peers { permanent_uuid: "8b81c1d08fe645ce86d8b5efaccadb65" member_type: VOTER last_known_addr { host: "127.23.249.195" port: 46341 } } peers { permanent_uuid: "44f5630b38b04e149a253c2d4d22e65b" member_type: VOTER last_known_addr { host: "127.23.249.196" port: 34083 } attrs { promote: false } } }
I20260608 10:01:27.490223 27408 catalog_manager.cc:5696] T c1dcd6af62444e8cad9411e24f6cc276 P 1b1987a6222340318f0501c7fbdc971e reported cstate change: config changed from index 2 to 3, 44f5630b38b04e149a253c2d4d22e65b (127.23.249.196) changed from NON_VOTER to VOTER. New cstate: current_term: 1 leader_uuid: "8b81c1d08fe645ce86d8b5efaccadb65" committed_config { opid_index: 3 OBSOLETE_local: false peers { permanent_uuid: "547b73294b574d51b81b9c7fd2344f26" member_type: VOTER last_known_addr { host: "127.23.249.193" port: 42655 } } peers { permanent_uuid: "1b1987a6222340318f0501c7fbdc971e" member_type: VOTER last_known_addr { host: "127.23.249.194" port: 38189 } attrs { replace: true } } peers { permanent_uuid: "8b81c1d08fe645ce86d8b5efaccadb65" member_type: VOTER last_known_addr { host: "127.23.249.195" port: 46341 } } peers { permanent_uuid: "44f5630b38b04e149a253c2d4d22e65b" member_type: VOTER last_known_addr { host: "127.23.249.196" port: 34083 } attrs { promote: false } } }
I20260608 10:01:27.494628 27507 raft_consensus.cc:1275] T 7dd98ef7b0ce46ba962943f4244ed649 P 547b73294b574d51b81b9c7fd2344f26 [term 1 FOLLOWER]: Refusing update from remote peer 1b1987a6222340318f0501c7fbdc971e: Log matching property violated. Preceding OpId in replica: term: 1 index: 2. Preceding OpId from leader: term: 1 index: 3. (index mismatch)
I20260608 10:01:27.498217 27968 consensus_queue.cc:1048] T 7dd98ef7b0ce46ba962943f4244ed649 P 1b1987a6222340318f0501c7fbdc971e [LEADER]: Connected to new peer: Peer: permanent_uuid: "547b73294b574d51b81b9c7fd2344f26" member_type: VOTER last_known_addr { host: "127.23.249.193" port: 42655 } attrs { replace: true }, Status: LMP_MISMATCH, Last received: 0.0, Next index: 3, Last known committed idx: 2, Time since last communication: 0.000s
I20260608 10:01:27.507117 27511 raft_consensus.cc:2955] T c1dcd6af62444e8cad9411e24f6cc276 P 547b73294b574d51b81b9c7fd2344f26 [term 1 FOLLOWER]: Committing config change with OpId 1.3: config changed from index 2 to 3, 44f5630b38b04e149a253c2d4d22e65b (127.23.249.196) changed from NON_VOTER to VOTER. New config: { opid_index: 3 OBSOLETE_local: false peers { permanent_uuid: "547b73294b574d51b81b9c7fd2344f26" member_type: VOTER last_known_addr { host: "127.23.249.193" port: 42655 } } peers { permanent_uuid: "1b1987a6222340318f0501c7fbdc971e" member_type: VOTER last_known_addr { host: "127.23.249.194" port: 38189 } attrs { replace: true } } peers { permanent_uuid: "8b81c1d08fe645ce86d8b5efaccadb65" member_type: VOTER last_known_addr { host: "127.23.249.195" port: 46341 } } peers { permanent_uuid: "44f5630b38b04e149a253c2d4d22e65b" member_type: VOTER last_known_addr { host: "127.23.249.196" port: 34083 } attrs { promote: false } } }
I20260608 10:01:27.541584 27875 raft_consensus.cc:2955] T 7dd98ef7b0ce46ba962943f4244ed649 P 1b1987a6222340318f0501c7fbdc971e [term 1 LEADER]: Committing config change with OpId 1.3: config changed from index 2 to 3, 44f5630b38b04e149a253c2d4d22e65b (127.23.249.196) changed from NON_VOTER to VOTER. New config: { opid_index: 3 OBSOLETE_local: false peers { permanent_uuid: "1b1987a6222340318f0501c7fbdc971e" member_type: VOTER last_known_addr { host: "127.23.249.194" port: 38189 } } peers { permanent_uuid: "547b73294b574d51b81b9c7fd2344f26" member_type: VOTER last_known_addr { host: "127.23.249.193" port: 42655 } attrs { replace: true } } peers { permanent_uuid: "8b81c1d08fe645ce86d8b5efaccadb65" member_type: VOTER last_known_addr { host: "127.23.249.195" port: 46341 } } peers { permanent_uuid: "44f5630b38b04e149a253c2d4d22e65b" member_type: VOTER last_known_addr { host: "127.23.249.196" port: 34083 } attrs { promote: false } } }
I20260608 10:01:27.543234 27809 raft_consensus.cc:2955] T 7dd98ef7b0ce46ba962943f4244ed649 P 44f5630b38b04e149a253c2d4d22e65b [term 1 FOLLOWER]: Committing config change with OpId 1.3: config changed from index 2 to 3, 44f5630b38b04e149a253c2d4d22e65b (127.23.249.196) changed from NON_VOTER to VOTER. New config: { opid_index: 3 OBSOLETE_local: false peers { permanent_uuid: "1b1987a6222340318f0501c7fbdc971e" member_type: VOTER last_known_addr { host: "127.23.249.194" port: 38189 } } peers { permanent_uuid: "547b73294b574d51b81b9c7fd2344f26" member_type: VOTER last_known_addr { host: "127.23.249.193" port: 42655 } attrs { replace: true } } peers { permanent_uuid: "8b81c1d08fe645ce86d8b5efaccadb65" member_type: VOTER last_known_addr { host: "127.23.249.195" port: 46341 } } peers { permanent_uuid: "44f5630b38b04e149a253c2d4d22e65b" member_type: VOTER last_known_addr { host: "127.23.249.196" port: 34083 } attrs { promote: false } } }
I20260608 10:01:27.553054 27507 raft_consensus.cc:2955] T 7dd98ef7b0ce46ba962943f4244ed649 P 547b73294b574d51b81b9c7fd2344f26 [term 1 FOLLOWER]: Committing config change with OpId 1.3: config changed from index 2 to 3, 44f5630b38b04e149a253c2d4d22e65b (127.23.249.196) changed from NON_VOTER to VOTER. New config: { opid_index: 3 OBSOLETE_local: false peers { permanent_uuid: "1b1987a6222340318f0501c7fbdc971e" member_type: VOTER last_known_addr { host: "127.23.249.194" port: 38189 } } peers { permanent_uuid: "547b73294b574d51b81b9c7fd2344f26" member_type: VOTER last_known_addr { host: "127.23.249.193" port: 42655 } attrs { replace: true } } peers { permanent_uuid: "8b81c1d08fe645ce86d8b5efaccadb65" member_type: VOTER last_known_addr { host: "127.23.249.195" port: 46341 } } peers { permanent_uuid: "44f5630b38b04e149a253c2d4d22e65b" member_type: VOTER last_known_addr { host: "127.23.249.196" port: 34083 } attrs { promote: false } } }
I20260608 10:01:27.565397 27658 raft_consensus.cc:2955] T 7dd98ef7b0ce46ba962943f4244ed649 P 8b81c1d08fe645ce86d8b5efaccadb65 [term 1 FOLLOWER]: Committing config change with OpId 1.3: config changed from index 2 to 3, 44f5630b38b04e149a253c2d4d22e65b (127.23.249.196) changed from NON_VOTER to VOTER. New config: { opid_index: 3 OBSOLETE_local: false peers { permanent_uuid: "1b1987a6222340318f0501c7fbdc971e" member_type: VOTER last_known_addr { host: "127.23.249.194" port: 38189 } } peers { permanent_uuid: "547b73294b574d51b81b9c7fd2344f26" member_type: VOTER last_known_addr { host: "127.23.249.193" port: 42655 } attrs { replace: true } } peers { permanent_uuid: "8b81c1d08fe645ce86d8b5efaccadb65" member_type: VOTER last_known_addr { host: "127.23.249.195" port: 46341 } } peers { permanent_uuid: "44f5630b38b04e149a253c2d4d22e65b" member_type: VOTER last_known_addr { host: "127.23.249.196" port: 34083 } attrs { promote: false } } }
I20260608 10:01:27.579627 27409 catalog_manager.cc:5696] T 7dd98ef7b0ce46ba962943f4244ed649 P 1b1987a6222340318f0501c7fbdc971e reported cstate change: config changed from index 2 to 3, 44f5630b38b04e149a253c2d4d22e65b (127.23.249.196) changed from NON_VOTER to VOTER. New cstate: current_term: 1 leader_uuid: "1b1987a6222340318f0501c7fbdc971e" committed_config { opid_index: 3 OBSOLETE_local: false peers { permanent_uuid: "1b1987a6222340318f0501c7fbdc971e" member_type: VOTER last_known_addr { host: "127.23.249.194" port: 38189 } health_report { overall_health: HEALTHY } } peers { permanent_uuid: "547b73294b574d51b81b9c7fd2344f26" member_type: VOTER last_known_addr { host: "127.23.249.193" port: 42655 } attrs { replace: true } health_report { overall_health: HEALTHY } } peers { permanent_uuid: "8b81c1d08fe645ce86d8b5efaccadb65" member_type: VOTER last_known_addr { host: "127.23.249.195" port: 46341 } health_report { overall_health: HEALTHY } } peers { permanent_uuid: "44f5630b38b04e149a253c2d4d22e65b" member_type: VOTER last_known_addr { host: "127.23.249.196" port: 34083 } attrs { promote: false } health_report { overall_health: HEALTHY } } }
I20260608 10:01:27.587903 27658 consensus_queue.cc:237] T c1dcd6af62444e8cad9411e24f6cc276 P 8b81c1d08fe645ce86d8b5efaccadb65 [LEADER]: Queue going to LEADER mode. State: All replicated index: 0, Majority replicated index: 3, Committed index: 3, Last appended: 1.3, Last appended by leader: 0, Current term: 1, Majority size: 2, State: 0, Mode: LEADER, active raft config: opid_index: 4 OBSOLETE_local: false peers { permanent_uuid: "547b73294b574d51b81b9c7fd2344f26" member_type: VOTER last_known_addr { host: "127.23.249.193" port: 42655 } } peers { permanent_uuid: "8b81c1d08fe645ce86d8b5efaccadb65" member_type: VOTER last_known_addr { host: "127.23.249.195" port: 46341 } } peers { permanent_uuid: "44f5630b38b04e149a253c2d4d22e65b" member_type: VOTER last_known_addr { host: "127.23.249.196" port: 34083 } attrs { promote: false } }
I20260608 10:01:27.594563 27809 raft_consensus.cc:1275] T c1dcd6af62444e8cad9411e24f6cc276 P 44f5630b38b04e149a253c2d4d22e65b [term 1 FOLLOWER]: Refusing update from remote peer 8b81c1d08fe645ce86d8b5efaccadb65: Log matching property violated. Preceding OpId in replica: term: 1 index: 3. Preceding OpId from leader: term: 1 index: 4. (index mismatch)
I20260608 10:01:27.594563 27511 raft_consensus.cc:1275] T c1dcd6af62444e8cad9411e24f6cc276 P 547b73294b574d51b81b9c7fd2344f26 [term 1 FOLLOWER]: Refusing update from remote peer 8b81c1d08fe645ce86d8b5efaccadb65: Log matching property violated. Preceding OpId in replica: term: 1 index: 3. Preceding OpId from leader: term: 1 index: 4. (index mismatch)
I20260608 10:01:27.596349 27950 consensus_queue.cc:1048] T c1dcd6af62444e8cad9411e24f6cc276 P 8b81c1d08fe645ce86d8b5efaccadb65 [LEADER]: Connected to new peer: Peer: permanent_uuid: "44f5630b38b04e149a253c2d4d22e65b" member_type: VOTER last_known_addr { host: "127.23.249.196" port: 34083 } attrs { promote: false }, Status: LMP_MISMATCH, Last received: 0.0, Next index: 4, Last known committed idx: 3, Time since last communication: 0.000s
I20260608 10:01:27.597360 28009 consensus_queue.cc:1048] T c1dcd6af62444e8cad9411e24f6cc276 P 8b81c1d08fe645ce86d8b5efaccadb65 [LEADER]: Connected to new peer: Peer: permanent_uuid: "547b73294b574d51b81b9c7fd2344f26" member_type: VOTER last_known_addr { host: "127.23.249.193" port: 42655 }, Status: LMP_MISMATCH, Last received: 0.0, Next index: 4, Last known committed idx: 3, Time since last communication: 0.000s
I20260608 10:01:27.606299 27585 consensus_queue.cc:237] T 7dd98ef7b0ce46ba962943f4244ed649 P 1b1987a6222340318f0501c7fbdc971e [LEADER]: Queue going to LEADER mode. State: All replicated index: 0, Majority replicated index: 3, Committed index: 3, Last appended: 1.3, Last appended by leader: 0, Current term: 1, Majority size: 2, State: 0, Mode: LEADER, active raft config: opid_index: 4 OBSOLETE_local: false peers { permanent_uuid: "1b1987a6222340318f0501c7fbdc971e" member_type: VOTER last_known_addr { host: "127.23.249.194" port: 38189 } } peers { permanent_uuid: "8b81c1d08fe645ce86d8b5efaccadb65" member_type: VOTER last_known_addr { host: "127.23.249.195" port: 46341 } } peers { permanent_uuid: "44f5630b38b04e149a253c2d4d22e65b" member_type: VOTER last_known_addr { host: "127.23.249.196" port: 34083 } attrs { promote: false } }
I20260608 10:01:27.606618 28001 raft_consensus.cc:2955] T c1dcd6af62444e8cad9411e24f6cc276 P 8b81c1d08fe645ce86d8b5efaccadb65 [term 1 LEADER]: Committing config change with OpId 1.4: config changed from index 3 to 4, VOTER 1b1987a6222340318f0501c7fbdc971e (127.23.249.194) evicted. New config: { opid_index: 4 OBSOLETE_local: false peers { permanent_uuid: "547b73294b574d51b81b9c7fd2344f26" member_type: VOTER last_known_addr { host: "127.23.249.193" port: 42655 } } peers { permanent_uuid: "8b81c1d08fe645ce86d8b5efaccadb65" member_type: VOTER last_known_addr { host: "127.23.249.195" port: 46341 } } peers { permanent_uuid: "44f5630b38b04e149a253c2d4d22e65b" member_type: VOTER last_known_addr { host: "127.23.249.196" port: 34083 } attrs { promote: false } } }
I20260608 10:01:27.607810 27809 raft_consensus.cc:2955] T c1dcd6af62444e8cad9411e24f6cc276 P 44f5630b38b04e149a253c2d4d22e65b [term 1 FOLLOWER]: Committing config change with OpId 1.4: config changed from index 3 to 4, VOTER 1b1987a6222340318f0501c7fbdc971e (127.23.249.194) evicted. New config: { opid_index: 4 OBSOLETE_local: false peers { permanent_uuid: "547b73294b574d51b81b9c7fd2344f26" member_type: VOTER last_known_addr { host: "127.23.249.193" port: 42655 } } peers { permanent_uuid: "8b81c1d08fe645ce86d8b5efaccadb65" member_type: VOTER last_known_addr { host: "127.23.249.195" port: 46341 } } peers { permanent_uuid: "44f5630b38b04e149a253c2d4d22e65b" member_type: VOTER last_known_addr { host: "127.23.249.196" port: 34083 } attrs { promote: false } } }
I20260608 10:01:27.612933 27807 raft_consensus.cc:1275] T 7dd98ef7b0ce46ba962943f4244ed649 P 44f5630b38b04e149a253c2d4d22e65b [term 1 FOLLOWER]: Refusing update from remote peer 1b1987a6222340318f0501c7fbdc971e: Log matching property violated. Preceding OpId in replica: term: 1 index: 3. Preceding OpId from leader: term: 1 index: 4. (index mismatch)
I20260608 10:01:27.614605 27875 consensus_queue.cc:1048] T 7dd98ef7b0ce46ba962943f4244ed649 P 1b1987a6222340318f0501c7fbdc971e [LEADER]: Connected to new peer: Peer: permanent_uuid: "44f5630b38b04e149a253c2d4d22e65b" member_type: VOTER last_known_addr { host: "127.23.249.196" port: 34083 } attrs { promote: false }, Status: LMP_MISMATCH, Last received: 0.0, Next index: 4, Last known committed idx: 3, Time since last communication: 0.000s
I20260608 10:01:27.619961 27393 catalog_manager.cc:5209] ChangeConfig:REMOVE_PEER RPC for tablet c1dcd6af62444e8cad9411e24f6cc276 with cas_config_opid_index 3: ChangeConfig:REMOVE_PEER succeeded (attempt 1)
I20260608 10:01:27.620671 27658 raft_consensus.cc:1275] T 7dd98ef7b0ce46ba962943f4244ed649 P 8b81c1d08fe645ce86d8b5efaccadb65 [term 1 FOLLOWER]: Refusing update from remote peer 1b1987a6222340318f0501c7fbdc971e: Log matching property violated. Preceding OpId in replica: term: 1 index: 3. Preceding OpId from leader: term: 1 index: 4. (index mismatch)
I20260608 10:01:27.622545 27875 consensus_queue.cc:1048] T 7dd98ef7b0ce46ba962943f4244ed649 P 1b1987a6222340318f0501c7fbdc971e [LEADER]: Connected to new peer: Peer: permanent_uuid: "8b81c1d08fe645ce86d8b5efaccadb65" member_type: VOTER last_known_addr { host: "127.23.249.195" port: 46341 }, Status: LMP_MISMATCH, Last received: 0.0, Next index: 4, Last known committed idx: 3, Time since last communication: 0.000s
I20260608 10:01:27.624043 27407 catalog_manager.cc:5696] T c1dcd6af62444e8cad9411e24f6cc276 P 8b81c1d08fe645ce86d8b5efaccadb65 reported cstate change: config changed from index 3 to 4, VOTER 1b1987a6222340318f0501c7fbdc971e (127.23.249.194) evicted. New cstate: current_term: 1 leader_uuid: "8b81c1d08fe645ce86d8b5efaccadb65" committed_config { opid_index: 4 OBSOLETE_local: false peers { permanent_uuid: "547b73294b574d51b81b9c7fd2344f26" member_type: VOTER last_known_addr { host: "127.23.249.193" port: 42655 } health_report { overall_health: UNKNOWN } } peers { permanent_uuid: "8b81c1d08fe645ce86d8b5efaccadb65" member_type: VOTER last_known_addr { host: "127.23.249.195" port: 46341 } health_report { overall_health: HEALTHY } } peers { permanent_uuid: "44f5630b38b04e149a253c2d4d22e65b" member_type: VOTER last_known_addr { host: "127.23.249.196" port: 34083 } attrs { promote: false } health_report { overall_health: HEALTHY } } }
I20260608 10:01:27.622354 27511 raft_consensus.cc:2955] T c1dcd6af62444e8cad9411e24f6cc276 P 547b73294b574d51b81b9c7fd2344f26 [term 1 FOLLOWER]: Committing config change with OpId 1.4: config changed from index 3 to 4, VOTER 1b1987a6222340318f0501c7fbdc971e (127.23.249.194) evicted. New config: { opid_index: 4 OBSOLETE_local: false peers { permanent_uuid: "547b73294b574d51b81b9c7fd2344f26" member_type: VOTER last_known_addr { host: "127.23.249.193" port: 42655 } } peers { permanent_uuid: "8b81c1d08fe645ce86d8b5efaccadb65" member_type: VOTER last_known_addr { host: "127.23.249.195" port: 46341 } } peers { permanent_uuid: "44f5630b38b04e149a253c2d4d22e65b" member_type: VOTER last_known_addr { host: "127.23.249.196" port: 34083 } attrs { promote: false } } }
I20260608 10:01:27.628808 27990 raft_consensus.cc:2955] T 7dd98ef7b0ce46ba962943f4244ed649 P 1b1987a6222340318f0501c7fbdc971e [term 1 LEADER]: Committing config change with OpId 1.4: config changed from index 3 to 4, VOTER 547b73294b574d51b81b9c7fd2344f26 (127.23.249.193) evicted. New config: { opid_index: 4 OBSOLETE_local: false peers { permanent_uuid: "1b1987a6222340318f0501c7fbdc971e" member_type: VOTER last_known_addr { host: "127.23.249.194" port: 38189 } } peers { permanent_uuid: "8b81c1d08fe645ce86d8b5efaccadb65" member_type: VOTER last_known_addr { host: "127.23.249.195" port: 46341 } } peers { permanent_uuid: "44f5630b38b04e149a253c2d4d22e65b" member_type: VOTER last_known_addr { host: "127.23.249.196" port: 34083 } attrs { promote: false } } }
I20260608 10:01:27.637431 27807 raft_consensus.cc:2955] T 7dd98ef7b0ce46ba962943f4244ed649 P 44f5630b38b04e149a253c2d4d22e65b [term 1 FOLLOWER]: Committing config change with OpId 1.4: config changed from index 3 to 4, VOTER 547b73294b574d51b81b9c7fd2344f26 (127.23.249.193) evicted. New config: { opid_index: 4 OBSOLETE_local: false peers { permanent_uuid: "1b1987a6222340318f0501c7fbdc971e" member_type: VOTER last_known_addr { host: "127.23.249.194" port: 38189 } } peers { permanent_uuid: "8b81c1d08fe645ce86d8b5efaccadb65" member_type: VOTER last_known_addr { host: "127.23.249.195" port: 46341 } } peers { permanent_uuid: "44f5630b38b04e149a253c2d4d22e65b" member_type: VOTER last_known_addr { host: "127.23.249.196" port: 34083 } attrs { promote: false } } }
I20260608 10:01:27.640328 27393 catalog_manager.cc:5209] ChangeConfig:REMOVE_PEER RPC for tablet 7dd98ef7b0ce46ba962943f4244ed649 with cas_config_opid_index 3: ChangeConfig:REMOVE_PEER succeeded (attempt 1)
I20260608 10:01:27.641563 27658 raft_consensus.cc:2955] T 7dd98ef7b0ce46ba962943f4244ed649 P 8b81c1d08fe645ce86d8b5efaccadb65 [term 1 FOLLOWER]: Committing config change with OpId 1.4: config changed from index 3 to 4, VOTER 547b73294b574d51b81b9c7fd2344f26 (127.23.249.193) evicted. New config: { opid_index: 4 OBSOLETE_local: false peers { permanent_uuid: "1b1987a6222340318f0501c7fbdc971e" member_type: VOTER last_known_addr { host: "127.23.249.194" port: 38189 } } peers { permanent_uuid: "8b81c1d08fe645ce86d8b5efaccadb65" member_type: VOTER last_known_addr { host: "127.23.249.195" port: 46341 } } peers { permanent_uuid: "44f5630b38b04e149a253c2d4d22e65b" member_type: VOTER last_known_addr { host: "127.23.249.196" port: 34083 } attrs { promote: false } } }
I20260608 10:01:27.650812 27405 catalog_manager.cc:5696] T 7dd98ef7b0ce46ba962943f4244ed649 P 1b1987a6222340318f0501c7fbdc971e reported cstate change: config changed from index 3 to 4, VOTER 547b73294b574d51b81b9c7fd2344f26 (127.23.249.193) evicted. New cstate: current_term: 1 leader_uuid: "1b1987a6222340318f0501c7fbdc971e" committed_config { opid_index: 4 OBSOLETE_local: false peers { permanent_uuid: "1b1987a6222340318f0501c7fbdc971e" member_type: VOTER last_known_addr { host: "127.23.249.194" port: 38189 } health_report { overall_health: HEALTHY } } peers { permanent_uuid: "8b81c1d08fe645ce86d8b5efaccadb65" member_type: VOTER last_known_addr { host: "127.23.249.195" port: 46341 } health_report { overall_health: HEALTHY } } peers { permanent_uuid: "44f5630b38b04e149a253c2d4d22e65b" member_type: VOTER last_known_addr { host: "127.23.249.196" port: 34083 } attrs { promote: false } health_report { overall_health: HEALTHY } } }
I20260608 10:01:27.653586 27572 tablet_service.cc:1558] Processing DeleteTablet for tablet c1dcd6af62444e8cad9411e24f6cc276 with delete_type TABLET_DATA_TOMBSTONED (TS 1b1987a6222340318f0501c7fbdc971e not found in new config with opid_index 4) from {username='slave'} at 127.0.0.1:36132
I20260608 10:01:27.661713 28020 tablet_replica.cc:333] T c1dcd6af62444e8cad9411e24f6cc276 P 1b1987a6222340318f0501c7fbdc971e: stopping tablet replica
I20260608 10:01:27.662544 28020 raft_consensus.cc:2243] T c1dcd6af62444e8cad9411e24f6cc276 P 1b1987a6222340318f0501c7fbdc971e [term 1 FOLLOWER]: Raft consensus shutting down.
I20260608 10:01:27.663265 28020 raft_consensus.cc:2272] T c1dcd6af62444e8cad9411e24f6cc276 P 1b1987a6222340318f0501c7fbdc971e [term 1 FOLLOWER]: Raft consensus is shut down!
I20260608 10:01:27.667896 27501 tablet_service.cc:1558] Processing DeleteTablet for tablet 7dd98ef7b0ce46ba962943f4244ed649 with delete_type TABLET_DATA_TOMBSTONED (TS 547b73294b574d51b81b9c7fd2344f26 not found in new config with opid_index 4) from {username='slave'} at 127.0.0.1:38924
I20260608 10:01:27.668231 28020 ts_tablet_manager.cc:1916] T c1dcd6af62444e8cad9411e24f6cc276 P 1b1987a6222340318f0501c7fbdc971e: Deleting tablet data with delete state TABLET_DATA_TOMBSTONED
I20260608 10:01:27.673815 28021 tablet_replica.cc:333] T 7dd98ef7b0ce46ba962943f4244ed649 P 547b73294b574d51b81b9c7fd2344f26: stopping tablet replica
I20260608 10:01:27.674757 28021 raft_consensus.cc:2243] T 7dd98ef7b0ce46ba962943f4244ed649 P 547b73294b574d51b81b9c7fd2344f26 [term 1 FOLLOWER]: Raft consensus shutting down.
I20260608 10:01:27.675367 28021 raft_consensus.cc:2272] T 7dd98ef7b0ce46ba962943f4244ed649 P 547b73294b574d51b81b9c7fd2344f26 [term 1 FOLLOWER]: Raft consensus is shut down!
I20260608 10:01:27.677721 28021 ts_tablet_manager.cc:1916] T 7dd98ef7b0ce46ba962943f4244ed649 P 547b73294b574d51b81b9c7fd2344f26: Deleting tablet data with delete state TABLET_DATA_TOMBSTONED
I20260608 10:01:27.681186 28020 ts_tablet_manager.cc:1929] T c1dcd6af62444e8cad9411e24f6cc276 P 1b1987a6222340318f0501c7fbdc971e: tablet deleted with delete type TABLET_DATA_TOMBSTONED: last-logged OpId 1.3
I20260608 10:01:27.681552 28020 log.cc:1199] T c1dcd6af62444e8cad9411e24f6cc276 P 1b1987a6222340318f0501c7fbdc971e: Deleting WAL directory at /tmp/dist-test-taskklEJ0K/test-tmp/auto_rebalancer-test.0.AutoRebalancerTest.RangeAwareRebalancesNewRangeReplicas.1780912800167518-24551-0/minicluster-data/ts-1-root/wals/c1dcd6af62444e8cad9411e24f6cc276
I20260608 10:01:27.682930 27393 catalog_manager.cc:5027] TS 1b1987a6222340318f0501c7fbdc971e (127.23.249.194:38189): tablet c1dcd6af62444e8cad9411e24f6cc276 (table range_aware_rebalance_new_range [id=a8b24a03514847caac30788435d4cd36]) successfully deleted
I20260608 10:01:27.687500 28021 ts_tablet_manager.cc:1929] T 7dd98ef7b0ce46ba962943f4244ed649 P 547b73294b574d51b81b9c7fd2344f26: tablet deleted with delete type TABLET_DATA_TOMBSTONED: last-logged OpId 1.3
I20260608 10:01:27.687855 28021 log.cc:1199] T 7dd98ef7b0ce46ba962943f4244ed649 P 547b73294b574d51b81b9c7fd2344f26: Deleting WAL directory at /tmp/dist-test-taskklEJ0K/test-tmp/auto_rebalancer-test.0.AutoRebalancerTest.RangeAwareRebalancesNewRangeReplicas.1780912800167518-24551-0/minicluster-data/ts-0-root/wals/7dd98ef7b0ce46ba962943f4244ed649
I20260608 10:01:27.689185 27393 catalog_manager.cc:5027] TS 547b73294b574d51b81b9c7fd2344f26 (127.23.249.193:42655): tablet 7dd98ef7b0ce46ba962943f4244ed649 (table range_aware_rebalance_new_range [id=a8b24a03514847caac30788435d4cd36]) successfully deleted
I20260608 10:01:27.797123 27462 auto_leader_rebalancer.cc:140] leader rebalance for table range_aware_rebalance_new_range
I20260608 10:01:27.828675 27585 tablet_service.cc:2072] Received LeaderStepDown RPC: tablet_id: "7dd98ef7b0ce46ba962943f4244ed649"
dest_uuid: "1b1987a6222340318f0501c7fbdc971e"
mode: GRACEFUL
new_leader_uuid: "44f5630b38b04e149a253c2d4d22e65b"
 from {username='slave'} at 127.0.0.1:40352
I20260608 10:01:27.829231 27585 raft_consensus.cc:606] T 7dd98ef7b0ce46ba962943f4244ed649 P 1b1987a6222340318f0501c7fbdc971e [term 1 LEADER]: Received request to transfer leadership to TS 44f5630b38b04e149a253c2d4d22e65b
I20260608 10:01:27.831647 27511 tablet_service.cc:2072] Received LeaderStepDown RPC: tablet_id: "93226f2dc4dd4848b41a342837b1f9e8"
dest_uuid: "547b73294b574d51b81b9c7fd2344f26"
mode: GRACEFUL
new_leader_uuid: "44f5630b38b04e149a253c2d4d22e65b"
 from {username='slave'} at 127.0.0.1:50106
I20260608 10:01:27.832090 27511 raft_consensus.cc:606] T 93226f2dc4dd4848b41a342837b1f9e8 P 547b73294b574d51b81b9c7fd2344f26 [term 1 LEADER]: Received request to transfer leadership to TS 44f5630b38b04e149a253c2d4d22e65b
I20260608 10:01:27.834461 27511 tablet_service.cc:2072] Received LeaderStepDown RPC: tablet_id: "c680932b51934d9086503250f03201c2"
dest_uuid: "547b73294b574d51b81b9c7fd2344f26"
mode: GRACEFUL
new_leader_uuid: "44f5630b38b04e149a253c2d4d22e65b"
 from {username='slave'} at 127.0.0.1:50106
I20260608 10:01:27.834877 27511 raft_consensus.cc:606] T c680932b51934d9086503250f03201c2 P 547b73294b574d51b81b9c7fd2344f26 [term 1 LEADER]: Received request to transfer leadership to TS 44f5630b38b04e149a253c2d4d22e65b
I20260608 10:01:27.835836 27462 auto_leader_rebalancer.cc:388] table: range_aware_rebalance_new_range, leader rebalance finish, leader transfer count: 3
I20260608 10:01:27.836449 27462 auto_leader_rebalancer.cc:451] All tables' leader rebalancing finished this round
I20260608 10:01:28.088514 27875 raft_consensus.cc:993] T 7dd98ef7b0ce46ba962943f4244ed649 P 1b1987a6222340318f0501c7fbdc971e: : Instructing follower 44f5630b38b04e149a253c2d4d22e65b to start an election
I20260608 10:01:28.089082 27990 raft_consensus.cc:1081] T 7dd98ef7b0ce46ba962943f4244ed649 P 1b1987a6222340318f0501c7fbdc971e [term 1 LEADER]: Signalling peer 44f5630b38b04e149a253c2d4d22e65b to start an election
I20260608 10:01:28.090440 27807 tablet_service.cc:2044] Received Run Leader Election RPC: tablet_id: "7dd98ef7b0ce46ba962943f4244ed649"
dest_uuid: "44f5630b38b04e149a253c2d4d22e65b"
 from {username='slave'} at 127.0.0.1:58810
I20260608 10:01:28.090946 27807 raft_consensus.cc:493] T 7dd98ef7b0ce46ba962943f4244ed649 P 44f5630b38b04e149a253c2d4d22e65b [term 1 FOLLOWER]: Starting forced leader election (received explicit request)
I20260608 10:01:28.091280 27807 raft_consensus.cc:3060] T 7dd98ef7b0ce46ba962943f4244ed649 P 44f5630b38b04e149a253c2d4d22e65b [term 1 FOLLOWER]: Advancing to term 2
I20260608 10:01:28.095781 27807 raft_consensus.cc:515] T 7dd98ef7b0ce46ba962943f4244ed649 P 44f5630b38b04e149a253c2d4d22e65b [term 2 FOLLOWER]: Starting forced leader election with config: opid_index: 4 OBSOLETE_local: false peers { permanent_uuid: "1b1987a6222340318f0501c7fbdc971e" member_type: VOTER last_known_addr { host: "127.23.249.194" port: 38189 } } peers { permanent_uuid: "8b81c1d08fe645ce86d8b5efaccadb65" member_type: VOTER last_known_addr { host: "127.23.249.195" port: 46341 } } peers { permanent_uuid: "44f5630b38b04e149a253c2d4d22e65b" member_type: VOTER last_known_addr { host: "127.23.249.196" port: 34083 } attrs { promote: false } }
I20260608 10:01:28.097404 27807 leader_election.cc:290] T 7dd98ef7b0ce46ba962943f4244ed649 P 44f5630b38b04e149a253c2d4d22e65b [CANDIDATE]: Term 2 election: Requested vote from peers 1b1987a6222340318f0501c7fbdc971e (127.23.249.194:38189), 8b81c1d08fe645ce86d8b5efaccadb65 (127.23.249.195:46341)
I20260608 10:01:28.098170 27585 tablet_service.cc:1917] Received RequestConsensusVote() RPC: tablet_id: "7dd98ef7b0ce46ba962943f4244ed649" candidate_uuid: "44f5630b38b04e149a253c2d4d22e65b" candidate_term: 2 candidate_status { last_received { term: 1 index: 4 } } ignore_live_leader: true dest_uuid: "1b1987a6222340318f0501c7fbdc971e"
I20260608 10:01:28.098443 27657 tablet_service.cc:1917] Received RequestConsensusVote() RPC: tablet_id: "7dd98ef7b0ce46ba962943f4244ed649" candidate_uuid: "44f5630b38b04e149a253c2d4d22e65b" candidate_term: 2 candidate_status { last_received { term: 1 index: 4 } } ignore_live_leader: true dest_uuid: "8b81c1d08fe645ce86d8b5efaccadb65"
I20260608 10:01:28.098851 27585 raft_consensus.cc:3055] T 7dd98ef7b0ce46ba962943f4244ed649 P 1b1987a6222340318f0501c7fbdc971e [term 1 LEADER]: Stepping down as leader of term 1
I20260608 10:01:28.098978 27657 raft_consensus.cc:3060] T 7dd98ef7b0ce46ba962943f4244ed649 P 8b81c1d08fe645ce86d8b5efaccadb65 [term 1 FOLLOWER]: Advancing to term 2
I20260608 10:01:28.099181 27585 raft_consensus.cc:740] T 7dd98ef7b0ce46ba962943f4244ed649 P 1b1987a6222340318f0501c7fbdc971e [term 1 LEADER]: Becoming Follower/Learner. State: Replica: 1b1987a6222340318f0501c7fbdc971e, State: Running, Role: LEADER
I20260608 10:01:28.099922 27585 consensus_queue.cc:260] T 7dd98ef7b0ce46ba962943f4244ed649 P 1b1987a6222340318f0501c7fbdc971e [NON_LEADER]: Queue going to NON_LEADER mode. State: All replicated index: 0, Majority replicated index: 4, Committed index: 4, Last appended: 1.4, Last appended by leader: 4, Current term: 1, Majority size: -1, State: 0, Mode: NON_LEADER, active raft config: opid_index: 4 OBSOLETE_local: false peers { permanent_uuid: "1b1987a6222340318f0501c7fbdc971e" member_type: VOTER last_known_addr { host: "127.23.249.194" port: 38189 } } peers { permanent_uuid: "8b81c1d08fe645ce86d8b5efaccadb65" member_type: VOTER last_known_addr { host: "127.23.249.195" port: 46341 } } peers { permanent_uuid: "44f5630b38b04e149a253c2d4d22e65b" member_type: VOTER last_known_addr { host: "127.23.249.196" port: 34083 } attrs { promote: false } }
I20260608 10:01:28.100824 27585 raft_consensus.cc:3060] T 7dd98ef7b0ce46ba962943f4244ed649 P 1b1987a6222340318f0501c7fbdc971e [term 1 FOLLOWER]: Advancing to term 2
I20260608 10:01:28.103108 27657 raft_consensus.cc:2468] T 7dd98ef7b0ce46ba962943f4244ed649 P 8b81c1d08fe645ce86d8b5efaccadb65 [term 2 FOLLOWER]: Leader election vote request: Granting yes vote for candidate 44f5630b38b04e149a253c2d4d22e65b in term 2.
I20260608 10:01:28.104208 27772 leader_election.cc:304] T 7dd98ef7b0ce46ba962943f4244ed649 P 44f5630b38b04e149a253c2d4d22e65b [CANDIDATE]: Term 2 election: Election decided. Result: candidate won. Election summary: received 2 responses out of 3 voters: 2 yes votes; 0 no votes. yes voters: 44f5630b38b04e149a253c2d4d22e65b, 8b81c1d08fe645ce86d8b5efaccadb65; no voters: 
I20260608 10:01:28.104964 27975 raft_consensus.cc:2804] T 7dd98ef7b0ce46ba962943f4244ed649 P 44f5630b38b04e149a253c2d4d22e65b [term 2 FOLLOWER]: Leader election won for term 2
I20260608 10:01:28.104941 27585 raft_consensus.cc:2468] T 7dd98ef7b0ce46ba962943f4244ed649 P 1b1987a6222340318f0501c7fbdc971e [term 2 FOLLOWER]: Leader election vote request: Granting yes vote for candidate 44f5630b38b04e149a253c2d4d22e65b in term 2.
