I20260608 10:01:18.833913 15994 leader_election.cc:290] T 9af2af2f9a43431e8f3758cc36368d2e P 108ace72b53a4226a214eda86ecd2c8d [CANDIDATE]: Term 1 election: Requested vote from peers 3fccafdac63e4d76ae4b2eba6aa6785b (127.12.120.68:36947), c67c5dc396e846819a68826df2088d9f (127.12.120.65:35885)
I20260608 10:01:18.835527 15755 tablet_service.cc:1917] Received RequestConsensusVote() RPC: tablet_id: "9af2af2f9a43431e8f3758cc36368d2e" candidate_uuid: "108ace72b53a4226a214eda86ecd2c8d" candidate_term: 1 candidate_status { last_received { term: 0 index: 0 } } ignore_live_leader: false dest_uuid: "c67c5dc396e846819a68826df2088d9f"
I20260608 10:01:18.835304 16112 raft_consensus.cc:359] T bfda882fe5b6443e9cc3f592f2b5206a P 386ee86848ad4edbb6c803cf9a3267ea [term 0 FOLLOWER]: Replica starting. Triggering 0 pending ops. Active config: opid_index: -1 OBSOLETE_local: false peers { permanent_uuid: "3fccafdac63e4d76ae4b2eba6aa6785b" member_type: VOTER last_known_addr { host: "127.12.120.68" port: 36947 } } peers { permanent_uuid: "c67c5dc396e846819a68826df2088d9f" member_type: VOTER last_known_addr { host: "127.12.120.65" port: 35885 } } peers { permanent_uuid: "386ee86848ad4edbb6c803cf9a3267ea" member_type: VOTER last_known_addr { host: "127.12.120.66" port: 35553 } }
I20260608 10:01:18.836057 16112 raft_consensus.cc:385] T bfda882fe5b6443e9cc3f592f2b5206a P 386ee86848ad4edbb6c803cf9a3267ea [term 0 FOLLOWER]: Consensus starting up: Expiring failure detector timer to make a prompt election more likely
I20260608 10:01:18.836107 15755 raft_consensus.cc:3060] T 9af2af2f9a43431e8f3758cc36368d2e P c67c5dc396e846819a68826df2088d9f [term 0 FOLLOWER]: Advancing to term 1
I20260608 10:01:18.836491 16112 raft_consensus.cc:740] T bfda882fe5b6443e9cc3f592f2b5206a P 386ee86848ad4edbb6c803cf9a3267ea [term 0 FOLLOWER]: Becoming Follower/Learner. State: Replica: 386ee86848ad4edbb6c803cf9a3267ea, State: Initialized, Role: FOLLOWER
I20260608 10:01:18.839149 16114 tablet_bootstrap.cc:492] T bfda882fe5b6443e9cc3f592f2b5206a P 3fccafdac63e4d76ae4b2eba6aa6785b: No bootstrap required, opened a new log
I20260608 10:01:18.839637 16114 ts_tablet_manager.cc:1403] T bfda882fe5b6443e9cc3f592f2b5206a P 3fccafdac63e4d76ae4b2eba6aa6785b: Time spent bootstrapping tablet: real 0.036s	user 0.008s	sys 0.005s
I20260608 10:01:18.839337 16112 consensus_queue.cc:260] T bfda882fe5b6443e9cc3f592f2b5206a P 386ee86848ad4edbb6c803cf9a3267ea [NON_LEADER]: Queue going to NON_LEADER mode. State: All replicated index: 0, Majority replicated index: 0, Committed index: 0, Last appended: 0.0, Last appended by leader: 0, Current term: 0, Majority size: -1, State: 0, Mode: NON_LEADER, active raft config: opid_index: -1 OBSOLETE_local: false peers { permanent_uuid: "3fccafdac63e4d76ae4b2eba6aa6785b" member_type: VOTER last_known_addr { host: "127.12.120.68" port: 36947 } } peers { permanent_uuid: "c67c5dc396e846819a68826df2088d9f" member_type: VOTER last_known_addr { host: "127.12.120.65" port: 35885 } } peers { permanent_uuid: "386ee86848ad4edbb6c803cf9a3267ea" member_type: VOTER last_known_addr { host: "127.12.120.66" port: 35553 } }
I20260608 10:01:18.841948 16112 ts_tablet_manager.cc:1434] T bfda882fe5b6443e9cc3f592f2b5206a P 386ee86848ad4edbb6c803cf9a3267ea: Time spent starting tablet: real 0.012s	user 0.004s	sys 0.004s
I20260608 10:01:18.842986 16112 tablet_bootstrap.cc:492] T 8a65c27884bb4d35b14d96ed55a22530 P 386ee86848ad4edbb6c803cf9a3267ea: Bootstrap starting.
I20260608 10:01:18.845296 16113 tablet_bootstrap.cc:654] T 20355509dbe44e5690a1b3dc120a5222 P c67c5dc396e846819a68826df2088d9f: Neither blocks nor log segments found. Creating new log.
I20260608 10:01:18.846653 16114 raft_consensus.cc:359] T bfda882fe5b6443e9cc3f592f2b5206a P 3fccafdac63e4d76ae4b2eba6aa6785b [term 0 FOLLOWER]: Replica starting. Triggering 0 pending ops. Active config: opid_index: -1 OBSOLETE_local: false peers { permanent_uuid: "3fccafdac63e4d76ae4b2eba6aa6785b" member_type: VOTER last_known_addr { host: "127.12.120.68" port: 36947 } } peers { permanent_uuid: "c67c5dc396e846819a68826df2088d9f" member_type: VOTER last_known_addr { host: "127.12.120.65" port: 35885 } } peers { permanent_uuid: "386ee86848ad4edbb6c803cf9a3267ea" member_type: VOTER last_known_addr { host: "127.12.120.66" port: 35553 } }
I20260608 10:01:18.847450 16114 raft_consensus.cc:385] T bfda882fe5b6443e9cc3f592f2b5206a P 3fccafdac63e4d76ae4b2eba6aa6785b [term 0 FOLLOWER]: Consensus starting up: Expiring failure detector timer to make a prompt election more likely
I20260608 10:01:18.847761 16114 raft_consensus.cc:740] T bfda882fe5b6443e9cc3f592f2b5206a P 3fccafdac63e4d76ae4b2eba6aa6785b [term 0 FOLLOWER]: Becoming Follower/Learner. State: Replica: 3fccafdac63e4d76ae4b2eba6aa6785b, State: Initialized, Role: FOLLOWER
I20260608 10:01:18.848778 16111 tablet_bootstrap.cc:492] T 3098a58d63e24e9bbfceccdf0d06473f P 108ace72b53a4226a214eda86ecd2c8d: No bootstrap required, opened a new log
I20260608 10:01:18.849483 16111 ts_tablet_manager.cc:1403] T 3098a58d63e24e9bbfceccdf0d06473f P 108ace72b53a4226a214eda86ecd2c8d: Time spent bootstrapping tablet: real 0.095s	user 0.008s	sys 0.012s
I20260608 10:01:18.848773 16114 consensus_queue.cc:260] T bfda882fe5b6443e9cc3f592f2b5206a P 3fccafdac63e4d76ae4b2eba6aa6785b [NON_LEADER]: Queue going to NON_LEADER mode. State: All replicated index: 0, Majority replicated index: 0, Committed index: 0, Last appended: 0.0, Last appended by leader: 0, Current term: 0, Majority size: -1, State: 0, Mode: NON_LEADER, active raft config: opid_index: -1 OBSOLETE_local: false peers { permanent_uuid: "3fccafdac63e4d76ae4b2eba6aa6785b" member_type: VOTER last_known_addr { host: "127.12.120.68" port: 36947 } } peers { permanent_uuid: "c67c5dc396e846819a68826df2088d9f" member_type: VOTER last_known_addr { host: "127.12.120.65" port: 35885 } } peers { permanent_uuid: "386ee86848ad4edbb6c803cf9a3267ea" member_type: VOTER last_known_addr { host: "127.12.120.66" port: 35553 } }
I20260608 10:01:18.855540 16111 raft_consensus.cc:359] T 3098a58d63e24e9bbfceccdf0d06473f P 108ace72b53a4226a214eda86ecd2c8d [term 0 FOLLOWER]: Replica starting. Triggering 0 pending ops. Active config: opid_index: -1 OBSOLETE_local: false peers { permanent_uuid: "386ee86848ad4edbb6c803cf9a3267ea" member_type: VOTER last_known_addr { host: "127.12.120.66" port: 35553 } } peers { permanent_uuid: "3fccafdac63e4d76ae4b2eba6aa6785b" member_type: VOTER last_known_addr { host: "127.12.120.68" port: 36947 } } peers { permanent_uuid: "108ace72b53a4226a214eda86ecd2c8d" member_type: VOTER last_known_addr { host: "127.12.120.67" port: 37761 } }
I20260608 10:01:18.856335 16111 raft_consensus.cc:385] T 3098a58d63e24e9bbfceccdf0d06473f P 108ace72b53a4226a214eda86ecd2c8d [term 0 FOLLOWER]: Consensus starting up: Expiring failure detector timer to make a prompt election more likely
I20260608 10:01:18.856668 16111 raft_consensus.cc:740] T 3098a58d63e24e9bbfceccdf0d06473f P 108ace72b53a4226a214eda86ecd2c8d [term 0 FOLLOWER]: Becoming Follower/Learner. State: Replica: 108ace72b53a4226a214eda86ecd2c8d, State: Initialized, Role: FOLLOWER
I20260608 10:01:18.857486 16111 consensus_queue.cc:260] T 3098a58d63e24e9bbfceccdf0d06473f P 108ace72b53a4226a214eda86ecd2c8d [NON_LEADER]: Queue going to NON_LEADER mode. State: All replicated index: 0, Majority replicated index: 0, Committed index: 0, Last appended: 0.0, Last appended by leader: 0, Current term: 0, Majority size: -1, State: 0, Mode: NON_LEADER, active raft config: opid_index: -1 OBSOLETE_local: false peers { permanent_uuid: "386ee86848ad4edbb6c803cf9a3267ea" member_type: VOTER last_known_addr { host: "127.12.120.66" port: 35553 } } peers { permanent_uuid: "3fccafdac63e4d76ae4b2eba6aa6785b" member_type: VOTER last_known_addr { host: "127.12.120.68" port: 36947 } } peers { permanent_uuid: "108ace72b53a4226a214eda86ecd2c8d" member_type: VOTER last_known_addr { host: "127.12.120.67" port: 37761 } }
I20260608 10:01:18.863306 16111 ts_tablet_manager.cc:1434] T 3098a58d63e24e9bbfceccdf0d06473f P 108ace72b53a4226a214eda86ecd2c8d: Time spent starting tablet: real 0.013s	user 0.006s	sys 0.000s
I20260608 10:01:18.861831 15755 raft_consensus.cc:2468] T 9af2af2f9a43431e8f3758cc36368d2e P c67c5dc396e846819a68826df2088d9f [term 1 FOLLOWER]: Leader election vote request: Granting yes vote for candidate 108ace72b53a4226a214eda86ecd2c8d in term 1.
I20260608 10:01:18.864857 16114 ts_tablet_manager.cc:1434] T bfda882fe5b6443e9cc3f592f2b5206a P 3fccafdac63e4d76ae4b2eba6aa6785b: Time spent starting tablet: real 0.025s	user 0.009s	sys 0.002s
I20260608 10:01:18.865945 16112 tablet_bootstrap.cc:654] T 8a65c27884bb4d35b14d96ed55a22530 P 386ee86848ad4edbb6c803cf9a3267ea: Neither blocks nor log segments found. Creating new log.
I20260608 10:01:18.866183 16111 tablet_bootstrap.cc:492] T f7d15c57249b4c5abc200f604ede58be P 108ace72b53a4226a214eda86ecd2c8d: Bootstrap starting.
I20260608 10:01:18.869958 15869 leader_election.cc:304] T 9af2af2f9a43431e8f3758cc36368d2e P 108ace72b53a4226a214eda86ecd2c8d [CANDIDATE]: Term 1 election: Election decided. Result: candidate won. Election summary: received 3 responses out of 3 voters: 2 yes votes; 1 no votes. yes voters: 108ace72b53a4226a214eda86ecd2c8d, c67c5dc396e846819a68826df2088d9f; no voters: 3fccafdac63e4d76ae4b2eba6aa6785b
I20260608 10:01:18.870555 16114 tablet_bootstrap.cc:492] T 3098a58d63e24e9bbfceccdf0d06473f P 3fccafdac63e4d76ae4b2eba6aa6785b: Bootstrap starting.
I20260608 10:01:18.871248 15994 raft_consensus.cc:2804] T 9af2af2f9a43431e8f3758cc36368d2e P 108ace72b53a4226a214eda86ecd2c8d [term 1 FOLLOWER]: Leader election won for term 1
I20260608 10:01:18.873023 15994 raft_consensus.cc:697] T 9af2af2f9a43431e8f3758cc36368d2e P 108ace72b53a4226a214eda86ecd2c8d [term 1 LEADER]: Becoming Leader. State: Replica: 108ace72b53a4226a214eda86ecd2c8d, State: Running, Role: LEADER
I20260608 10:01:18.873915 15994 consensus_queue.cc:237] T 9af2af2f9a43431e8f3758cc36368d2e P 108ace72b53a4226a214eda86ecd2c8d [LEADER]: Queue going to LEADER mode. State: All replicated index: 0, Majority replicated index: 0, Committed index: 0, Last appended: 0.0, Last appended by leader: 0, Current term: 1, Majority size: 2, State: 0, Mode: LEADER, active raft config: opid_index: -1 OBSOLETE_local: false peers { permanent_uuid: "108ace72b53a4226a214eda86ecd2c8d" member_type: VOTER last_known_addr { host: "127.12.120.67" port: 37761 } } peers { permanent_uuid: "3fccafdac63e4d76ae4b2eba6aa6785b" member_type: VOTER last_known_addr { host: "127.12.120.68" port: 36947 } } peers { permanent_uuid: "c67c5dc396e846819a68826df2088d9f" member_type: VOTER last_known_addr { host: "127.12.120.65" port: 35885 } }
I20260608 10:01:18.878126 16114 tablet_bootstrap.cc:654] T 3098a58d63e24e9bbfceccdf0d06473f P 3fccafdac63e4d76ae4b2eba6aa6785b: Neither blocks nor log segments found. Creating new log.
I20260608 10:01:18.879417 16003 raft_consensus.cc:493] T bfda882fe5b6443e9cc3f592f2b5206a P c67c5dc396e846819a68826df2088d9f [term 0 FOLLOWER]: Starting pre-election (no leader contacted us within the election timeout)
I20260608 10:01:18.879949 16003 raft_consensus.cc:515] T bfda882fe5b6443e9cc3f592f2b5206a P c67c5dc396e846819a68826df2088d9f [term 0 FOLLOWER]: Starting pre-election with config: opid_index: -1 OBSOLETE_local: false peers { permanent_uuid: "3fccafdac63e4d76ae4b2eba6aa6785b" member_type: VOTER last_known_addr { host: "127.12.120.68" port: 36947 } } peers { permanent_uuid: "c67c5dc396e846819a68826df2088d9f" member_type: VOTER last_known_addr { host: "127.12.120.65" port: 35885 } } peers { permanent_uuid: "386ee86848ad4edbb6c803cf9a3267ea" member_type: VOTER last_known_addr { host: "127.12.120.66" port: 35553 } }
I20260608 10:01:18.882843 16003 leader_election.cc:290] T bfda882fe5b6443e9cc3f592f2b5206a P c67c5dc396e846819a68826df2088d9f [CANDIDATE]: Term 1 pre-election: Requested pre-vote from peers 3fccafdac63e4d76ae4b2eba6aa6785b (127.12.120.68:36947), 386ee86848ad4edbb6c803cf9a3267ea (127.12.120.66:35553)
I20260608 10:01:18.885843 15830 tablet_service.cc:1917] Received RequestConsensusVote() RPC: tablet_id: "bfda882fe5b6443e9cc3f592f2b5206a" candidate_uuid: "c67c5dc396e846819a68826df2088d9f" candidate_term: 1 candidate_status { last_received { term: 0 index: 0 } } ignore_live_leader: false dest_uuid: "386ee86848ad4edbb6c803cf9a3267ea" is_pre_election: true
I20260608 10:01:18.886598 15830 raft_consensus.cc:2468] T bfda882fe5b6443e9cc3f592f2b5206a P 386ee86848ad4edbb6c803cf9a3267ea [term 0 FOLLOWER]: Leader pre-election vote request: Granting yes vote for candidate c67c5dc396e846819a68826df2088d9f in term 0.
I20260608 10:01:18.888191 16113 tablet_bootstrap.cc:492] T 20355509dbe44e5690a1b3dc120a5222 P c67c5dc396e846819a68826df2088d9f: No bootstrap required, opened a new log
I20260608 10:01:18.888345 16111 tablet_bootstrap.cc:654] T f7d15c57249b4c5abc200f604ede58be P 108ace72b53a4226a214eda86ecd2c8d: Neither blocks nor log segments found. Creating new log.
I20260608 10:01:18.888763 16113 ts_tablet_manager.cc:1403] T 20355509dbe44e5690a1b3dc120a5222 P c67c5dc396e846819a68826df2088d9f: Time spent bootstrapping tablet: real 0.070s	user 0.015s	sys 0.012s
I20260608 10:01:18.889271 15717 leader_election.cc:304] T bfda882fe5b6443e9cc3f592f2b5206a P c67c5dc396e846819a68826df2088d9f [CANDIDATE]: Term 1 pre-election: Election decided. Result: candidate won. Election summary: received 2 responses out of 3 voters: 2 yes votes; 0 no votes. yes voters: 386ee86848ad4edbb6c803cf9a3267ea, c67c5dc396e846819a68826df2088d9f; no voters: 
I20260608 10:01:18.890283 16003 raft_consensus.cc:2804] T bfda882fe5b6443e9cc3f592f2b5206a P c67c5dc396e846819a68826df2088d9f [term 0 FOLLOWER]: Leader pre-election won for term 1
I20260608 10:01:18.890672 16003 raft_consensus.cc:493] T bfda882fe5b6443e9cc3f592f2b5206a P c67c5dc396e846819a68826df2088d9f [term 0 FOLLOWER]: Starting leader election (no leader contacted us within the election timeout)
I20260608 10:01:18.891027 16003 raft_consensus.cc:3060] T bfda882fe5b6443e9cc3f592f2b5206a P c67c5dc396e846819a68826df2088d9f [term 0 FOLLOWER]: Advancing to term 1
I20260608 10:01:18.896013 16113 raft_consensus.cc:359] T 20355509dbe44e5690a1b3dc120a5222 P c67c5dc396e846819a68826df2088d9f [term 0 FOLLOWER]: Replica starting. Triggering 0 pending ops. Active config: opid_index: -1 OBSOLETE_local: false peers { permanent_uuid: "3fccafdac63e4d76ae4b2eba6aa6785b" member_type: VOTER last_known_addr { host: "127.12.120.68" port: 36947 } } peers { permanent_uuid: "108ace72b53a4226a214eda86ecd2c8d" member_type: VOTER last_known_addr { host: "127.12.120.67" port: 37761 } } peers { permanent_uuid: "c67c5dc396e846819a68826df2088d9f" member_type: VOTER last_known_addr { host: "127.12.120.65" port: 35885 } }
I20260608 10:01:18.896777 16113 raft_consensus.cc:385] T 20355509dbe44e5690a1b3dc120a5222 P c67c5dc396e846819a68826df2088d9f [term 0 FOLLOWER]: Consensus starting up: Expiring failure detector timer to make a prompt election more likely
I20260608 10:01:18.897207 16113 raft_consensus.cc:740] T 20355509dbe44e5690a1b3dc120a5222 P c67c5dc396e846819a68826df2088d9f [term 0 FOLLOWER]: Becoming Follower/Learner. State: Replica: c67c5dc396e846819a68826df2088d9f, State: Initialized, Role: FOLLOWER
I20260608 10:01:18.898310 16113 consensus_queue.cc:260] T 20355509dbe44e5690a1b3dc120a5222 P c67c5dc396e846819a68826df2088d9f [NON_LEADER]: Queue going to NON_LEADER mode. State: All replicated index: 0, Majority replicated index: 0, Committed index: 0, Last appended: 0.0, Last appended by leader: 0, Current term: 0, Majority size: -1, State: 0, Mode: NON_LEADER, active raft config: opid_index: -1 OBSOLETE_local: false peers { permanent_uuid: "3fccafdac63e4d76ae4b2eba6aa6785b" member_type: VOTER last_known_addr { host: "127.12.120.68" port: 36947 } } peers { permanent_uuid: "108ace72b53a4226a214eda86ecd2c8d" member_type: VOTER last_known_addr { host: "127.12.120.67" port: 37761 } } peers { permanent_uuid: "c67c5dc396e846819a68826df2088d9f" member_type: VOTER last_known_addr { host: "127.12.120.65" port: 35885 } }
I20260608 10:01:18.900887 16113 ts_tablet_manager.cc:1434] T 20355509dbe44e5690a1b3dc120a5222 P c67c5dc396e846819a68826df2088d9f: Time spent starting tablet: real 0.012s	user 0.005s	sys 0.000s
I20260608 10:01:18.903638 16113 tablet_bootstrap.cc:492] T f7d15c57249b4c5abc200f604ede58be P c67c5dc396e846819a68826df2088d9f: Bootstrap starting.
I20260608 10:01:18.904377 16112 tablet_bootstrap.cc:492] T 8a65c27884bb4d35b14d96ed55a22530 P 386ee86848ad4edbb6c803cf9a3267ea: No bootstrap required, opened a new log
I20260608 10:01:18.909447 16112 ts_tablet_manager.cc:1403] T 8a65c27884bb4d35b14d96ed55a22530 P 386ee86848ad4edbb6c803cf9a3267ea: Time spent bootstrapping tablet: real 0.067s	user 0.016s	sys 0.007s
I20260608 10:01:18.914368 16033 raft_consensus.cc:493] T b8c826b1e6a14fc1837bdfbc2e748bf3 P 386ee86848ad4edbb6c803cf9a3267ea [term 0 FOLLOWER]: Starting pre-election (no leader contacted us within the election timeout)
I20260608 10:01:18.914800 16113 tablet_bootstrap.cc:654] T f7d15c57249b4c5abc200f604ede58be P c67c5dc396e846819a68826df2088d9f: Neither blocks nor log segments found. Creating new log.
I20260608 10:01:18.914920 16033 raft_consensus.cc:515] T b8c826b1e6a14fc1837bdfbc2e748bf3 P 386ee86848ad4edbb6c803cf9a3267ea [term 0 FOLLOWER]: Starting pre-election with config: opid_index: -1 OBSOLETE_local: false peers { permanent_uuid: "c67c5dc396e846819a68826df2088d9f" member_type: VOTER last_known_addr { host: "127.12.120.65" port: 35885 } } peers { permanent_uuid: "386ee86848ad4edbb6c803cf9a3267ea" member_type: VOTER last_known_addr { host: "127.12.120.66" port: 35553 } } peers { permanent_uuid: "3fccafdac63e4d76ae4b2eba6aa6785b" member_type: VOTER last_known_addr { host: "127.12.120.68" port: 36947 } }
I20260608 10:01:18.917865 16033 leader_election.cc:290] T b8c826b1e6a14fc1837bdfbc2e748bf3 P 386ee86848ad4edbb6c803cf9a3267ea [CANDIDATE]: Term 1 pre-election: Requested pre-vote from peers c67c5dc396e846819a68826df2088d9f (127.12.120.65:35885), 3fccafdac63e4d76ae4b2eba6aa6785b (127.12.120.68:36947)
I20260608 10:01:18.919639 16077 tablet_service.cc:1917] Received RequestConsensusVote() RPC: tablet_id: "b8c826b1e6a14fc1837bdfbc2e748bf3" candidate_uuid: "386ee86848ad4edbb6c803cf9a3267ea" candidate_term: 1 candidate_status { last_received { term: 0 index: 0 } } ignore_live_leader: false dest_uuid: "3fccafdac63e4d76ae4b2eba6aa6785b" is_pre_election: true
I20260608 10:01:18.920356 16077 raft_consensus.cc:2468] T b8c826b1e6a14fc1837bdfbc2e748bf3 P 3fccafdac63e4d76ae4b2eba6aa6785b [term 0 FOLLOWER]: Leader pre-election vote request: Granting yes vote for candidate 386ee86848ad4edbb6c803cf9a3267ea in term 0.
I20260608 10:01:18.921846 15795 leader_election.cc:304] T b8c826b1e6a14fc1837bdfbc2e748bf3 P 386ee86848ad4edbb6c803cf9a3267ea [CANDIDATE]: Term 1 pre-election: Election decided. Result: candidate won. Election summary: received 2 responses out of 3 voters: 2 yes votes; 0 no votes. yes voters: 386ee86848ad4edbb6c803cf9a3267ea, 3fccafdac63e4d76ae4b2eba6aa6785b; no voters: 
I20260608 10:01:18.922261 16114 tablet_bootstrap.cc:492] T 3098a58d63e24e9bbfceccdf0d06473f P 3fccafdac63e4d76ae4b2eba6aa6785b: No bootstrap required, opened a new log
I20260608 10:01:18.923005 16114 ts_tablet_manager.cc:1403] T 3098a58d63e24e9bbfceccdf0d06473f P 3fccafdac63e4d76ae4b2eba6aa6785b: Time spent bootstrapping tablet: real 0.053s	user 0.009s	sys 0.007s
I20260608 10:01:18.923077 16033 raft_consensus.cc:2804] T b8c826b1e6a14fc1837bdfbc2e748bf3 P 386ee86848ad4edbb6c803cf9a3267ea [term 0 FOLLOWER]: Leader pre-election won for term 1
I20260608 10:01:18.923669 16033 raft_consensus.cc:493] T b8c826b1e6a14fc1837bdfbc2e748bf3 P 386ee86848ad4edbb6c803cf9a3267ea [term 0 FOLLOWER]: Starting leader election (no leader contacted us within the election timeout)
I20260608 10:01:18.924075 16033 raft_consensus.cc:3060] T b8c826b1e6a14fc1837bdfbc2e748bf3 P 386ee86848ad4edbb6c803cf9a3267ea [term 0 FOLLOWER]: Advancing to term 1
I20260608 10:01:18.929227 16111 tablet_bootstrap.cc:492] T f7d15c57249b4c5abc200f604ede58be P 108ace72b53a4226a214eda86ecd2c8d: No bootstrap required, opened a new log
I20260608 10:01:18.930593 16111 ts_tablet_manager.cc:1403] T f7d15c57249b4c5abc200f604ede58be P 108ace72b53a4226a214eda86ecd2c8d: Time spent bootstrapping tablet: real 0.065s	user 0.013s	sys 0.006s
I20260608 10:01:18.934443 15755 tablet_service.cc:1917] Received RequestConsensusVote() RPC: tablet_id: "b8c826b1e6a14fc1837bdfbc2e748bf3" candidate_uuid: "386ee86848ad4edbb6c803cf9a3267ea" candidate_term: 1 candidate_status { last_received { term: 0 index: 0 } } ignore_live_leader: false dest_uuid: "c67c5dc396e846819a68826df2088d9f" is_pre_election: true
I20260608 10:01:18.935424 15755 raft_consensus.cc:2468] T b8c826b1e6a14fc1837bdfbc2e748bf3 P c67c5dc396e846819a68826df2088d9f [term 0 FOLLOWER]: Leader pre-election vote request: Granting yes vote for candidate 386ee86848ad4edbb6c803cf9a3267ea in term 0.
I20260608 10:01:18.907629 16003 raft_consensus.cc:515] T bfda882fe5b6443e9cc3f592f2b5206a P c67c5dc396e846819a68826df2088d9f [term 1 FOLLOWER]: Starting leader election with config: opid_index: -1 OBSOLETE_local: false peers { permanent_uuid: "3fccafdac63e4d76ae4b2eba6aa6785b" member_type: VOTER last_known_addr { host: "127.12.120.68" port: 36947 } } peers { permanent_uuid: "c67c5dc396e846819a68826df2088d9f" member_type: VOTER last_known_addr { host: "127.12.120.65" port: 35885 } } peers { permanent_uuid: "386ee86848ad4edbb6c803cf9a3267ea" member_type: VOTER last_known_addr { host: "127.12.120.66" port: 35553 } }
I20260608 10:01:18.949160 16033 raft_consensus.cc:515] T b8c826b1e6a14fc1837bdfbc2e748bf3 P 386ee86848ad4edbb6c803cf9a3267ea [term 1 FOLLOWER]: Starting leader election with config: opid_index: -1 OBSOLETE_local: false peers { permanent_uuid: "c67c5dc396e846819a68826df2088d9f" member_type: VOTER last_known_addr { host: "127.12.120.65" port: 35885 } } peers { permanent_uuid: "386ee86848ad4edbb6c803cf9a3267ea" member_type: VOTER last_known_addr { host: "127.12.120.66" port: 35553 } } peers { permanent_uuid: "3fccafdac63e4d76ae4b2eba6aa6785b" member_type: VOTER last_known_addr { host: "127.12.120.68" port: 36947 } }
I20260608 10:01:18.957129 16112 raft_consensus.cc:359] T 8a65c27884bb4d35b14d96ed55a22530 P 386ee86848ad4edbb6c803cf9a3267ea [term 0 FOLLOWER]: Replica starting. Triggering 0 pending ops. Active config: opid_index: -1 OBSOLETE_local: false peers { permanent_uuid: "386ee86848ad4edbb6c803cf9a3267ea" member_type: VOTER last_known_addr { host: "127.12.120.66" port: 35553 } } peers { permanent_uuid: "3fccafdac63e4d76ae4b2eba6aa6785b" member_type: VOTER last_known_addr { host: "127.12.120.68" port: 36947 } } peers { permanent_uuid: "108ace72b53a4226a214eda86ecd2c8d" member_type: VOTER last_known_addr { host: "127.12.120.67" port: 37761 } }
I20260608 10:01:18.958051 16112 raft_consensus.cc:385] T 8a65c27884bb4d35b14d96ed55a22530 P 386ee86848ad4edbb6c803cf9a3267ea [term 0 FOLLOWER]: Consensus starting up: Expiring failure detector timer to make a prompt election more likely
I20260608 10:01:18.958499 16112 raft_consensus.cc:740] T 8a65c27884bb4d35b14d96ed55a22530 P 386ee86848ad4edbb6c803cf9a3267ea [term 0 FOLLOWER]: Becoming Follower/Learner. State: Replica: 386ee86848ad4edbb6c803cf9a3267ea, State: Initialized, Role: FOLLOWER
I20260608 10:01:18.959396 16112 consensus_queue.cc:260] T 8a65c27884bb4d35b14d96ed55a22530 P 386ee86848ad4edbb6c803cf9a3267ea [NON_LEADER]: Queue going to NON_LEADER mode. State: All replicated index: 0, Majority replicated index: 0, Committed index: 0, Last appended: 0.0, Last appended by leader: 0, Current term: 0, Majority size: -1, State: 0, Mode: NON_LEADER, active raft config: opid_index: -1 OBSOLETE_local: false peers { permanent_uuid: "386ee86848ad4edbb6c803cf9a3267ea" member_type: VOTER last_known_addr { host: "127.12.120.66" port: 35553 } } peers { permanent_uuid: "3fccafdac63e4d76ae4b2eba6aa6785b" member_type: VOTER last_known_addr { host: "127.12.120.68" port: 36947 } } peers { permanent_uuid: "108ace72b53a4226a214eda86ecd2c8d" member_type: VOTER last_known_addr { host: "127.12.120.67" port: 37761 } }
I20260608 10:01:18.959681 15647 catalog_manager.cc:5696] T 9af2af2f9a43431e8f3758cc36368d2e P 108ace72b53a4226a214eda86ecd2c8d reported cstate change: term changed from 0 to 1, leader changed from <none> to 108ace72b53a4226a214eda86ecd2c8d (127.12.120.67). New cstate: current_term: 1 leader_uuid: "108ace72b53a4226a214eda86ecd2c8d" committed_config { opid_index: -1 OBSOLETE_local: false peers { permanent_uuid: "108ace72b53a4226a214eda86ecd2c8d" member_type: VOTER last_known_addr { host: "127.12.120.67" port: 37761 } health_report { overall_health: HEALTHY } } peers { permanent_uuid: "3fccafdac63e4d76ae4b2eba6aa6785b" member_type: VOTER last_known_addr { host: "127.12.120.68" port: 36947 } health_report { overall_health: UNKNOWN } } peers { permanent_uuid: "c67c5dc396e846819a68826df2088d9f" member_type: VOTER last_known_addr { host: "127.12.120.65" port: 35885 } health_report { overall_health: UNKNOWN } } }
I20260608 10:01:18.961472 16003 leader_election.cc:290] T bfda882fe5b6443e9cc3f592f2b5206a P c67c5dc396e846819a68826df2088d9f [CANDIDATE]: Term 1 election: Requested vote from peers 3fccafdac63e4d76ae4b2eba6aa6785b (127.12.120.68:36947), 386ee86848ad4edbb6c803cf9a3267ea (127.12.120.66:35553)
I20260608 10:01:18.962680 15830 tablet_service.cc:1917] Received RequestConsensusVote() RPC: tablet_id: "bfda882fe5b6443e9cc3f592f2b5206a" candidate_uuid: "c67c5dc396e846819a68826df2088d9f" candidate_term: 1 candidate_status { last_received { term: 0 index: 0 } } ignore_live_leader: false dest_uuid: "386ee86848ad4edbb6c803cf9a3267ea"
I20260608 10:01:18.963176 16033 leader_election.cc:290] T b8c826b1e6a14fc1837bdfbc2e748bf3 P 386ee86848ad4edbb6c803cf9a3267ea [CANDIDATE]: Term 1 election: Requested vote from peers c67c5dc396e846819a68826df2088d9f (127.12.120.65:35885), 3fccafdac63e4d76ae4b2eba6aa6785b (127.12.120.68:36947)
I20260608 10:01:18.958194 16114 raft_consensus.cc:359] T 3098a58d63e24e9bbfceccdf0d06473f P 3fccafdac63e4d76ae4b2eba6aa6785b [term 0 FOLLOWER]: Replica starting. Triggering 0 pending ops. Active config: opid_index: -1 OBSOLETE_local: false peers { permanent_uuid: "386ee86848ad4edbb6c803cf9a3267ea" member_type: VOTER last_known_addr { host: "127.12.120.66" port: 35553 } } peers { permanent_uuid: "3fccafdac63e4d76ae4b2eba6aa6785b" member_type: VOTER last_known_addr { host: "127.12.120.68" port: 36947 } } peers { permanent_uuid: "108ace72b53a4226a214eda86ecd2c8d" member_type: VOTER last_known_addr { host: "127.12.120.67" port: 37761 } }
I20260608 10:01:18.963927 16114 raft_consensus.cc:385] T 3098a58d63e24e9bbfceccdf0d06473f P 3fccafdac63e4d76ae4b2eba6aa6785b [term 0 FOLLOWER]: Consensus starting up: Expiring failure detector timer to make a prompt election more likely
I20260608 10:01:18.964349 16114 raft_consensus.cc:740] T 3098a58d63e24e9bbfceccdf0d06473f P 3fccafdac63e4d76ae4b2eba6aa6785b [term 0 FOLLOWER]: Becoming Follower/Learner. State: Replica: 3fccafdac63e4d76ae4b2eba6aa6785b, State: Initialized, Role: FOLLOWER
I20260608 10:01:18.965632 16077 tablet_service.cc:1917] Received RequestConsensusVote() RPC: tablet_id: "b8c826b1e6a14fc1837bdfbc2e748bf3" candidate_uuid: "386ee86848ad4edbb6c803cf9a3267ea" candidate_term: 1 candidate_status { last_received { term: 0 index: 0 } } ignore_live_leader: false dest_uuid: "3fccafdac63e4d76ae4b2eba6aa6785b"
I20260608 10:01:18.966269 16077 raft_consensus.cc:3060] T b8c826b1e6a14fc1837bdfbc2e748bf3 P 3fccafdac63e4d76ae4b2eba6aa6785b [term 0 FOLLOWER]: Advancing to term 1
I20260608 10:01:18.965487 16114 consensus_queue.cc:260] T 3098a58d63e24e9bbfceccdf0d06473f P 3fccafdac63e4d76ae4b2eba6aa6785b [NON_LEADER]: Queue going to NON_LEADER mode. State: All replicated index: 0, Majority replicated index: 0, Committed index: 0, Last appended: 0.0, Last appended by leader: 0, Current term: 0, Majority size: -1, State: 0, Mode: NON_LEADER, active raft config: opid_index: -1 OBSOLETE_local: false peers { permanent_uuid: "386ee86848ad4edbb6c803cf9a3267ea" member_type: VOTER last_known_addr { host: "127.12.120.66" port: 35553 } } peers { permanent_uuid: "3fccafdac63e4d76ae4b2eba6aa6785b" member_type: VOTER last_known_addr { host: "127.12.120.68" port: 36947 } } peers { permanent_uuid: "108ace72b53a4226a214eda86ecd2c8d" member_type: VOTER last_known_addr { host: "127.12.120.67" port: 37761 } }
I20260608 10:01:18.972034 16114 ts_tablet_manager.cc:1434] T 3098a58d63e24e9bbfceccdf0d06473f P 3fccafdac63e4d76ae4b2eba6aa6785b: Time spent starting tablet: real 0.048s	user 0.009s	sys 0.001s
I20260608 10:01:18.974004 15958 raft_consensus.cc:493] T 20355509dbe44e5690a1b3dc120a5222 P 108ace72b53a4226a214eda86ecd2c8d [term 0 FOLLOWER]: Starting pre-election (no leader contacted us within the election timeout)
I20260608 10:01:18.959996 16111 raft_consensus.cc:359] T f7d15c57249b4c5abc200f604ede58be P 108ace72b53a4226a214eda86ecd2c8d [term 0 FOLLOWER]: Replica starting. Triggering 0 pending ops. Active config: opid_index: -1 OBSOLETE_local: false peers { permanent_uuid: "3fccafdac63e4d76ae4b2eba6aa6785b" member_type: VOTER last_known_addr { host: "127.12.120.68" port: 36947 } } peers { permanent_uuid: "108ace72b53a4226a214eda86ecd2c8d" member_type: VOTER last_known_addr { host: "127.12.120.67" port: 37761 } } peers { permanent_uuid: "c67c5dc396e846819a68826df2088d9f" member_type: VOTER last_known_addr { host: "127.12.120.65" port: 35885 } }
I20260608 10:01:18.975438 15958 raft_consensus.cc:515] T 20355509dbe44e5690a1b3dc120a5222 P 108ace72b53a4226a214eda86ecd2c8d [term 0 FOLLOWER]: Starting pre-election with config: opid_index: -1 OBSOLETE_local: false peers { permanent_uuid: "3fccafdac63e4d76ae4b2eba6aa6785b" member_type: VOTER last_known_addr { host: "127.12.120.68" port: 36947 } } peers { permanent_uuid: "108ace72b53a4226a214eda86ecd2c8d" member_type: VOTER last_known_addr { host: "127.12.120.67" port: 37761 } } peers { permanent_uuid: "c67c5dc396e846819a68826df2088d9f" member_type: VOTER last_known_addr { host: "127.12.120.65" port: 35885 } }
I20260608 10:01:18.976112 16111 raft_consensus.cc:385] T f7d15c57249b4c5abc200f604ede58be P 108ace72b53a4226a214eda86ecd2c8d [term 0 FOLLOWER]: Consensus starting up: Expiring failure detector timer to make a prompt election more likely
I20260608 10:01:18.976497 16111 raft_consensus.cc:740] T f7d15c57249b4c5abc200f604ede58be P 108ace72b53a4226a214eda86ecd2c8d [term 0 FOLLOWER]: Becoming Follower/Learner. State: Replica: 108ace72b53a4226a214eda86ecd2c8d, State: Initialized, Role: FOLLOWER
I20260608 10:01:18.977510 16111 consensus_queue.cc:260] T f7d15c57249b4c5abc200f604ede58be P 108ace72b53a4226a214eda86ecd2c8d [NON_LEADER]: Queue going to NON_LEADER mode. State: All replicated index: 0, Majority replicated index: 0, Committed index: 0, Last appended: 0.0, Last appended by leader: 0, Current term: 0, Majority size: -1, State: 0, Mode: NON_LEADER, active raft config: opid_index: -1 OBSOLETE_local: false peers { permanent_uuid: "3fccafdac63e4d76ae4b2eba6aa6785b" member_type: VOTER last_known_addr { host: "127.12.120.68" port: 36947 } } peers { permanent_uuid: "108ace72b53a4226a214eda86ecd2c8d" member_type: VOTER last_known_addr { host: "127.12.120.67" port: 37761 } } peers { permanent_uuid: "c67c5dc396e846819a68826df2088d9f" member_type: VOTER last_known_addr { host: "127.12.120.65" port: 35885 } }
I20260608 10:01:18.979285 15958 leader_election.cc:290] T 20355509dbe44e5690a1b3dc120a5222 P 108ace72b53a4226a214eda86ecd2c8d [CANDIDATE]: Term 1 pre-election: Requested pre-vote from peers 3fccafdac63e4d76ae4b2eba6aa6785b (127.12.120.68:36947), c67c5dc396e846819a68826df2088d9f (127.12.120.65:35885)
I20260608 10:01:18.980162 16111 ts_tablet_manager.cc:1434] T f7d15c57249b4c5abc200f604ede58be P 108ace72b53a4226a214eda86ecd2c8d: Time spent starting tablet: real 0.049s	user 0.008s	sys 0.001s
I20260608 10:01:18.980806 15755 tablet_service.cc:1917] Received RequestConsensusVote() RPC: tablet_id: "20355509dbe44e5690a1b3dc120a5222" candidate_uuid: "108ace72b53a4226a214eda86ecd2c8d" candidate_term: 1 candidate_status { last_received { term: 0 index: 0 } } ignore_live_leader: false dest_uuid: "c67c5dc396e846819a68826df2088d9f" is_pre_election: true
I20260608 10:01:18.963287 15830 raft_consensus.cc:3060] T bfda882fe5b6443e9cc3f592f2b5206a P 386ee86848ad4edbb6c803cf9a3267ea [term 0 FOLLOWER]: Advancing to term 1
I20260608 10:01:18.981516 15755 raft_consensus.cc:2468] T 20355509dbe44e5690a1b3dc120a5222 P c67c5dc396e846819a68826df2088d9f [term 0 FOLLOWER]: Leader pre-election vote request: Granting yes vote for candidate 108ace72b53a4226a214eda86ecd2c8d in term 0.
I20260608 10:01:18.981752 16114 tablet_bootstrap.cc:492] T 9af2af2f9a43431e8f3758cc36368d2e P 3fccafdac63e4d76ae4b2eba6aa6785b: Bootstrap starting.
I20260608 10:01:18.982221 16078 tablet_service.cc:1917] Received RequestConsensusVote() RPC: tablet_id: "20355509dbe44e5690a1b3dc120a5222" candidate_uuid: "108ace72b53a4226a214eda86ecd2c8d" candidate_term: 1 candidate_status { last_received { term: 0 index: 0 } } ignore_live_leader: false dest_uuid: "3fccafdac63e4d76ae4b2eba6aa6785b" is_pre_election: true
I20260608 10:01:18.983625 15869 leader_election.cc:304] T 20355509dbe44e5690a1b3dc120a5222 P 108ace72b53a4226a214eda86ecd2c8d [CANDIDATE]: Term 1 pre-election: Election decided. Result: candidate won. Election summary: received 2 responses out of 3 voters: 2 yes votes; 0 no votes. yes voters: 108ace72b53a4226a214eda86ecd2c8d, c67c5dc396e846819a68826df2088d9f; no voters: 
W20260608 10:01:18.990147 15870 leader_election.cc:343] T 20355509dbe44e5690a1b3dc120a5222 P 108ace72b53a4226a214eda86ecd2c8d [CANDIDATE]: Term 1 pre-election: Tablet error from VoteRequest() call to peer 3fccafdac63e4d76ae4b2eba6aa6785b (127.12.120.68:36947): Illegal state: must be running to vote when last-logged opid is not known
I20260608 10:01:18.993136 15958 raft_consensus.cc:2804] T 20355509dbe44e5690a1b3dc120a5222 P 108ace72b53a4226a214eda86ecd2c8d [term 0 FOLLOWER]: Leader pre-election won for term 1
I20260608 10:01:18.993476 16113 tablet_bootstrap.cc:492] T f7d15c57249b4c5abc200f604ede58be P c67c5dc396e846819a68826df2088d9f: No bootstrap required, opened a new log
I20260608 10:01:18.994227 16113 ts_tablet_manager.cc:1403] T f7d15c57249b4c5abc200f604ede58be P c67c5dc396e846819a68826df2088d9f: Time spent bootstrapping tablet: real 0.091s	user 0.013s	sys 0.024s
I20260608 10:01:18.997154 16077 raft_consensus.cc:2468] T b8c826b1e6a14fc1837bdfbc2e748bf3 P 3fccafdac63e4d76ae4b2eba6aa6785b [term 1 FOLLOWER]: Leader election vote request: Granting yes vote for candidate 386ee86848ad4edbb6c803cf9a3267ea in term 1.
I20260608 10:01:18.998785 15755 tablet_service.cc:1917] Received RequestConsensusVote() RPC: tablet_id: "b8c826b1e6a14fc1837bdfbc2e748bf3" candidate_uuid: "386ee86848ad4edbb6c803cf9a3267ea" candidate_term: 1 candidate_status { last_received { term: 0 index: 0 } } ignore_live_leader: false dest_uuid: "c67c5dc396e846819a68826df2088d9f"
I20260608 10:01:18.998471 16113 raft_consensus.cc:359] T f7d15c57249b4c5abc200f604ede58be P c67c5dc396e846819a68826df2088d9f [term 0 FOLLOWER]: Replica starting. Triggering 0 pending ops. Active config: opid_index: -1 OBSOLETE_local: false peers { permanent_uuid: "3fccafdac63e4d76ae4b2eba6aa6785b" member_type: VOTER last_known_addr { host: "127.12.120.68" port: 36947 } } peers { permanent_uuid: "108ace72b53a4226a214eda86ecd2c8d" member_type: VOTER last_known_addr { host: "127.12.120.67" port: 37761 } } peers { permanent_uuid: "c67c5dc396e846819a68826df2088d9f" member_type: VOTER last_known_addr { host: "127.12.120.65" port: 35885 } }
I20260608 10:01:18.999457 15755 raft_consensus.cc:3060] T b8c826b1e6a14fc1837bdfbc2e748bf3 P c67c5dc396e846819a68826df2088d9f [term 0 FOLLOWER]: Advancing to term 1
I20260608 10:01:18.999604 16113 raft_consensus.cc:385] T f7d15c57249b4c5abc200f604ede58be P c67c5dc396e846819a68826df2088d9f [term 0 FOLLOWER]: Consensus starting up: Expiring failure detector timer to make a prompt election more likely
I20260608 10:01:19.000108 16113 raft_consensus.cc:740] T f7d15c57249b4c5abc200f604ede58be P c67c5dc396e846819a68826df2088d9f [term 0 FOLLOWER]: Becoming Follower/Learner. State: Replica: c67c5dc396e846819a68826df2088d9f, State: Initialized, Role: FOLLOWER
I20260608 10:01:19.001296 16113 consensus_queue.cc:260] T f7d15c57249b4c5abc200f604ede58be P c67c5dc396e846819a68826df2088d9f [NON_LEADER]: Queue going to NON_LEADER mode. State: All replicated index: 0, Majority replicated index: 0, Committed index: 0, Last appended: 0.0, Last appended by leader: 0, Current term: 0, Majority size: -1, State: 0, Mode: NON_LEADER, active raft config: opid_index: -1 OBSOLETE_local: false peers { permanent_uuid: "3fccafdac63e4d76ae4b2eba6aa6785b" member_type: VOTER last_known_addr { host: "127.12.120.68" port: 36947 } } peers { permanent_uuid: "108ace72b53a4226a214eda86ecd2c8d" member_type: VOTER last_known_addr { host: "127.12.120.67" port: 37761 } } peers { permanent_uuid: "c67c5dc396e846819a68826df2088d9f" member_type: VOTER last_known_addr { host: "127.12.120.65" port: 35885 } }
I20260608 10:01:19.002856 16037 raft_consensus.cc:493] T 8a65c27884bb4d35b14d96ed55a22530 P 108ace72b53a4226a214eda86ecd2c8d [term 0 FOLLOWER]: Starting pre-election (no leader contacted us within the election timeout)
I20260608 10:01:19.003401 16037 raft_consensus.cc:515] T 8a65c27884bb4d35b14d96ed55a22530 P 108ace72b53a4226a214eda86ecd2c8d [term 0 FOLLOWER]: Starting pre-election with config: opid_index: -1 OBSOLETE_local: false peers { permanent_uuid: "386ee86848ad4edbb6c803cf9a3267ea" member_type: VOTER last_known_addr { host: "127.12.120.66" port: 35553 } } peers { permanent_uuid: "3fccafdac63e4d76ae4b2eba6aa6785b" member_type: VOTER last_known_addr { host: "127.12.120.68" port: 36947 } } peers { permanent_uuid: "108ace72b53a4226a214eda86ecd2c8d" member_type: VOTER last_known_addr { host: "127.12.120.67" port: 37761 } }
I20260608 10:01:18.998723 15795 leader_election.cc:304] T b8c826b1e6a14fc1837bdfbc2e748bf3 P 386ee86848ad4edbb6c803cf9a3267ea [CANDIDATE]: Term 1 election: Election decided. Result: candidate won. Election summary: received 2 responses out of 3 voters: 2 yes votes; 0 no votes. yes voters: 386ee86848ad4edbb6c803cf9a3267ea, 3fccafdac63e4d76ae4b2eba6aa6785b; no voters: 
I20260608 10:01:19.005580 16033 raft_consensus.cc:2804] T b8c826b1e6a14fc1837bdfbc2e748bf3 P 386ee86848ad4edbb6c803cf9a3267ea [term 1 FOLLOWER]: Leader election won for term 1
I20260608 10:01:19.006072 16033 raft_consensus.cc:697] T b8c826b1e6a14fc1837bdfbc2e748bf3 P 386ee86848ad4edbb6c803cf9a3267ea [term 1 LEADER]: Becoming Leader. State: Replica: 386ee86848ad4edbb6c803cf9a3267ea, State: Running, Role: LEADER
I20260608 10:01:19.006315 16037 leader_election.cc:290] T 8a65c27884bb4d35b14d96ed55a22530 P 108ace72b53a4226a214eda86ecd2c8d [CANDIDATE]: Term 1 pre-election: Requested pre-vote from peers 386ee86848ad4edbb6c803cf9a3267ea (127.12.120.66:35553), 3fccafdac63e4d76ae4b2eba6aa6785b (127.12.120.68:36947)
I20260608 10:01:19.006857 16037 raft_consensus.cc:493] T f7d15c57249b4c5abc200f604ede58be P 108ace72b53a4226a214eda86ecd2c8d [term 0 FOLLOWER]: Starting pre-election (no leader contacted us within the election timeout)
I20260608 10:01:19.006990 16033 consensus_queue.cc:237] T b8c826b1e6a14fc1837bdfbc2e748bf3 P 386ee86848ad4edbb6c803cf9a3267ea [LEADER]: Queue going to LEADER mode. State: All replicated index: 0, Majority replicated index: 0, Committed index: 0, Last appended: 0.0, Last appended by leader: 0, Current term: 1, Majority size: 2, State: 0, Mode: LEADER, active raft config: opid_index: -1 OBSOLETE_local: false peers { permanent_uuid: "c67c5dc396e846819a68826df2088d9f" member_type: VOTER last_known_addr { host: "127.12.120.65" port: 35885 } } peers { permanent_uuid: "386ee86848ad4edbb6c803cf9a3267ea" member_type: VOTER last_known_addr { host: "127.12.120.66" port: 35553 } } peers { permanent_uuid: "3fccafdac63e4d76ae4b2eba6aa6785b" member_type: VOTER last_known_addr { host: "127.12.120.68" port: 36947 } }
I20260608 10:01:19.009156 16114 tablet_bootstrap.cc:654] T 9af2af2f9a43431e8f3758cc36368d2e P 3fccafdac63e4d76ae4b2eba6aa6785b: Neither blocks nor log segments found. Creating new log.
I20260608 10:01:19.009315 15958 raft_consensus.cc:493] T 20355509dbe44e5690a1b3dc120a5222 P 108ace72b53a4226a214eda86ecd2c8d [term 0 FOLLOWER]: Starting leader election (no leader contacted us within the election timeout)
I20260608 10:01:19.007333 16037 raft_consensus.cc:515] T f7d15c57249b4c5abc200f604ede58be P 108ace72b53a4226a214eda86ecd2c8d [term 0 FOLLOWER]: Starting pre-election with config: opid_index: -1 OBSOLETE_local: false peers { permanent_uuid: "3fccafdac63e4d76ae4b2eba6aa6785b" member_type: VOTER last_known_addr { host: "127.12.120.68" port: 36947 } } peers { permanent_uuid: "108ace72b53a4226a214eda86ecd2c8d" member_type: VOTER last_known_addr { host: "127.12.120.67" port: 37761 } } peers { permanent_uuid: "c67c5dc396e846819a68826df2088d9f" member_type: VOTER last_known_addr { host: "127.12.120.65" port: 35885 } }
I20260608 10:01:19.009809 15829 tablet_service.cc:1917] Received RequestConsensusVote() RPC: tablet_id: "8a65c27884bb4d35b14d96ed55a22530" candidate_uuid: "108ace72b53a4226a214eda86ecd2c8d" candidate_term: 1 candidate_status { last_received { term: 0 index: 0 } } ignore_live_leader: false dest_uuid: "386ee86848ad4edbb6c803cf9a3267ea" is_pre_election: true
I20260608 10:01:19.010471 15829 raft_consensus.cc:2468] T 8a65c27884bb4d35b14d96ed55a22530 P 386ee86848ad4edbb6c803cf9a3267ea [term 0 FOLLOWER]: Leader pre-election vote request: Granting yes vote for candidate 108ace72b53a4226a214eda86ecd2c8d in term 0.
I20260608 10:01:19.011759 15868 leader_election.cc:304] T 8a65c27884bb4d35b14d96ed55a22530 P 108ace72b53a4226a214eda86ecd2c8d [CANDIDATE]: Term 1 pre-election: Election decided. Result: candidate won. Election summary: received 2 responses out of 3 voters: 2 yes votes; 0 no votes. yes voters: 108ace72b53a4226a214eda86ecd2c8d, 386ee86848ad4edbb6c803cf9a3267ea; no voters: 
I20260608 10:01:19.012621 15994 raft_consensus.cc:2804] T 8a65c27884bb4d35b14d96ed55a22530 P 108ace72b53a4226a214eda86ecd2c8d [term 0 FOLLOWER]: Leader pre-election won for term 1
I20260608 10:01:19.013944 16037 leader_election.cc:290] T f7d15c57249b4c5abc200f604ede58be P 108ace72b53a4226a214eda86ecd2c8d [CANDIDATE]: Term 1 pre-election: Requested pre-vote from peers 3fccafdac63e4d76ae4b2eba6aa6785b (127.12.120.68:36947), c67c5dc396e846819a68826df2088d9f (127.12.120.65:35885)
I20260608 10:01:19.014422 15994 raft_consensus.cc:493] T 8a65c27884bb4d35b14d96ed55a22530 P 108ace72b53a4226a214eda86ecd2c8d [term 0 FOLLOWER]: Starting leader election (no leader contacted us within the election timeout)
I20260608 10:01:19.014884 15994 raft_consensus.cc:3060] T 8a65c27884bb4d35b14d96ed55a22530 P 108ace72b53a4226a214eda86ecd2c8d [term 0 FOLLOWER]: Advancing to term 1
I20260608 10:01:19.015316 16123 raft_consensus.cc:493] T 3098a58d63e24e9bbfceccdf0d06473f P 3fccafdac63e4d76ae4b2eba6aa6785b [term 0 FOLLOWER]: Starting pre-election (no leader contacted us within the election timeout)
I20260608 10:01:19.015602 16078 tablet_service.cc:1917] Received RequestConsensusVote() RPC: tablet_id: "f7d15c57249b4c5abc200f604ede58be" candidate_uuid: "108ace72b53a4226a214eda86ecd2c8d" candidate_term: 1 candidate_status { last_received { term: 0 index: 0 } } ignore_live_leader: false dest_uuid: "3fccafdac63e4d76ae4b2eba6aa6785b" is_pre_election: true
I20260608 10:01:19.016281 16078 raft_consensus.cc:2468] T f7d15c57249b4c5abc200f604ede58be P 3fccafdac63e4d76ae4b2eba6aa6785b [term 0 FOLLOWER]: Leader pre-election vote request: Granting yes vote for candidate 108ace72b53a4226a214eda86ecd2c8d in term 0.
I20260608 10:01:19.016017 16123 raft_consensus.cc:515] T 3098a58d63e24e9bbfceccdf0d06473f P 3fccafdac63e4d76ae4b2eba6aa6785b [term 0 FOLLOWER]: Starting pre-election with config: opid_index: -1 OBSOLETE_local: false peers { permanent_uuid: "386ee86848ad4edbb6c803cf9a3267ea" member_type: VOTER last_known_addr { host: "127.12.120.66" port: 35553 } } peers { permanent_uuid: "3fccafdac63e4d76ae4b2eba6aa6785b" member_type: VOTER last_known_addr { host: "127.12.120.68" port: 36947 } } peers { permanent_uuid: "108ace72b53a4226a214eda86ecd2c8d" member_type: VOTER last_known_addr { host: "127.12.120.67" port: 37761 } }
I20260608 10:01:19.018234 15870 leader_election.cc:304] T f7d15c57249b4c5abc200f604ede58be P 108ace72b53a4226a214eda86ecd2c8d [CANDIDATE]: Term 1 pre-election: Election decided. Result: candidate won. Election summary: received 2 responses out of 3 voters: 2 yes votes; 0 no votes. yes voters: 108ace72b53a4226a214eda86ecd2c8d, 3fccafdac63e4d76ae4b2eba6aa6785b; no voters: 
I20260608 10:01:19.020818 15753 tablet_service.cc:1917] Received RequestConsensusVote() RPC: tablet_id: "f7d15c57249b4c5abc200f604ede58be" candidate_uuid: "108ace72b53a4226a214eda86ecd2c8d" candidate_term: 1 candidate_status { last_received { term: 0 index: 0 } } ignore_live_leader: false dest_uuid: "c67c5dc396e846819a68826df2088d9f" is_pre_election: true
I20260608 10:01:19.021677 15755 raft_consensus.cc:2468] T b8c826b1e6a14fc1837bdfbc2e748bf3 P c67c5dc396e846819a68826df2088d9f [term 1 FOLLOWER]: Leader election vote request: Granting yes vote for candidate 386ee86848ad4edbb6c803cf9a3267ea in term 1.
I20260608 10:01:19.021799 15753 raft_consensus.cc:2468] T f7d15c57249b4c5abc200f604ede58be P c67c5dc396e846819a68826df2088d9f [term 0 FOLLOWER]: Leader pre-election vote request: Granting yes vote for candidate 108ace72b53a4226a214eda86ecd2c8d in term 0.
I20260608 10:01:19.023489 16037 raft_consensus.cc:2804] T f7d15c57249b4c5abc200f604ede58be P 108ace72b53a4226a214eda86ecd2c8d [term 0 FOLLOWER]: Leader pre-election won for term 1
I20260608 10:01:19.023927 16037 raft_consensus.cc:493] T f7d15c57249b4c5abc200f604ede58be P 108ace72b53a4226a214eda86ecd2c8d [term 0 FOLLOWER]: Starting leader election (no leader contacted us within the election timeout)
I20260608 10:01:19.024382 16037 raft_consensus.cc:3060] T f7d15c57249b4c5abc200f604ede58be P 108ace72b53a4226a214eda86ecd2c8d [term 0 FOLLOWER]: Advancing to term 1
I20260608 10:01:19.023802 16077 tablet_service.cc:1917] Received RequestConsensusVote() RPC: tablet_id: "8a65c27884bb4d35b14d96ed55a22530" candidate_uuid: "108ace72b53a4226a214eda86ecd2c8d" candidate_term: 1 candidate_status { last_received { term: 0 index: 0 } } ignore_live_leader: false dest_uuid: "3fccafdac63e4d76ae4b2eba6aa6785b" is_pre_election: true
I20260608 10:01:19.030732 16113 ts_tablet_manager.cc:1434] T f7d15c57249b4c5abc200f604ede58be P c67c5dc396e846819a68826df2088d9f: Time spent starting tablet: real 0.036s	user 0.007s	sys 0.004s
I20260608 10:01:19.009851 15958 raft_consensus.cc:3060] T 20355509dbe44e5690a1b3dc120a5222 P 108ace72b53a4226a214eda86ecd2c8d [term 0 FOLLOWER]: Advancing to term 1
I20260608 10:01:19.035398 15994 raft_consensus.cc:515] T 8a65c27884bb4d35b14d96ed55a22530 P 108ace72b53a4226a214eda86ecd2c8d [term 1 FOLLOWER]: Starting leader election with config: opid_index: -1 OBSOLETE_local: false peers { permanent_uuid: "386ee86848ad4edbb6c803cf9a3267ea" member_type: VOTER last_known_addr { host: "127.12.120.66" port: 35553 } } peers { permanent_uuid: "3fccafdac63e4d76ae4b2eba6aa6785b" member_type: VOTER last_known_addr { host: "127.12.120.68" port: 36947 } } peers { permanent_uuid: "108ace72b53a4226a214eda86ecd2c8d" member_type: VOTER last_known_addr { host: "127.12.120.67" port: 37761 } }
I20260608 10:01:19.026479 15830 raft_consensus.cc:2468] T bfda882fe5b6443e9cc3f592f2b5206a P 386ee86848ad4edbb6c803cf9a3267ea [term 1 FOLLOWER]: Leader election vote request: Granting yes vote for candidate c67c5dc396e846819a68826df2088d9f in term 1.
I20260608 10:01:19.046640 16112 ts_tablet_manager.cc:1434] T 8a65c27884bb4d35b14d96ed55a22530 P 386ee86848ad4edbb6c803cf9a3267ea: Time spent starting tablet: real 0.137s	user 0.036s	sys 0.046s
W20260608 10:01:19.043402 15870 leader_election.cc:343] T 8a65c27884bb4d35b14d96ed55a22530 P 108ace72b53a4226a214eda86ecd2c8d [CANDIDATE]: Term 1 pre-election: Tablet error from VoteRequest() call to peer 3fccafdac63e4d76ae4b2eba6aa6785b (127.12.120.68:36947): Illegal state: must be running to vote when last-logged opid is not known
I20260608 10:01:19.053496 16112 tablet_bootstrap.cc:492] T f2eae4c83ef44e75a7708ccb1dd9809a P 386ee86848ad4edbb6c803cf9a3267ea: Bootstrap starting.
I20260608 10:01:19.043886 16123 leader_election.cc:290] T 3098a58d63e24e9bbfceccdf0d06473f P 3fccafdac63e4d76ae4b2eba6aa6785b [CANDIDATE]: Term 1 pre-election: Requested pre-vote from peers 386ee86848ad4edbb6c803cf9a3267ea (127.12.120.66:35553), 108ace72b53a4226a214eda86ecd2c8d (127.12.120.67:37761)
I20260608 10:01:19.047138 16121 raft_consensus.cc:493] T bfda882fe5b6443e9cc3f592f2b5206a P 3fccafdac63e4d76ae4b2eba6aa6785b [term 0 FOLLOWER]: Starting pre-election (no leader contacted us within the election timeout)
I20260608 10:01:19.049072 15717 leader_election.cc:304] T bfda882fe5b6443e9cc3f592f2b5206a P c67c5dc396e846819a68826df2088d9f [CANDIDATE]: Term 1 election: Election decided. Result: candidate won. Election summary: received 2 responses out of 3 voters: 2 yes votes; 0 no votes. yes voters: 386ee86848ad4edbb6c803cf9a3267ea, c67c5dc396e846819a68826df2088d9f; no voters: 
I20260608 10:01:19.052242 15994 leader_election.cc:290] T 8a65c27884bb4d35b14d96ed55a22530 P 108ace72b53a4226a214eda86ecd2c8d [CANDIDATE]: Term 1 election: Requested vote from peers 386ee86848ad4edbb6c803cf9a3267ea (127.12.120.66:35553), 3fccafdac63e4d76ae4b2eba6aa6785b (127.12.120.68:36947)
