I20260608 10:01:21.722786 15755 tablet_service.cc:1917] Received RequestConsensusVote() RPC: tablet_id: "49b6cfca7a474d02b5cf8e2ab0b7332c" candidate_uuid: "386ee86848ad4edbb6c803cf9a3267ea" candidate_term: 2 candidate_status { last_received { term: 1 index: 1 } } ignore_live_leader: true dest_uuid: "c67c5dc396e846819a68826df2088d9f"
I20260608 10:01:21.723246 15906 tablet_service.cc:1917] Received RequestConsensusVote() RPC: tablet_id: "49b6cfca7a474d02b5cf8e2ab0b7332c" candidate_uuid: "386ee86848ad4edbb6c803cf9a3267ea" candidate_term: 2 candidate_status { last_received { term: 1 index: 1 } } ignore_live_leader: true dest_uuid: "108ace72b53a4226a214eda86ecd2c8d"
I20260608 10:01:21.723369 15755 raft_consensus.cc:3055] T 49b6cfca7a474d02b5cf8e2ab0b7332c P c67c5dc396e846819a68826df2088d9f [term 1 LEADER]: Stepping down as leader of term 1
I20260608 10:01:21.723917 15755 raft_consensus.cc:740] T 49b6cfca7a474d02b5cf8e2ab0b7332c P c67c5dc396e846819a68826df2088d9f [term 1 LEADER]: Becoming Follower/Learner. State: Replica: c67c5dc396e846819a68826df2088d9f, State: Running, Role: LEADER
I20260608 10:01:21.723878 15906 raft_consensus.cc:3060] T 49b6cfca7a474d02b5cf8e2ab0b7332c P 108ace72b53a4226a214eda86ecd2c8d [term 1 FOLLOWER]: Advancing to term 2
I20260608 10:01:21.724804 15755 consensus_queue.cc:260] T 49b6cfca7a474d02b5cf8e2ab0b7332c P c67c5dc396e846819a68826df2088d9f [NON_LEADER]: Queue going to NON_LEADER mode. State: All replicated index: 0, Majority replicated index: 1, Committed index: 1, Last appended: 1.1, Last appended by leader: 1, Current term: 1, Majority size: -1, State: 0, Mode: NON_LEADER, active raft config: opid_index: -1 OBSOLETE_local: false peers { permanent_uuid: "c67c5dc396e846819a68826df2088d9f" member_type: VOTER last_known_addr { host: "127.12.120.65" port: 35885 } } peers { permanent_uuid: "386ee86848ad4edbb6c803cf9a3267ea" member_type: VOTER last_known_addr { host: "127.12.120.66" port: 35553 } } peers { permanent_uuid: "108ace72b53a4226a214eda86ecd2c8d" member_type: VOTER last_known_addr { host: "127.12.120.67" port: 37761 } }
I20260608 10:01:21.725782 15755 raft_consensus.cc:3060] T 49b6cfca7a474d02b5cf8e2ab0b7332c P c67c5dc396e846819a68826df2088d9f [term 1 FOLLOWER]: Advancing to term 2
I20260608 10:01:21.730027 15755 raft_consensus.cc:2468] T 49b6cfca7a474d02b5cf8e2ab0b7332c P c67c5dc396e846819a68826df2088d9f [term 2 FOLLOWER]: Leader election vote request: Granting yes vote for candidate 386ee86848ad4edbb6c803cf9a3267ea in term 2.
I20260608 10:01:21.731060 15794 leader_election.cc:304] T 49b6cfca7a474d02b5cf8e2ab0b7332c P 386ee86848ad4edbb6c803cf9a3267ea [CANDIDATE]: Term 2 election: Election decided. Result: candidate won. Election summary: received 2 responses out of 3 voters: 2 yes votes; 0 no votes. yes voters: 386ee86848ad4edbb6c803cf9a3267ea, c67c5dc396e846819a68826df2088d9f; no voters: 
I20260608 10:01:21.731233 15906 raft_consensus.cc:2468] T 49b6cfca7a474d02b5cf8e2ab0b7332c P 108ace72b53a4226a214eda86ecd2c8d [term 2 FOLLOWER]: Leader election vote request: Granting yes vote for candidate 386ee86848ad4edbb6c803cf9a3267ea in term 2.
I20260608 10:01:21.731849 16226 raft_consensus.cc:2804] T 49b6cfca7a474d02b5cf8e2ab0b7332c P 386ee86848ad4edbb6c803cf9a3267ea [term 2 FOLLOWER]: Leader election won for term 2
I20260608 10:01:21.732398 16226 raft_consensus.cc:697] T 49b6cfca7a474d02b5cf8e2ab0b7332c P 386ee86848ad4edbb6c803cf9a3267ea [term 2 LEADER]: Becoming Leader. State: Replica: 386ee86848ad4edbb6c803cf9a3267ea, State: Running, Role: LEADER
I20260608 10:01:21.733311 16226 consensus_queue.cc:237] T 49b6cfca7a474d02b5cf8e2ab0b7332c P 386ee86848ad4edbb6c803cf9a3267ea [LEADER]: Queue going to LEADER mode. State: All replicated index: 0, Majority replicated index: 1, Committed index: 1, Last appended: 1.1, Last appended by leader: 1, Current term: 2, Majority size: 2, State: 0, Mode: LEADER, active raft config: opid_index: -1 OBSOLETE_local: false peers { permanent_uuid: "c67c5dc396e846819a68826df2088d9f" member_type: VOTER last_known_addr { host: "127.12.120.65" port: 35885 } } peers { permanent_uuid: "386ee86848ad4edbb6c803cf9a3267ea" member_type: VOTER last_known_addr { host: "127.12.120.66" port: 35553 } } peers { permanent_uuid: "108ace72b53a4226a214eda86ecd2c8d" member_type: VOTER last_known_addr { host: "127.12.120.67" port: 37761 } }
I20260608 10:01:21.739923 16151 raft_consensus.cc:1064] T 83c4248a73924943a97c966fca29ed9a P c67c5dc396e846819a68826df2088d9f: attempting to promote NON_VOTER 3fccafdac63e4d76ae4b2eba6aa6785b to VOTER
I20260608 10:01:21.740865 15651 catalog_manager.cc:5696] T 49b6cfca7a474d02b5cf8e2ab0b7332c P 386ee86848ad4edbb6c803cf9a3267ea reported cstate change: term changed from 1 to 2, leader changed from c67c5dc396e846819a68826df2088d9f (127.12.120.65) to 386ee86848ad4edbb6c803cf9a3267ea (127.12.120.66). New cstate: current_term: 2 leader_uuid: "386ee86848ad4edbb6c803cf9a3267ea" committed_config { opid_index: -1 OBSOLETE_local: false peers { permanent_uuid: "c67c5dc396e846819a68826df2088d9f" member_type: VOTER last_known_addr { host: "127.12.120.65" port: 35885 } health_report { overall_health: UNKNOWN } } peers { permanent_uuid: "386ee86848ad4edbb6c803cf9a3267ea" member_type: VOTER last_known_addr { host: "127.12.120.66" port: 35553 } health_report { overall_health: HEALTHY } } peers { permanent_uuid: "108ace72b53a4226a214eda86ecd2c8d" member_type: VOTER last_known_addr { host: "127.12.120.67" port: 37761 } health_report { overall_health: UNKNOWN } } }
I20260608 10:01:21.742718 16151 consensus_queue.cc:237] T 83c4248a73924943a97c966fca29ed9a P c67c5dc396e846819a68826df2088d9f [LEADER]: Queue going to LEADER mode. State: All replicated index: 0, Majority replicated index: 2, Committed index: 2, Last appended: 1.2, Last appended by leader: 0, Current term: 1, Majority size: 3, State: 0, Mode: LEADER, active raft config: opid_index: 3 OBSOLETE_local: false peers { permanent_uuid: "c67c5dc396e846819a68826df2088d9f" member_type: VOTER last_known_addr { host: "127.12.120.65" port: 35885 } } peers { permanent_uuid: "386ee86848ad4edbb6c803cf9a3267ea" member_type: VOTER last_known_addr { host: "127.12.120.66" port: 35553 } } peers { permanent_uuid: "108ace72b53a4226a214eda86ecd2c8d" member_type: VOTER last_known_addr { host: "127.12.120.67" port: 37761 } attrs { replace: true } } peers { permanent_uuid: "3fccafdac63e4d76ae4b2eba6aa6785b" member_type: VOTER last_known_addr { host: "127.12.120.68" port: 36947 } attrs { promote: false } }
I20260608 10:01:21.752859 15906 raft_consensus.cc:1275] T 83c4248a73924943a97c966fca29ed9a P 108ace72b53a4226a214eda86ecd2c8d [term 1 FOLLOWER]: Refusing update from remote peer c67c5dc396e846819a68826df2088d9f: Log matching property violated. Preceding OpId in replica: term: 1 index: 2. Preceding OpId from leader: term: 1 index: 3. (index mismatch)
I20260608 10:01:21.753183 16078 raft_consensus.cc:1275] T 83c4248a73924943a97c966fca29ed9a P 3fccafdac63e4d76ae4b2eba6aa6785b [term 1 LEARNER]: Refusing update from remote peer c67c5dc396e846819a68826df2088d9f: Log matching property violated. Preceding OpId in replica: term: 1 index: 2. Preceding OpId from leader: term: 1 index: 3. (index mismatch)
I20260608 10:01:21.753893 15829 raft_consensus.cc:1275] T 83c4248a73924943a97c966fca29ed9a P 386ee86848ad4edbb6c803cf9a3267ea [term 1 FOLLOWER]: Refusing update from remote peer c67c5dc396e846819a68826df2088d9f: Log matching property violated. Preceding OpId in replica: term: 1 index: 2. Preceding OpId from leader: term: 1 index: 3. (index mismatch)
I20260608 10:01:21.754819 16151 consensus_queue.cc:1048] T 83c4248a73924943a97c966fca29ed9a P c67c5dc396e846819a68826df2088d9f [LEADER]: Connected to new peer: Peer: permanent_uuid: "108ace72b53a4226a214eda86ecd2c8d" member_type: VOTER last_known_addr { host: "127.12.120.67" port: 37761 } attrs { replace: true }, Status: LMP_MISMATCH, Last received: 0.0, Next index: 3, Last known committed idx: 2, Time since last communication: 0.000s
I20260608 10:01:21.755767 16229 consensus_queue.cc:1048] T 83c4248a73924943a97c966fca29ed9a P c67c5dc396e846819a68826df2088d9f [LEADER]: Connected to new peer: Peer: permanent_uuid: "3fccafdac63e4d76ae4b2eba6aa6785b" member_type: VOTER last_known_addr { host: "127.12.120.68" port: 36947 } attrs { promote: false }, Status: LMP_MISMATCH, Last received: 0.0, Next index: 3, Last known committed idx: 2, Time since last communication: 0.000s
I20260608 10:01:21.756723 16228 consensus_queue.cc:1048] T 83c4248a73924943a97c966fca29ed9a P c67c5dc396e846819a68826df2088d9f [LEADER]: Connected to new peer: Peer: permanent_uuid: "386ee86848ad4edbb6c803cf9a3267ea" member_type: VOTER last_known_addr { host: "127.12.120.66" port: 35553 }, Status: LMP_MISMATCH, Last received: 0.0, Next index: 3, Last known committed idx: 2, Time since last communication: 0.000s
I20260608 10:01:21.781592 16209 raft_consensus.cc:1064] T 84650df668a440ae8f4fb8b7e6b35ec5 P 386ee86848ad4edbb6c803cf9a3267ea: attempting to promote NON_VOTER 3fccafdac63e4d76ae4b2eba6aa6785b to VOTER
I20260608 10:01:21.784114 16209 consensus_queue.cc:237] T 84650df668a440ae8f4fb8b7e6b35ec5 P 386ee86848ad4edbb6c803cf9a3267ea [LEADER]: Queue going to LEADER mode. State: All replicated index: 0, Majority replicated index: 2, Committed index: 2, Last appended: 1.2, Last appended by leader: 0, Current term: 1, Majority size: 3, State: 0, Mode: LEADER, active raft config: opid_index: 3 OBSOLETE_local: false peers { permanent_uuid: "c67c5dc396e846819a68826df2088d9f" member_type: VOTER last_known_addr { host: "127.12.120.65" port: 35885 } attrs { replace: true } } peers { permanent_uuid: "386ee86848ad4edbb6c803cf9a3267ea" member_type: VOTER last_known_addr { host: "127.12.120.66" port: 35553 } } peers { permanent_uuid: "108ace72b53a4226a214eda86ecd2c8d" member_type: VOTER last_known_addr { host: "127.12.120.67" port: 37761 } } peers { permanent_uuid: "3fccafdac63e4d76ae4b2eba6aa6785b" member_type: VOTER last_known_addr { host: "127.12.120.68" port: 36947 } attrs { promote: false } }
I20260608 10:01:21.787427 16229 raft_consensus.cc:2955] T 83c4248a73924943a97c966fca29ed9a P c67c5dc396e846819a68826df2088d9f [term 1 LEADER]: Committing config change with OpId 1.3: config changed from index 2 to 3, 3fccafdac63e4d76ae4b2eba6aa6785b (127.12.120.68) changed from NON_VOTER to VOTER. New config: { opid_index: 3 OBSOLETE_local: false peers { permanent_uuid: "c67c5dc396e846819a68826df2088d9f" member_type: VOTER last_known_addr { host: "127.12.120.65" port: 35885 } } peers { permanent_uuid: "386ee86848ad4edbb6c803cf9a3267ea" member_type: VOTER last_known_addr { host: "127.12.120.66" port: 35553 } } peers { permanent_uuid: "108ace72b53a4226a214eda86ecd2c8d" member_type: VOTER last_known_addr { host: "127.12.120.67" port: 37761 } attrs { replace: true } } peers { permanent_uuid: "3fccafdac63e4d76ae4b2eba6aa6785b" member_type: VOTER last_known_addr { host: "127.12.120.68" port: 36947 } attrs { promote: false } } }
I20260608 10:01:21.790465 15829 raft_consensus.cc:2955] T 83c4248a73924943a97c966fca29ed9a P 386ee86848ad4edbb6c803cf9a3267ea [term 1 FOLLOWER]: Committing config change with OpId 1.3: config changed from index 2 to 3, 3fccafdac63e4d76ae4b2eba6aa6785b (127.12.120.68) changed from NON_VOTER to VOTER. New config: { opid_index: 3 OBSOLETE_local: false peers { permanent_uuid: "c67c5dc396e846819a68826df2088d9f" member_type: VOTER last_known_addr { host: "127.12.120.65" port: 35885 } } peers { permanent_uuid: "386ee86848ad4edbb6c803cf9a3267ea" member_type: VOTER last_known_addr { host: "127.12.120.66" port: 35553 } } peers { permanent_uuid: "108ace72b53a4226a214eda86ecd2c8d" member_type: VOTER last_known_addr { host: "127.12.120.67" port: 37761 } attrs { replace: true } } peers { permanent_uuid: "3fccafdac63e4d76ae4b2eba6aa6785b" member_type: VOTER last_known_addr { host: "127.12.120.68" port: 36947 } attrs { promote: false } } }
I20260608 10:01:21.799101 16077 raft_consensus.cc:1275] T 84650df668a440ae8f4fb8b7e6b35ec5 P 3fccafdac63e4d76ae4b2eba6aa6785b [term 1 LEARNER]: Refusing update from remote peer 386ee86848ad4edbb6c803cf9a3267ea: Log matching property violated. Preceding OpId in replica: term: 1 index: 2. Preceding OpId from leader: term: 1 index: 3. (index mismatch)
I20260608 10:01:21.799698 15906 raft_consensus.cc:1275] T 84650df668a440ae8f4fb8b7e6b35ec5 P 108ace72b53a4226a214eda86ecd2c8d [term 1 FOLLOWER]: Refusing update from remote peer 386ee86848ad4edbb6c803cf9a3267ea: Log matching property violated. Preceding OpId in replica: term: 1 index: 2. Preceding OpId from leader: term: 1 index: 3. (index mismatch)
I20260608 10:01:21.802012 16226 consensus_queue.cc:1048] T 84650df668a440ae8f4fb8b7e6b35ec5 P 386ee86848ad4edbb6c803cf9a3267ea [LEADER]: Connected to new peer: Peer: permanent_uuid: "3fccafdac63e4d76ae4b2eba6aa6785b" member_type: VOTER last_known_addr { host: "127.12.120.68" port: 36947 } attrs { promote: false }, Status: LMP_MISMATCH, Last received: 0.0, Next index: 3, Last known committed idx: 2, Time since last communication: 0.000s
I20260608 10:01:21.802721 16221 raft_consensus.cc:993] T 8a65c27884bb4d35b14d96ed55a22530 P 108ace72b53a4226a214eda86ecd2c8d: : Instructing follower 3fccafdac63e4d76ae4b2eba6aa6785b to start an election
I20260608 10:01:21.803231 16221 raft_consensus.cc:1081] T 8a65c27884bb4d35b14d96ed55a22530 P 108ace72b53a4226a214eda86ecd2c8d [term 1 LEADER]: Signalling peer 3fccafdac63e4d76ae4b2eba6aa6785b to start an election
I20260608 10:01:21.802611 15906 raft_consensus.cc:2955] T 83c4248a73924943a97c966fca29ed9a P 108ace72b53a4226a214eda86ecd2c8d [term 1 FOLLOWER]: Committing config change with OpId 1.3: config changed from index 2 to 3, 3fccafdac63e4d76ae4b2eba6aa6785b (127.12.120.68) changed from NON_VOTER to VOTER. New config: { opid_index: 3 OBSOLETE_local: false peers { permanent_uuid: "c67c5dc396e846819a68826df2088d9f" member_type: VOTER last_known_addr { host: "127.12.120.65" port: 35885 } } peers { permanent_uuid: "386ee86848ad4edbb6c803cf9a3267ea" member_type: VOTER last_known_addr { host: "127.12.120.66" port: 35553 } } peers { permanent_uuid: "108ace72b53a4226a214eda86ecd2c8d" member_type: VOTER last_known_addr { host: "127.12.120.67" port: 37761 } attrs { replace: true } } peers { permanent_uuid: "3fccafdac63e4d76ae4b2eba6aa6785b" member_type: VOTER last_known_addr { host: "127.12.120.68" port: 36947 } attrs { promote: false } } }
I20260608 10:01:21.804029 16226 consensus_queue.cc:1048] T 84650df668a440ae8f4fb8b7e6b35ec5 P 386ee86848ad4edbb6c803cf9a3267ea [LEADER]: Connected to new peer: Peer: permanent_uuid: "108ace72b53a4226a214eda86ecd2c8d" member_type: VOTER last_known_addr { host: "127.12.120.67" port: 37761 }, Status: LMP_MISMATCH, Last received: 0.0, Next index: 3, Last known committed idx: 2, Time since last communication: 0.000s
I20260608 10:01:21.805099 16078 tablet_service.cc:2044] Received Run Leader Election RPC: tablet_id: "8a65c27884bb4d35b14d96ed55a22530"
dest_uuid: "3fccafdac63e4d76ae4b2eba6aa6785b"
 from {username='slave'} at 127.0.0.1:35088
I20260608 10:01:21.805668 16078 raft_consensus.cc:493] T 8a65c27884bb4d35b14d96ed55a22530 P 3fccafdac63e4d76ae4b2eba6aa6785b [term 1 FOLLOWER]: Starting forced leader election (received explicit request)
I20260608 10:01:21.806057 16078 raft_consensus.cc:3060] T 8a65c27884bb4d35b14d96ed55a22530 P 3fccafdac63e4d76ae4b2eba6aa6785b [term 1 FOLLOWER]: Advancing to term 2
I20260608 10:01:21.816813 16076 raft_consensus.cc:2955] T 83c4248a73924943a97c966fca29ed9a P 3fccafdac63e4d76ae4b2eba6aa6785b [term 1 FOLLOWER]: Committing config change with OpId 1.3: config changed from index 2 to 3, 3fccafdac63e4d76ae4b2eba6aa6785b (127.12.120.68) changed from NON_VOTER to VOTER. New config: { opid_index: 3 OBSOLETE_local: false peers { permanent_uuid: "c67c5dc396e846819a68826df2088d9f" member_type: VOTER last_known_addr { host: "127.12.120.65" port: 35885 } } peers { permanent_uuid: "386ee86848ad4edbb6c803cf9a3267ea" member_type: VOTER last_known_addr { host: "127.12.120.66" port: 35553 } } peers { permanent_uuid: "108ace72b53a4226a214eda86ecd2c8d" member_type: VOTER last_known_addr { host: "127.12.120.67" port: 37761 } attrs { replace: true } } peers { permanent_uuid: "3fccafdac63e4d76ae4b2eba6aa6785b" member_type: VOTER last_known_addr { host: "127.12.120.68" port: 36947 } attrs { promote: false } } }
I20260608 10:01:21.820192 15651 catalog_manager.cc:5696] T 83c4248a73924943a97c966fca29ed9a P 108ace72b53a4226a214eda86ecd2c8d reported cstate change: config changed from index 2 to 3, 3fccafdac63e4d76ae4b2eba6aa6785b (127.12.120.68) changed from NON_VOTER to VOTER. New cstate: current_term: 1 leader_uuid: "c67c5dc396e846819a68826df2088d9f" committed_config { opid_index: 3 OBSOLETE_local: false peers { permanent_uuid: "c67c5dc396e846819a68826df2088d9f" member_type: VOTER last_known_addr { host: "127.12.120.65" port: 35885 } } peers { permanent_uuid: "386ee86848ad4edbb6c803cf9a3267ea" member_type: VOTER last_known_addr { host: "127.12.120.66" port: 35553 } } peers { permanent_uuid: "108ace72b53a4226a214eda86ecd2c8d" member_type: VOTER last_known_addr { host: "127.12.120.67" port: 37761 } attrs { replace: true } } peers { permanent_uuid: "3fccafdac63e4d76ae4b2eba6aa6785b" member_type: VOTER last_known_addr { host: "127.12.120.68" port: 36947 } attrs { promote: false } } }
I20260608 10:01:21.836688 16078 raft_consensus.cc:515] T 8a65c27884bb4d35b14d96ed55a22530 P 3fccafdac63e4d76ae4b2eba6aa6785b [term 2 FOLLOWER]: Starting forced leader election with config: opid_index: -1 OBSOLETE_local: false peers { permanent_uuid: "386ee86848ad4edbb6c803cf9a3267ea" member_type: VOTER last_known_addr { host: "127.12.120.66" port: 35553 } } peers { permanent_uuid: "3fccafdac63e4d76ae4b2eba6aa6785b" member_type: VOTER last_known_addr { host: "127.12.120.68" port: 36947 } } peers { permanent_uuid: "108ace72b53a4226a214eda86ecd2c8d" member_type: VOTER last_known_addr { host: "127.12.120.67" port: 37761 } }
I20260608 10:01:21.841595 16078 leader_election.cc:290] T 8a65c27884bb4d35b14d96ed55a22530 P 3fccafdac63e4d76ae4b2eba6aa6785b [CANDIDATE]: Term 2 election: Requested vote from peers 386ee86848ad4edbb6c803cf9a3267ea (127.12.120.66:35553), 108ace72b53a4226a214eda86ecd2c8d (127.12.120.67:37761)
I20260608 10:01:21.843626 15755 raft_consensus.cc:1275] T 84650df668a440ae8f4fb8b7e6b35ec5 P c67c5dc396e846819a68826df2088d9f [term 1 FOLLOWER]: Refusing update from remote peer 386ee86848ad4edbb6c803cf9a3267ea: Log matching property violated. Preceding OpId in replica: term: 1 index: 2. Preceding OpId from leader: term: 1 index: 3. (index mismatch)
I20260608 10:01:21.843953 15829 tablet_service.cc:1917] Received RequestConsensusVote() RPC: tablet_id: "8a65c27884bb4d35b14d96ed55a22530" candidate_uuid: "3fccafdac63e4d76ae4b2eba6aa6785b" candidate_term: 2 candidate_status { last_received { term: 1 index: 1 } } ignore_live_leader: true dest_uuid: "386ee86848ad4edbb6c803cf9a3267ea"
I20260608 10:01:21.844518 15829 raft_consensus.cc:3060] T 8a65c27884bb4d35b14d96ed55a22530 P 386ee86848ad4edbb6c803cf9a3267ea [term 1 FOLLOWER]: Advancing to term 2
I20260608 10:01:21.844890 15906 tablet_service.cc:1917] Received RequestConsensusVote() RPC: tablet_id: "8a65c27884bb4d35b14d96ed55a22530" candidate_uuid: "3fccafdac63e4d76ae4b2eba6aa6785b" candidate_term: 2 candidate_status { last_received { term: 1 index: 1 } } ignore_live_leader: true dest_uuid: "108ace72b53a4226a214eda86ecd2c8d"
I20260608 10:01:21.845497 15906 raft_consensus.cc:3055] T 8a65c27884bb4d35b14d96ed55a22530 P 108ace72b53a4226a214eda86ecd2c8d [term 1 LEADER]: Stepping down as leader of term 1
I20260608 10:01:21.845803 15906 raft_consensus.cc:740] T 8a65c27884bb4d35b14d96ed55a22530 P 108ace72b53a4226a214eda86ecd2c8d [term 1 LEADER]: Becoming Follower/Learner. State: Replica: 108ace72b53a4226a214eda86ecd2c8d, State: Running, Role: LEADER
I20260608 10:01:21.846591 15906 consensus_queue.cc:260] T 8a65c27884bb4d35b14d96ed55a22530 P 108ace72b53a4226a214eda86ecd2c8d [NON_LEADER]: Queue going to NON_LEADER mode. State: All replicated index: 0, Majority replicated index: 1, Committed index: 1, Last appended: 1.1, Last appended by leader: 1, Current term: 1, Majority size: -1, State: 0, Mode: NON_LEADER, active raft config: opid_index: -1 OBSOLETE_local: false peers { permanent_uuid: "386ee86848ad4edbb6c803cf9a3267ea" member_type: VOTER last_known_addr { host: "127.12.120.66" port: 35553 } } peers { permanent_uuid: "3fccafdac63e4d76ae4b2eba6aa6785b" member_type: VOTER last_known_addr { host: "127.12.120.68" port: 36947 } } peers { permanent_uuid: "108ace72b53a4226a214eda86ecd2c8d" member_type: VOTER last_known_addr { host: "127.12.120.67" port: 37761 } }
I20260608 10:01:21.848040 15906 raft_consensus.cc:3060] T 8a65c27884bb4d35b14d96ed55a22530 P 108ace72b53a4226a214eda86ecd2c8d [term 1 FOLLOWER]: Advancing to term 2
I20260608 10:01:21.852429 15829 raft_consensus.cc:2468] T 8a65c27884bb4d35b14d96ed55a22530 P 386ee86848ad4edbb6c803cf9a3267ea [term 2 FOLLOWER]: Leader election vote request: Granting yes vote for candidate 3fccafdac63e4d76ae4b2eba6aa6785b in term 2.
I20260608 10:01:21.854008 16027 leader_election.cc:304] T 8a65c27884bb4d35b14d96ed55a22530 P 3fccafdac63e4d76ae4b2eba6aa6785b [CANDIDATE]: Term 2 election: Election decided. Result: candidate won. Election summary: received 2 responses out of 3 voters: 2 yes votes; 0 no votes. yes voters: 386ee86848ad4edbb6c803cf9a3267ea, 3fccafdac63e4d76ae4b2eba6aa6785b; no voters: 
I20260608 10:01:21.855353 15906 raft_consensus.cc:2468] T 8a65c27884bb4d35b14d96ed55a22530 P 108ace72b53a4226a214eda86ecd2c8d [term 2 FOLLOWER]: Leader election vote request: Granting yes vote for candidate 3fccafdac63e4d76ae4b2eba6aa6785b in term 2.
I20260608 10:01:21.855613 16186 raft_consensus.cc:2804] T 8a65c27884bb4d35b14d96ed55a22530 P 3fccafdac63e4d76ae4b2eba6aa6785b [term 2 FOLLOWER]: Leader election won for term 2
I20260608 10:01:21.858794 16186 raft_consensus.cc:697] T 8a65c27884bb4d35b14d96ed55a22530 P 3fccafdac63e4d76ae4b2eba6aa6785b [term 2 LEADER]: Becoming Leader. State: Replica: 3fccafdac63e4d76ae4b2eba6aa6785b, State: Running, Role: LEADER
I20260608 10:01:21.859432 16246 consensus_queue.cc:1048] T 84650df668a440ae8f4fb8b7e6b35ec5 P 386ee86848ad4edbb6c803cf9a3267ea [LEADER]: Connected to new peer: Peer: permanent_uuid: "c67c5dc396e846819a68826df2088d9f" member_type: VOTER last_known_addr { host: "127.12.120.65" port: 35885 } attrs { replace: true }, Status: LMP_MISMATCH, Last received: 0.0, Next index: 3, Last known committed idx: 2, Time since last communication: 0.001s
I20260608 10:01:21.859747 15755 consensus_queue.cc:237] T 83c4248a73924943a97c966fca29ed9a P c67c5dc396e846819a68826df2088d9f [LEADER]: Queue going to LEADER mode. State: All replicated index: 0, Majority replicated index: 3, Committed index: 3, Last appended: 1.3, Last appended by leader: 0, Current term: 1, Majority size: 2, State: 0, Mode: LEADER, active raft config: opid_index: 4 OBSOLETE_local: false peers { permanent_uuid: "c67c5dc396e846819a68826df2088d9f" member_type: VOTER last_known_addr { host: "127.12.120.65" port: 35885 } } peers { permanent_uuid: "386ee86848ad4edbb6c803cf9a3267ea" member_type: VOTER last_known_addr { host: "127.12.120.66" port: 35553 } } peers { permanent_uuid: "3fccafdac63e4d76ae4b2eba6aa6785b" member_type: VOTER last_known_addr { host: "127.12.120.68" port: 36947 } attrs { promote: false } }
I20260608 10:01:21.859751 16186 consensus_queue.cc:237] T 8a65c27884bb4d35b14d96ed55a22530 P 3fccafdac63e4d76ae4b2eba6aa6785b [LEADER]: Queue going to LEADER mode. State: All replicated index: 0, Majority replicated index: 1, Committed index: 1, Last appended: 1.1, Last appended by leader: 1, Current term: 2, Majority size: 2, State: 0, Mode: LEADER, active raft config: opid_index: -1 OBSOLETE_local: false peers { permanent_uuid: "386ee86848ad4edbb6c803cf9a3267ea" member_type: VOTER last_known_addr { host: "127.12.120.66" port: 35553 } } peers { permanent_uuid: "3fccafdac63e4d76ae4b2eba6aa6785b" member_type: VOTER last_known_addr { host: "127.12.120.68" port: 36947 } } peers { permanent_uuid: "108ace72b53a4226a214eda86ecd2c8d" member_type: VOTER last_known_addr { host: "127.12.120.67" port: 37761 } }
I20260608 10:01:21.870401 16078 raft_consensus.cc:1275] T 83c4248a73924943a97c966fca29ed9a P 3fccafdac63e4d76ae4b2eba6aa6785b [term 1 FOLLOWER]: Refusing update from remote peer c67c5dc396e846819a68826df2088d9f: Log matching property violated. Preceding OpId in replica: term: 1 index: 3. Preceding OpId from leader: term: 1 index: 4. (index mismatch)
I20260608 10:01:21.870661 15829 raft_consensus.cc:1275] T 83c4248a73924943a97c966fca29ed9a P 386ee86848ad4edbb6c803cf9a3267ea [term 1 FOLLOWER]: Refusing update from remote peer c67c5dc396e846819a68826df2088d9f: Log matching property violated. Preceding OpId in replica: term: 1 index: 3. Preceding OpId from leader: term: 1 index: 4. (index mismatch)
I20260608 10:01:21.872378 16151 consensus_queue.cc:1048] T 83c4248a73924943a97c966fca29ed9a P c67c5dc396e846819a68826df2088d9f [LEADER]: Connected to new peer: Peer: permanent_uuid: "3fccafdac63e4d76ae4b2eba6aa6785b" member_type: VOTER last_known_addr { host: "127.12.120.68" port: 36947 } attrs { promote: false }, Status: LMP_MISMATCH, Last received: 0.0, Next index: 4, Last known committed idx: 3, Time since last communication: 0.000s
I20260608 10:01:21.880431 16229 consensus_queue.cc:1048] T 83c4248a73924943a97c966fca29ed9a P c67c5dc396e846819a68826df2088d9f [LEADER]: Connected to new peer: Peer: permanent_uuid: "386ee86848ad4edbb6c803cf9a3267ea" member_type: VOTER last_known_addr { host: "127.12.120.66" port: 35553 }, Status: LMP_MISMATCH, Last received: 0.0, Next index: 4, Last known committed idx: 3, Time since last communication: 0.001s
I20260608 10:01:21.885425 16228 raft_consensus.cc:2955] T 83c4248a73924943a97c966fca29ed9a P c67c5dc396e846819a68826df2088d9f [term 1 LEADER]: Committing config change with OpId 1.4: config changed from index 3 to 4, VOTER 108ace72b53a4226a214eda86ecd2c8d (127.12.120.67) evicted. New config: { opid_index: 4 OBSOLETE_local: false peers { permanent_uuid: "c67c5dc396e846819a68826df2088d9f" member_type: VOTER last_known_addr { host: "127.12.120.65" port: 35885 } } peers { permanent_uuid: "386ee86848ad4edbb6c803cf9a3267ea" member_type: VOTER last_known_addr { host: "127.12.120.66" port: 35553 } } peers { permanent_uuid: "3fccafdac63e4d76ae4b2eba6aa6785b" member_type: VOTER last_known_addr { host: "127.12.120.68" port: 36947 } attrs { promote: false } } }
I20260608 10:01:21.888717 15904 raft_consensus.cc:1275] T 4134ca778c314af7917bced578788625 P 108ace72b53a4226a214eda86ecd2c8d [term 2 FOLLOWER]: Refusing update from remote peer 386ee86848ad4edbb6c803cf9a3267ea: Log matching property violated. Preceding OpId in replica: term: 1 index: 2. Preceding OpId from leader: term: 2 index: 3. (index mismatch)
I20260608 10:01:21.891763 16246 consensus_queue.cc:1048] T 4134ca778c314af7917bced578788625 P 386ee86848ad4edbb6c803cf9a3267ea [LEADER]: Connected to new peer: Peer: permanent_uuid: "108ace72b53a4226a214eda86ecd2c8d" member_type: VOTER last_known_addr { host: "127.12.120.67" port: 37761 }, Status: LMP_MISMATCH, Last received: 0.0, Next index: 3, Last known committed idx: 2, Time since last communication: 0.001s
I20260608 10:01:21.893728 16078 raft_consensus.cc:2955] T 83c4248a73924943a97c966fca29ed9a P 3fccafdac63e4d76ae4b2eba6aa6785b [term 1 FOLLOWER]: Committing config change with OpId 1.4: config changed from index 3 to 4, VOTER 108ace72b53a4226a214eda86ecd2c8d (127.12.120.67) evicted. New config: { opid_index: 4 OBSOLETE_local: false peers { permanent_uuid: "c67c5dc396e846819a68826df2088d9f" member_type: VOTER last_known_addr { host: "127.12.120.65" port: 35885 } } peers { permanent_uuid: "386ee86848ad4edbb6c803cf9a3267ea" member_type: VOTER last_known_addr { host: "127.12.120.66" port: 35553 } } peers { permanent_uuid: "3fccafdac63e4d76ae4b2eba6aa6785b" member_type: VOTER last_known_addr { host: "127.12.120.68" port: 36947 } attrs { promote: false } } }
I20260608 10:01:21.908757 15647 catalog_manager.cc:5696] T 8a65c27884bb4d35b14d96ed55a22530 P 3fccafdac63e4d76ae4b2eba6aa6785b reported cstate change: term changed from 1 to 2, leader changed from 108ace72b53a4226a214eda86ecd2c8d (127.12.120.67) to 3fccafdac63e4d76ae4b2eba6aa6785b (127.12.120.68). New cstate: current_term: 2 leader_uuid: "3fccafdac63e4d76ae4b2eba6aa6785b" committed_config { opid_index: -1 OBSOLETE_local: false peers { permanent_uuid: "386ee86848ad4edbb6c803cf9a3267ea" member_type: VOTER last_known_addr { host: "127.12.120.66" port: 35553 } health_report { overall_health: UNKNOWN } } peers { permanent_uuid: "3fccafdac63e4d76ae4b2eba6aa6785b" member_type: VOTER last_known_addr { host: "127.12.120.68" port: 36947 } health_report { overall_health: HEALTHY } } peers { permanent_uuid: "108ace72b53a4226a214eda86ecd2c8d" member_type: VOTER last_known_addr { host: "127.12.120.67" port: 37761 } health_report { overall_health: UNKNOWN } } }
I20260608 10:01:21.927323 15753 raft_consensus.cc:1275] T 4134ca778c314af7917bced578788625 P c67c5dc396e846819a68826df2088d9f [term 2 FOLLOWER]: Refusing update from remote peer 386ee86848ad4edbb6c803cf9a3267ea: Log matching property violated. Preceding OpId in replica: term: 1 index: 2. Preceding OpId from leader: term: 2 index: 3. (index mismatch)
I20260608 10:01:21.935026 15831 raft_consensus.cc:2955] T 83c4248a73924943a97c966fca29ed9a P 386ee86848ad4edbb6c803cf9a3267ea [term 1 FOLLOWER]: Committing config change with OpId 1.4: config changed from index 3 to 4, VOTER 108ace72b53a4226a214eda86ecd2c8d (127.12.120.67) evicted. New config: { opid_index: 4 OBSOLETE_local: false peers { permanent_uuid: "c67c5dc396e846819a68826df2088d9f" member_type: VOTER last_known_addr { host: "127.12.120.65" port: 35885 } } peers { permanent_uuid: "386ee86848ad4edbb6c803cf9a3267ea" member_type: VOTER last_known_addr { host: "127.12.120.66" port: 35553 } } peers { permanent_uuid: "3fccafdac63e4d76ae4b2eba6aa6785b" member_type: VOTER last_known_addr { host: "127.12.120.68" port: 36947 } attrs { promote: false } } }
I20260608 10:01:21.939677 15647 catalog_manager.cc:5696] T 83c4248a73924943a97c966fca29ed9a P 3fccafdac63e4d76ae4b2eba6aa6785b reported cstate change: config changed from index 3 to 4, VOTER 108ace72b53a4226a214eda86ecd2c8d (127.12.120.67) evicted. New cstate: current_term: 1 leader_uuid: "c67c5dc396e846819a68826df2088d9f" committed_config { opid_index: 4 OBSOLETE_local: false peers { permanent_uuid: "c67c5dc396e846819a68826df2088d9f" member_type: VOTER last_known_addr { host: "127.12.120.65" port: 35885 } } peers { permanent_uuid: "386ee86848ad4edbb6c803cf9a3267ea" member_type: VOTER last_known_addr { host: "127.12.120.66" port: 35553 } } peers { permanent_uuid: "3fccafdac63e4d76ae4b2eba6aa6785b" member_type: VOTER last_known_addr { host: "127.12.120.68" port: 36947 } attrs { promote: false } } }
I20260608 10:01:21.946014 15637 catalog_manager.cc:5209] ChangeConfig:REMOVE_PEER RPC for tablet 83c4248a73924943a97c966fca29ed9a with cas_config_opid_index 3: ChangeConfig:REMOVE_PEER succeeded (attempt 1)
I20260608 10:01:21.948230 16226 raft_consensus.cc:2955] T 84650df668a440ae8f4fb8b7e6b35ec5 P 386ee86848ad4edbb6c803cf9a3267ea [term 1 LEADER]: Committing config change with OpId 1.3: config changed from index 2 to 3, 3fccafdac63e4d76ae4b2eba6aa6785b (127.12.120.68) changed from NON_VOTER to VOTER. New config: { opid_index: 3 OBSOLETE_local: false peers { permanent_uuid: "c67c5dc396e846819a68826df2088d9f" member_type: VOTER last_known_addr { host: "127.12.120.65" port: 35885 } attrs { replace: true } } peers { permanent_uuid: "386ee86848ad4edbb6c803cf9a3267ea" member_type: VOTER last_known_addr { host: "127.12.120.66" port: 35553 } } peers { permanent_uuid: "108ace72b53a4226a214eda86ecd2c8d" member_type: VOTER last_known_addr { host: "127.12.120.67" port: 37761 } } peers { permanent_uuid: "3fccafdac63e4d76ae4b2eba6aa6785b" member_type: VOTER last_known_addr { host: "127.12.120.68" port: 36947 } attrs { promote: false } } }
I20260608 10:01:21.954821 15892 tablet_service.cc:1558] Processing DeleteTablet for tablet 83c4248a73924943a97c966fca29ed9a with delete_type TABLET_DATA_TOMBSTONED (TS 108ace72b53a4226a214eda86ecd2c8d not found in new config with opid_index 4) from {username='slave'} at 127.0.0.1:52024
I20260608 10:01:21.958021 16253 tablet_replica.cc:333] T 83c4248a73924943a97c966fca29ed9a P 108ace72b53a4226a214eda86ecd2c8d: stopping tablet replica
I20260608 10:01:21.959102 16253 raft_consensus.cc:2243] T 83c4248a73924943a97c966fca29ed9a P 108ace72b53a4226a214eda86ecd2c8d [term 1 FOLLOWER]: Raft consensus shutting down.
I20260608 10:01:21.959194 16078 raft_consensus.cc:3060] T 4134ca778c314af7917bced578788625 P 3fccafdac63e4d76ae4b2eba6aa6785b [term 1 LEARNER]: Advancing to term 2
I20260608 10:01:21.960036 16253 raft_consensus.cc:2272] T 83c4248a73924943a97c966fca29ed9a P 108ace72b53a4226a214eda86ecd2c8d [term 1 FOLLOWER]: Raft consensus is shut down!
I20260608 10:01:21.963732 16253 ts_tablet_manager.cc:1916] T 83c4248a73924943a97c966fca29ed9a P 108ace72b53a4226a214eda86ecd2c8d: Deleting tablet data with delete state TABLET_DATA_TOMBSTONED
I20260608 10:01:21.966534 16078 raft_consensus.cc:1275] T 4134ca778c314af7917bced578788625 P 3fccafdac63e4d76ae4b2eba6aa6785b [term 2 LEARNER]: Refusing update from remote peer 386ee86848ad4edbb6c803cf9a3267ea: Log matching property violated. Preceding OpId in replica: term: 1 index: 2. Preceding OpId from leader: term: 2 index: 3. (index mismatch)
I20260608 10:01:21.968240 16246 consensus_queue.cc:1048] T 4134ca778c314af7917bced578788625 P 386ee86848ad4edbb6c803cf9a3267ea [LEADER]: Connected to new peer: Peer: permanent_uuid: "3fccafdac63e4d76ae4b2eba6aa6785b" member_type: NON_VOTER last_known_addr { host: "127.12.120.68" port: 36947 } attrs { promote: true }, Status: LMP_MISMATCH, Last received: 0.0, Next index: 3, Last known committed idx: 2, Time since last communication: 0.000s
I20260608 10:01:21.983244 16253 ts_tablet_manager.cc:1929] T 83c4248a73924943a97c966fca29ed9a P 108ace72b53a4226a214eda86ecd2c8d: tablet deleted with delete type TABLET_DATA_TOMBSTONED: last-logged OpId 1.3
I20260608 10:01:21.983815 16253 log.cc:1199] T 83c4248a73924943a97c966fca29ed9a P 108ace72b53a4226a214eda86ecd2c8d: Deleting WAL directory at /tmp/dist-test-taskv8lwJN/test-tmp/auto_rebalancer-test.0.AutoRebalancerTest.RangeAwareRebalancesNewRangeReplicas.1780912799673456-12769-0/minicluster-data/ts-2-root/wals/83c4248a73924943a97c966fca29ed9a
I20260608 10:01:21.985716 15637 catalog_manager.cc:5027] TS 108ace72b53a4226a214eda86ecd2c8d (127.12.120.67:37761): tablet 83c4248a73924943a97c966fca29ed9a (table range_aware_rebalance_new_range [id=76044dafb114468d84c5444191082661]) successfully deleted
I20260608 10:01:21.990378 16246 consensus_queue.cc:1048] T 4134ca778c314af7917bced578788625 P 386ee86848ad4edbb6c803cf9a3267ea [LEADER]: Connected to new peer: Peer: permanent_uuid: "c67c5dc396e846819a68826df2088d9f" member_type: VOTER last_known_addr { host: "127.12.120.65" port: 35885 } attrs { replace: true }, Status: LMP_MISMATCH, Last received: 0.0, Next index: 3, Last known committed idx: 2, Time since last communication: 0.001s
I20260608 10:01:21.999040 16209 raft_consensus.cc:1064] T 4134ca778c314af7917bced578788625 P 386ee86848ad4edbb6c803cf9a3267ea: attempting to promote NON_VOTER 3fccafdac63e4d76ae4b2eba6aa6785b to VOTER
I20260608 10:01:22.002398 16075 raft_consensus.cc:2955] T 84650df668a440ae8f4fb8b7e6b35ec5 P 3fccafdac63e4d76ae4b2eba6aa6785b [term 1 FOLLOWER]: Committing config change with OpId 1.3: config changed from index 2 to 3, 3fccafdac63e4d76ae4b2eba6aa6785b (127.12.120.68) changed from NON_VOTER to VOTER. New config: { opid_index: 3 OBSOLETE_local: false peers { permanent_uuid: "c67c5dc396e846819a68826df2088d9f" member_type: VOTER last_known_addr { host: "127.12.120.65" port: 35885 } attrs { replace: true } } peers { permanent_uuid: "386ee86848ad4edbb6c803cf9a3267ea" member_type: VOTER last_known_addr { host: "127.12.120.66" port: 35553 } } peers { permanent_uuid: "108ace72b53a4226a214eda86ecd2c8d" member_type: VOTER last_known_addr { host: "127.12.120.67" port: 37761 } } peers { permanent_uuid: "3fccafdac63e4d76ae4b2eba6aa6785b" member_type: VOTER last_known_addr { host: "127.12.120.68" port: 36947 } attrs { promote: false } } }
I20260608 10:01:22.002352 16209 consensus_queue.cc:237] T 4134ca778c314af7917bced578788625 P 386ee86848ad4edbb6c803cf9a3267ea [LEADER]: Queue going to LEADER mode. State: All replicated index: 0, Majority replicated index: 3, Committed index: 3, Last appended: 2.3, Last appended by leader: 2, Current term: 2, Majority size: 3, State: 0, Mode: LEADER, active raft config: opid_index: 4 OBSOLETE_local: false peers { permanent_uuid: "c67c5dc396e846819a68826df2088d9f" member_type: VOTER last_known_addr { host: "127.12.120.65" port: 35885 } attrs { replace: true } } peers { permanent_uuid: "386ee86848ad4edbb6c803cf9a3267ea" member_type: VOTER last_known_addr { host: "127.12.120.66" port: 35553 } } peers { permanent_uuid: "108ace72b53a4226a214eda86ecd2c8d" member_type: VOTER last_known_addr { host: "127.12.120.67" port: 37761 } } peers { permanent_uuid: "3fccafdac63e4d76ae4b2eba6aa6785b" member_type: VOTER last_known_addr { host: "127.12.120.68" port: 36947 } attrs { promote: false } }
I20260608 10:01:22.021729 15753 raft_consensus.cc:2955] T 84650df668a440ae8f4fb8b7e6b35ec5 P c67c5dc396e846819a68826df2088d9f [term 1 FOLLOWER]: Committing config change with OpId 1.3: config changed from index 2 to 3, 3fccafdac63e4d76ae4b2eba6aa6785b (127.12.120.68) changed from NON_VOTER to VOTER. New config: { opid_index: 3 OBSOLETE_local: false peers { permanent_uuid: "c67c5dc396e846819a68826df2088d9f" member_type: VOTER last_known_addr { host: "127.12.120.65" port: 35885 } attrs { replace: true } } peers { permanent_uuid: "386ee86848ad4edbb6c803cf9a3267ea" member_type: VOTER last_known_addr { host: "127.12.120.66" port: 35553 } } peers { permanent_uuid: "108ace72b53a4226a214eda86ecd2c8d" member_type: VOTER last_known_addr { host: "127.12.120.67" port: 37761 } } peers { permanent_uuid: "3fccafdac63e4d76ae4b2eba6aa6785b" member_type: VOTER last_known_addr { host: "127.12.120.68" port: 36947 } attrs { promote: false } } }
I20260608 10:01:22.032111 15904 raft_consensus.cc:2955] T 84650df668a440ae8f4fb8b7e6b35ec5 P 108ace72b53a4226a214eda86ecd2c8d [term 1 FOLLOWER]: Committing config change with OpId 1.3: config changed from index 2 to 3, 3fccafdac63e4d76ae4b2eba6aa6785b (127.12.120.68) changed from NON_VOTER to VOTER. New config: { opid_index: 3 OBSOLETE_local: false peers { permanent_uuid: "c67c5dc396e846819a68826df2088d9f" member_type: VOTER last_known_addr { host: "127.12.120.65" port: 35885 } attrs { replace: true } } peers { permanent_uuid: "386ee86848ad4edbb6c803cf9a3267ea" member_type: VOTER last_known_addr { host: "127.12.120.66" port: 35553 } } peers { permanent_uuid: "108ace72b53a4226a214eda86ecd2c8d" member_type: VOTER last_known_addr { host: "127.12.120.67" port: 37761 } } peers { permanent_uuid: "3fccafdac63e4d76ae4b2eba6aa6785b" member_type: VOTER last_known_addr { host: "127.12.120.68" port: 36947 } attrs { promote: false } } }
I20260608 10:01:22.042657 15650 catalog_manager.cc:5696] T 84650df668a440ae8f4fb8b7e6b35ec5 P 386ee86848ad4edbb6c803cf9a3267ea reported cstate change: config changed from index 2 to 3, 3fccafdac63e4d76ae4b2eba6aa6785b (127.12.120.68) changed from NON_VOTER to VOTER. New cstate: current_term: 1 leader_uuid: "386ee86848ad4edbb6c803cf9a3267ea" committed_config { opid_index: 3 OBSOLETE_local: false peers { permanent_uuid: "c67c5dc396e846819a68826df2088d9f" member_type: VOTER last_known_addr { host: "127.12.120.65" port: 35885 } attrs { replace: true } health_report { overall_health: HEALTHY } } peers { permanent_uuid: "386ee86848ad4edbb6c803cf9a3267ea" member_type: VOTER last_known_addr { host: "127.12.120.66" port: 35553 } health_report { overall_health: HEALTHY } } peers { permanent_uuid: "108ace72b53a4226a214eda86ecd2c8d" member_type: VOTER last_known_addr { host: "127.12.120.67" port: 37761 } health_report { overall_health: HEALTHY } } peers { permanent_uuid: "3fccafdac63e4d76ae4b2eba6aa6785b" member_type: VOTER last_known_addr { host: "127.12.120.68" port: 36947 } attrs { promote: false } health_report { overall_health: HEALTHY } } }
I20260608 10:01:22.057768 15906 raft_consensus.cc:1275] T 4134ca778c314af7917bced578788625 P 108ace72b53a4226a214eda86ecd2c8d [term 2 FOLLOWER]: Refusing update from remote peer 386ee86848ad4edbb6c803cf9a3267ea: Log matching property violated. Preceding OpId in replica: term: 2 index: 3. Preceding OpId from leader: term: 2 index: 4. (index mismatch)
I20260608 10:01:22.063720 16078 raft_consensus.cc:1275] T 4134ca778c314af7917bced578788625 P 3fccafdac63e4d76ae4b2eba6aa6785b [term 2 LEARNER]: Refusing update from remote peer 386ee86848ad4edbb6c803cf9a3267ea: Log matching property violated. Preceding OpId in replica: term: 2 index: 3. Preceding OpId from leader: term: 2 index: 4. (index mismatch)
I20260608 10:01:22.072024 15831 consensus_queue.cc:237] T 84650df668a440ae8f4fb8b7e6b35ec5 P 386ee86848ad4edbb6c803cf9a3267ea [LEADER]: Queue going to LEADER mode. State: All replicated index: 0, Majority replicated index: 3, Committed index: 3, Last appended: 1.3, Last appended by leader: 0, Current term: 1, Majority size: 2, State: 0, Mode: LEADER, active raft config: opid_index: 4 OBSOLETE_local: false peers { permanent_uuid: "386ee86848ad4edbb6c803cf9a3267ea" member_type: VOTER last_known_addr { host: "127.12.120.66" port: 35553 } } peers { permanent_uuid: "108ace72b53a4226a214eda86ecd2c8d" member_type: VOTER last_known_addr { host: "127.12.120.67" port: 37761 } } peers { permanent_uuid: "3fccafdac63e4d76ae4b2eba6aa6785b" member_type: VOTER last_known_addr { host: "127.12.120.68" port: 36947 } attrs { promote: false } }
I20260608 10:01:22.068857 16209 consensus_queue.cc:1048] T 4134ca778c314af7917bced578788625 P 386ee86848ad4edbb6c803cf9a3267ea [LEADER]: Connected to new peer: Peer: permanent_uuid: "3fccafdac63e4d76ae4b2eba6aa6785b" member_type: VOTER last_known_addr { host: "127.12.120.68" port: 36947 } attrs { promote: false }, Status: LMP_MISMATCH, Last received: 0.0, Next index: 4, Last known committed idx: 3, Time since last communication: 0.009s
I20260608 10:01:22.084918 16078 raft_consensus.cc:1275] T 84650df668a440ae8f4fb8b7e6b35ec5 P 3fccafdac63e4d76ae4b2eba6aa6785b [term 1 FOLLOWER]: Refusing update from remote peer 386ee86848ad4edbb6c803cf9a3267ea: Log matching property violated. Preceding OpId in replica: term: 1 index: 3. Preceding OpId from leader: term: 1 index: 4. (index mismatch)
I20260608 10:01:22.086803 16257 consensus_queue.cc:1048] T 4134ca778c314af7917bced578788625 P 386ee86848ad4edbb6c803cf9a3267ea [LEADER]: Connected to new peer: Peer: permanent_uuid: "108ace72b53a4226a214eda86ecd2c8d" member_type: VOTER last_known_addr { host: "127.12.120.67" port: 37761 }, Status: LMP_MISMATCH, Last received: 0.0, Next index: 4, Last known committed idx: 3, Time since last communication: 0.001s
I20260608 10:01:22.095613 16209 consensus_queue.cc:1048] T 84650df668a440ae8f4fb8b7e6b35ec5 P 386ee86848ad4edbb6c803cf9a3267ea [LEADER]: Connected to new peer: Peer: permanent_uuid: "3fccafdac63e4d76ae4b2eba6aa6785b" member_type: VOTER last_known_addr { host: "127.12.120.68" port: 36947 } attrs { promote: false }, Status: LMP_MISMATCH, Last received: 0.0, Next index: 4, Last known committed idx: 3, Time since last communication: 0.000s
I20260608 10:01:22.096783 15906 raft_consensus.cc:1275] T 84650df668a440ae8f4fb8b7e6b35ec5 P 108ace72b53a4226a214eda86ecd2c8d [term 1 FOLLOWER]: Refusing update from remote peer 386ee86848ad4edbb6c803cf9a3267ea: Log matching property violated. Preceding OpId in replica: term: 1 index: 3. Preceding OpId from leader: term: 1 index: 4. (index mismatch)
I20260608 10:01:22.098616 16258 consensus_queue.cc:1048] T 84650df668a440ae8f4fb8b7e6b35ec5 P 386ee86848ad4edbb6c803cf9a3267ea [LEADER]: Connected to new peer: Peer: permanent_uuid: "108ace72b53a4226a214eda86ecd2c8d" member_type: VOTER last_known_addr { host: "127.12.120.67" port: 37761 }, Status: LMP_MISMATCH, Last received: 0.0, Next index: 4, Last known committed idx: 3, Time since last communication: 0.001s
I20260608 10:01:22.098650 16246 raft_consensus.cc:2955] T 4134ca778c314af7917bced578788625 P 386ee86848ad4edbb6c803cf9a3267ea [term 2 LEADER]: Committing config change with OpId 2.4: config changed from index 2 to 4, 3fccafdac63e4d76ae4b2eba6aa6785b (127.12.120.68) changed from NON_VOTER to VOTER. New config: { opid_index: 4 OBSOLETE_local: false peers { permanent_uuid: "c67c5dc396e846819a68826df2088d9f" member_type: VOTER last_known_addr { host: "127.12.120.65" port: 35885 } attrs { replace: true } } peers { permanent_uuid: "386ee86848ad4edbb6c803cf9a3267ea" member_type: VOTER last_known_addr { host: "127.12.120.66" port: 35553 } } peers { permanent_uuid: "108ace72b53a4226a214eda86ecd2c8d" member_type: VOTER last_known_addr { host: "127.12.120.67" port: 37761 } } peers { permanent_uuid: "3fccafdac63e4d76ae4b2eba6aa6785b" member_type: VOTER last_known_addr { host: "127.12.120.68" port: 36947 } attrs { promote: false } } }
I20260608 10:01:22.103835 16257 raft_consensus.cc:2955] T 84650df668a440ae8f4fb8b7e6b35ec5 P 386ee86848ad4edbb6c803cf9a3267ea [term 1 LEADER]: Committing config change with OpId 1.4: config changed from index 3 to 4, VOTER c67c5dc396e846819a68826df2088d9f (127.12.120.65) evicted. New config: { opid_index: 4 OBSOLETE_local: false peers { permanent_uuid: "386ee86848ad4edbb6c803cf9a3267ea" member_type: VOTER last_known_addr { host: "127.12.120.66" port: 35553 } } peers { permanent_uuid: "108ace72b53a4226a214eda86ecd2c8d" member_type: VOTER last_known_addr { host: "127.12.120.67" port: 37761 } } peers { permanent_uuid: "3fccafdac63e4d76ae4b2eba6aa6785b" member_type: VOTER last_known_addr { host: "127.12.120.68" port: 36947 } attrs { promote: false } } }
I20260608 10:01:22.106550 15905 raft_consensus.cc:2955] T 4134ca778c314af7917bced578788625 P 108ace72b53a4226a214eda86ecd2c8d [term 2 FOLLOWER]: Committing config change with OpId 2.4: config changed from index 2 to 4, 3fccafdac63e4d76ae4b2eba6aa6785b (127.12.120.68) changed from NON_VOTER to VOTER. New config: { opid_index: 4 OBSOLETE_local: false peers { permanent_uuid: "c67c5dc396e846819a68826df2088d9f" member_type: VOTER last_known_addr { host: "127.12.120.65" port: 35885 } attrs { replace: true } } peers { permanent_uuid: "386ee86848ad4edbb6c803cf9a3267ea" member_type: VOTER last_known_addr { host: "127.12.120.66" port: 35553 } } peers { permanent_uuid: "108ace72b53a4226a214eda86ecd2c8d" member_type: VOTER last_known_addr { host: "127.12.120.67" port: 37761 } } peers { permanent_uuid: "3fccafdac63e4d76ae4b2eba6aa6785b" member_type: VOTER last_known_addr { host: "127.12.120.68" port: 36947 } attrs { promote: false } } }
I20260608 10:01:22.110157 15754 raft_consensus.cc:1275] T 4134ca778c314af7917bced578788625 P c67c5dc396e846819a68826df2088d9f [term 2 FOLLOWER]: Refusing update from remote peer 386ee86848ad4edbb6c803cf9a3267ea: Log matching property violated. Preceding OpId in replica: term: 2 index: 3. Preceding OpId from leader: term: 2 index: 4. (index mismatch)
I20260608 10:01:22.115664 16078 raft_consensus.cc:2955] T 84650df668a440ae8f4fb8b7e6b35ec5 P 3fccafdac63e4d76ae4b2eba6aa6785b [term 1 FOLLOWER]: Committing config change with OpId 1.4: config changed from index 3 to 4, VOTER c67c5dc396e846819a68826df2088d9f (127.12.120.65) evicted. New config: { opid_index: 4 OBSOLETE_local: false peers { permanent_uuid: "386ee86848ad4edbb6c803cf9a3267ea" member_type: VOTER last_known_addr { host: "127.12.120.66" port: 35553 } } peers { permanent_uuid: "108ace72b53a4226a214eda86ecd2c8d" member_type: VOTER last_known_addr { host: "127.12.120.67" port: 37761 } } peers { permanent_uuid: "3fccafdac63e4d76ae4b2eba6aa6785b" member_type: VOTER last_known_addr { host: "127.12.120.68" port: 36947 } attrs { promote: false } } }
I20260608 10:01:22.114343 16258 consensus_queue.cc:1048] T 4134ca778c314af7917bced578788625 P 386ee86848ad4edbb6c803cf9a3267ea [LEADER]: Connected to new peer: Peer: permanent_uuid: "c67c5dc396e846819a68826df2088d9f" member_type: VOTER last_known_addr { host: "127.12.120.65" port: 35885 } attrs { replace: true }, Status: LMP_MISMATCH, Last received: 0.0, Next index: 4, Last known committed idx: 3, Time since last communication: 0.005s
I20260608 10:01:22.125177 15906 raft_consensus.cc:1275] T 49b6cfca7a474d02b5cf8e2ab0b7332c P 108ace72b53a4226a214eda86ecd2c8d [term 2 FOLLOWER]: Refusing update from remote peer 386ee86848ad4edbb6c803cf9a3267ea: Log matching property violated. Preceding OpId in replica: term: 1 index: 1. Preceding OpId from leader: term: 2 index: 2. (index mismatch)
I20260608 10:01:22.129328 16075 raft_consensus.cc:2955] T 4134ca778c314af7917bced578788625 P 3fccafdac63e4d76ae4b2eba6aa6785b [term 2 FOLLOWER]: Committing config change with OpId 2.4: config changed from index 2 to 4, 3fccafdac63e4d76ae4b2eba6aa6785b (127.12.120.68) changed from NON_VOTER to VOTER. New config: { opid_index: 4 OBSOLETE_local: false peers { permanent_uuid: "c67c5dc396e846819a68826df2088d9f" member_type: VOTER last_known_addr { host: "127.12.120.65" port: 35885 } attrs { replace: true } } peers { permanent_uuid: "386ee86848ad4edbb6c803cf9a3267ea" member_type: VOTER last_known_addr { host: "127.12.120.66" port: 35553 } } peers { permanent_uuid: "108ace72b53a4226a214eda86ecd2c8d" member_type: VOTER last_known_addr { host: "127.12.120.67" port: 37761 } } peers { permanent_uuid: "3fccafdac63e4d76ae4b2eba6aa6785b" member_type: VOTER last_known_addr { host: "127.12.120.68" port: 36947 } attrs { promote: false } } }
