I20260608 10:01:15.550643 24906 leader_election.cc:290] T e0be483aabf649b7a739d889f1f6b80c P 3ca022e320234439ada705bd7f6d34bb [CANDIDATE]: Term 1 election: Requested vote from peers 13b33a7dae154e979d1f35e7a87e7d73 (127.21.47.66:39029), 728403d8a7f64577bfe6def3b33066db (127.21.47.67:38349)
I20260608 10:01:15.551131 24659 auto_leader_rebalancer.cc:140] leader rebalance for table range_aware_rebalance_new_range
I20260608 10:01:15.552600 24903 raft_consensus.cc:359] T 2e150ee18fb54b4f92c706d169b242cb P 728403d8a7f64577bfe6def3b33066db [term 0 FOLLOWER]: Replica starting. Triggering 0 pending ops. Active config: opid_index: -1 OBSOLETE_local: false peers { permanent_uuid: "3ca022e320234439ada705bd7f6d34bb" member_type: VOTER last_known_addr { host: "127.21.47.65" port: 42731 } } peers { permanent_uuid: "13b33a7dae154e979d1f35e7a87e7d73" member_type: VOTER last_known_addr { host: "127.21.47.66" port: 39029 } } peers { permanent_uuid: "728403d8a7f64577bfe6def3b33066db" member_type: VOTER last_known_addr { host: "127.21.47.67" port: 38349 } }
W20260608 10:01:15.553366 24659 auto_leader_rebalancer.cc:460] the master instance isn't leader: Service unavailable: Tablet not running
I20260608 10:01:15.553917 24903 raft_consensus.cc:385] T 2e150ee18fb54b4f92c706d169b242cb P 728403d8a7f64577bfe6def3b33066db [term 0 FOLLOWER]: Consensus starting up: Expiring failure detector timer to make a prompt election more likely
I20260608 10:01:15.554364 24902 tablet_bootstrap.cc:654] T 02bb6a2920e44e00ace8764ab07e4215 P 3ca022e320234439ada705bd7f6d34bb: Neither blocks nor log segments found. Creating new log.
I20260608 10:01:15.556842 24904 tablet_bootstrap.cc:492] T e0be483aabf649b7a739d889f1f6b80c P 13b33a7dae154e979d1f35e7a87e7d73: No bootstrap required, opened a new log
I20260608 10:01:15.555019 24930 raft_consensus.cc:697] T e0be483aabf649b7a739d889f1f6b80c P 3ca022e320234439ada705bd7f6d34bb [term 1 LEADER]: Becoming Leader. State: Replica: 3ca022e320234439ada705bd7f6d34bb, State: Running, Role: LEADER
I20260608 10:01:15.554334 24903 raft_consensus.cc:740] T 2e150ee18fb54b4f92c706d169b242cb P 728403d8a7f64577bfe6def3b33066db [term 0 FOLLOWER]: Becoming Follower/Learner. State: Replica: 728403d8a7f64577bfe6def3b33066db, State: Initialized, Role: FOLLOWER
I20260608 10:01:15.557687 24930 consensus_queue.cc:237] T e0be483aabf649b7a739d889f1f6b80c P 3ca022e320234439ada705bd7f6d34bb [LEADER]: Queue going to LEADER mode. State: All replicated index: 0, Majority replicated index: 0, Committed index: 0, Last appended: 0.0, Last appended by leader: 0, Current term: 1, Majority size: 2, State: 0, Mode: LEADER, active raft config: opid_index: -1 OBSOLETE_local: false peers { permanent_uuid: "13b33a7dae154e979d1f35e7a87e7d73" member_type: VOTER last_known_addr { host: "127.21.47.66" port: 39029 } } peers { permanent_uuid: "3ca022e320234439ada705bd7f6d34bb" member_type: VOTER last_known_addr { host: "127.21.47.65" port: 42731 } } peers { permanent_uuid: "728403d8a7f64577bfe6def3b33066db" member_type: VOTER last_known_addr { host: "127.21.47.67" port: 38349 } }
I20260608 10:01:15.560861 24903 consensus_queue.cc:260] T 2e150ee18fb54b4f92c706d169b242cb P 728403d8a7f64577bfe6def3b33066db [NON_LEADER]: Queue going to NON_LEADER mode. State: All replicated index: 0, Majority replicated index: 0, Committed index: 0, Last appended: 0.0, Last appended by leader: 0, Current term: 0, Majority size: -1, State: 0, Mode: NON_LEADER, active raft config: opid_index: -1 OBSOLETE_local: false peers { permanent_uuid: "3ca022e320234439ada705bd7f6d34bb" member_type: VOTER last_known_addr { host: "127.21.47.65" port: 42731 } } peers { permanent_uuid: "13b33a7dae154e979d1f35e7a87e7d73" member_type: VOTER last_known_addr { host: "127.21.47.66" port: 39029 } } peers { permanent_uuid: "728403d8a7f64577bfe6def3b33066db" member_type: VOTER last_known_addr { host: "127.21.47.67" port: 38349 } }
I20260608 10:01:15.561532 24606 catalog_manager.cc:5696] T 2e150ee18fb54b4f92c706d169b242cb P 13b33a7dae154e979d1f35e7a87e7d73 reported cstate change: term changed from 0 to 1, leader changed from <none> to 13b33a7dae154e979d1f35e7a87e7d73 (127.21.47.66). New cstate: current_term: 1 leader_uuid: "13b33a7dae154e979d1f35e7a87e7d73" committed_config { opid_index: -1 OBSOLETE_local: false peers { permanent_uuid: "3ca022e320234439ada705bd7f6d34bb" member_type: VOTER last_known_addr { host: "127.21.47.65" port: 42731 } health_report { overall_health: UNKNOWN } } peers { permanent_uuid: "13b33a7dae154e979d1f35e7a87e7d73" member_type: VOTER last_known_addr { host: "127.21.47.66" port: 39029 } health_report { overall_health: HEALTHY } } peers { permanent_uuid: "728403d8a7f64577bfe6def3b33066db" member_type: VOTER last_known_addr { host: "127.21.47.67" port: 38349 } health_report { overall_health: UNKNOWN } } }
I20260608 10:01:15.563361 24903 ts_tablet_manager.cc:1434] T 2e150ee18fb54b4f92c706d169b242cb P 728403d8a7f64577bfe6def3b33066db: Time spent starting tablet: real 0.016s	user 0.008s	sys 0.000s
I20260608 10:01:15.564466 24903 tablet_bootstrap.cc:492] T 3794af7c8b2b4652a984801800c9e5a7 P 728403d8a7f64577bfe6def3b33066db: Bootstrap starting.
I20260608 10:01:15.561810 24904 ts_tablet_manager.cc:1403] T e0be483aabf649b7a739d889f1f6b80c P 13b33a7dae154e979d1f35e7a87e7d73: Time spent bootstrapping tablet: real 0.027s	user 0.007s	sys 0.013s
I20260608 10:01:15.568984 24904 raft_consensus.cc:359] T e0be483aabf649b7a739d889f1f6b80c P 13b33a7dae154e979d1f35e7a87e7d73 [term 0 FOLLOWER]: Replica starting. Triggering 0 pending ops. Active config: opid_index: -1 OBSOLETE_local: false peers { permanent_uuid: "13b33a7dae154e979d1f35e7a87e7d73" member_type: VOTER last_known_addr { host: "127.21.47.66" port: 39029 } } peers { permanent_uuid: "3ca022e320234439ada705bd7f6d34bb" member_type: VOTER last_known_addr { host: "127.21.47.65" port: 42731 } } peers { permanent_uuid: "728403d8a7f64577bfe6def3b33066db" member_type: VOTER last_known_addr { host: "127.21.47.67" port: 38349 } }
I20260608 10:01:15.571257 24903 tablet_bootstrap.cc:654] T 3794af7c8b2b4652a984801800c9e5a7 P 728403d8a7f64577bfe6def3b33066db: Neither blocks nor log segments found. Creating new log.
I20260608 10:01:15.569631 24904 raft_consensus.cc:385] T e0be483aabf649b7a739d889f1f6b80c P 13b33a7dae154e979d1f35e7a87e7d73 [term 0 FOLLOWER]: Consensus starting up: Expiring failure detector timer to make a prompt election more likely
I20260608 10:01:15.571777 24904 raft_consensus.cc:740] T e0be483aabf649b7a739d889f1f6b80c P 13b33a7dae154e979d1f35e7a87e7d73 [term 0 FOLLOWER]: Becoming Follower/Learner. State: Replica: 13b33a7dae154e979d1f35e7a87e7d73, State: Initialized, Role: FOLLOWER
I20260608 10:01:15.572599 24904 consensus_queue.cc:260] T e0be483aabf649b7a739d889f1f6b80c P 13b33a7dae154e979d1f35e7a87e7d73 [NON_LEADER]: Queue going to NON_LEADER mode. State: All replicated index: 0, Majority replicated index: 0, Committed index: 0, Last appended: 0.0, Last appended by leader: 0, Current term: 0, Majority size: -1, State: 0, Mode: NON_LEADER, active raft config: opid_index: -1 OBSOLETE_local: false peers { permanent_uuid: "13b33a7dae154e979d1f35e7a87e7d73" member_type: VOTER last_known_addr { host: "127.21.47.66" port: 39029 } } peers { permanent_uuid: "3ca022e320234439ada705bd7f6d34bb" member_type: VOTER last_known_addr { host: "127.21.47.65" port: 42731 } } peers { permanent_uuid: "728403d8a7f64577bfe6def3b33066db" member_type: VOTER last_known_addr { host: "127.21.47.67" port: 38349 } }
I20260608 10:01:15.575662 24902 tablet_bootstrap.cc:492] T 02bb6a2920e44e00ace8764ab07e4215 P 3ca022e320234439ada705bd7f6d34bb: No bootstrap required, opened a new log
I20260608 10:01:15.576249 24902 ts_tablet_manager.cc:1403] T 02bb6a2920e44e00ace8764ab07e4215 P 3ca022e320234439ada705bd7f6d34bb: Time spent bootstrapping tablet: real 0.078s	user 0.019s	sys 0.009s
I20260608 10:01:15.579471 24902 raft_consensus.cc:359] T 02bb6a2920e44e00ace8764ab07e4215 P 3ca022e320234439ada705bd7f6d34bb [term 0 FOLLOWER]: Replica starting. Triggering 0 pending ops. Active config: opid_index: -1 OBSOLETE_local: false peers { permanent_uuid: "13b33a7dae154e979d1f35e7a87e7d73" member_type: VOTER last_known_addr { host: "127.21.47.66" port: 39029 } } peers { permanent_uuid: "3ca022e320234439ada705bd7f6d34bb" member_type: VOTER last_known_addr { host: "127.21.47.65" port: 42731 } } peers { permanent_uuid: "728403d8a7f64577bfe6def3b33066db" member_type: VOTER last_known_addr { host: "127.21.47.67" port: 38349 } }
I20260608 10:01:15.580204 24902 raft_consensus.cc:385] T 02bb6a2920e44e00ace8764ab07e4215 P 3ca022e320234439ada705bd7f6d34bb [term 0 FOLLOWER]: Consensus starting up: Expiring failure detector timer to make a prompt election more likely
I20260608 10:01:15.580542 24902 raft_consensus.cc:740] T 02bb6a2920e44e00ace8764ab07e4215 P 3ca022e320234439ada705bd7f6d34bb [term 0 FOLLOWER]: Becoming Follower/Learner. State: Replica: 3ca022e320234439ada705bd7f6d34bb, State: Initialized, Role: FOLLOWER
I20260608 10:01:15.581486 24902 consensus_queue.cc:260] T 02bb6a2920e44e00ace8764ab07e4215 P 3ca022e320234439ada705bd7f6d34bb [NON_LEADER]: Queue going to NON_LEADER mode. State: All replicated index: 0, Majority replicated index: 0, Committed index: 0, Last appended: 0.0, Last appended by leader: 0, Current term: 0, Majority size: -1, State: 0, Mode: NON_LEADER, active raft config: opid_index: -1 OBSOLETE_local: false peers { permanent_uuid: "13b33a7dae154e979d1f35e7a87e7d73" member_type: VOTER last_known_addr { host: "127.21.47.66" port: 39029 } } peers { permanent_uuid: "3ca022e320234439ada705bd7f6d34bb" member_type: VOTER last_known_addr { host: "127.21.47.65" port: 42731 } } peers { permanent_uuid: "728403d8a7f64577bfe6def3b33066db" member_type: VOTER last_known_addr { host: "127.21.47.67" port: 38349 } }
I20260608 10:01:15.584196 24902 ts_tablet_manager.cc:1434] T 02bb6a2920e44e00ace8764ab07e4215 P 3ca022e320234439ada705bd7f6d34bb: Time spent starting tablet: real 0.008s	user 0.002s	sys 0.004s
I20260608 10:01:15.584848 24904 ts_tablet_manager.cc:1434] T e0be483aabf649b7a739d889f1f6b80c P 13b33a7dae154e979d1f35e7a87e7d73: Time spent starting tablet: real 0.019s	user 0.006s	sys 0.001s
I20260608 10:01:15.585290 24902 tablet_bootstrap.cc:492] T 02301532acda49d1bb9f1e8eb07d1fc1 P 3ca022e320234439ada705bd7f6d34bb: Bootstrap starting.
I20260608 10:01:15.586304 24904 tablet_bootstrap.cc:492] T 02bb6a2920e44e00ace8764ab07e4215 P 13b33a7dae154e979d1f35e7a87e7d73: Bootstrap starting.
I20260608 10:01:15.590596 24930 raft_consensus.cc:493] T cdf096c509e746c99fe53a838f8ef722 P 3ca022e320234439ada705bd7f6d34bb [term 0 FOLLOWER]: Starting pre-election (no leader contacted us within the election timeout)
I20260608 10:01:15.590387 24606 catalog_manager.cc:5696] T e0be483aabf649b7a739d889f1f6b80c P 3ca022e320234439ada705bd7f6d34bb reported cstate change: term changed from 0 to 1, leader changed from <none> to 3ca022e320234439ada705bd7f6d34bb (127.21.47.65). New cstate: current_term: 1 leader_uuid: "3ca022e320234439ada705bd7f6d34bb" committed_config { opid_index: -1 OBSOLETE_local: false peers { permanent_uuid: "13b33a7dae154e979d1f35e7a87e7d73" member_type: VOTER last_known_addr { host: "127.21.47.66" port: 39029 } health_report { overall_health: UNKNOWN } } peers { permanent_uuid: "3ca022e320234439ada705bd7f6d34bb" member_type: VOTER last_known_addr { host: "127.21.47.65" port: 42731 } health_report { overall_health: HEALTHY } } peers { permanent_uuid: "728403d8a7f64577bfe6def3b33066db" member_type: VOTER last_known_addr { host: "127.21.47.67" port: 38349 } health_report { overall_health: UNKNOWN } } }
I20260608 10:01:15.591146 24930 raft_consensus.cc:515] T cdf096c509e746c99fe53a838f8ef722 P 3ca022e320234439ada705bd7f6d34bb [term 0 FOLLOWER]: Starting pre-election with config: opid_index: -1 OBSOLETE_local: false peers { permanent_uuid: "13b33a7dae154e979d1f35e7a87e7d73" member_type: VOTER last_known_addr { host: "127.21.47.66" port: 39029 } } peers { permanent_uuid: "3ca022e320234439ada705bd7f6d34bb" member_type: VOTER last_known_addr { host: "127.21.47.65" port: 42731 } } peers { permanent_uuid: "728403d8a7f64577bfe6def3b33066db" member_type: VOTER last_known_addr { host: "127.21.47.67" port: 38349 } }
I20260608 10:01:15.594245 24783 tablet_service.cc:1917] Received RequestConsensusVote() RPC: tablet_id: "cdf096c509e746c99fe53a838f8ef722" candidate_uuid: "3ca022e320234439ada705bd7f6d34bb" candidate_term: 1 candidate_status { last_received { term: 0 index: 0 } } ignore_live_leader: false dest_uuid: "13b33a7dae154e979d1f35e7a87e7d73" is_pre_election: true
I20260608 10:01:15.594585 24857 tablet_service.cc:1917] Received RequestConsensusVote() RPC: tablet_id: "cdf096c509e746c99fe53a838f8ef722" candidate_uuid: "3ca022e320234439ada705bd7f6d34bb" candidate_term: 1 candidate_status { last_received { term: 0 index: 0 } } ignore_live_leader: false dest_uuid: "728403d8a7f64577bfe6def3b33066db" is_pre_election: true
I20260608 10:01:15.594892 24783 raft_consensus.cc:2468] T cdf096c509e746c99fe53a838f8ef722 P 13b33a7dae154e979d1f35e7a87e7d73 [term 0 FOLLOWER]: Leader pre-election vote request: Granting yes vote for candidate 3ca022e320234439ada705bd7f6d34bb in term 0.
W20260608 10:01:15.596155 24673 leader_election.cc:343] T cdf096c509e746c99fe53a838f8ef722 P 3ca022e320234439ada705bd7f6d34bb [CANDIDATE]: Term 1 pre-election: Tablet error from VoteRequest() call to peer 728403d8a7f64577bfe6def3b33066db (127.21.47.67:38349): Illegal state: must be running to vote when last-logged opid is not known
I20260608 10:01:15.596732 24930 leader_election.cc:290] T cdf096c509e746c99fe53a838f8ef722 P 3ca022e320234439ada705bd7f6d34bb [CANDIDATE]: Term 1 pre-election: Requested pre-vote from peers 13b33a7dae154e979d1f35e7a87e7d73 (127.21.47.66:39029), 728403d8a7f64577bfe6def3b33066db (127.21.47.67:38349)
I20260608 10:01:15.597169 24904 tablet_bootstrap.cc:654] T 02bb6a2920e44e00ace8764ab07e4215 P 13b33a7dae154e979d1f35e7a87e7d73: Neither blocks nor log segments found. Creating new log.
I20260608 10:01:15.597008 24672 leader_election.cc:304] T cdf096c509e746c99fe53a838f8ef722 P 3ca022e320234439ada705bd7f6d34bb [CANDIDATE]: Term 1 pre-election: Election decided. Result: candidate won. Election summary: received 3 responses out of 3 voters: 2 yes votes; 1 no votes. yes voters: 13b33a7dae154e979d1f35e7a87e7d73, 3ca022e320234439ada705bd7f6d34bb; no voters: 728403d8a7f64577bfe6def3b33066db
I20260608 10:01:15.598237 24930 raft_consensus.cc:2804] T cdf096c509e746c99fe53a838f8ef722 P 3ca022e320234439ada705bd7f6d34bb [term 0 FOLLOWER]: Leader pre-election won for term 1
I20260608 10:01:15.598649 24930 raft_consensus.cc:493] T cdf096c509e746c99fe53a838f8ef722 P 3ca022e320234439ada705bd7f6d34bb [term 0 FOLLOWER]: Starting leader election (no leader contacted us within the election timeout)
I20260608 10:01:15.599083 24930 raft_consensus.cc:3060] T cdf096c509e746c99fe53a838f8ef722 P 3ca022e320234439ada705bd7f6d34bb [term 0 FOLLOWER]: Advancing to term 1
I20260608 10:01:15.598935 24903 tablet_bootstrap.cc:492] T 3794af7c8b2b4652a984801800c9e5a7 P 728403d8a7f64577bfe6def3b33066db: No bootstrap required, opened a new log
I20260608 10:01:15.600364 24910 raft_consensus.cc:493] T cdf096c509e746c99fe53a838f8ef722 P 13b33a7dae154e979d1f35e7a87e7d73 [term 0 FOLLOWER]: Starting pre-election (no leader contacted us within the election timeout)
I20260608 10:01:15.600785 24903 ts_tablet_manager.cc:1403] T 3794af7c8b2b4652a984801800c9e5a7 P 728403d8a7f64577bfe6def3b33066db: Time spent bootstrapping tablet: real 0.037s	user 0.012s	sys 0.014s
I20260608 10:01:15.600904 24910 raft_consensus.cc:515] T cdf096c509e746c99fe53a838f8ef722 P 13b33a7dae154e979d1f35e7a87e7d73 [term 0 FOLLOWER]: Starting pre-election with config: opid_index: -1 OBSOLETE_local: false peers { permanent_uuid: "13b33a7dae154e979d1f35e7a87e7d73" member_type: VOTER last_known_addr { host: "127.21.47.66" port: 39029 } } peers { permanent_uuid: "3ca022e320234439ada705bd7f6d34bb" member_type: VOTER last_known_addr { host: "127.21.47.65" port: 42731 } } peers { permanent_uuid: "728403d8a7f64577bfe6def3b33066db" member_type: VOTER last_known_addr { host: "127.21.47.67" port: 38349 } }
I20260608 10:01:15.604067 24708 tablet_service.cc:1917] Received RequestConsensusVote() RPC: tablet_id: "cdf096c509e746c99fe53a838f8ef722" candidate_uuid: "13b33a7dae154e979d1f35e7a87e7d73" candidate_term: 1 candidate_status { last_received { term: 0 index: 0 } } ignore_live_leader: false dest_uuid: "3ca022e320234439ada705bd7f6d34bb" is_pre_election: true
I20260608 10:01:15.603945 24903 raft_consensus.cc:359] T 3794af7c8b2b4652a984801800c9e5a7 P 728403d8a7f64577bfe6def3b33066db [term 0 FOLLOWER]: Replica starting. Triggering 0 pending ops. Active config: opid_index: -1 OBSOLETE_local: false peers { permanent_uuid: "13b33a7dae154e979d1f35e7a87e7d73" member_type: VOTER last_known_addr { host: "127.21.47.66" port: 39029 } } peers { permanent_uuid: "3ca022e320234439ada705bd7f6d34bb" member_type: VOTER last_known_addr { host: "127.21.47.65" port: 42731 } } peers { permanent_uuid: "728403d8a7f64577bfe6def3b33066db" member_type: VOTER last_known_addr { host: "127.21.47.67" port: 38349 } }
I20260608 10:01:15.604633 24903 raft_consensus.cc:385] T 3794af7c8b2b4652a984801800c9e5a7 P 728403d8a7f64577bfe6def3b33066db [term 0 FOLLOWER]: Consensus starting up: Expiring failure detector timer to make a prompt election more likely
I20260608 10:01:15.604964 24903 raft_consensus.cc:740] T 3794af7c8b2b4652a984801800c9e5a7 P 728403d8a7f64577bfe6def3b33066db [term 0 FOLLOWER]: Becoming Follower/Learner. State: Replica: 728403d8a7f64577bfe6def3b33066db, State: Initialized, Role: FOLLOWER
I20260608 10:01:15.605832 24903 consensus_queue.cc:260] T 3794af7c8b2b4652a984801800c9e5a7 P 728403d8a7f64577bfe6def3b33066db [NON_LEADER]: Queue going to NON_LEADER mode. State: All replicated index: 0, Majority replicated index: 0, Committed index: 0, Last appended: 0.0, Last appended by leader: 0, Current term: 0, Majority size: -1, State: 0, Mode: NON_LEADER, active raft config: opid_index: -1 OBSOLETE_local: false peers { permanent_uuid: "13b33a7dae154e979d1f35e7a87e7d73" member_type: VOTER last_known_addr { host: "127.21.47.66" port: 39029 } } peers { permanent_uuid: "3ca022e320234439ada705bd7f6d34bb" member_type: VOTER last_known_addr { host: "127.21.47.65" port: 42731 } } peers { permanent_uuid: "728403d8a7f64577bfe6def3b33066db" member_type: VOTER last_known_addr { host: "127.21.47.67" port: 38349 } }
I20260608 10:01:15.606683 24857 tablet_service.cc:1917] Received RequestConsensusVote() RPC: tablet_id: "cdf096c509e746c99fe53a838f8ef722" candidate_uuid: "13b33a7dae154e979d1f35e7a87e7d73" candidate_term: 1 candidate_status { last_received { term: 0 index: 0 } } ignore_live_leader: false dest_uuid: "728403d8a7f64577bfe6def3b33066db" is_pre_election: true
W20260608 10:01:15.608217 24748 leader_election.cc:343] T cdf096c509e746c99fe53a838f8ef722 P 13b33a7dae154e979d1f35e7a87e7d73 [CANDIDATE]: Term 1 pre-election: Tablet error from VoteRequest() call to peer 728403d8a7f64577bfe6def3b33066db (127.21.47.67:38349): Illegal state: must be running to vote when last-logged opid is not known
I20260608 10:01:15.608965 24910 leader_election.cc:290] T cdf096c509e746c99fe53a838f8ef722 P 13b33a7dae154e979d1f35e7a87e7d73 [CANDIDATE]: Term 1 pre-election: Requested pre-vote from peers 3ca022e320234439ada705bd7f6d34bb (127.21.47.65:42731), 728403d8a7f64577bfe6def3b33066db (127.21.47.67:38349)
I20260608 10:01:15.610396 24902 tablet_bootstrap.cc:654] T 02301532acda49d1bb9f1e8eb07d1fc1 P 3ca022e320234439ada705bd7f6d34bb: Neither blocks nor log segments found. Creating new log.
I20260608 10:01:15.614377 24903 ts_tablet_manager.cc:1434] T 3794af7c8b2b4652a984801800c9e5a7 P 728403d8a7f64577bfe6def3b33066db: Time spent starting tablet: real 0.013s	user 0.006s	sys 0.001s
I20260608 10:01:15.615396 24903 tablet_bootstrap.cc:492] T 02bb6a2920e44e00ace8764ab07e4215 P 728403d8a7f64577bfe6def3b33066db: Bootstrap starting.
I20260608 10:01:15.620913 24903 tablet_bootstrap.cc:654] T 02bb6a2920e44e00ace8764ab07e4215 P 728403d8a7f64577bfe6def3b33066db: Neither blocks nor log segments found. Creating new log.
I20260608 10:01:15.625439 24902 tablet_bootstrap.cc:492] T 02301532acda49d1bb9f1e8eb07d1fc1 P 3ca022e320234439ada705bd7f6d34bb: No bootstrap required, opened a new log
I20260608 10:01:15.626161 24902 ts_tablet_manager.cc:1403] T 02301532acda49d1bb9f1e8eb07d1fc1 P 3ca022e320234439ada705bd7f6d34bb: Time spent bootstrapping tablet: real 0.041s	user 0.012s	sys 0.001s
I20260608 10:01:15.630216 24902 raft_consensus.cc:359] T 02301532acda49d1bb9f1e8eb07d1fc1 P 3ca022e320234439ada705bd7f6d34bb [term 0 FOLLOWER]: Replica starting. Triggering 0 pending ops. Active config: opid_index: -1 OBSOLETE_local: false peers { permanent_uuid: "13b33a7dae154e979d1f35e7a87e7d73" member_type: VOTER last_known_addr { host: "127.21.47.66" port: 39029 } } peers { permanent_uuid: "3ca022e320234439ada705bd7f6d34bb" member_type: VOTER last_known_addr { host: "127.21.47.65" port: 42731 } } peers { permanent_uuid: "728403d8a7f64577bfe6def3b33066db" member_type: VOTER last_known_addr { host: "127.21.47.67" port: 38349 } }
I20260608 10:01:15.631389 24902 raft_consensus.cc:385] T 02301532acda49d1bb9f1e8eb07d1fc1 P 3ca022e320234439ada705bd7f6d34bb [term 0 FOLLOWER]: Consensus starting up: Expiring failure detector timer to make a prompt election more likely
I20260608 10:01:15.631851 24902 raft_consensus.cc:740] T 02301532acda49d1bb9f1e8eb07d1fc1 P 3ca022e320234439ada705bd7f6d34bb [term 0 FOLLOWER]: Becoming Follower/Learner. State: Replica: 3ca022e320234439ada705bd7f6d34bb, State: Initialized, Role: FOLLOWER
I20260608 10:01:15.633359 24902 consensus_queue.cc:260] T 02301532acda49d1bb9f1e8eb07d1fc1 P 3ca022e320234439ada705bd7f6d34bb [NON_LEADER]: Queue going to NON_LEADER mode. State: All replicated index: 0, Majority replicated index: 0, Committed index: 0, Last appended: 0.0, Last appended by leader: 0, Current term: 0, Majority size: -1, State: 0, Mode: NON_LEADER, active raft config: opid_index: -1 OBSOLETE_local: false peers { permanent_uuid: "13b33a7dae154e979d1f35e7a87e7d73" member_type: VOTER last_known_addr { host: "127.21.47.66" port: 39029 } } peers { permanent_uuid: "3ca022e320234439ada705bd7f6d34bb" member_type: VOTER last_known_addr { host: "127.21.47.65" port: 42731 } } peers { permanent_uuid: "728403d8a7f64577bfe6def3b33066db" member_type: VOTER last_known_addr { host: "127.21.47.67" port: 38349 } }
I20260608 10:01:15.636546 24902 ts_tablet_manager.cc:1434] T 02301532acda49d1bb9f1e8eb07d1fc1 P 3ca022e320234439ada705bd7f6d34bb: Time spent starting tablet: real 0.010s	user 0.007s	sys 0.001s
I20260608 10:01:15.638197 24902 tablet_bootstrap.cc:492] T 3794af7c8b2b4652a984801800c9e5a7 P 3ca022e320234439ada705bd7f6d34bb: Bootstrap starting.
I20260608 10:01:15.647392 24902 tablet_bootstrap.cc:654] T 3794af7c8b2b4652a984801800c9e5a7 P 3ca022e320234439ada705bd7f6d34bb: Neither blocks nor log segments found. Creating new log.
I20260608 10:01:15.660172 24930 raft_consensus.cc:515] T cdf096c509e746c99fe53a838f8ef722 P 3ca022e320234439ada705bd7f6d34bb [term 1 FOLLOWER]: Starting leader election with config: opid_index: -1 OBSOLETE_local: false peers { permanent_uuid: "13b33a7dae154e979d1f35e7a87e7d73" member_type: VOTER last_known_addr { host: "127.21.47.66" port: 39029 } } peers { permanent_uuid: "3ca022e320234439ada705bd7f6d34bb" member_type: VOTER last_known_addr { host: "127.21.47.65" port: 42731 } } peers { permanent_uuid: "728403d8a7f64577bfe6def3b33066db" member_type: VOTER last_known_addr { host: "127.21.47.67" port: 38349 } }
I20260608 10:01:15.662503 24708 raft_consensus.cc:2393] T cdf096c509e746c99fe53a838f8ef722 P 3ca022e320234439ada705bd7f6d34bb [term 1 FOLLOWER]: Leader pre-election vote request: Denying vote to candidate 13b33a7dae154e979d1f35e7a87e7d73 in current term 1: Already voted for candidate 3ca022e320234439ada705bd7f6d34bb in this term.
I20260608 10:01:15.663858 24904 tablet_bootstrap.cc:492] T 02bb6a2920e44e00ace8764ab07e4215 P 13b33a7dae154e979d1f35e7a87e7d73: No bootstrap required, opened a new log
I20260608 10:01:15.664153 24783 tablet_service.cc:1917] Received RequestConsensusVote() RPC: tablet_id: "cdf096c509e746c99fe53a838f8ef722" candidate_uuid: "3ca022e320234439ada705bd7f6d34bb" candidate_term: 1 candidate_status { last_received { term: 0 index: 0 } } ignore_live_leader: false dest_uuid: "13b33a7dae154e979d1f35e7a87e7d73"
I20260608 10:01:15.664363 24904 ts_tablet_manager.cc:1403] T 02bb6a2920e44e00ace8764ab07e4215 P 13b33a7dae154e979d1f35e7a87e7d73: Time spent bootstrapping tablet: real 0.078s	user 0.026s	sys 0.042s
I20260608 10:01:15.664747 24783 raft_consensus.cc:3060] T cdf096c509e746c99fe53a838f8ef722 P 13b33a7dae154e979d1f35e7a87e7d73 [term 0 FOLLOWER]: Advancing to term 1
I20260608 10:01:15.665117 24747 leader_election.cc:304] T cdf096c509e746c99fe53a838f8ef722 P 13b33a7dae154e979d1f35e7a87e7d73 [CANDIDATE]: Term 1 pre-election: Election decided. Result: candidate lost. Election summary: received 3 responses out of 3 voters: 1 yes votes; 2 no votes. yes voters: 13b33a7dae154e979d1f35e7a87e7d73; no voters: 3ca022e320234439ada705bd7f6d34bb, 728403d8a7f64577bfe6def3b33066db
I20260608 10:01:15.668537 24902 tablet_bootstrap.cc:492] T 3794af7c8b2b4652a984801800c9e5a7 P 3ca022e320234439ada705bd7f6d34bb: No bootstrap required, opened a new log
I20260608 10:01:15.669148 24902 ts_tablet_manager.cc:1403] T 3794af7c8b2b4652a984801800c9e5a7 P 3ca022e320234439ada705bd7f6d34bb: Time spent bootstrapping tablet: real 0.031s	user 0.016s	sys 0.004s
I20260608 10:01:15.669008 24904 raft_consensus.cc:359] T 02bb6a2920e44e00ace8764ab07e4215 P 13b33a7dae154e979d1f35e7a87e7d73 [term 0 FOLLOWER]: Replica starting. Triggering 0 pending ops. Active config: opid_index: -1 OBSOLETE_local: false peers { permanent_uuid: "13b33a7dae154e979d1f35e7a87e7d73" member_type: VOTER last_known_addr { host: "127.21.47.66" port: 39029 } } peers { permanent_uuid: "3ca022e320234439ada705bd7f6d34bb" member_type: VOTER last_known_addr { host: "127.21.47.65" port: 42731 } } peers { permanent_uuid: "728403d8a7f64577bfe6def3b33066db" member_type: VOTER last_known_addr { host: "127.21.47.67" port: 38349 } }
I20260608 10:01:15.669757 24904 raft_consensus.cc:385] T 02bb6a2920e44e00ace8764ab07e4215 P 13b33a7dae154e979d1f35e7a87e7d73 [term 0 FOLLOWER]: Consensus starting up: Expiring failure detector timer to make a prompt election more likely
I20260608 10:01:15.670040 24904 raft_consensus.cc:740] T 02bb6a2920e44e00ace8764ab07e4215 P 13b33a7dae154e979d1f35e7a87e7d73 [term 0 FOLLOWER]: Becoming Follower/Learner. State: Replica: 13b33a7dae154e979d1f35e7a87e7d73, State: Initialized, Role: FOLLOWER
I20260608 10:01:15.670792 24904 consensus_queue.cc:260] T 02bb6a2920e44e00ace8764ab07e4215 P 13b33a7dae154e979d1f35e7a87e7d73 [NON_LEADER]: Queue going to NON_LEADER mode. State: All replicated index: 0, Majority replicated index: 0, Committed index: 0, Last appended: 0.0, Last appended by leader: 0, Current term: 0, Majority size: -1, State: 0, Mode: NON_LEADER, active raft config: opid_index: -1 OBSOLETE_local: false peers { permanent_uuid: "13b33a7dae154e979d1f35e7a87e7d73" member_type: VOTER last_known_addr { host: "127.21.47.66" port: 39029 } } peers { permanent_uuid: "3ca022e320234439ada705bd7f6d34bb" member_type: VOTER last_known_addr { host: "127.21.47.65" port: 42731 } } peers { permanent_uuid: "728403d8a7f64577bfe6def3b33066db" member_type: VOTER last_known_addr { host: "127.21.47.67" port: 38349 } }
I20260608 10:01:15.673238 24904 ts_tablet_manager.cc:1434] T 02bb6a2920e44e00ace8764ab07e4215 P 13b33a7dae154e979d1f35e7a87e7d73: Time spent starting tablet: real 0.009s	user 0.005s	sys 0.000s
I20260608 10:01:15.674275 24904 tablet_bootstrap.cc:492] T 3794af7c8b2b4652a984801800c9e5a7 P 13b33a7dae154e979d1f35e7a87e7d73: Bootstrap starting.
I20260608 10:01:15.673828 24902 raft_consensus.cc:359] T 3794af7c8b2b4652a984801800c9e5a7 P 3ca022e320234439ada705bd7f6d34bb [term 0 FOLLOWER]: Replica starting. Triggering 0 pending ops. Active config: opid_index: -1 OBSOLETE_local: false peers { permanent_uuid: "13b33a7dae154e979d1f35e7a87e7d73" member_type: VOTER last_known_addr { host: "127.21.47.66" port: 39029 } } peers { permanent_uuid: "3ca022e320234439ada705bd7f6d34bb" member_type: VOTER last_known_addr { host: "127.21.47.65" port: 42731 } } peers { permanent_uuid: "728403d8a7f64577bfe6def3b33066db" member_type: VOTER last_known_addr { host: "127.21.47.67" port: 38349 } }
I20260608 10:01:15.674871 24902 raft_consensus.cc:385] T 3794af7c8b2b4652a984801800c9e5a7 P 3ca022e320234439ada705bd7f6d34bb [term 0 FOLLOWER]: Consensus starting up: Expiring failure detector timer to make a prompt election more likely
I20260608 10:01:15.675391 24902 raft_consensus.cc:740] T 3794af7c8b2b4652a984801800c9e5a7 P 3ca022e320234439ada705bd7f6d34bb [term 0 FOLLOWER]: Becoming Follower/Learner. State: Replica: 3ca022e320234439ada705bd7f6d34bb, State: Initialized, Role: FOLLOWER
I20260608 10:01:15.676698 24902 consensus_queue.cc:260] T 3794af7c8b2b4652a984801800c9e5a7 P 3ca022e320234439ada705bd7f6d34bb [NON_LEADER]: Queue going to NON_LEADER mode. State: All replicated index: 0, Majority replicated index: 0, Committed index: 0, Last appended: 0.0, Last appended by leader: 0, Current term: 0, Majority size: -1, State: 0, Mode: NON_LEADER, active raft config: opid_index: -1 OBSOLETE_local: false peers { permanent_uuid: "13b33a7dae154e979d1f35e7a87e7d73" member_type: VOTER last_known_addr { host: "127.21.47.66" port: 39029 } } peers { permanent_uuid: "3ca022e320234439ada705bd7f6d34bb" member_type: VOTER last_known_addr { host: "127.21.47.65" port: 42731 } } peers { permanent_uuid: "728403d8a7f64577bfe6def3b33066db" member_type: VOTER last_known_addr { host: "127.21.47.67" port: 38349 } }
I20260608 10:01:15.681527 24904 tablet_bootstrap.cc:654] T 3794af7c8b2b4652a984801800c9e5a7 P 13b33a7dae154e979d1f35e7a87e7d73: Neither blocks nor log segments found. Creating new log.
I20260608 10:01:15.682874 24902 ts_tablet_manager.cc:1434] T 3794af7c8b2b4652a984801800c9e5a7 P 3ca022e320234439ada705bd7f6d34bb: Time spent starting tablet: real 0.013s	user 0.010s	sys 0.000s
I20260608 10:01:15.684412 24902 tablet_bootstrap.cc:492] T 7fddf5bd2cce4629acd3a7f07ae2a9f9 P 3ca022e320234439ada705bd7f6d34bb: Bootstrap starting.
I20260608 10:01:15.692797 24902 tablet_bootstrap.cc:654] T 7fddf5bd2cce4629acd3a7f07ae2a9f9 P 3ca022e320234439ada705bd7f6d34bb: Neither blocks nor log segments found. Creating new log.
I20260608 10:01:15.703059 24783 raft_consensus.cc:2468] T cdf096c509e746c99fe53a838f8ef722 P 13b33a7dae154e979d1f35e7a87e7d73 [term 1 FOLLOWER]: Leader election vote request: Granting yes vote for candidate 3ca022e320234439ada705bd7f6d34bb in term 1.
I20260608 10:01:15.704099 24910 raft_consensus.cc:2749] T cdf096c509e746c99fe53a838f8ef722 P 13b33a7dae154e979d1f35e7a87e7d73 [term 1 FOLLOWER]: Leader pre-election lost for term 1. Reason: could not achieve majority
I20260608 10:01:15.705142 24672 leader_election.cc:304] T cdf096c509e746c99fe53a838f8ef722 P 3ca022e320234439ada705bd7f6d34bb [CANDIDATE]: Term 1 election: Election decided. Result: candidate won. Election summary: received 2 responses out of 3 voters: 2 yes votes; 0 no votes. yes voters: 13b33a7dae154e979d1f35e7a87e7d73, 3ca022e320234439ada705bd7f6d34bb; no voters: 
I20260608 10:01:15.706647 24934 raft_consensus.cc:2804] T cdf096c509e746c99fe53a838f8ef722 P 3ca022e320234439ada705bd7f6d34bb [term 1 FOLLOWER]: Leader election won for term 1
I20260608 10:01:15.707404 24934 raft_consensus.cc:697] T cdf096c509e746c99fe53a838f8ef722 P 3ca022e320234439ada705bd7f6d34bb [term 1 LEADER]: Becoming Leader. State: Replica: 3ca022e320234439ada705bd7f6d34bb, State: Running, Role: LEADER
I20260608 10:01:15.708751 24934 consensus_queue.cc:237] T cdf096c509e746c99fe53a838f8ef722 P 3ca022e320234439ada705bd7f6d34bb [LEADER]: Queue going to LEADER mode. State: All replicated index: 0, Majority replicated index: 0, Committed index: 0, Last appended: 0.0, Last appended by leader: 0, Current term: 1, Majority size: 2, State: 0, Mode: LEADER, active raft config: opid_index: -1 OBSOLETE_local: false peers { permanent_uuid: "13b33a7dae154e979d1f35e7a87e7d73" member_type: VOTER last_known_addr { host: "127.21.47.66" port: 39029 } } peers { permanent_uuid: "3ca022e320234439ada705bd7f6d34bb" member_type: VOTER last_known_addr { host: "127.21.47.65" port: 42731 } } peers { permanent_uuid: "728403d8a7f64577bfe6def3b33066db" member_type: VOTER last_known_addr { host: "127.21.47.67" port: 38349 } }
I20260608 10:01:15.710822 24902 tablet_bootstrap.cc:492] T 7fddf5bd2cce4629acd3a7f07ae2a9f9 P 3ca022e320234439ada705bd7f6d34bb: No bootstrap required, opened a new log
I20260608 10:01:15.711628 24902 ts_tablet_manager.cc:1403] T 7fddf5bd2cce4629acd3a7f07ae2a9f9 P 3ca022e320234439ada705bd7f6d34bb: Time spent bootstrapping tablet: real 0.028s	user 0.012s	sys 0.009s
I20260608 10:01:15.715777 24902 raft_consensus.cc:359] T 7fddf5bd2cce4629acd3a7f07ae2a9f9 P 3ca022e320234439ada705bd7f6d34bb [term 0 FOLLOWER]: Replica starting. Triggering 0 pending ops. Active config: opid_index: -1 OBSOLETE_local: false peers { permanent_uuid: "3ca022e320234439ada705bd7f6d34bb" member_type: VOTER last_known_addr { host: "127.21.47.65" port: 42731 } } peers { permanent_uuid: "13b33a7dae154e979d1f35e7a87e7d73" member_type: VOTER last_known_addr { host: "127.21.47.66" port: 39029 } } peers { permanent_uuid: "728403d8a7f64577bfe6def3b33066db" member_type: VOTER last_known_addr { host: "127.21.47.67" port: 38349 } }
I20260608 10:01:15.721279 24902 raft_consensus.cc:385] T 7fddf5bd2cce4629acd3a7f07ae2a9f9 P 3ca022e320234439ada705bd7f6d34bb [term 0 FOLLOWER]: Consensus starting up: Expiring failure detector timer to make a prompt election more likely
I20260608 10:01:15.721769 24902 raft_consensus.cc:740] T 7fddf5bd2cce4629acd3a7f07ae2a9f9 P 3ca022e320234439ada705bd7f6d34bb [term 0 FOLLOWER]: Becoming Follower/Learner. State: Replica: 3ca022e320234439ada705bd7f6d34bb, State: Initialized, Role: FOLLOWER
I20260608 10:01:15.722859 24902 consensus_queue.cc:260] T 7fddf5bd2cce4629acd3a7f07ae2a9f9 P 3ca022e320234439ada705bd7f6d34bb [NON_LEADER]: Queue going to NON_LEADER mode. State: All replicated index: 0, Majority replicated index: 0, Committed index: 0, Last appended: 0.0, Last appended by leader: 0, Current term: 0, Majority size: -1, State: 0, Mode: NON_LEADER, active raft config: opid_index: -1 OBSOLETE_local: false peers { permanent_uuid: "3ca022e320234439ada705bd7f6d34bb" member_type: VOTER last_known_addr { host: "127.21.47.65" port: 42731 } } peers { permanent_uuid: "13b33a7dae154e979d1f35e7a87e7d73" member_type: VOTER last_known_addr { host: "127.21.47.66" port: 39029 } } peers { permanent_uuid: "728403d8a7f64577bfe6def3b33066db" member_type: VOTER last_known_addr { host: "127.21.47.67" port: 38349 } }
I20260608 10:01:15.717163 24857 tablet_service.cc:1917] Received RequestConsensusVote() RPC: tablet_id: "cdf096c509e746c99fe53a838f8ef722" candidate_uuid: "3ca022e320234439ada705bd7f6d34bb" candidate_term: 1 candidate_status { last_received { term: 0 index: 0 } } ignore_live_leader: false dest_uuid: "728403d8a7f64577bfe6def3b33066db"
I20260608 10:01:15.717005 24930 leader_election.cc:290] T cdf096c509e746c99fe53a838f8ef722 P 3ca022e320234439ada705bd7f6d34bb [CANDIDATE]: Term 1 election: Requested vote from peers 13b33a7dae154e979d1f35e7a87e7d73 (127.21.47.66:39029), 728403d8a7f64577bfe6def3b33066db (127.21.47.67:38349)
W20260608 10:01:15.725404 24673 leader_election.cc:343] T cdf096c509e746c99fe53a838f8ef722 P 3ca022e320234439ada705bd7f6d34bb [CANDIDATE]: Term 1 election: Tablet error from VoteRequest() call to peer 728403d8a7f64577bfe6def3b33066db (127.21.47.67:38349): Illegal state: must be running to vote when last-logged opid is not known
I20260608 10:01:15.726959 24902 ts_tablet_manager.cc:1434] T 7fddf5bd2cce4629acd3a7f07ae2a9f9 P 3ca022e320234439ada705bd7f6d34bb: Time spent starting tablet: real 0.015s	user 0.007s	sys 0.000s
I20260608 10:01:15.727900 24603 catalog_manager.cc:5696] T cdf096c509e746c99fe53a838f8ef722 P 3ca022e320234439ada705bd7f6d34bb reported cstate change: term changed from 0 to 1, leader changed from <none> to 3ca022e320234439ada705bd7f6d34bb (127.21.47.65). New cstate: current_term: 1 leader_uuid: "3ca022e320234439ada705bd7f6d34bb" committed_config { opid_index: -1 OBSOLETE_local: false peers { permanent_uuid: "13b33a7dae154e979d1f35e7a87e7d73" member_type: VOTER last_known_addr { host: "127.21.47.66" port: 39029 } health_report { overall_health: UNKNOWN } } peers { permanent_uuid: "3ca022e320234439ada705bd7f6d34bb" member_type: VOTER last_known_addr { host: "127.21.47.65" port: 42731 } health_report { overall_health: HEALTHY } } peers { permanent_uuid: "728403d8a7f64577bfe6def3b33066db" member_type: VOTER last_known_addr { host: "127.21.47.67" port: 38349 } health_report { overall_health: UNKNOWN } } }
I20260608 10:01:15.733839 24904 tablet_bootstrap.cc:492] T 3794af7c8b2b4652a984801800c9e5a7 P 13b33a7dae154e979d1f35e7a87e7d73: No bootstrap required, opened a new log
I20260608 10:01:15.733927 24903 tablet_bootstrap.cc:492] T 02bb6a2920e44e00ace8764ab07e4215 P 728403d8a7f64577bfe6def3b33066db: No bootstrap required, opened a new log
I20260608 10:01:15.734375 24904 ts_tablet_manager.cc:1403] T 3794af7c8b2b4652a984801800c9e5a7 P 13b33a7dae154e979d1f35e7a87e7d73: Time spent bootstrapping tablet: real 0.060s	user 0.037s	sys 0.020s
I20260608 10:01:15.734479 24903 ts_tablet_manager.cc:1403] T 02bb6a2920e44e00ace8764ab07e4215 P 728403d8a7f64577bfe6def3b33066db: Time spent bootstrapping tablet: real 0.119s	user 0.041s	sys 0.073s
I20260608 10:01:15.737017 24904 raft_consensus.cc:359] T 3794af7c8b2b4652a984801800c9e5a7 P 13b33a7dae154e979d1f35e7a87e7d73 [term 0 FOLLOWER]: Replica starting. Triggering 0 pending ops. Active config: opid_index: -1 OBSOLETE_local: false peers { permanent_uuid: "13b33a7dae154e979d1f35e7a87e7d73" member_type: VOTER last_known_addr { host: "127.21.47.66" port: 39029 } } peers { permanent_uuid: "3ca022e320234439ada705bd7f6d34bb" member_type: VOTER last_known_addr { host: "127.21.47.65" port: 42731 } } peers { permanent_uuid: "728403d8a7f64577bfe6def3b33066db" member_type: VOTER last_known_addr { host: "127.21.47.67" port: 38349 } }
I20260608 10:01:15.737800 24904 raft_consensus.cc:385] T 3794af7c8b2b4652a984801800c9e5a7 P 13b33a7dae154e979d1f35e7a87e7d73 [term 0 FOLLOWER]: Consensus starting up: Expiring failure detector timer to make a prompt election more likely
I20260608 10:01:15.737782 24930 raft_consensus.cc:493] T 02bb6a2920e44e00ace8764ab07e4215 P 3ca022e320234439ada705bd7f6d34bb [term 0 FOLLOWER]: Starting pre-election (no leader contacted us within the election timeout)
I20260608 10:01:15.738412 24904 raft_consensus.cc:740] T 3794af7c8b2b4652a984801800c9e5a7 P 13b33a7dae154e979d1f35e7a87e7d73 [term 0 FOLLOWER]: Becoming Follower/Learner. State: Replica: 13b33a7dae154e979d1f35e7a87e7d73, State: Initialized, Role: FOLLOWER
I20260608 10:01:15.738593 24930 raft_consensus.cc:515] T 02bb6a2920e44e00ace8764ab07e4215 P 3ca022e320234439ada705bd7f6d34bb [term 0 FOLLOWER]: Starting pre-election with config: opid_index: -1 OBSOLETE_local: false peers { permanent_uuid: "13b33a7dae154e979d1f35e7a87e7d73" member_type: VOTER last_known_addr { host: "127.21.47.66" port: 39029 } } peers { permanent_uuid: "3ca022e320234439ada705bd7f6d34bb" member_type: VOTER last_known_addr { host: "127.21.47.65" port: 42731 } } peers { permanent_uuid: "728403d8a7f64577bfe6def3b33066db" member_type: VOTER last_known_addr { host: "127.21.47.67" port: 38349 } }
I20260608 10:01:15.739395 24904 consensus_queue.cc:260] T 3794af7c8b2b4652a984801800c9e5a7 P 13b33a7dae154e979d1f35e7a87e7d73 [NON_LEADER]: Queue going to NON_LEADER mode. State: All replicated index: 0, Majority replicated index: 0, Committed index: 0, Last appended: 0.0, Last appended by leader: 0, Current term: 0, Majority size: -1, State: 0, Mode: NON_LEADER, active raft config: opid_index: -1 OBSOLETE_local: false peers { permanent_uuid: "13b33a7dae154e979d1f35e7a87e7d73" member_type: VOTER last_known_addr { host: "127.21.47.66" port: 39029 } } peers { permanent_uuid: "3ca022e320234439ada705bd7f6d34bb" member_type: VOTER last_known_addr { host: "127.21.47.65" port: 42731 } } peers { permanent_uuid: "728403d8a7f64577bfe6def3b33066db" member_type: VOTER last_known_addr { host: "127.21.47.67" port: 38349 } }
I20260608 10:01:15.740965 24930 leader_election.cc:290] T 02bb6a2920e44e00ace8764ab07e4215 P 3ca022e320234439ada705bd7f6d34bb [CANDIDATE]: Term 1 pre-election: Requested pre-vote from peers 13b33a7dae154e979d1f35e7a87e7d73 (127.21.47.66:39029), 728403d8a7f64577bfe6def3b33066db (127.21.47.67:38349)
I20260608 10:01:15.737653 24903 raft_consensus.cc:359] T 02bb6a2920e44e00ace8764ab07e4215 P 728403d8a7f64577bfe6def3b33066db [term 0 FOLLOWER]: Replica starting. Triggering 0 pending ops. Active config: opid_index: -1 OBSOLETE_local: false peers { permanent_uuid: "13b33a7dae154e979d1f35e7a87e7d73" member_type: VOTER last_known_addr { host: "127.21.47.66" port: 39029 } } peers { permanent_uuid: "3ca022e320234439ada705bd7f6d34bb" member_type: VOTER last_known_addr { host: "127.21.47.65" port: 42731 } } peers { permanent_uuid: "728403d8a7f64577bfe6def3b33066db" member_type: VOTER last_known_addr { host: "127.21.47.67" port: 38349 } }
I20260608 10:01:15.741637 24903 raft_consensus.cc:385] T 02bb6a2920e44e00ace8764ab07e4215 P 728403d8a7f64577bfe6def3b33066db [term 0 FOLLOWER]: Consensus starting up: Expiring failure detector timer to make a prompt election more likely
I20260608 10:01:15.741855 24904 ts_tablet_manager.cc:1434] T 3794af7c8b2b4652a984801800c9e5a7 P 13b33a7dae154e979d1f35e7a87e7d73: Time spent starting tablet: real 0.007s	user 0.003s	sys 0.003s
I20260608 10:01:15.742014 24903 raft_consensus.cc:740] T 02bb6a2920e44e00ace8764ab07e4215 P 728403d8a7f64577bfe6def3b33066db [term 0 FOLLOWER]: Becoming Follower/Learner. State: Replica: 728403d8a7f64577bfe6def3b33066db, State: Initialized, Role: FOLLOWER
I20260608 10:01:15.743022 24904 tablet_bootstrap.cc:492] T 02301532acda49d1bb9f1e8eb07d1fc1 P 13b33a7dae154e979d1f35e7a87e7d73: Bootstrap starting.
I20260608 10:01:15.742895 24903 consensus_queue.cc:260] T 02bb6a2920e44e00ace8764ab07e4215 P 728403d8a7f64577bfe6def3b33066db [NON_LEADER]: Queue going to NON_LEADER mode. State: All replicated index: 0, Majority replicated index: 0, Committed index: 0, Last appended: 0.0, Last appended by leader: 0, Current term: 0, Majority size: -1, State: 0, Mode: NON_LEADER, active raft config: opid_index: -1 OBSOLETE_local: false peers { permanent_uuid: "13b33a7dae154e979d1f35e7a87e7d73" member_type: VOTER last_known_addr { host: "127.21.47.66" port: 39029 } } peers { permanent_uuid: "3ca022e320234439ada705bd7f6d34bb" member_type: VOTER last_known_addr { host: "127.21.47.65" port: 42731 } } peers { permanent_uuid: "728403d8a7f64577bfe6def3b33066db" member_type: VOTER last_known_addr { host: "127.21.47.67" port: 38349 } }
I20260608 10:01:15.743965 24783 tablet_service.cc:1917] Received RequestConsensusVote() RPC: tablet_id: "02bb6a2920e44e00ace8764ab07e4215" candidate_uuid: "3ca022e320234439ada705bd7f6d34bb" candidate_term: 1 candidate_status { last_received { term: 0 index: 0 } } ignore_live_leader: false dest_uuid: "13b33a7dae154e979d1f35e7a87e7d73" is_pre_election: true
I20260608 10:01:15.746706 24783 raft_consensus.cc:2468] T 02bb6a2920e44e00ace8764ab07e4215 P 13b33a7dae154e979d1f35e7a87e7d73 [term 0 FOLLOWER]: Leader pre-election vote request: Granting yes vote for candidate 3ca022e320234439ada705bd7f6d34bb in term 0.
I20260608 10:01:15.743626 24857 tablet_service.cc:1917] Received RequestConsensusVote() RPC: tablet_id: "02bb6a2920e44e00ace8764ab07e4215" candidate_uuid: "3ca022e320234439ada705bd7f6d34bb" candidate_term: 1 candidate_status { last_received { term: 0 index: 0 } } ignore_live_leader: false dest_uuid: "728403d8a7f64577bfe6def3b33066db" is_pre_election: true
I20260608 10:01:15.745388 24903 ts_tablet_manager.cc:1434] T 02bb6a2920e44e00ace8764ab07e4215 P 728403d8a7f64577bfe6def3b33066db: Time spent starting tablet: real 0.011s	user 0.009s	sys 0.000s
I20260608 10:01:15.748976 24904 tablet_bootstrap.cc:654] T 02301532acda49d1bb9f1e8eb07d1fc1 P 13b33a7dae154e979d1f35e7a87e7d73: Neither blocks nor log segments found. Creating new log.
I20260608 10:01:15.749262 24857 raft_consensus.cc:2468] T 02bb6a2920e44e00ace8764ab07e4215 P 728403d8a7f64577bfe6def3b33066db [term 0 FOLLOWER]: Leader pre-election vote request: Granting yes vote for candidate 3ca022e320234439ada705bd7f6d34bb in term 0.
I20260608 10:01:15.752653 24903 tablet_bootstrap.cc:492] T cdf096c509e746c99fe53a838f8ef722 P 728403d8a7f64577bfe6def3b33066db: Bootstrap starting.
I20260608 10:01:15.751004 24672 leader_election.cc:304] T 02bb6a2920e44e00ace8764ab07e4215 P 3ca022e320234439ada705bd7f6d34bb [CANDIDATE]: Term 1 pre-election: Election decided. Result: candidate won. Election summary: received 2 responses out of 3 voters: 2 yes votes; 0 no votes. yes voters: 13b33a7dae154e979d1f35e7a87e7d73, 3ca022e320234439ada705bd7f6d34bb; no voters: 
I20260608 10:01:15.753757 24930 raft_consensus.cc:2804] T 02bb6a2920e44e00ace8764ab07e4215 P 3ca022e320234439ada705bd7f6d34bb [term 0 FOLLOWER]: Leader pre-election won for term 1
I20260608 10:01:15.754129 24930 raft_consensus.cc:493] T 02bb6a2920e44e00ace8764ab07e4215 P 3ca022e320234439ada705bd7f6d34bb [term 0 FOLLOWER]: Starting leader election (no leader contacted us within the election timeout)
I20260608 10:01:15.754473 24930 raft_consensus.cc:3060] T 02bb6a2920e44e00ace8764ab07e4215 P 3ca022e320234439ada705bd7f6d34bb [term 0 FOLLOWER]: Advancing to term 1
I20260608 10:01:15.760586 24903 tablet_bootstrap.cc:654] T cdf096c509e746c99fe53a838f8ef722 P 728403d8a7f64577bfe6def3b33066db: Neither blocks nor log segments found. Creating new log.
I20260608 10:01:15.766440 24930 raft_consensus.cc:515] T 02bb6a2920e44e00ace8764ab07e4215 P 3ca022e320234439ada705bd7f6d34bb [term 1 FOLLOWER]: Starting leader election with config: opid_index: -1 OBSOLETE_local: false peers { permanent_uuid: "13b33a7dae154e979d1f35e7a87e7d73" member_type: VOTER last_known_addr { host: "127.21.47.66" port: 39029 } } peers { permanent_uuid: "3ca022e320234439ada705bd7f6d34bb" member_type: VOTER last_known_addr { host: "127.21.47.65" port: 42731 } } peers { permanent_uuid: "728403d8a7f64577bfe6def3b33066db" member_type: VOTER last_known_addr { host: "127.21.47.67" port: 38349 } }
I20260608 10:01:15.767390 24903 tablet_bootstrap.cc:492] T cdf096c509e746c99fe53a838f8ef722 P 728403d8a7f64577bfe6def3b33066db: No bootstrap required, opened a new log
I20260608 10:01:15.767802 24904 tablet_bootstrap.cc:492] T 02301532acda49d1bb9f1e8eb07d1fc1 P 13b33a7dae154e979d1f35e7a87e7d73: No bootstrap required, opened a new log
I20260608 10:01:15.767803 24903 ts_tablet_manager.cc:1403] T cdf096c509e746c99fe53a838f8ef722 P 728403d8a7f64577bfe6def3b33066db: Time spent bootstrapping tablet: real 0.015s	user 0.009s	sys 0.004s
I20260608 10:01:15.768445 24904 ts_tablet_manager.cc:1403] T 02301532acda49d1bb9f1e8eb07d1fc1 P 13b33a7dae154e979d1f35e7a87e7d73: Time spent bootstrapping tablet: real 0.026s	user 0.011s	sys 0.007s
I20260608 10:01:15.769310 24783 tablet_service.cc:1917] Received RequestConsensusVote() RPC: tablet_id: "02bb6a2920e44e00ace8764ab07e4215" candidate_uuid: "3ca022e320234439ada705bd7f6d34bb" candidate_term: 1 candidate_status { last_received { term: 0 index: 0 } } ignore_live_leader: false dest_uuid: "13b33a7dae154e979d1f35e7a87e7d73"
I20260608 10:01:15.769868 24783 raft_consensus.cc:3060] T 02bb6a2920e44e00ace8764ab07e4215 P 13b33a7dae154e979d1f35e7a87e7d73 [term 0 FOLLOWER]: Advancing to term 1
I20260608 10:01:15.770308 24930 leader_election.cc:290] T 02bb6a2920e44e00ace8764ab07e4215 P 3ca022e320234439ada705bd7f6d34bb [CANDIDATE]: Term 1 election: Requested vote from peers 13b33a7dae154e979d1f35e7a87e7d73 (127.21.47.66:39029), 728403d8a7f64577bfe6def3b33066db (127.21.47.67:38349)
I20260608 10:01:15.770730 24903 raft_consensus.cc:359] T cdf096c509e746c99fe53a838f8ef722 P 728403d8a7f64577bfe6def3b33066db [term 0 FOLLOWER]: Replica starting. Triggering 0 pending ops. Active config: opid_index: -1 OBSOLETE_local: false peers { permanent_uuid: "13b33a7dae154e979d1f35e7a87e7d73" member_type: VOTER last_known_addr { host: "127.21.47.66" port: 39029 } } peers { permanent_uuid: "3ca022e320234439ada705bd7f6d34bb" member_type: VOTER last_known_addr { host: "127.21.47.65" port: 42731 } } peers { permanent_uuid: "728403d8a7f64577bfe6def3b33066db" member_type: VOTER last_known_addr { host: "127.21.47.67" port: 38349 } }
I20260608 10:01:15.771518 24903 raft_consensus.cc:385] T cdf096c509e746c99fe53a838f8ef722 P 728403d8a7f64577bfe6def3b33066db [term 0 FOLLOWER]: Consensus starting up: Expiring failure detector timer to make a prompt election more likely
I20260608 10:01:15.771883 24903 raft_consensus.cc:740] T cdf096c509e746c99fe53a838f8ef722 P 728403d8a7f64577bfe6def3b33066db [term 0 FOLLOWER]: Becoming Follower/Learner. State: Replica: 728403d8a7f64577bfe6def3b33066db, State: Initialized, Role: FOLLOWER
I20260608 10:01:15.772120 24857 tablet_service.cc:1917] Received RequestConsensusVote() RPC: tablet_id: "02bb6a2920e44e00ace8764ab07e4215" candidate_uuid: "3ca022e320234439ada705bd7f6d34bb" candidate_term: 1 candidate_status { last_received { term: 0 index: 0 } } ignore_live_leader: false dest_uuid: "728403d8a7f64577bfe6def3b33066db"
I20260608 10:01:15.772696 24857 raft_consensus.cc:3060] T 02bb6a2920e44e00ace8764ab07e4215 P 728403d8a7f64577bfe6def3b33066db [term 0 FOLLOWER]: Advancing to term 1
