I20260608 10:01:22.440388 24857 raft_consensus.cc:2955] T f8125abe99b741b1a0a906a1d0179287 P 728403d8a7f64577bfe6def3b33066db [term 1 FOLLOWER]: Committing config change with OpId 1.4: config changed from index 3 to 4, VOTER 2ebfac0d265f4167998694fddc50cb58 (127.21.47.68) evicted. New config: { opid_index: 4 OBSOLETE_local: false peers { permanent_uuid: "13b33a7dae154e979d1f35e7a87e7d73" member_type: VOTER last_known_addr { host: "127.21.47.66" port: 39029 } } peers { permanent_uuid: "3ca022e320234439ada705bd7f6d34bb" member_type: VOTER last_known_addr { host: "127.21.47.65" port: 42731 } } peers { permanent_uuid: "728403d8a7f64577bfe6def3b33066db" member_type: VOTER last_known_addr { host: "127.21.47.67" port: 38349 } attrs { promote: false } } }
I20260608 10:01:22.460626 24781 raft_consensus.cc:2955] T 02301532acda49d1bb9f1e8eb07d1fc1 P 13b33a7dae154e979d1f35e7a87e7d73 [term 3 FOLLOWER]: Committing config change with OpId 3.5: config changed from index 4 to 5, 2ebfac0d265f4167998694fddc50cb58 (127.21.47.68) changed from NON_VOTER to VOTER. New config: { opid_index: 5 OBSOLETE_local: false peers { permanent_uuid: "13b33a7dae154e979d1f35e7a87e7d73" member_type: VOTER last_known_addr { host: "127.21.47.66" port: 39029 } attrs { replace: true } } peers { permanent_uuid: "3ca022e320234439ada705bd7f6d34bb" member_type: VOTER last_known_addr { host: "127.21.47.65" port: 42731 } } peers { permanent_uuid: "728403d8a7f64577bfe6def3b33066db" member_type: VOTER last_known_addr { host: "127.21.47.67" port: 38349 } } peers { permanent_uuid: "2ebfac0d265f4167998694fddc50cb58" member_type: VOTER last_known_addr { host: "127.21.47.68" port: 35287 } attrs { promote: false } } }
I20260608 10:01:22.465090 24601 catalog_manager.cc:5696] T f8125abe99b741b1a0a906a1d0179287 P 3ca022e320234439ada705bd7f6d34bb reported cstate change: config changed from index 3 to 4, VOTER 2ebfac0d265f4167998694fddc50cb58 (127.21.47.68) evicted. New cstate: current_term: 1 leader_uuid: "3ca022e320234439ada705bd7f6d34bb" committed_config { opid_index: 4 OBSOLETE_local: false peers { permanent_uuid: "13b33a7dae154e979d1f35e7a87e7d73" member_type: VOTER last_known_addr { host: "127.21.47.66" port: 39029 } health_report { overall_health: HEALTHY } } peers { permanent_uuid: "3ca022e320234439ada705bd7f6d34bb" member_type: VOTER last_known_addr { host: "127.21.47.65" port: 42731 } health_report { overall_health: HEALTHY } } peers { permanent_uuid: "728403d8a7f64577bfe6def3b33066db" member_type: VOTER last_known_addr { host: "127.21.47.67" port: 38349 } attrs { promote: false } health_report { overall_health: HEALTHY } } }
I20260608 10:01:22.445948 25266 raft_consensus.cc:2955] T 02301532acda49d1bb9f1e8eb07d1fc1 P 728403d8a7f64577bfe6def3b33066db [term 3 LEADER]: Committing config change with OpId 3.5: config changed from index 4 to 5, 2ebfac0d265f4167998694fddc50cb58 (127.21.47.68) changed from NON_VOTER to VOTER. New config: { opid_index: 5 OBSOLETE_local: false peers { permanent_uuid: "13b33a7dae154e979d1f35e7a87e7d73" member_type: VOTER last_known_addr { host: "127.21.47.66" port: 39029 } attrs { replace: true } } peers { permanent_uuid: "3ca022e320234439ada705bd7f6d34bb" member_type: VOTER last_known_addr { host: "127.21.47.65" port: 42731 } } peers { permanent_uuid: "728403d8a7f64577bfe6def3b33066db" member_type: VOTER last_known_addr { host: "127.21.47.67" port: 38349 } } peers { permanent_uuid: "2ebfac0d265f4167998694fddc50cb58" member_type: VOTER last_known_addr { host: "127.21.47.68" port: 35287 } attrs { promote: false } } }
I20260608 10:01:22.485599 24706 raft_consensus.cc:1275] T 3f59aeea8cfb4933a38c86c39428d3b5 P 3ca022e320234439ada705bd7f6d34bb [term 2 FOLLOWER]: Refusing update from remote peer 2ebfac0d265f4167998694fddc50cb58: Log matching property violated. Preceding OpId in replica: term: 1 index: 1. Preceding OpId from leader: term: 2 index: 2. (index mismatch)
I20260608 10:01:22.496093 25243 consensus_queue.cc:1048] T 3f59aeea8cfb4933a38c86c39428d3b5 P 2ebfac0d265f4167998694fddc50cb58 [LEADER]: Connected to new peer: Peer: permanent_uuid: "3ca022e320234439ada705bd7f6d34bb" member_type: VOTER last_known_addr { host: "127.21.47.65" port: 42731 }, Status: LMP_MISMATCH, Last received: 0.0, Next index: 2, Last known committed idx: 1, Time since last communication: 0.000s
I20260608 10:01:22.498240 24706 raft_consensus.cc:1275] T 7fddf5bd2cce4629acd3a7f07ae2a9f9 P 3ca022e320234439ada705bd7f6d34bb [term 3 FOLLOWER]: Refusing update from remote peer 13b33a7dae154e979d1f35e7a87e7d73: Log matching property violated. Preceding OpId in replica: term: 3 index: 4. Preceding OpId from leader: term: 3 index: 5. (index mismatch)
I20260608 10:01:22.503333 25242 consensus_queue.cc:1048] T 7fddf5bd2cce4629acd3a7f07ae2a9f9 P 13b33a7dae154e979d1f35e7a87e7d73 [LEADER]: Connected to new peer: Peer: permanent_uuid: "3ca022e320234439ada705bd7f6d34bb" member_type: VOTER last_known_addr { host: "127.21.47.65" port: 42731 }, Status: LMP_MISMATCH, Last received: 0.0, Next index: 5, Last known committed idx: 4, Time since last communication: 0.000s
I20260608 10:01:22.514137 24857 raft_consensus.cc:1275] T 3f59aeea8cfb4933a38c86c39428d3b5 P 728403d8a7f64577bfe6def3b33066db [term 2 FOLLOWER]: Refusing update from remote peer 2ebfac0d265f4167998694fddc50cb58: Log matching property violated. Preceding OpId in replica: term: 1 index: 1. Preceding OpId from leader: term: 2 index: 2. (index mismatch)
I20260608 10:01:22.517370 24707 raft_consensus.cc:2955] T 02301532acda49d1bb9f1e8eb07d1fc1 P 3ca022e320234439ada705bd7f6d34bb [term 3 FOLLOWER]: Committing config change with OpId 3.5: config changed from index 4 to 5, 2ebfac0d265f4167998694fddc50cb58 (127.21.47.68) changed from NON_VOTER to VOTER. New config: { opid_index: 5 OBSOLETE_local: false peers { permanent_uuid: "13b33a7dae154e979d1f35e7a87e7d73" member_type: VOTER last_known_addr { host: "127.21.47.66" port: 39029 } attrs { replace: true } } peers { permanent_uuid: "3ca022e320234439ada705bd7f6d34bb" member_type: VOTER last_known_addr { host: "127.21.47.65" port: 42731 } } peers { permanent_uuid: "728403d8a7f64577bfe6def3b33066db" member_type: VOTER last_known_addr { host: "127.21.47.67" port: 38349 } } peers { permanent_uuid: "2ebfac0d265f4167998694fddc50cb58" member_type: VOTER last_known_addr { host: "127.21.47.68" port: 35287 } attrs { promote: false } } }
I20260608 10:01:22.530069 24999 tablet_service.cc:1558] Processing DeleteTablet for tablet f8125abe99b741b1a0a906a1d0179287 with delete_type TABLET_DATA_TOMBSTONED (TS 2ebfac0d265f4167998694fddc50cb58 not found in new config with opid_index 4) from {username='slave'} at 127.0.0.1:39472
I20260608 10:01:22.525453 25195 raft_consensus.cc:2955] T 7fddf5bd2cce4629acd3a7f07ae2a9f9 P 13b33a7dae154e979d1f35e7a87e7d73 [term 3 LEADER]: Committing config change with OpId 3.5: config changed from index 4 to 5, 2ebfac0d265f4167998694fddc50cb58 (127.21.47.68) changed from NON_VOTER to VOTER. New config: { opid_index: 5 OBSOLETE_local: false peers { permanent_uuid: "3ca022e320234439ada705bd7f6d34bb" member_type: VOTER last_known_addr { host: "127.21.47.65" port: 42731 } } peers { permanent_uuid: "13b33a7dae154e979d1f35e7a87e7d73" member_type: VOTER last_known_addr { host: "127.21.47.66" port: 39029 } } peers { permanent_uuid: "728403d8a7f64577bfe6def3b33066db" member_type: VOTER last_known_addr { host: "127.21.47.67" port: 38349 } attrs { replace: true } } peers { permanent_uuid: "2ebfac0d265f4167998694fddc50cb58" member_type: VOTER last_known_addr { host: "127.21.47.68" port: 35287 } attrs { promote: false } } }
I20260608 10:01:22.551304 24855 raft_consensus.cc:2955] T 7fddf5bd2cce4629acd3a7f07ae2a9f9 P 728403d8a7f64577bfe6def3b33066db [term 3 FOLLOWER]: Committing config change with OpId 3.5: config changed from index 4 to 5, 2ebfac0d265f4167998694fddc50cb58 (127.21.47.68) changed from NON_VOTER to VOTER. New config: { opid_index: 5 OBSOLETE_local: false peers { permanent_uuid: "3ca022e320234439ada705bd7f6d34bb" member_type: VOTER last_known_addr { host: "127.21.47.65" port: 42731 } } peers { permanent_uuid: "13b33a7dae154e979d1f35e7a87e7d73" member_type: VOTER last_known_addr { host: "127.21.47.66" port: 39029 } } peers { permanent_uuid: "728403d8a7f64577bfe6def3b33066db" member_type: VOTER last_known_addr { host: "127.21.47.67" port: 38349 } attrs { replace: true } } peers { permanent_uuid: "2ebfac0d265f4167998694fddc50cb58" member_type: VOTER last_known_addr { host: "127.21.47.68" port: 35287 } attrs { promote: false } } }
I20260608 10:01:22.520788 25227 consensus_queue.cc:1048] T 3f59aeea8cfb4933a38c86c39428d3b5 P 2ebfac0d265f4167998694fddc50cb58 [LEADER]: Connected to new peer: Peer: permanent_uuid: "728403d8a7f64577bfe6def3b33066db" member_type: VOTER last_known_addr { host: "127.21.47.67" port: 38349 }, Status: LMP_MISMATCH, Last received: 0.0, Next index: 2, Last known committed idx: 1, Time since last communication: 0.032s
I20260608 10:01:22.570407 24708 raft_consensus.cc:2955] T 7fddf5bd2cce4629acd3a7f07ae2a9f9 P 3ca022e320234439ada705bd7f6d34bb [term 3 FOLLOWER]: Committing config change with OpId 3.5: config changed from index 4 to 5, 2ebfac0d265f4167998694fddc50cb58 (127.21.47.68) changed from NON_VOTER to VOTER. New config: { opid_index: 5 OBSOLETE_local: false peers { permanent_uuid: "3ca022e320234439ada705bd7f6d34bb" member_type: VOTER last_known_addr { host: "127.21.47.65" port: 42731 } } peers { permanent_uuid: "13b33a7dae154e979d1f35e7a87e7d73" member_type: VOTER last_known_addr { host: "127.21.47.66" port: 39029 } } peers { permanent_uuid: "728403d8a7f64577bfe6def3b33066db" member_type: VOTER last_known_addr { host: "127.21.47.67" port: 38349 } attrs { replace: true } } peers { permanent_uuid: "2ebfac0d265f4167998694fddc50cb58" member_type: VOTER last_known_addr { host: "127.21.47.68" port: 35287 } attrs { promote: false } } }
I20260608 10:01:22.595810 25274 tablet_replica.cc:333] T f8125abe99b741b1a0a906a1d0179287 P 2ebfac0d265f4167998694fddc50cb58: stopping tablet replica
I20260608 10:01:22.596982 25274 raft_consensus.cc:2243] T f8125abe99b741b1a0a906a1d0179287 P 2ebfac0d265f4167998694fddc50cb58 [term 1 FOLLOWER]: Raft consensus shutting down.
I20260608 10:01:22.612118 25274 raft_consensus.cc:2272] T f8125abe99b741b1a0a906a1d0179287 P 2ebfac0d265f4167998694fddc50cb58 [term 1 FOLLOWER]: Raft consensus is shut down!
I20260608 10:01:22.615577 25274 ts_tablet_manager.cc:1916] T f8125abe99b741b1a0a906a1d0179287 P 2ebfac0d265f4167998694fddc50cb58: Deleting tablet data with delete state TABLET_DATA_TOMBSTONED
I20260608 10:01:22.614765 25007 raft_consensus.cc:2955] T 7fddf5bd2cce4629acd3a7f07ae2a9f9 P 2ebfac0d265f4167998694fddc50cb58 [term 3 FOLLOWER]: Committing config change with OpId 3.5: config changed from index 4 to 5, 2ebfac0d265f4167998694fddc50cb58 (127.21.47.68) changed from NON_VOTER to VOTER. New config: { opid_index: 5 OBSOLETE_local: false peers { permanent_uuid: "3ca022e320234439ada705bd7f6d34bb" member_type: VOTER last_known_addr { host: "127.21.47.65" port: 42731 } } peers { permanent_uuid: "13b33a7dae154e979d1f35e7a87e7d73" member_type: VOTER last_known_addr { host: "127.21.47.66" port: 39029 } } peers { permanent_uuid: "728403d8a7f64577bfe6def3b33066db" member_type: VOTER last_known_addr { host: "127.21.47.67" port: 38349 } attrs { replace: true } } peers { permanent_uuid: "2ebfac0d265f4167998694fddc50cb58" member_type: VOTER last_known_addr { host: "127.21.47.68" port: 35287 } attrs { promote: false } } }
I20260608 10:01:22.625691 25005 raft_consensus.cc:2955] T 02301532acda49d1bb9f1e8eb07d1fc1 P 2ebfac0d265f4167998694fddc50cb58 [term 3 FOLLOWER]: Committing config change with OpId 3.5: config changed from index 4 to 5, 2ebfac0d265f4167998694fddc50cb58 (127.21.47.68) changed from NON_VOTER to VOTER. New config: { opid_index: 5 OBSOLETE_local: false peers { permanent_uuid: "13b33a7dae154e979d1f35e7a87e7d73" member_type: VOTER last_known_addr { host: "127.21.47.66" port: 39029 } attrs { replace: true } } peers { permanent_uuid: "3ca022e320234439ada705bd7f6d34bb" member_type: VOTER last_known_addr { host: "127.21.47.65" port: 42731 } } peers { permanent_uuid: "728403d8a7f64577bfe6def3b33066db" member_type: VOTER last_known_addr { host: "127.21.47.67" port: 38349 } } peers { permanent_uuid: "2ebfac0d265f4167998694fddc50cb58" member_type: VOTER last_known_addr { host: "127.21.47.68" port: 35287 } attrs { promote: false } } }
I20260608 10:01:22.631385 25274 ts_tablet_manager.cc:1929] T f8125abe99b741b1a0a906a1d0179287 P 2ebfac0d265f4167998694fddc50cb58: tablet deleted with delete type TABLET_DATA_TOMBSTONED: last-logged OpId 1.3
I20260608 10:01:22.632579 24781 raft_consensus.cc:1275] T f7596b93d60743cf90882cb81b5705ee P 13b33a7dae154e979d1f35e7a87e7d73 [term 1 LEARNER]: Refusing update from remote peer 728403d8a7f64577bfe6def3b33066db: Log matching property violated. Preceding OpId in replica: term: 1 index: 2. Preceding OpId from leader: term: 1 index: 3. (index mismatch)
I20260608 10:01:22.634821 24708 raft_consensus.cc:1275] T f7596b93d60743cf90882cb81b5705ee P 3ca022e320234439ada705bd7f6d34bb [term 1 FOLLOWER]: Refusing update from remote peer 728403d8a7f64577bfe6def3b33066db: Log matching property violated. Preceding OpId in replica: term: 1 index: 2. Preceding OpId from leader: term: 1 index: 3. (index mismatch)
I20260608 10:01:22.635039 25240 consensus_queue.cc:1048] T f7596b93d60743cf90882cb81b5705ee P 728403d8a7f64577bfe6def3b33066db [LEADER]: Connected to new peer: Peer: permanent_uuid: "13b33a7dae154e979d1f35e7a87e7d73" member_type: VOTER last_known_addr { host: "127.21.47.66" port: 39029 } attrs { promote: false }, Status: LMP_MISMATCH, Last received: 0.0, Next index: 3, Last known committed idx: 2, Time since last communication: 0.000s
I20260608 10:01:22.636050 25008 raft_consensus.cc:1275] T f7596b93d60743cf90882cb81b5705ee P 2ebfac0d265f4167998694fddc50cb58 [term 1 FOLLOWER]: Refusing update from remote peer 728403d8a7f64577bfe6def3b33066db: Log matching property violated. Preceding OpId in replica: term: 1 index: 2. Preceding OpId from leader: term: 1 index: 3. (index mismatch)
I20260608 10:01:22.637090 25240 consensus_queue.cc:1048] T f7596b93d60743cf90882cb81b5705ee P 728403d8a7f64577bfe6def3b33066db [LEADER]: Connected to new peer: Peer: permanent_uuid: "3ca022e320234439ada705bd7f6d34bb" member_type: VOTER last_known_addr { host: "127.21.47.65" port: 42731 }, Status: LMP_MISMATCH, Last received: 0.0, Next index: 3, Last known committed idx: 2, Time since last communication: 0.000s
I20260608 10:01:22.639504 25240 consensus_queue.cc:1048] T f7596b93d60743cf90882cb81b5705ee P 728403d8a7f64577bfe6def3b33066db [LEADER]: Connected to new peer: Peer: permanent_uuid: "2ebfac0d265f4167998694fddc50cb58" member_type: VOTER last_known_addr { host: "127.21.47.68" port: 35287 } attrs { replace: true }, Status: LMP_MISMATCH, Last received: 0.0, Next index: 3, Last known committed idx: 2, Time since last communication: 0.000s
I20260608 10:01:22.642436 25274 log.cc:1199] T f8125abe99b741b1a0a906a1d0179287 P 2ebfac0d265f4167998694fddc50cb58: Deleting WAL directory at /tmp/dist-test-taskyV1OQs/test-tmp/auto_rebalancer-test.0.AutoRebalancerTest.RangeAwareRebalancesNewRangeReplicas.1780912798042626-21693-0/minicluster-data/ts-3-root/wals/f8125abe99b741b1a0a906a1d0179287
I20260608 10:01:22.644662 24593 catalog_manager.cc:5027] TS 2ebfac0d265f4167998694fddc50cb58 (127.21.47.68:35287): tablet f8125abe99b741b1a0a906a1d0179287 (table range_aware_rebalance_new_range [id=39d37e2c69354841aefa17253e964d47]) successfully deleted
I20260608 10:01:22.650139 24602 catalog_manager.cc:5696] T 7fddf5bd2cce4629acd3a7f07ae2a9f9 P 2ebfac0d265f4167998694fddc50cb58 reported cstate change: config changed from index 4 to 5, 2ebfac0d265f4167998694fddc50cb58 (127.21.47.68) changed from NON_VOTER to VOTER. New cstate: current_term: 3 leader_uuid: "13b33a7dae154e979d1f35e7a87e7d73" committed_config { opid_index: 5 OBSOLETE_local: false peers { permanent_uuid: "3ca022e320234439ada705bd7f6d34bb" member_type: VOTER last_known_addr { host: "127.21.47.65" port: 42731 } } peers { permanent_uuid: "13b33a7dae154e979d1f35e7a87e7d73" member_type: VOTER last_known_addr { host: "127.21.47.66" port: 39029 } } peers { permanent_uuid: "728403d8a7f64577bfe6def3b33066db" member_type: VOTER last_known_addr { host: "127.21.47.67" port: 38349 } attrs { replace: true } } peers { permanent_uuid: "2ebfac0d265f4167998694fddc50cb58" member_type: VOTER last_known_addr { host: "127.21.47.68" port: 35287 } attrs { promote: false } } }
I20260608 10:01:22.644093 24603 catalog_manager.cc:5696] T 02301532acda49d1bb9f1e8eb07d1fc1 P 13b33a7dae154e979d1f35e7a87e7d73 reported cstate change: config changed from index 4 to 5, 2ebfac0d265f4167998694fddc50cb58 (127.21.47.68) changed from NON_VOTER to VOTER. New cstate: current_term: 3 leader_uuid: "728403d8a7f64577bfe6def3b33066db" committed_config { opid_index: 5 OBSOLETE_local: false peers { permanent_uuid: "13b33a7dae154e979d1f35e7a87e7d73" member_type: VOTER last_known_addr { host: "127.21.47.66" port: 39029 } attrs { replace: true } } peers { permanent_uuid: "3ca022e320234439ada705bd7f6d34bb" member_type: VOTER last_known_addr { host: "127.21.47.65" port: 42731 } } peers { permanent_uuid: "728403d8a7f64577bfe6def3b33066db" member_type: VOTER last_known_addr { host: "127.21.47.67" port: 38349 } } peers { permanent_uuid: "2ebfac0d265f4167998694fddc50cb58" member_type: VOTER last_known_addr { host: "127.21.47.68" port: 35287 } attrs { promote: false } } }
I20260608 10:01:22.670845 25202 raft_consensus.cc:2955] T f7596b93d60743cf90882cb81b5705ee P 728403d8a7f64577bfe6def3b33066db [term 1 LEADER]: Committing config change with OpId 1.3: config changed from index 2 to 3, 13b33a7dae154e979d1f35e7a87e7d73 (127.21.47.66) changed from NON_VOTER to VOTER. New config: { opid_index: 3 OBSOLETE_local: false peers { permanent_uuid: "3ca022e320234439ada705bd7f6d34bb" member_type: VOTER last_known_addr { host: "127.21.47.65" port: 42731 } } peers { permanent_uuid: "2ebfac0d265f4167998694fddc50cb58" member_type: VOTER last_known_addr { host: "127.21.47.68" port: 35287 } attrs { replace: true } } peers { permanent_uuid: "728403d8a7f64577bfe6def3b33066db" member_type: VOTER last_known_addr { host: "127.21.47.67" port: 38349 } } peers { permanent_uuid: "13b33a7dae154e979d1f35e7a87e7d73" member_type: VOTER last_known_addr { host: "127.21.47.66" port: 39029 } attrs { promote: false } } }
I20260608 10:01:22.673535 24781 raft_consensus.cc:2955] T f7596b93d60743cf90882cb81b5705ee P 13b33a7dae154e979d1f35e7a87e7d73 [term 1 FOLLOWER]: Committing config change with OpId 1.3: config changed from index 2 to 3, 13b33a7dae154e979d1f35e7a87e7d73 (127.21.47.66) changed from NON_VOTER to VOTER. New config: { opid_index: 3 OBSOLETE_local: false peers { permanent_uuid: "3ca022e320234439ada705bd7f6d34bb" member_type: VOTER last_known_addr { host: "127.21.47.65" port: 42731 } } peers { permanent_uuid: "2ebfac0d265f4167998694fddc50cb58" member_type: VOTER last_known_addr { host: "127.21.47.68" port: 35287 } attrs { replace: true } } peers { permanent_uuid: "728403d8a7f64577bfe6def3b33066db" member_type: VOTER last_known_addr { host: "127.21.47.67" port: 38349 } } peers { permanent_uuid: "13b33a7dae154e979d1f35e7a87e7d73" member_type: VOTER last_known_addr { host: "127.21.47.66" port: 39029 } attrs { promote: false } } }
I20260608 10:01:22.677801 25008 raft_consensus.cc:2955] T f7596b93d60743cf90882cb81b5705ee P 2ebfac0d265f4167998694fddc50cb58 [term 1 FOLLOWER]: Committing config change with OpId 1.3: config changed from index 2 to 3, 13b33a7dae154e979d1f35e7a87e7d73 (127.21.47.66) changed from NON_VOTER to VOTER. New config: { opid_index: 3 OBSOLETE_local: false peers { permanent_uuid: "3ca022e320234439ada705bd7f6d34bb" member_type: VOTER last_known_addr { host: "127.21.47.65" port: 42731 } } peers { permanent_uuid: "2ebfac0d265f4167998694fddc50cb58" member_type: VOTER last_known_addr { host: "127.21.47.68" port: 35287 } attrs { replace: true } } peers { permanent_uuid: "728403d8a7f64577bfe6def3b33066db" member_type: VOTER last_known_addr { host: "127.21.47.67" port: 38349 } } peers { permanent_uuid: "13b33a7dae154e979d1f35e7a87e7d73" member_type: VOTER last_known_addr { host: "127.21.47.66" port: 39029 } attrs { promote: false } } }
I20260608 10:01:22.683413 24708 raft_consensus.cc:2955] T f7596b93d60743cf90882cb81b5705ee P 3ca022e320234439ada705bd7f6d34bb [term 1 FOLLOWER]: Committing config change with OpId 1.3: config changed from index 2 to 3, 13b33a7dae154e979d1f35e7a87e7d73 (127.21.47.66) changed from NON_VOTER to VOTER. New config: { opid_index: 3 OBSOLETE_local: false peers { permanent_uuid: "3ca022e320234439ada705bd7f6d34bb" member_type: VOTER last_known_addr { host: "127.21.47.65" port: 42731 } } peers { permanent_uuid: "2ebfac0d265f4167998694fddc50cb58" member_type: VOTER last_known_addr { host: "127.21.47.68" port: 35287 } attrs { replace: true } } peers { permanent_uuid: "728403d8a7f64577bfe6def3b33066db" member_type: VOTER last_known_addr { host: "127.21.47.67" port: 38349 } } peers { permanent_uuid: "13b33a7dae154e979d1f35e7a87e7d73" member_type: VOTER last_known_addr { host: "127.21.47.66" port: 39029 } attrs { promote: false } } }
I20260608 10:01:22.686617 24855 consensus_queue.cc:237] T 02301532acda49d1bb9f1e8eb07d1fc1 P 728403d8a7f64577bfe6def3b33066db [LEADER]: Queue going to LEADER mode. State: All replicated index: 0, Majority replicated index: 5, Committed index: 5, Last appended: 3.5, Last appended by leader: 2, Current term: 3, Majority size: 2, State: 0, Mode: LEADER, active raft config: opid_index: 6 OBSOLETE_local: false peers { permanent_uuid: "3ca022e320234439ada705bd7f6d34bb" member_type: VOTER last_known_addr { host: "127.21.47.65" port: 42731 } } peers { permanent_uuid: "728403d8a7f64577bfe6def3b33066db" member_type: VOTER last_known_addr { host: "127.21.47.67" port: 38349 } } peers { permanent_uuid: "2ebfac0d265f4167998694fddc50cb58" member_type: VOTER last_known_addr { host: "127.21.47.68" port: 35287 } attrs { promote: false } }
I20260608 10:01:22.693272 24706 raft_consensus.cc:1275] T 02301532acda49d1bb9f1e8eb07d1fc1 P 3ca022e320234439ada705bd7f6d34bb [term 3 FOLLOWER]: Refusing update from remote peer 728403d8a7f64577bfe6def3b33066db: Log matching property violated. Preceding OpId in replica: term: 3 index: 5. Preceding OpId from leader: term: 3 index: 6. (index mismatch)
I20260608 10:01:22.693310 25005 raft_consensus.cc:1275] T 02301532acda49d1bb9f1e8eb07d1fc1 P 2ebfac0d265f4167998694fddc50cb58 [term 3 FOLLOWER]: Refusing update from remote peer 728403d8a7f64577bfe6def3b33066db: Log matching property violated. Preceding OpId in replica: term: 3 index: 5. Preceding OpId from leader: term: 3 index: 6. (index mismatch)
I20260608 10:01:22.695010 25202 consensus_queue.cc:1048] T 02301532acda49d1bb9f1e8eb07d1fc1 P 728403d8a7f64577bfe6def3b33066db [LEADER]: Connected to new peer: Peer: permanent_uuid: "3ca022e320234439ada705bd7f6d34bb" member_type: VOTER last_known_addr { host: "127.21.47.65" port: 42731 }, Status: LMP_MISMATCH, Last received: 0.0, Next index: 6, Last known committed idx: 5, Time since last communication: 0.000s
I20260608 10:01:22.695973 25266 consensus_queue.cc:1048] T 02301532acda49d1bb9f1e8eb07d1fc1 P 728403d8a7f64577bfe6def3b33066db [LEADER]: Connected to new peer: Peer: permanent_uuid: "2ebfac0d265f4167998694fddc50cb58" member_type: VOTER last_known_addr { host: "127.21.47.68" port: 35287 } attrs { promote: false }, Status: LMP_MISMATCH, Last received: 0.0, Next index: 6, Last known committed idx: 5, Time since last communication: 0.000s
I20260608 10:01:22.703518 25266 raft_consensus.cc:2955] T 02301532acda49d1bb9f1e8eb07d1fc1 P 728403d8a7f64577bfe6def3b33066db [term 3 LEADER]: Committing config change with OpId 3.6: config changed from index 5 to 6, VOTER 13b33a7dae154e979d1f35e7a87e7d73 (127.21.47.66) evicted. New config: { opid_index: 6 OBSOLETE_local: false peers { permanent_uuid: "3ca022e320234439ada705bd7f6d34bb" member_type: VOTER last_known_addr { host: "127.21.47.65" port: 42731 } } peers { permanent_uuid: "728403d8a7f64577bfe6def3b33066db" member_type: VOTER last_known_addr { host: "127.21.47.67" port: 38349 } } peers { permanent_uuid: "2ebfac0d265f4167998694fddc50cb58" member_type: VOTER last_known_addr { host: "127.21.47.68" port: 35287 } attrs { promote: false } } }
I20260608 10:01:22.708475 25008 raft_consensus.cc:2955] T 02301532acda49d1bb9f1e8eb07d1fc1 P 2ebfac0d265f4167998694fddc50cb58 [term 3 FOLLOWER]: Committing config change with OpId 3.6: config changed from index 5 to 6, VOTER 13b33a7dae154e979d1f35e7a87e7d73 (127.21.47.66) evicted. New config: { opid_index: 6 OBSOLETE_local: false peers { permanent_uuid: "3ca022e320234439ada705bd7f6d34bb" member_type: VOTER last_known_addr { host: "127.21.47.65" port: 42731 } } peers { permanent_uuid: "728403d8a7f64577bfe6def3b33066db" member_type: VOTER last_known_addr { host: "127.21.47.67" port: 38349 } } peers { permanent_uuid: "2ebfac0d265f4167998694fddc50cb58" member_type: VOTER last_known_addr { host: "127.21.47.68" port: 35287 } attrs { promote: false } } }
I20260608 10:01:22.715458 24592 catalog_manager.cc:5209] ChangeConfig:REMOVE_PEER RPC for tablet 02301532acda49d1bb9f1e8eb07d1fc1 with cas_config_opid_index 5: ChangeConfig:REMOVE_PEER succeeded (attempt 1)
I20260608 10:01:22.717649 24605 catalog_manager.cc:5696] T f7596b93d60743cf90882cb81b5705ee P 13b33a7dae154e979d1f35e7a87e7d73 reported cstate change: config changed from index 2 to 3, 13b33a7dae154e979d1f35e7a87e7d73 (127.21.47.66) changed from NON_VOTER to VOTER. New cstate: current_term: 1 leader_uuid: "728403d8a7f64577bfe6def3b33066db" committed_config { opid_index: 3 OBSOLETE_local: false peers { permanent_uuid: "3ca022e320234439ada705bd7f6d34bb" member_type: VOTER last_known_addr { host: "127.21.47.65" port: 42731 } } peers { permanent_uuid: "2ebfac0d265f4167998694fddc50cb58" member_type: VOTER last_known_addr { host: "127.21.47.68" port: 35287 } attrs { replace: true } } peers { permanent_uuid: "728403d8a7f64577bfe6def3b33066db" member_type: VOTER last_known_addr { host: "127.21.47.67" port: 38349 } } peers { permanent_uuid: "13b33a7dae154e979d1f35e7a87e7d73" member_type: VOTER last_known_addr { host: "127.21.47.66" port: 39029 } attrs { promote: false } } }
I20260608 10:01:22.722332 24708 raft_consensus.cc:2955] T 02301532acda49d1bb9f1e8eb07d1fc1 P 3ca022e320234439ada705bd7f6d34bb [term 3 FOLLOWER]: Committing config change with OpId 3.6: config changed from index 5 to 6, VOTER 13b33a7dae154e979d1f35e7a87e7d73 (127.21.47.66) evicted. New config: { opid_index: 6 OBSOLETE_local: false peers { permanent_uuid: "3ca022e320234439ada705bd7f6d34bb" member_type: VOTER last_known_addr { host: "127.21.47.65" port: 42731 } } peers { permanent_uuid: "728403d8a7f64577bfe6def3b33066db" member_type: VOTER last_known_addr { host: "127.21.47.67" port: 38349 } } peers { permanent_uuid: "2ebfac0d265f4167998694fddc50cb58" member_type: VOTER last_known_addr { host: "127.21.47.68" port: 35287 } attrs { promote: false } } }
I20260608 10:01:22.736342 24603 catalog_manager.cc:5696] T 02301532acda49d1bb9f1e8eb07d1fc1 P 728403d8a7f64577bfe6def3b33066db reported cstate change: config changed from index 5 to 6, VOTER 13b33a7dae154e979d1f35e7a87e7d73 (127.21.47.66) evicted. New cstate: current_term: 3 leader_uuid: "728403d8a7f64577bfe6def3b33066db" committed_config { opid_index: 6 OBSOLETE_local: false peers { permanent_uuid: "3ca022e320234439ada705bd7f6d34bb" member_type: VOTER last_known_addr { host: "127.21.47.65" port: 42731 } health_report { overall_health: HEALTHY } } peers { permanent_uuid: "728403d8a7f64577bfe6def3b33066db" member_type: VOTER last_known_addr { host: "127.21.47.67" port: 38349 } health_report { overall_health: HEALTHY } } peers { permanent_uuid: "2ebfac0d265f4167998694fddc50cb58" member_type: VOTER last_known_addr { host: "127.21.47.68" port: 35287 } attrs { promote: false } health_report { overall_health: HEALTHY } } }
I20260608 10:01:22.741562 24855 consensus_queue.cc:237] T f7596b93d60743cf90882cb81b5705ee P 728403d8a7f64577bfe6def3b33066db [LEADER]: Queue going to LEADER mode. State: All replicated index: 0, Majority replicated index: 3, Committed index: 3, Last appended: 1.3, Last appended by leader: 0, Current term: 1, Majority size: 2, State: 0, Mode: LEADER, active raft config: opid_index: 4 OBSOLETE_local: false peers { permanent_uuid: "3ca022e320234439ada705bd7f6d34bb" member_type: VOTER last_known_addr { host: "127.21.47.65" port: 42731 } } peers { permanent_uuid: "728403d8a7f64577bfe6def3b33066db" member_type: VOTER last_known_addr { host: "127.21.47.67" port: 38349 } } peers { permanent_uuid: "13b33a7dae154e979d1f35e7a87e7d73" member_type: VOTER last_known_addr { host: "127.21.47.66" port: 39029 } attrs { promote: false } }
I20260608 10:01:22.747988 24781 raft_consensus.cc:1275] T f7596b93d60743cf90882cb81b5705ee P 13b33a7dae154e979d1f35e7a87e7d73 [term 1 FOLLOWER]: Refusing update from remote peer 728403d8a7f64577bfe6def3b33066db: Log matching property violated. Preceding OpId in replica: term: 1 index: 3. Preceding OpId from leader: term: 1 index: 4. (index mismatch)
I20260608 10:01:22.748485 24708 raft_consensus.cc:1275] T f7596b93d60743cf90882cb81b5705ee P 3ca022e320234439ada705bd7f6d34bb [term 1 FOLLOWER]: Refusing update from remote peer 728403d8a7f64577bfe6def3b33066db: Log matching property violated. Preceding OpId in replica: term: 1 index: 3. Preceding OpId from leader: term: 1 index: 4. (index mismatch)
I20260608 10:01:22.750690 25202 consensus_queue.cc:1048] T f7596b93d60743cf90882cb81b5705ee P 728403d8a7f64577bfe6def3b33066db [LEADER]: Connected to new peer: Peer: permanent_uuid: "13b33a7dae154e979d1f35e7a87e7d73" member_type: VOTER last_known_addr { host: "127.21.47.66" port: 39029 } attrs { promote: false }, Status: LMP_MISMATCH, Last received: 0.0, Next index: 4, Last known committed idx: 3, Time since last communication: 0.001s
I20260608 10:01:22.751462 24766 tablet_service.cc:1558] Processing DeleteTablet for tablet 02301532acda49d1bb9f1e8eb07d1fc1 with delete_type TABLET_DATA_TOMBSTONED (TS 13b33a7dae154e979d1f35e7a87e7d73 not found in new config with opid_index 6) from {username='slave'} at 127.0.0.1:55536
I20260608 10:01:22.751716 25266 consensus_queue.cc:1048] T f7596b93d60743cf90882cb81b5705ee P 728403d8a7f64577bfe6def3b33066db [LEADER]: Connected to new peer: Peer: permanent_uuid: "3ca022e320234439ada705bd7f6d34bb" member_type: VOTER last_known_addr { host: "127.21.47.65" port: 42731 }, Status: LMP_MISMATCH, Last received: 0.0, Next index: 4, Last known committed idx: 3, Time since last communication: 0.000s
I20260608 10:01:22.753803 25282 tablet_replica.cc:333] T 02301532acda49d1bb9f1e8eb07d1fc1 P 13b33a7dae154e979d1f35e7a87e7d73: stopping tablet replica
I20260608 10:01:22.755146 25282 raft_consensus.cc:2243] T 02301532acda49d1bb9f1e8eb07d1fc1 P 13b33a7dae154e979d1f35e7a87e7d73 [term 3 FOLLOWER]: Raft consensus shutting down.
I20260608 10:01:22.756006 25282 raft_consensus.cc:2272] T 02301532acda49d1bb9f1e8eb07d1fc1 P 13b33a7dae154e979d1f35e7a87e7d73 [term 3 FOLLOWER]: Raft consensus is shut down!
I20260608 10:01:22.759459 25267 raft_consensus.cc:2955] T f7596b93d60743cf90882cb81b5705ee P 728403d8a7f64577bfe6def3b33066db [term 1 LEADER]: Committing config change with OpId 1.4: config changed from index 3 to 4, VOTER 2ebfac0d265f4167998694fddc50cb58 (127.21.47.68) evicted. New config: { opid_index: 4 OBSOLETE_local: false peers { permanent_uuid: "3ca022e320234439ada705bd7f6d34bb" member_type: VOTER last_known_addr { host: "127.21.47.65" port: 42731 } } peers { permanent_uuid: "728403d8a7f64577bfe6def3b33066db" member_type: VOTER last_known_addr { host: "127.21.47.67" port: 38349 } } peers { permanent_uuid: "13b33a7dae154e979d1f35e7a87e7d73" member_type: VOTER last_known_addr { host: "127.21.47.66" port: 39029 } attrs { promote: false } } }
I20260608 10:01:22.760345 25282 ts_tablet_manager.cc:1916] T 02301532acda49d1bb9f1e8eb07d1fc1 P 13b33a7dae154e979d1f35e7a87e7d73: Deleting tablet data with delete state TABLET_DATA_TOMBSTONED
I20260608 10:01:22.763310 24781 raft_consensus.cc:2955] T f7596b93d60743cf90882cb81b5705ee P 13b33a7dae154e979d1f35e7a87e7d73 [term 1 FOLLOWER]: Committing config change with OpId 1.4: config changed from index 3 to 4, VOTER 2ebfac0d265f4167998694fddc50cb58 (127.21.47.68) evicted. New config: { opid_index: 4 OBSOLETE_local: false peers { permanent_uuid: "3ca022e320234439ada705bd7f6d34bb" member_type: VOTER last_known_addr { host: "127.21.47.65" port: 42731 } } peers { permanent_uuid: "728403d8a7f64577bfe6def3b33066db" member_type: VOTER last_known_addr { host: "127.21.47.67" port: 38349 } } peers { permanent_uuid: "13b33a7dae154e979d1f35e7a87e7d73" member_type: VOTER last_known_addr { host: "127.21.47.66" port: 39029 } attrs { promote: false } } }
I20260608 10:01:22.766670 24708 raft_consensus.cc:2955] T f7596b93d60743cf90882cb81b5705ee P 3ca022e320234439ada705bd7f6d34bb [term 1 FOLLOWER]: Committing config change with OpId 1.4: config changed from index 3 to 4, VOTER 2ebfac0d265f4167998694fddc50cb58 (127.21.47.68) evicted. New config: { opid_index: 4 OBSOLETE_local: false peers { permanent_uuid: "3ca022e320234439ada705bd7f6d34bb" member_type: VOTER last_known_addr { host: "127.21.47.65" port: 42731 } } peers { permanent_uuid: "728403d8a7f64577bfe6def3b33066db" member_type: VOTER last_known_addr { host: "127.21.47.67" port: 38349 } } peers { permanent_uuid: "13b33a7dae154e979d1f35e7a87e7d73" member_type: VOTER last_known_addr { host: "127.21.47.66" port: 39029 } attrs { promote: false } } }
I20260608 10:01:22.771118 24592 catalog_manager.cc:5209] ChangeConfig:REMOVE_PEER RPC for tablet f7596b93d60743cf90882cb81b5705ee with cas_config_opid_index 3: ChangeConfig:REMOVE_PEER succeeded (attempt 1)
I20260608 10:01:22.783382 24602 catalog_manager.cc:5696] T f7596b93d60743cf90882cb81b5705ee P 3ca022e320234439ada705bd7f6d34bb reported cstate change: config changed from index 3 to 4, VOTER 2ebfac0d265f4167998694fddc50cb58 (127.21.47.68) evicted. New cstate: current_term: 1 leader_uuid: "728403d8a7f64577bfe6def3b33066db" committed_config { opid_index: 4 OBSOLETE_local: false peers { permanent_uuid: "3ca022e320234439ada705bd7f6d34bb" member_type: VOTER last_known_addr { host: "127.21.47.65" port: 42731 } } peers { permanent_uuid: "728403d8a7f64577bfe6def3b33066db" member_type: VOTER last_known_addr { host: "127.21.47.67" port: 38349 } } peers { permanent_uuid: "13b33a7dae154e979d1f35e7a87e7d73" member_type: VOTER last_known_addr { host: "127.21.47.66" port: 39029 } attrs { promote: false } } }
I20260608 10:01:22.790771 25282 ts_tablet_manager.cc:1929] T 02301532acda49d1bb9f1e8eb07d1fc1 P 13b33a7dae154e979d1f35e7a87e7d73: tablet deleted with delete type TABLET_DATA_TOMBSTONED: last-logged OpId 3.5
I20260608 10:01:22.791268 25282 log.cc:1199] T 02301532acda49d1bb9f1e8eb07d1fc1 P 13b33a7dae154e979d1f35e7a87e7d73: Deleting WAL directory at /tmp/dist-test-taskyV1OQs/test-tmp/auto_rebalancer-test.0.AutoRebalancerTest.RangeAwareRebalancesNewRangeReplicas.1780912798042626-21693-0/minicluster-data/ts-1-root/wals/02301532acda49d1bb9f1e8eb07d1fc1
I20260608 10:01:22.792848 24591 catalog_manager.cc:5027] TS 13b33a7dae154e979d1f35e7a87e7d73 (127.21.47.66:39029): tablet 02301532acda49d1bb9f1e8eb07d1fc1 (table range_aware_rebalance_new_range [id=39d37e2c69354841aefa17253e964d47]) successfully deleted
I20260608 10:01:22.794377 24999 tablet_service.cc:1558] Processing DeleteTablet for tablet f7596b93d60743cf90882cb81b5705ee with delete_type TABLET_DATA_TOMBSTONED (TS 2ebfac0d265f4167998694fddc50cb58 not found in new config with opid_index 4) from {username='slave'} at 127.0.0.1:39472
I20260608 10:01:22.795521 25274 tablet_replica.cc:333] T f7596b93d60743cf90882cb81b5705ee P 2ebfac0d265f4167998694fddc50cb58: stopping tablet replica
I20260608 10:01:22.796232 25274 raft_consensus.cc:2243] T f7596b93d60743cf90882cb81b5705ee P 2ebfac0d265f4167998694fddc50cb58 [term 1 FOLLOWER]: Raft consensus shutting down.
I20260608 10:01:22.796860 25274 raft_consensus.cc:2272] T f7596b93d60743cf90882cb81b5705ee P 2ebfac0d265f4167998694fddc50cb58 [term 1 FOLLOWER]: Raft consensus is shut down!
I20260608 10:01:22.799853 25274 ts_tablet_manager.cc:1916] T f7596b93d60743cf90882cb81b5705ee P 2ebfac0d265f4167998694fddc50cb58: Deleting tablet data with delete state TABLET_DATA_TOMBSTONED
I20260608 10:01:22.812481 25274 ts_tablet_manager.cc:1929] T f7596b93d60743cf90882cb81b5705ee P 2ebfac0d265f4167998694fddc50cb58: tablet deleted with delete type TABLET_DATA_TOMBSTONED: last-logged OpId 1.3
I20260608 10:01:22.812866 25274 log.cc:1199] T f7596b93d60743cf90882cb81b5705ee P 2ebfac0d265f4167998694fddc50cb58: Deleting WAL directory at /tmp/dist-test-taskyV1OQs/test-tmp/auto_rebalancer-test.0.AutoRebalancerTest.RangeAwareRebalancesNewRangeReplicas.1780912798042626-21693-0/minicluster-data/ts-3-root/wals/f7596b93d60743cf90882cb81b5705ee
I20260608 10:01:22.814329 24593 catalog_manager.cc:5027] TS 2ebfac0d265f4167998694fddc50cb58 (127.21.47.68:35287): tablet f7596b93d60743cf90882cb81b5705ee (table range_aware_rebalance_new_range [id=39d37e2c69354841aefa17253e964d47]) successfully deleted
I20260608 10:01:22.939617 24781 consensus_queue.cc:237] T 7fddf5bd2cce4629acd3a7f07ae2a9f9 P 13b33a7dae154e979d1f35e7a87e7d73 [LEADER]: Queue going to LEADER mode. State: All replicated index: 0, Majority replicated index: 5, Committed index: 5, Last appended: 3.5, Last appended by leader: 2, Current term: 3, Majority size: 2, State: 0, Mode: LEADER, active raft config: opid_index: 6 OBSOLETE_local: false peers { permanent_uuid: "3ca022e320234439ada705bd7f6d34bb" member_type: VOTER last_known_addr { host: "127.21.47.65" port: 42731 } } peers { permanent_uuid: "13b33a7dae154e979d1f35e7a87e7d73" member_type: VOTER last_known_addr { host: "127.21.47.66" port: 39029 } } peers { permanent_uuid: "2ebfac0d265f4167998694fddc50cb58" member_type: VOTER last_known_addr { host: "127.21.47.68" port: 35287 } attrs { promote: false } }
I20260608 10:01:22.946372 24708 raft_consensus.cc:1275] T 7fddf5bd2cce4629acd3a7f07ae2a9f9 P 3ca022e320234439ada705bd7f6d34bb [term 3 FOLLOWER]: Refusing update from remote peer 13b33a7dae154e979d1f35e7a87e7d73: Log matching property violated. Preceding OpId in replica: term: 3 index: 5. Preceding OpId from leader: term: 3 index: 6. (index mismatch)
I20260608 10:01:22.948714 25008 raft_consensus.cc:1275] T 7fddf5bd2cce4629acd3a7f07ae2a9f9 P 2ebfac0d265f4167998694fddc50cb58 [term 3 FOLLOWER]: Refusing update from remote peer 13b33a7dae154e979d1f35e7a87e7d73: Log matching property violated. Preceding OpId in replica: term: 3 index: 5. Preceding OpId from leader: term: 3 index: 6. (index mismatch)
I20260608 10:01:22.948529 25257 consensus_queue.cc:1048] T 7fddf5bd2cce4629acd3a7f07ae2a9f9 P 13b33a7dae154e979d1f35e7a87e7d73 [LEADER]: Connected to new peer: Peer: permanent_uuid: "3ca022e320234439ada705bd7f6d34bb" member_type: VOTER last_known_addr { host: "127.21.47.65" port: 42731 }, Status: LMP_MISMATCH, Last received: 0.0, Next index: 6, Last known committed idx: 5, Time since last communication: 0.001s
I20260608 10:01:22.950699 25242 consensus_queue.cc:1048] T 7fddf5bd2cce4629acd3a7f07ae2a9f9 P 13b33a7dae154e979d1f35e7a87e7d73 [LEADER]: Connected to new peer: Peer: permanent_uuid: "2ebfac0d265f4167998694fddc50cb58" member_type: VOTER last_known_addr { host: "127.21.47.68" port: 35287 } attrs { promote: false }, Status: LMP_MISMATCH, Last received: 0.0, Next index: 6, Last known committed idx: 5, Time since last communication: 0.000s
I20260608 10:01:22.956238 25257 raft_consensus.cc:2955] T 7fddf5bd2cce4629acd3a7f07ae2a9f9 P 13b33a7dae154e979d1f35e7a87e7d73 [term 3 LEADER]: Committing config change with OpId 3.6: config changed from index 5 to 6, VOTER 728403d8a7f64577bfe6def3b33066db (127.21.47.67) evicted. New config: { opid_index: 6 OBSOLETE_local: false peers { permanent_uuid: "3ca022e320234439ada705bd7f6d34bb" member_type: VOTER last_known_addr { host: "127.21.47.65" port: 42731 } } peers { permanent_uuid: "13b33a7dae154e979d1f35e7a87e7d73" member_type: VOTER last_known_addr { host: "127.21.47.66" port: 39029 } } peers { permanent_uuid: "2ebfac0d265f4167998694fddc50cb58" member_type: VOTER last_known_addr { host: "127.21.47.68" port: 35287 } attrs { promote: false } } }
I20260608 10:01:22.958171 24708 raft_consensus.cc:2955] T 7fddf5bd2cce4629acd3a7f07ae2a9f9 P 3ca022e320234439ada705bd7f6d34bb [term 3 FOLLOWER]: Committing config change with OpId 3.6: config changed from index 5 to 6, VOTER 728403d8a7f64577bfe6def3b33066db (127.21.47.67) evicted. New config: { opid_index: 6 OBSOLETE_local: false peers { permanent_uuid: "3ca022e320234439ada705bd7f6d34bb" member_type: VOTER last_known_addr { host: "127.21.47.65" port: 42731 } } peers { permanent_uuid: "13b33a7dae154e979d1f35e7a87e7d73" member_type: VOTER last_known_addr { host: "127.21.47.66" port: 39029 } } peers { permanent_uuid: "2ebfac0d265f4167998694fddc50cb58" member_type: VOTER last_known_addr { host: "127.21.47.68" port: 35287 } attrs { promote: false } } }
I20260608 10:01:22.960533 25008 raft_consensus.cc:2955] T 7fddf5bd2cce4629acd3a7f07ae2a9f9 P 2ebfac0d265f4167998694fddc50cb58 [term 3 FOLLOWER]: Committing config change with OpId 3.6: config changed from index 5 to 6, VOTER 728403d8a7f64577bfe6def3b33066db (127.21.47.67) evicted. New config: { opid_index: 6 OBSOLETE_local: false peers { permanent_uuid: "3ca022e320234439ada705bd7f6d34bb" member_type: VOTER last_known_addr { host: "127.21.47.65" port: 42731 } } peers { permanent_uuid: "13b33a7dae154e979d1f35e7a87e7d73" member_type: VOTER last_known_addr { host: "127.21.47.66" port: 39029 } } peers { permanent_uuid: "2ebfac0d265f4167998694fddc50cb58" member_type: VOTER last_known_addr { host: "127.21.47.68" port: 35287 } attrs { promote: false } } }
I20260608 10:01:22.966969 24591 catalog_manager.cc:5209] ChangeConfig:REMOVE_PEER RPC for tablet 7fddf5bd2cce4629acd3a7f07ae2a9f9 with cas_config_opid_index 5: ChangeConfig:REMOVE_PEER succeeded (attempt 1)
I20260608 10:01:22.974972 24602 catalog_manager.cc:5696] T 7fddf5bd2cce4629acd3a7f07ae2a9f9 P 13b33a7dae154e979d1f35e7a87e7d73 reported cstate change: config changed from index 5 to 6, VOTER 728403d8a7f64577bfe6def3b33066db (127.21.47.67) evicted. New cstate: current_term: 3 leader_uuid: "13b33a7dae154e979d1f35e7a87e7d73" committed_config { opid_index: 6 OBSOLETE_local: false peers { permanent_uuid: "3ca022e320234439ada705bd7f6d34bb" member_type: VOTER last_known_addr { host: "127.21.47.65" port: 42731 } health_report { overall_health: HEALTHY } } peers { permanent_uuid: "13b33a7dae154e979d1f35e7a87e7d73" member_type: VOTER last_known_addr { host: "127.21.47.66" port: 39029 } health_report { overall_health: HEALTHY } } peers { permanent_uuid: "2ebfac0d265f4167998694fddc50cb58" member_type: VOTER last_known_addr { host: "127.21.47.68" port: 35287 } attrs { promote: false } health_report { overall_health: HEALTHY } } }
I20260608 10:01:22.985598 24840 tablet_service.cc:1558] Processing DeleteTablet for tablet 7fddf5bd2cce4629acd3a7f07ae2a9f9 with delete_type TABLET_DATA_TOMBSTONED (TS 728403d8a7f64577bfe6def3b33066db not found in new config with opid_index 6) from {username='slave'} at 127.0.0.1:50928
I20260608 10:01:22.994417 25283 tablet_replica.cc:333] T 7fddf5bd2cce4629acd3a7f07ae2a9f9 P 728403d8a7f64577bfe6def3b33066db: stopping tablet replica
I20260608 10:01:22.995313 25283 raft_consensus.cc:2243] T 7fddf5bd2cce4629acd3a7f07ae2a9f9 P 728403d8a7f64577bfe6def3b33066db [term 3 FOLLOWER]: Raft consensus shutting down.
I20260608 10:01:22.995976 25283 raft_consensus.cc:2272] T 7fddf5bd2cce4629acd3a7f07ae2a9f9 P 728403d8a7f64577bfe6def3b33066db [term 3 FOLLOWER]: Raft consensus is shut down!
I20260608 10:01:22.998869 25283 ts_tablet_manager.cc:1916] T 7fddf5bd2cce4629acd3a7f07ae2a9f9 P 728403d8a7f64577bfe6def3b33066db: Deleting tablet data with delete state TABLET_DATA_TOMBSTONED
I20260608 10:01:23.009575 25283 ts_tablet_manager.cc:1929] T 7fddf5bd2cce4629acd3a7f07ae2a9f9 P 728403d8a7f64577bfe6def3b33066db: tablet deleted with delete type TABLET_DATA_TOMBSTONED: last-logged OpId 3.5
I20260608 10:01:23.009994 25283 log.cc:1199] T 7fddf5bd2cce4629acd3a7f07ae2a9f9 P 728403d8a7f64577bfe6def3b33066db: Deleting WAL directory at /tmp/dist-test-taskyV1OQs/test-tmp/auto_rebalancer-test.0.AutoRebalancerTest.RangeAwareRebalancesNewRangeReplicas.1780912798042626-21693-0/minicluster-data/ts-2-root/wals/7fddf5bd2cce4629acd3a7f07ae2a9f9
I20260608 10:01:23.011782 24592 catalog_manager.cc:5027] TS 728403d8a7f64577bfe6def3b33066db (127.21.47.67:38349): tablet 7fddf5bd2cce4629acd3a7f07ae2a9f9 (table range_aware_rebalance_new_range [id=39d37e2c69354841aefa17253e964d47]) successfully deleted
I20260608 10:01:23.330554 21693 tablet_server.cc:179] TabletServer@127.21.47.65:0 shutting down...
I20260608 10:01:23.368420 21693 ts_tablet_manager.cc:1507] Shutting down tablet manager...
I20260608 10:01:23.369400 21693 tablet_replica.cc:333] T 442fbce8d90e4008ac2d9789d34e6532 P 3ca022e320234439ada705bd7f6d34bb: stopping tablet replica
I20260608 10:01:23.370419 21693 raft_consensus.cc:2243] T 442fbce8d90e4008ac2d9789d34e6532 P 3ca022e320234439ada705bd7f6d34bb [term 2 FOLLOWER]: Raft consensus shutting down.
I20260608 10:01:23.371227 21693 raft_consensus.cc:2272] T 442fbce8d90e4008ac2d9789d34e6532 P 3ca022e320234439ada705bd7f6d34bb [term 2 FOLLOWER]: Raft consensus is shut down!
I20260608 10:01:23.373703 21693 tablet_replica.cc:333] T f7596b93d60743cf90882cb81b5705ee P 3ca022e320234439ada705bd7f6d34bb: stopping tablet replica
I20260608 10:01:23.374470 21693 raft_consensus.cc:2243] T f7596b93d60743cf90882cb81b5705ee P 3ca022e320234439ada705bd7f6d34bb [term 1 FOLLOWER]: Raft consensus shutting down.
I20260608 10:01:23.375023 21693 raft_consensus.cc:2272] T f7596b93d60743cf90882cb81b5705ee P 3ca022e320234439ada705bd7f6d34bb [term 1 FOLLOWER]: Raft consensus is shut down!
I20260608 10:01:23.377362 21693 tablet_replica.cc:333] T 138b1aa221ad462d96f4ce6fede98cff P 3ca022e320234439ada705bd7f6d34bb: stopping tablet replica
I20260608 10:01:23.377888 21693 raft_consensus.cc:2243] T 138b1aa221ad462d96f4ce6fede98cff P 3ca022e320234439ada705bd7f6d34bb [term 1 FOLLOWER]: Raft consensus shutting down.
I20260608 10:01:23.378291 21693 raft_consensus.cc:2272] T 138b1aa221ad462d96f4ce6fede98cff P 3ca022e320234439ada705bd7f6d34bb [term 1 FOLLOWER]: Raft consensus is shut down!
I20260608 10:01:23.380141 21693 tablet_replica.cc:333] T f8125abe99b741b1a0a906a1d0179287 P 3ca022e320234439ada705bd7f6d34bb: stopping tablet replica
I20260608 10:01:23.380653 21693 raft_consensus.cc:2243] T f8125abe99b741b1a0a906a1d0179287 P 3ca022e320234439ada705bd7f6d34bb [term 1 LEADER]: Raft consensus shutting down.
I20260608 10:01:23.381402 21693 raft_consensus.cc:2272] T f8125abe99b741b1a0a906a1d0179287 P 3ca022e320234439ada705bd7f6d34bb [term 1 FOLLOWER]: Raft consensus is shut down!
I20260608 10:01:23.383585 21693 tablet_replica.cc:333] T 3f59aeea8cfb4933a38c86c39428d3b5 P 3ca022e320234439ada705bd7f6d34bb: stopping tablet replica
I20260608 10:01:23.384163 21693 raft_consensus.cc:2243] T 3f59aeea8cfb4933a38c86c39428d3b5 P 3ca022e320234439ada705bd7f6d34bb [term 2 FOLLOWER]: Raft consensus shutting down.
I20260608 10:01:23.384562 21693 raft_consensus.cc:2272] T 3f59aeea8cfb4933a38c86c39428d3b5 P 3ca022e320234439ada705bd7f6d34bb [term 2 FOLLOWER]: Raft consensus is shut down!
I20260608 10:01:23.387189 21693 tablet_replica.cc:333] T 02301532acda49d1bb9f1e8eb07d1fc1 P 3ca022e320234439ada705bd7f6d34bb: stopping tablet replica
I20260608 10:01:23.387944 21693 raft_consensus.cc:2243] T 02301532acda49d1bb9f1e8eb07d1fc1 P 3ca022e320234439ada705bd7f6d34bb [term 3 FOLLOWER]: Raft consensus shutting down.
I20260608 10:01:23.388672 21693 raft_consensus.cc:2272] T 02301532acda49d1bb9f1e8eb07d1fc1 P 3ca022e320234439ada705bd7f6d34bb [term 3 FOLLOWER]: Raft consensus is shut down!
I20260608 10:01:23.392102 21693 tablet_replica.cc:333] T 7fddf5bd2cce4629acd3a7f07ae2a9f9 P 3ca022e320234439ada705bd7f6d34bb: stopping tablet replica
I20260608 10:01:23.392932 21693 raft_consensus.cc:2243] T 7fddf5bd2cce4629acd3a7f07ae2a9f9 P 3ca022e320234439ada705bd7f6d34bb [term 3 FOLLOWER]: Raft consensus shutting down.
I20260608 10:01:23.393743 21693 raft_consensus.cc:2272] T 7fddf5bd2cce4629acd3a7f07ae2a9f9 P 3ca022e320234439ada705bd7f6d34bb [term 3 FOLLOWER]: Raft consensus is shut down!
W20260608 10:01:23.394796 24747 proxy.cc:239] Call had error, refreshing address and retrying: Remote error: Service unavailable: service kudu.consensus.ConsensusService not registered on TabletServer
I20260608 10:01:23.396488 21693 tablet_replica.cc:333] T 9dd467d34b3340ef955272b840161d2b P 3ca022e320234439ada705bd7f6d34bb: stopping tablet replica
I20260608 10:01:23.397152 21693 raft_consensus.cc:2243] T 9dd467d34b3340ef955272b840161d2b P 3ca022e320234439ada705bd7f6d34bb [term 1 FOLLOWER]: Raft consensus shutting down.
I20260608 10:01:23.397600 21693 raft_consensus.cc:2272] T 9dd467d34b3340ef955272b840161d2b P 3ca022e320234439ada705bd7f6d34bb [term 1 FOLLOWER]: Raft consensus is shut down!
W20260608 10:01:23.398005 24747 consensus_peers.cc:597] T 7fddf5bd2cce4629acd3a7f07ae2a9f9 P 13b33a7dae154e979d1f35e7a87e7d73 -> Peer 3ca022e320234439ada705bd7f6d34bb (127.21.47.65:42731): Couldn't send request to peer 3ca022e320234439ada705bd7f6d34bb. Status: Remote error: Service unavailable: service kudu.consensus.ConsensusService not registered on TabletServer. This is attempt 1: this message will repeat every 5th retry.
I20260608 10:01:23.399855 21693 tablet_replica.cc:333] T 02bb6a2920e44e00ace8764ab07e4215 P 3ca022e320234439ada705bd7f6d34bb: stopping tablet replica
