I20260608 10:01:26.209770 17051 raft_consensus.cc:2243] T 25cfd7372d9f4c8fbef8952d6d805fbe P c8935276789847459bb59bd28ebc29f9 [term 1 FOLLOWER]: Raft consensus shutting down.
I20260608 10:01:26.210433 17051 raft_consensus.cc:2272] T 25cfd7372d9f4c8fbef8952d6d805fbe P c8935276789847459bb59bd28ebc29f9 [term 1 FOLLOWER]: Raft consensus is shut down!
W20260608 10:01:26.211695 20143 consensus_peers.cc:597] T 25cfd7372d9f4c8fbef8952d6d805fbe P 4d85be24297f4bda9dad3a80aab4346b -> Peer c8935276789847459bb59bd28ebc29f9 (127.16.166.194:32871): Couldn't send request to peer c8935276789847459bb59bd28ebc29f9. Status: Remote error: Service unavailable: service kudu.consensus.ConsensusService not registered on TabletServer. This is attempt 1: this message will repeat every 5th retry.
I20260608 10:01:26.212812 17051 tablet_replica.cc:333] T 06d5aa3a585646df93fc5d8fc3a5bc39 P c8935276789847459bb59bd28ebc29f9: stopping tablet replica
I20260608 10:01:26.214138 17051 raft_consensus.cc:2243] T 06d5aa3a585646df93fc5d8fc3a5bc39 P c8935276789847459bb59bd28ebc29f9 [term 2 FOLLOWER]: Raft consensus shutting down.
I20260608 10:01:26.214723 17051 raft_consensus.cc:2272] T 06d5aa3a585646df93fc5d8fc3a5bc39 P c8935276789847459bb59bd28ebc29f9 [term 2 FOLLOWER]: Raft consensus is shut down!
I20260608 10:01:26.216920 17051 tablet_replica.cc:333] T 8fd1ccc9d7064853a9b940961020e629 P c8935276789847459bb59bd28ebc29f9: stopping tablet replica
I20260608 10:01:26.217631 17051 raft_consensus.cc:2243] T 8fd1ccc9d7064853a9b940961020e629 P c8935276789847459bb59bd28ebc29f9 [term 1 FOLLOWER]: Raft consensus shutting down.
I20260608 10:01:26.218421 17051 raft_consensus.cc:2272] T 8fd1ccc9d7064853a9b940961020e629 P c8935276789847459bb59bd28ebc29f9 [term 1 FOLLOWER]: Raft consensus is shut down!
W20260608 10:01:26.218513 20289 consensus_peers.cc:597] T eddf3d0bf54549b8b115feed48164595 P 85af9c8a43e44a64822897aa758aafda -> Peer c8935276789847459bb59bd28ebc29f9 (127.16.166.194:32871): Couldn't send request to peer c8935276789847459bb59bd28ebc29f9. Status: Remote error: Service unavailable: service kudu.consensus.ConsensusService not registered on TabletServer. This is attempt 1: this message will repeat every 5th retry.
I20260608 10:01:26.220803 17051 tablet_replica.cc:333] T 39dbf2721c0c49029b96f0cc1260edd9 P c8935276789847459bb59bd28ebc29f9: stopping tablet replica
I20260608 10:01:26.221351 17051 raft_consensus.cc:2243] T 39dbf2721c0c49029b96f0cc1260edd9 P c8935276789847459bb59bd28ebc29f9 [term 1 FOLLOWER]: Raft consensus shutting down.
I20260608 10:01:26.221773 17051 raft_consensus.cc:2272] T 39dbf2721c0c49029b96f0cc1260edd9 P c8935276789847459bb59bd28ebc29f9 [term 1 FOLLOWER]: Raft consensus is shut down!
I20260608 10:01:26.224238 17051 tablet_replica.cc:333] T fb48c63429b34b3d8e278144e2a21c50 P c8935276789847459bb59bd28ebc29f9: stopping tablet replica
I20260608 10:01:26.224843 17051 raft_consensus.cc:2243] T fb48c63429b34b3d8e278144e2a21c50 P c8935276789847459bb59bd28ebc29f9 [term 2 FOLLOWER]: Raft consensus shutting down.
I20260608 10:01:26.225297 17051 raft_consensus.cc:2272] T fb48c63429b34b3d8e278144e2a21c50 P c8935276789847459bb59bd28ebc29f9 [term 2 FOLLOWER]: Raft consensus is shut down!
I20260608 10:01:26.227182 17051 tablet_replica.cc:333] T f80699eeece941098e2b428003f4be38 P c8935276789847459bb59bd28ebc29f9: stopping tablet replica
I20260608 10:01:26.227829 17051 raft_consensus.cc:2243] T f80699eeece941098e2b428003f4be38 P c8935276789847459bb59bd28ebc29f9 [term 1 LEADER]: Raft consensus shutting down.
I20260608 10:01:26.228583 17051 raft_consensus.cc:2272] T f80699eeece941098e2b428003f4be38 P c8935276789847459bb59bd28ebc29f9 [term 1 FOLLOWER]: Raft consensus is shut down!
I20260608 10:01:26.230757 17051 tablet_replica.cc:333] T 882095e5ba3141b997dc3c38c61aaa3a P c8935276789847459bb59bd28ebc29f9: stopping tablet replica
I20260608 10:01:26.231312 17051 raft_consensus.cc:2243] T 882095e5ba3141b997dc3c38c61aaa3a P c8935276789847459bb59bd28ebc29f9 [term 3 LEADER]: Raft consensus shutting down.
I20260608 10:01:26.232120 17051 raft_consensus.cc:2272] T 882095e5ba3141b997dc3c38c61aaa3a P c8935276789847459bb59bd28ebc29f9 [term 3 FOLLOWER]: Raft consensus is shut down!
I20260608 10:01:26.233958 17051 tablet_replica.cc:333] T eddf3d0bf54549b8b115feed48164595 P c8935276789847459bb59bd28ebc29f9: stopping tablet replica
I20260608 10:01:26.234455 17051 raft_consensus.cc:2243] T eddf3d0bf54549b8b115feed48164595 P c8935276789847459bb59bd28ebc29f9 [term 2 FOLLOWER]: Raft consensus shutting down.
I20260608 10:01:26.234916 17051 raft_consensus.cc:2272] T eddf3d0bf54549b8b115feed48164595 P c8935276789847459bb59bd28ebc29f9 [term 2 FOLLOWER]: Raft consensus is shut down!
I20260608 10:01:26.236667 17051 tablet_replica.cc:333] T 0606b18b04994cf687070cb23ae740ff P c8935276789847459bb59bd28ebc29f9: stopping tablet replica
I20260608 10:01:26.237191 17051 raft_consensus.cc:2243] T 0606b18b04994cf687070cb23ae740ff P c8935276789847459bb59bd28ebc29f9 [term 1 LEADER]: Raft consensus shutting down.
I20260608 10:01:26.237926 17051 raft_consensus.cc:2272] T 0606b18b04994cf687070cb23ae740ff P c8935276789847459bb59bd28ebc29f9 [term 1 FOLLOWER]: Raft consensus is shut down!
I20260608 10:01:26.239750 17051 tablet_replica.cc:333] T 96964b1be0164771b7006975e444bbbe P c8935276789847459bb59bd28ebc29f9: stopping tablet replica
I20260608 10:01:26.240274 17051 raft_consensus.cc:2243] T 96964b1be0164771b7006975e444bbbe P c8935276789847459bb59bd28ebc29f9 [term 1 FOLLOWER]: Raft consensus shutting down.
I20260608 10:01:26.240684 17051 raft_consensus.cc:2272] T 96964b1be0164771b7006975e444bbbe P c8935276789847459bb59bd28ebc29f9 [term 1 FOLLOWER]: Raft consensus is shut down!
I20260608 10:01:26.242699 17051 tablet_replica.cc:333] T 79393d666497416e9ebb187aa520223b P c8935276789847459bb59bd28ebc29f9: stopping tablet replica
I20260608 10:01:26.243244 17051 raft_consensus.cc:2243] T 79393d666497416e9ebb187aa520223b P c8935276789847459bb59bd28ebc29f9 [term 1 FOLLOWER]: Raft consensus shutting down.
I20260608 10:01:26.243777 17051 raft_consensus.cc:2272] T 79393d666497416e9ebb187aa520223b P c8935276789847459bb59bd28ebc29f9 [term 1 FOLLOWER]: Raft consensus is shut down!
I20260608 10:01:26.245945 17051 tablet_replica.cc:333] T 8fb84c4a7c4a4e06a294d47370a43de8 P c8935276789847459bb59bd28ebc29f9: stopping tablet replica
I20260608 10:01:26.246598 17051 raft_consensus.cc:2243] T 8fb84c4a7c4a4e06a294d47370a43de8 P c8935276789847459bb59bd28ebc29f9 [term 1 LEADER]: Raft consensus shutting down.
I20260608 10:01:26.247426 17051 raft_consensus.cc:2272] T 8fb84c4a7c4a4e06a294d47370a43de8 P c8935276789847459bb59bd28ebc29f9 [term 1 FOLLOWER]: Raft consensus is shut down!
W20260608 10:01:26.249348 20289 consensus_peers.cc:597] T fb48c63429b34b3d8e278144e2a21c50 P 85af9c8a43e44a64822897aa758aafda -> Peer c8935276789847459bb59bd28ebc29f9 (127.16.166.194:32871): Couldn't send request to peer c8935276789847459bb59bd28ebc29f9. Status: Remote error: Service unavailable: service kudu.consensus.ConsensusService not registered on TabletServer. This is attempt 1: this message will repeat every 5th retry.
W20260608 10:01:26.258275 20144 consensus_peers.cc:597] T 25cfd7372d9f4c8fbef8952d6d805fbe P 4d85be24297f4bda9dad3a80aab4346b -> Peer 2ed70597928746fa945416bcc13125f4 (127.16.166.193:36965): Couldn't send request to peer 2ed70597928746fa945416bcc13125f4. Status: Network error: Client connection negotiation failed: client connection to 127.16.166.193:36965: connect: Connection refused (error 111). This is attempt 1: this message will repeat every 5th retry.
W20260608 10:01:26.279874 20143 consensus_peers.cc:597] T 79393d666497416e9ebb187aa520223b P 4d85be24297f4bda9dad3a80aab4346b -> Peer c8935276789847459bb59bd28ebc29f9 (127.16.166.194:32871): Couldn't send request to peer c8935276789847459bb59bd28ebc29f9. Status: Network error: Client connection negotiation failed: client connection to 127.16.166.194:32871: connect: Connection refused (error 111). This is attempt 1: this message will repeat every 5th retry.
I20260608 10:01:26.283143 17051 tablet_server.cc:196] TabletServer@127.16.166.194:0 shutdown complete.
I20260608 10:01:26.312129 17051 tablet_server.cc:179] TabletServer@127.16.166.195:0 shutting down...
I20260608 10:01:26.347380 17051 ts_tablet_manager.cc:1507] Shutting down tablet manager...
I20260608 10:01:26.348284 17051 tablet_replica.cc:333] T f80699eeece941098e2b428003f4be38 P 4d85be24297f4bda9dad3a80aab4346b: stopping tablet replica
I20260608 10:01:26.349100 17051 raft_consensus.cc:2243] T f80699eeece941098e2b428003f4be38 P 4d85be24297f4bda9dad3a80aab4346b [term 1 FOLLOWER]: Raft consensus shutting down.
I20260608 10:01:26.349639 17051 raft_consensus.cc:2272] T f80699eeece941098e2b428003f4be38 P 4d85be24297f4bda9dad3a80aab4346b [term 1 FOLLOWER]: Raft consensus is shut down!
I20260608 10:01:26.352123 17051 tablet_replica.cc:333] T 3adb56769e1d4af88d958dc071fc2d39 P 4d85be24297f4bda9dad3a80aab4346b: stopping tablet replica
I20260608 10:01:26.352818 17051 raft_consensus.cc:2243] T 3adb56769e1d4af88d958dc071fc2d39 P 4d85be24297f4bda9dad3a80aab4346b [term 1 FOLLOWER]: Raft consensus shutting down.
I20260608 10:01:26.353260 17051 raft_consensus.cc:2272] T 3adb56769e1d4af88d958dc071fc2d39 P 4d85be24297f4bda9dad3a80aab4346b [term 1 FOLLOWER]: Raft consensus is shut down!
I20260608 10:01:26.355784 17051 tablet_replica.cc:333] T 25cfd7372d9f4c8fbef8952d6d805fbe P 4d85be24297f4bda9dad3a80aab4346b: stopping tablet replica
W20260608 10:01:26.355737 20290 consensus_peers.cc:597] T 06d5aa3a585646df93fc5d8fc3a5bc39 P 85af9c8a43e44a64822897aa758aafda -> Peer 4d85be24297f4bda9dad3a80aab4346b (127.16.166.195:46361): Couldn't send request to peer 4d85be24297f4bda9dad3a80aab4346b. Status: Remote error: Service unavailable: service kudu.consensus.ConsensusService not registered on TabletServer. This is attempt 1: this message will repeat every 5th retry.
I20260608 10:01:26.356782 17051 raft_consensus.cc:2243] T 25cfd7372d9f4c8fbef8952d6d805fbe P 4d85be24297f4bda9dad3a80aab4346b [term 1 LEADER]: Raft consensus shutting down.
I20260608 10:01:26.357750 17051 raft_consensus.cc:2272] T 25cfd7372d9f4c8fbef8952d6d805fbe P 4d85be24297f4bda9dad3a80aab4346b [term 1 FOLLOWER]: Raft consensus is shut down!
I20260608 10:01:26.359660 17051 tablet_replica.cc:333] T 13c1e605a4c74dc4a5d586260e610761 P 4d85be24297f4bda9dad3a80aab4346b: stopping tablet replica
I20260608 10:01:26.360199 17051 raft_consensus.cc:2243] T 13c1e605a4c74dc4a5d586260e610761 P 4d85be24297f4bda9dad3a80aab4346b [term 1 LEADER]: Raft consensus shutting down.
I20260608 10:01:26.360874 17051 raft_consensus.cc:2272] T 13c1e605a4c74dc4a5d586260e610761 P 4d85be24297f4bda9dad3a80aab4346b [term 1 FOLLOWER]: Raft consensus is shut down!
I20260608 10:01:26.363200 17051 tablet_replica.cc:333] T 06d5aa3a585646df93fc5d8fc3a5bc39 P 4d85be24297f4bda9dad3a80aab4346b: stopping tablet replica
I20260608 10:01:26.363691 17051 raft_consensus.cc:2243] T 06d5aa3a585646df93fc5d8fc3a5bc39 P 4d85be24297f4bda9dad3a80aab4346b [term 2 FOLLOWER]: Raft consensus shutting down.
I20260608 10:01:26.364046 17051 raft_consensus.cc:2272] T 06d5aa3a585646df93fc5d8fc3a5bc39 P 4d85be24297f4bda9dad3a80aab4346b [term 2 FOLLOWER]: Raft consensus is shut down!
I20260608 10:01:26.365797 17051 tablet_replica.cc:333] T 8fd1ccc9d7064853a9b940961020e629 P 4d85be24297f4bda9dad3a80aab4346b: stopping tablet replica
I20260608 10:01:26.366312 17051 raft_consensus.cc:2243] T 8fd1ccc9d7064853a9b940961020e629 P 4d85be24297f4bda9dad3a80aab4346b [term 1 LEADER]: Raft consensus shutting down.
I20260608 10:01:26.367057 17051 raft_consensus.cc:2272] T 8fd1ccc9d7064853a9b940961020e629 P 4d85be24297f4bda9dad3a80aab4346b [term 1 FOLLOWER]: Raft consensus is shut down!
I20260608 10:01:26.368974 17051 tablet_replica.cc:333] T eddf3d0bf54549b8b115feed48164595 P 4d85be24297f4bda9dad3a80aab4346b: stopping tablet replica
I20260608 10:01:26.369540 17051 raft_consensus.cc:2243] T eddf3d0bf54549b8b115feed48164595 P 4d85be24297f4bda9dad3a80aab4346b [term 2 FOLLOWER]: Raft consensus shutting down.
I20260608 10:01:26.370008 17051 raft_consensus.cc:2272] T eddf3d0bf54549b8b115feed48164595 P 4d85be24297f4bda9dad3a80aab4346b [term 2 FOLLOWER]: Raft consensus is shut down!
I20260608 10:01:26.372380 17051 tablet_replica.cc:333] T 96964b1be0164771b7006975e444bbbe P 4d85be24297f4bda9dad3a80aab4346b: stopping tablet replica
I20260608 10:01:26.373080 17051 raft_consensus.cc:2243] T 96964b1be0164771b7006975e444bbbe P 4d85be24297f4bda9dad3a80aab4346b [term 1 FOLLOWER]: Raft consensus shutting down.
I20260608 10:01:26.373596 17051 raft_consensus.cc:2272] T 96964b1be0164771b7006975e444bbbe P 4d85be24297f4bda9dad3a80aab4346b [term 1 FOLLOWER]: Raft consensus is shut down!
W20260608 10:01:26.375545 20290 consensus_peers.cc:597] T fb48c63429b34b3d8e278144e2a21c50 P 85af9c8a43e44a64822897aa758aafda -> Peer 2ed70597928746fa945416bcc13125f4 (127.16.166.193:36965): Couldn't send request to peer 2ed70597928746fa945416bcc13125f4. Status: Network error: Client connection negotiation failed: client connection to 127.16.166.193:36965: connect: Connection refused (error 111). This is attempt 1: this message will repeat every 5th retry.
I20260608 10:01:26.376191 17051 tablet_replica.cc:333] T 89ef4e70754244f7893c716fa991a1ac P 4d85be24297f4bda9dad3a80aab4346b: stopping tablet replica
I20260608 10:01:26.376739 17051 raft_consensus.cc:2243] T 89ef4e70754244f7893c716fa991a1ac P 4d85be24297f4bda9dad3a80aab4346b [term 2 FOLLOWER]: Raft consensus shutting down.
I20260608 10:01:26.377188 17051 raft_consensus.cc:2272] T 89ef4e70754244f7893c716fa991a1ac P 4d85be24297f4bda9dad3a80aab4346b [term 2 FOLLOWER]: Raft consensus is shut down!
I20260608 10:01:26.379097 17051 tablet_replica.cc:333] T 79393d666497416e9ebb187aa520223b P 4d85be24297f4bda9dad3a80aab4346b: stopping tablet replica
I20260608 10:01:26.379593 17051 raft_consensus.cc:2243] T 79393d666497416e9ebb187aa520223b P 4d85be24297f4bda9dad3a80aab4346b [term 1 LEADER]: Raft consensus shutting down.
I20260608 10:01:26.380327 17051 raft_consensus.cc:2272] T 79393d666497416e9ebb187aa520223b P 4d85be24297f4bda9dad3a80aab4346b [term 1 FOLLOWER]: Raft consensus is shut down!
I20260608 10:01:26.382264 17051 tablet_replica.cc:333] T 882095e5ba3141b997dc3c38c61aaa3a P 4d85be24297f4bda9dad3a80aab4346b: stopping tablet replica
I20260608 10:01:26.382805 17051 raft_consensus.cc:2243] T 882095e5ba3141b997dc3c38c61aaa3a P 4d85be24297f4bda9dad3a80aab4346b [term 3 FOLLOWER]: Raft consensus shutting down.
I20260608 10:01:26.383230 17051 raft_consensus.cc:2272] T 882095e5ba3141b997dc3c38c61aaa3a P 4d85be24297f4bda9dad3a80aab4346b [term 3 FOLLOWER]: Raft consensus is shut down!
I20260608 10:01:26.385011 17051 tablet_replica.cc:333] T fc63b5de588b406bbb83dfcf9d062ec4 P 4d85be24297f4bda9dad3a80aab4346b: stopping tablet replica
I20260608 10:01:26.385432 17051 raft_consensus.cc:2243] T fc63b5de588b406bbb83dfcf9d062ec4 P 4d85be24297f4bda9dad3a80aab4346b [term 1 FOLLOWER]: Raft consensus shutting down.
I20260608 10:01:26.385929 17051 raft_consensus.cc:2272] T fc63b5de588b406bbb83dfcf9d062ec4 P 4d85be24297f4bda9dad3a80aab4346b [term 1 FOLLOWER]: Raft consensus is shut down!
W20260608 10:01:26.396600 20290 consensus_peers.cc:597] T 3adb56769e1d4af88d958dc071fc2d39 P 85af9c8a43e44a64822897aa758aafda -> Peer 2ed70597928746fa945416bcc13125f4 (127.16.166.193:36965): Couldn't send request to peer 2ed70597928746fa945416bcc13125f4. Status: Network error: Client connection negotiation failed: client connection to 127.16.166.193:36965: connect: Connection refused (error 111). This is attempt 1: this message will repeat every 5th retry.
I20260608 10:01:26.422147 17051 tablet_server.cc:196] TabletServer@127.16.166.195:0 shutdown complete.
I20260608 10:01:26.449555 17051 tablet_server.cc:179] TabletServer@127.16.166.196:0 shutting down...
I20260608 10:01:26.478281 17051 ts_tablet_manager.cc:1507] Shutting down tablet manager...
I20260608 10:01:26.479063 17051 tablet_replica.cc:333] T fc63b5de588b406bbb83dfcf9d062ec4 P 85af9c8a43e44a64822897aa758aafda: stopping tablet replica
I20260608 10:01:26.479673 17051 raft_consensus.cc:2243] T fc63b5de588b406bbb83dfcf9d062ec4 P 85af9c8a43e44a64822897aa758aafda [term 1 FOLLOWER]: Raft consensus shutting down.
I20260608 10:01:26.480201 17051 raft_consensus.cc:2272] T fc63b5de588b406bbb83dfcf9d062ec4 P 85af9c8a43e44a64822897aa758aafda [term 1 FOLLOWER]: Raft consensus is shut down!
I20260608 10:01:26.481977 17051 tablet_replica.cc:333] T 39dbf2721c0c49029b96f0cc1260edd9 P 85af9c8a43e44a64822897aa758aafda: stopping tablet replica
I20260608 10:01:26.482589 17051 raft_consensus.cc:2243] T 39dbf2721c0c49029b96f0cc1260edd9 P 85af9c8a43e44a64822897aa758aafda [term 1 FOLLOWER]: Raft consensus shutting down.
I20260608 10:01:26.483100 17051 raft_consensus.cc:2272] T 39dbf2721c0c49029b96f0cc1260edd9 P 85af9c8a43e44a64822897aa758aafda [term 1 FOLLOWER]: Raft consensus is shut down!
I20260608 10:01:26.485313 17051 tablet_replica.cc:333] T 8fd1ccc9d7064853a9b940961020e629 P 85af9c8a43e44a64822897aa758aafda: stopping tablet replica
I20260608 10:01:26.485890 17051 raft_consensus.cc:2243] T 8fd1ccc9d7064853a9b940961020e629 P 85af9c8a43e44a64822897aa758aafda [term 1 FOLLOWER]: Raft consensus shutting down.
I20260608 10:01:26.486421 17051 raft_consensus.cc:2272] T 8fd1ccc9d7064853a9b940961020e629 P 85af9c8a43e44a64822897aa758aafda [term 1 FOLLOWER]: Raft consensus is shut down!
I20260608 10:01:26.488215 17051 tablet_replica.cc:333] T fb48c63429b34b3d8e278144e2a21c50 P 85af9c8a43e44a64822897aa758aafda: stopping tablet replica
I20260608 10:01:26.488732 17051 raft_consensus.cc:2243] T fb48c63429b34b3d8e278144e2a21c50 P 85af9c8a43e44a64822897aa758aafda [term 2 LEADER]: Raft consensus shutting down.
I20260608 10:01:26.489480 17051 raft_consensus.cc:2272] T fb48c63429b34b3d8e278144e2a21c50 P 85af9c8a43e44a64822897aa758aafda [term 2 FOLLOWER]: Raft consensus is shut down!
I20260608 10:01:26.491734 17051 tablet_replica.cc:333] T 0606b18b04994cf687070cb23ae740ff P 85af9c8a43e44a64822897aa758aafda: stopping tablet replica
I20260608 10:01:26.492304 17051 raft_consensus.cc:2243] T 0606b18b04994cf687070cb23ae740ff P 85af9c8a43e44a64822897aa758aafda [term 1 FOLLOWER]: Raft consensus shutting down.
I20260608 10:01:26.492720 17051 raft_consensus.cc:2272] T 0606b18b04994cf687070cb23ae740ff P 85af9c8a43e44a64822897aa758aafda [term 1 FOLLOWER]: Raft consensus is shut down!
I20260608 10:01:26.494678 17051 tablet_replica.cc:333] T eddf3d0bf54549b8b115feed48164595 P 85af9c8a43e44a64822897aa758aafda: stopping tablet replica
I20260608 10:01:26.495229 17051 raft_consensus.cc:2243] T eddf3d0bf54549b8b115feed48164595 P 85af9c8a43e44a64822897aa758aafda [term 2 LEADER]: Raft consensus shutting down.
I20260608 10:01:26.495988 17051 raft_consensus.cc:2272] T eddf3d0bf54549b8b115feed48164595 P 85af9c8a43e44a64822897aa758aafda [term 2 FOLLOWER]: Raft consensus is shut down!
I20260608 10:01:26.497812 17051 tablet_replica.cc:333] T 79393d666497416e9ebb187aa520223b P 85af9c8a43e44a64822897aa758aafda: stopping tablet replica
I20260608 10:01:26.498443 17051 raft_consensus.cc:2243] T 79393d666497416e9ebb187aa520223b P 85af9c8a43e44a64822897aa758aafda [term 1 FOLLOWER]: Raft consensus shutting down.
I20260608 10:01:26.498988 17051 raft_consensus.cc:2272] T 79393d666497416e9ebb187aa520223b P 85af9c8a43e44a64822897aa758aafda [term 1 FOLLOWER]: Raft consensus is shut down!
I20260608 10:01:26.500837 17051 tablet_replica.cc:333] T 89ef4e70754244f7893c716fa991a1ac P 85af9c8a43e44a64822897aa758aafda: stopping tablet replica
I20260608 10:01:26.501514 17051 raft_consensus.cc:2243] T 89ef4e70754244f7893c716fa991a1ac P 85af9c8a43e44a64822897aa758aafda [term 2 FOLLOWER]: Raft consensus shutting down.
I20260608 10:01:26.502038 17051 raft_consensus.cc:2272] T 89ef4e70754244f7893c716fa991a1ac P 85af9c8a43e44a64822897aa758aafda [term 2 FOLLOWER]: Raft consensus is shut down!
I20260608 10:01:26.503747 17051 tablet_replica.cc:333] T 8fb84c4a7c4a4e06a294d47370a43de8 P 85af9c8a43e44a64822897aa758aafda: stopping tablet replica
I20260608 10:01:26.504258 17051 raft_consensus.cc:2243] T 8fb84c4a7c4a4e06a294d47370a43de8 P 85af9c8a43e44a64822897aa758aafda [term 1 FOLLOWER]: Raft consensus shutting down.
I20260608 10:01:26.504761 17051 raft_consensus.cc:2272] T 8fb84c4a7c4a4e06a294d47370a43de8 P 85af9c8a43e44a64822897aa758aafda [term 1 FOLLOWER]: Raft consensus is shut down!
I20260608 10:01:26.506596 17051 tablet_replica.cc:333] T 3adb56769e1d4af88d958dc071fc2d39 P 85af9c8a43e44a64822897aa758aafda: stopping tablet replica
I20260608 10:01:26.507082 17051 raft_consensus.cc:2243] T 3adb56769e1d4af88d958dc071fc2d39 P 85af9c8a43e44a64822897aa758aafda [term 1 LEADER]: Raft consensus shutting down.
I20260608 10:01:26.507826 17051 raft_consensus.cc:2272] T 3adb56769e1d4af88d958dc071fc2d39 P 85af9c8a43e44a64822897aa758aafda [term 1 FOLLOWER]: Raft consensus is shut down!
I20260608 10:01:26.509752 17051 tablet_replica.cc:333] T 13c1e605a4c74dc4a5d586260e610761 P 85af9c8a43e44a64822897aa758aafda: stopping tablet replica
I20260608 10:01:26.510251 17051 raft_consensus.cc:2243] T 13c1e605a4c74dc4a5d586260e610761 P 85af9c8a43e44a64822897aa758aafda [term 1 FOLLOWER]: Raft consensus shutting down.
I20260608 10:01:26.510694 17051 raft_consensus.cc:2272] T 13c1e605a4c74dc4a5d586260e610761 P 85af9c8a43e44a64822897aa758aafda [term 1 FOLLOWER]: Raft consensus is shut down!
I20260608 10:01:26.512482 17051 tablet_replica.cc:333] T 06d5aa3a585646df93fc5d8fc3a5bc39 P 85af9c8a43e44a64822897aa758aafda: stopping tablet replica
I20260608 10:01:26.512939 17051 raft_consensus.cc:2243] T 06d5aa3a585646df93fc5d8fc3a5bc39 P 85af9c8a43e44a64822897aa758aafda [term 2 LEADER]: Raft consensus shutting down.
I20260608 10:01:26.513664 17051 raft_consensus.cc:2272] T 06d5aa3a585646df93fc5d8fc3a5bc39 P 85af9c8a43e44a64822897aa758aafda [term 2 FOLLOWER]: Raft consensus is shut down!
I20260608 10:01:26.547788 17051 tablet_server.cc:196] TabletServer@127.16.166.196:0 shutdown complete.
I20260608 10:01:26.572374 17051 master.cc:562] Master@127.16.166.254:38617 shutting down...
I20260608 10:01:26.593252 17051 raft_consensus.cc:2243] T 00000000000000000000000000000000 P c34df991cdf84320a08624db9d9feded [term 1 LEADER]: Raft consensus shutting down.
I20260608 10:01:26.593871 17051 raft_consensus.cc:2272] T 00000000000000000000000000000000 P c34df991cdf84320a08624db9d9feded [term 1 FOLLOWER]: Raft consensus is shut down!
I20260608 10:01:26.594247 17051 tablet_replica.cc:333] T 00000000000000000000000000000000 P c34df991cdf84320a08624db9d9feded: stopping tablet replica
I20260608 10:01:26.616616 17051 master.cc:584] Master@127.16.166.254:38617 shutdown complete.
[       OK ] AutoRebalancerTest.RangeAwareRebalancesNewRangeReplicas (13394 ms)
[ RUN      ] AutoRebalancerTest.NoReplicaMovesIfLocationLoadSkewedByOne
I20260608 10:01:26.670717 17051 internal_mini_cluster.cc:156] Creating distributed mini masters. Addrs: 127.16.166.254:46019
I20260608 10:01:26.671967 17051 file_cache.cc:492] Constructed file cache file cache with capacity 419430
W20260608 10:01:26.678329 20641 instance_detector.cc:116] could not retrieve AWS instance metadata: Network error: curl error: HTTP response code said error: The requested URL returned error: 404
W20260608 10:01:26.679072 20644 instance_detector.cc:116] could not retrieve OpenStack instance metadata: Network error: curl error: HTTP response code said error: The requested URL returned error: 404
W20260608 10:01:26.678350 20642 instance_detector.cc:116] could not retrieve Azure instance metadata: Network error: curl error: HTTP response code said error: The requested URL returned error: 404
I20260608 10:01:26.681002 17051 server_base.cc:1061] running on GCE node
I20260608 10:01:26.683574 17051 hybrid_clock.cc:584] initializing the hybrid clock with 'system_unsync' time source
W20260608 10:01:26.683772 17051 system_unsync_time.cc:38] NTP support is disabled. Clock error bounds will not be accurate. This configuration is not suitable for distributed clusters.
I20260608 10:01:26.683889 17051 hybrid_clock.cc:648] HybridClock initialized: now 1780912886683878 us; error 0 us; skew 500 ppm
I20260608 10:01:26.684420 17051 server_base.cc:861] Flag tcmalloc_max_total_thread_cache_bytes is not working since tcmalloc is not enabled.
I20260608 10:01:26.687006 17051 webserver.cc:533] Webserver started at http://127.16.166.254:45575/ using document root <none> and password file <none>
I20260608 10:01:26.687491 17051 fs_manager.cc:362] Metadata directory not provided
I20260608 10:01:26.687642 17051 fs_manager.cc:368] Using write-ahead log directory (fs_wal_dir) as metadata directory
I20260608 10:01:26.687877 17051 server_base.cc:909] This appears to be a new deployment of Kudu; creating new FS layout
I20260608 10:01:26.688985 17051 fs_manager.cc:1068] Generated new instance metadata in path /tmp/dist-test-task5QMtnQ/test-tmp/auto_rebalancer-test.0.AutoRebalancerTest.NoReplicaMovesIfLocationLoadSkewedByOne.1780912797395616-17051-0/minicluster-data/master-0-root/instance:
uuid: "085afc6e4039446aab1a300e5d31e08c"
format_stamp: "Formatted at 2026-06-08 10:01:26 on dist-test-slave-430c"
I20260608 10:01:26.693807 17051 fs_manager.cc:696] Time spent creating directory manager: real 0.004s	user 0.004s	sys 0.003s
I20260608 10:01:26.697956 20649 log_block_manager.cc:4031] Time spent loading block containers with low live blocks: real 0.000s	user 0.000s	sys 0.000s
I20260608 10:01:26.698932 17051 fs_manager.cc:730] Time spent opening block manager: real 0.003s	user 0.003s	sys 0.000s
I20260608 10:01:26.699281 17051 fs_manager.cc:647] Opened local filesystem: /tmp/dist-test-task5QMtnQ/test-tmp/auto_rebalancer-test.0.AutoRebalancerTest.NoReplicaMovesIfLocationLoadSkewedByOne.1780912797395616-17051-0/minicluster-data/master-0-root
uuid: "085afc6e4039446aab1a300e5d31e08c"
format_stamp: "Formatted at 2026-06-08 10:01:26 on dist-test-slave-430c"
I20260608 10:01:26.699594 17051 fs_report.cc:389] FS layout report
--------------------
wal directory: /tmp/dist-test-task5QMtnQ/test-tmp/auto_rebalancer-test.0.AutoRebalancerTest.NoReplicaMovesIfLocationLoadSkewedByOne.1780912797395616-17051-0/minicluster-data/master-0-root
metadata directory: /tmp/dist-test-task5QMtnQ/test-tmp/auto_rebalancer-test.0.AutoRebalancerTest.NoReplicaMovesIfLocationLoadSkewedByOne.1780912797395616-17051-0/minicluster-data/master-0-root
1 data directories: /tmp/dist-test-task5QMtnQ/test-tmp/auto_rebalancer-test.0.AutoRebalancerTest.NoReplicaMovesIfLocationLoadSkewedByOne.1780912797395616-17051-0/minicluster-data/master-0-root/data
Total live blocks: 0
Total live bytes: 0
Total live bytes (after alignment): 0
Total number of LBM containers: 0 (0 full)
Did not check for missing blocks
Did not check for orphaned blocks
Total full LBM containers with extra space: 0 (0 repaired)
Total full LBM container extra space in bytes: 0 (0 repaired)
Total incomplete LBM containers: 0 (0 repaired)
Total LBM partial records: 0 (0 repaired)
Total corrupted LBM metadata records in RocksDB: 0 (0 repaired)
I20260608 10:01:26.719965 17051 rpc_server.cc:225] running with OpenSSL 1.1.1  11 Sep 2018
I20260608 10:01:26.721369 17051 kserver.cc:163] Server-wide thread pool size limit: 3276
I20260608 10:01:26.762462 17051 rpc_server.cc:307] RPC server started. Bound to: 127.16.166.254:46019
I20260608 10:01:26.762764 20700 acceptor_pool.cc:272] collecting diagnostics on the listening RPC socket 127.16.166.254:46019 every 8 connection(s)
I20260608 10:01:26.766969 20701 data_dirs.cc:400] Could only allocate 1 dirs of requested 3 for tablet 00000000000000000000000000000000. 1 dirs total, 0 dirs full, 0 dirs failed
I20260608 10:01:26.777788 20701 tablet_bootstrap.cc:492] T 00000000000000000000000000000000 P 085afc6e4039446aab1a300e5d31e08c: Bootstrap starting.
I20260608 10:01:26.782876 20701 tablet_bootstrap.cc:654] T 00000000000000000000000000000000 P 085afc6e4039446aab1a300e5d31e08c: Neither blocks nor log segments found. Creating new log.
I20260608 10:01:26.787315 20701 tablet_bootstrap.cc:492] T 00000000000000000000000000000000 P 085afc6e4039446aab1a300e5d31e08c: No bootstrap required, opened a new log
I20260608 10:01:26.789613 20701 raft_consensus.cc:359] T 00000000000000000000000000000000 P 085afc6e4039446aab1a300e5d31e08c [term 0 FOLLOWER]: Replica starting. Triggering 0 pending ops. Active config: opid_index: -1 OBSOLETE_local: true peers { permanent_uuid: "085afc6e4039446aab1a300e5d31e08c" member_type: VOTER }
I20260608 10:01:26.790004 20701 raft_consensus.cc:385] T 00000000000000000000000000000000 P 085afc6e4039446aab1a300e5d31e08c [term 0 FOLLOWER]: Consensus starting up: Expiring failure detector timer to make a prompt election more likely
I20260608 10:01:26.790190 20701 raft_consensus.cc:740] T 00000000000000000000000000000000 P 085afc6e4039446aab1a300e5d31e08c [term 0 FOLLOWER]: Becoming Follower/Learner. State: Replica: 085afc6e4039446aab1a300e5d31e08c, State: Initialized, Role: FOLLOWER
I20260608 10:01:26.790853 20701 consensus_queue.cc:260] T 00000000000000000000000000000000 P 085afc6e4039446aab1a300e5d31e08c [NON_LEADER]: Queue going to NON_LEADER mode. State: All replicated index: 0, Majority replicated index: 0, Committed index: 0, Last appended: 0.0, Last appended by leader: 0, Current term: 0, Majority size: -1, State: 0, Mode: NON_LEADER, active raft config: opid_index: -1 OBSOLETE_local: true peers { permanent_uuid: "085afc6e4039446aab1a300e5d31e08c" member_type: VOTER }
I20260608 10:01:26.791316 20701 raft_consensus.cc:399] T 00000000000000000000000000000000 P 085afc6e4039446aab1a300e5d31e08c [term 0 FOLLOWER]: Only one voter in the Raft config. Triggering election immediately
I20260608 10:01:26.791524 20701 raft_consensus.cc:493] T 00000000000000000000000000000000 P 085afc6e4039446aab1a300e5d31e08c [term 0 FOLLOWER]: Starting leader election (initial election of a single-replica configuration)
I20260608 10:01:26.791750 20701 raft_consensus.cc:3060] T 00000000000000000000000000000000 P 085afc6e4039446aab1a300e5d31e08c [term 0 FOLLOWER]: Advancing to term 1
I20260608 10:01:26.796471 20701 raft_consensus.cc:515] T 00000000000000000000000000000000 P 085afc6e4039446aab1a300e5d31e08c [term 1 FOLLOWER]: Starting leader election with config: opid_index: -1 OBSOLETE_local: true peers { permanent_uuid: "085afc6e4039446aab1a300e5d31e08c" member_type: VOTER }
I20260608 10:01:26.796988 20701 leader_election.cc:304] T 00000000000000000000000000000000 P 085afc6e4039446aab1a300e5d31e08c [CANDIDATE]: Term 1 election: Election decided. Result: candidate won. Election summary: received 1 responses out of 1 voters: 1 yes votes; 0 no votes. yes voters: 085afc6e4039446aab1a300e5d31e08c; no voters: 
I20260608 10:01:26.798197 20701 leader_election.cc:290] T 00000000000000000000000000000000 P 085afc6e4039446aab1a300e5d31e08c [CANDIDATE]: Term 1 election: Requested vote from peers 
I20260608 10:01:26.798648 20704 raft_consensus.cc:2804] T 00000000000000000000000000000000 P 085afc6e4039446aab1a300e5d31e08c [term 1 FOLLOWER]: Leader election won for term 1
I20260608 10:01:26.800076 20704 raft_consensus.cc:697] T 00000000000000000000000000000000 P 085afc6e4039446aab1a300e5d31e08c [term 1 LEADER]: Becoming Leader. State: Replica: 085afc6e4039446aab1a300e5d31e08c, State: Running, Role: LEADER
I20260608 10:01:26.800813 20704 consensus_queue.cc:237] T 00000000000000000000000000000000 P 085afc6e4039446aab1a300e5d31e08c [LEADER]: Queue going to LEADER mode. State: All replicated index: 0, Majority replicated index: 0, Committed index: 0, Last appended: 0.0, Last appended by leader: 0, Current term: 1, Majority size: 1, State: 0, Mode: LEADER, active raft config: opid_index: -1 OBSOLETE_local: true peers { permanent_uuid: "085afc6e4039446aab1a300e5d31e08c" member_type: VOTER }
I20260608 10:01:26.801568 20701 sys_catalog.cc:565] T 00000000000000000000000000000000 P 085afc6e4039446aab1a300e5d31e08c [sys.catalog]: configured and running, proceeding with master startup.
I20260608 10:01:26.805594 20706 sys_catalog.cc:455] T 00000000000000000000000000000000 P 085afc6e4039446aab1a300e5d31e08c [sys.catalog]: SysCatalogTable state changed. Reason: New leader 085afc6e4039446aab1a300e5d31e08c. Latest consensus state: current_term: 1 leader_uuid: "085afc6e4039446aab1a300e5d31e08c" committed_config { opid_index: -1 OBSOLETE_local: true peers { permanent_uuid: "085afc6e4039446aab1a300e5d31e08c" member_type: VOTER } }
I20260608 10:01:26.805634 20705 sys_catalog.cc:455] T 00000000000000000000000000000000 P 085afc6e4039446aab1a300e5d31e08c [sys.catalog]: SysCatalogTable state changed. Reason: RaftConsensus started. Latest consensus state: current_term: 1 leader_uuid: "085afc6e4039446aab1a300e5d31e08c" committed_config { opid_index: -1 OBSOLETE_local: true peers { permanent_uuid: "085afc6e4039446aab1a300e5d31e08c" member_type: VOTER } }
I20260608 10:01:26.806447 20706 sys_catalog.cc:458] T 00000000000000000000000000000000 P 085afc6e4039446aab1a300e5d31e08c [sys.catalog]: This master's current role is: LEADER
I20260608 10:01:26.806533 20705 sys_catalog.cc:458] T 00000000000000000000000000000000 P 085afc6e4039446aab1a300e5d31e08c [sys.catalog]: This master's current role is: LEADER
I20260608 10:01:26.811038 20710 catalog_manager.cc:1510] Loading table and tablet metadata into memory...
I20260608 10:01:26.819654 20710 catalog_manager.cc:1519] Initializing Kudu cluster ID...
I20260608 10:01:26.820851 17051 internal_mini_cluster.cc:184] Waiting to initialize catalog manager on master 0
I20260608 10:01:26.829952 20710 catalog_manager.cc:1382] Generated new cluster ID: 44c0b1814d1d4dc4b42ba7cf31126730
I20260608 10:01:26.830232 20710 catalog_manager.cc:1530] Initializing Kudu internal certificate authority...
I20260608 10:01:26.858788 20710 catalog_manager.cc:1405] Generated new certificate authority record
I20260608 10:01:26.860219 20710 catalog_manager.cc:1539] Loading token signing keys...
I20260608 10:01:26.879298 20710 catalog_manager.cc:6069] T 00000000000000000000000000000000 P 085afc6e4039446aab1a300e5d31e08c: Generated new TSK 0
I20260608 10:01:26.879951 20710 catalog_manager.cc:1549] Initializing in-progress tserver states...
I20260608 10:01:26.887639 17051 file_cache.cc:492] Constructed file cache file cache with capacity 419430
W20260608 10:01:26.894761 20722 instance_detector.cc:116] could not retrieve AWS instance metadata: Network error: curl error: HTTP response code said error: The requested URL returned error: 404
W20260608 10:01:26.895078 20723 instance_detector.cc:116] could not retrieve Azure instance metadata: Network error: curl error: HTTP response code said error: The requested URL returned error: 404
I20260608 10:01:26.903237 17051 server_base.cc:1061] running on GCE node
W20260608 10:01:26.903115 20725 instance_detector.cc:116] could not retrieve OpenStack instance metadata: Network error: curl error: HTTP response code said error: The requested URL returned error: 404
I20260608 10:01:26.904547 17051 hybrid_clock.cc:584] initializing the hybrid clock with 'system_unsync' time source
W20260608 10:01:26.904783 17051 system_unsync_time.cc:38] NTP support is disabled. Clock error bounds will not be accurate. This configuration is not suitable for distributed clusters.
I20260608 10:01:26.904917 17051 hybrid_clock.cc:648] HybridClock initialized: now 1780912886904904 us; error 0 us; skew 500 ppm
I20260608 10:01:26.905488 17051 server_base.cc:861] Flag tcmalloc_max_total_thread_cache_bytes is not working since tcmalloc is not enabled.
I20260608 10:01:26.908154 17051 webserver.cc:533] Webserver started at http://127.16.166.193:45187/ using document root <none> and password file <none>
I20260608 10:01:26.908632 17051 fs_manager.cc:362] Metadata directory not provided
I20260608 10:01:26.908795 17051 fs_manager.cc:368] Using write-ahead log directory (fs_wal_dir) as metadata directory
I20260608 10:01:26.909029 17051 server_base.cc:909] This appears to be a new deployment of Kudu; creating new FS layout
I20260608 10:01:26.910121 17051 fs_manager.cc:1068] Generated new instance metadata in path /tmp/dist-test-task5QMtnQ/test-tmp/auto_rebalancer-test.0.AutoRebalancerTest.NoReplicaMovesIfLocationLoadSkewedByOne.1780912797395616-17051-0/minicluster-data/ts-0-root/instance:
uuid: "f6cc3910d1e5450c9b8b0ba74ee2b962"
format_stamp: "Formatted at 2026-06-08 10:01:26 on dist-test-slave-430c"
I20260608 10:01:26.915192 17051 fs_manager.cc:696] Time spent creating directory manager: real 0.004s	user 0.002s	sys 0.002s
I20260608 10:01:26.919099 20730 log_block_manager.cc:4031] Time spent loading block containers with low live blocks: real 0.000s	user 0.000s	sys 0.000s
I20260608 10:01:26.919935 17051 fs_manager.cc:730] Time spent opening block manager: real 0.003s	user 0.003s	sys 0.001s
I20260608 10:01:26.920315 17051 fs_manager.cc:647] Opened local filesystem: /tmp/dist-test-task5QMtnQ/test-tmp/auto_rebalancer-test.0.AutoRebalancerTest.NoReplicaMovesIfLocationLoadSkewedByOne.1780912797395616-17051-0/minicluster-data/ts-0-root
uuid: "f6cc3910d1e5450c9b8b0ba74ee2b962"
format_stamp: "Formatted at 2026-06-08 10:01:26 on dist-test-slave-430c"
I20260608 10:01:26.920593 17051 fs_report.cc:389] FS layout report
--------------------
wal directory: /tmp/dist-test-task5QMtnQ/test-tmp/auto_rebalancer-test.0.AutoRebalancerTest.NoReplicaMovesIfLocationLoadSkewedByOne.1780912797395616-17051-0/minicluster-data/ts-0-root
metadata directory: /tmp/dist-test-task5QMtnQ/test-tmp/auto_rebalancer-test.0.AutoRebalancerTest.NoReplicaMovesIfLocationLoadSkewedByOne.1780912797395616-17051-0/minicluster-data/ts-0-root
1 data directories: /tmp/dist-test-task5QMtnQ/test-tmp/auto_rebalancer-test.0.AutoRebalancerTest.NoReplicaMovesIfLocationLoadSkewedByOne.1780912797395616-17051-0/minicluster-data/ts-0-root/data
Total live blocks: 0
Total live bytes: 0
Total live bytes (after alignment): 0
Total number of LBM containers: 0 (0 full)
Did not check for missing blocks
Did not check for orphaned blocks
Total full LBM containers with extra space: 0 (0 repaired)
Total full LBM container extra space in bytes: 0 (0 repaired)
Total incomplete LBM containers: 0 (0 repaired)
Total LBM partial records: 0 (0 repaired)
Total corrupted LBM metadata records in RocksDB: 0 (0 repaired)
I20260608 10:01:26.935336 17051 rpc_server.cc:225] running with OpenSSL 1.1.1  11 Sep 2018
I20260608 10:01:26.936658 17051 kserver.cc:163] Server-wide thread pool size limit: 3276
I20260608 10:01:26.938241 17051 txn_system_client.cc:432] TxnSystemClient initialization is disabled...
I20260608 10:01:26.940747 17051 ts_tablet_manager.cc:585] Loaded tablet metadata (0 total tablets, 0 live tablets)
I20260608 10:01:26.940950 17051 ts_tablet_manager.cc:531] Time spent load tablet metadata: real 0.000s	user 0.000s	sys 0.000s
I20260608 10:01:26.941259 17051 ts_tablet_manager.cc:616] Registered 0 tablets
I20260608 10:01:26.941411 17051 ts_tablet_manager.cc:595] Time spent register tablets: real 0.000s	user 0.000s	sys 0.000s
I20260608 10:01:26.984401 17051 rpc_server.cc:307] RPC server started. Bound to: 127.16.166.193:44835
I20260608 10:01:26.984546 20792 acceptor_pool.cc:272] collecting diagnostics on the listening RPC socket 127.16.166.193:44835 every 8 connection(s)
I20260608 10:01:26.989699 17051 file_cache.cc:492] Constructed file cache file cache with capacity 419430
W20260608 10:01:26.997787 20797 instance_detector.cc:116] could not retrieve AWS instance metadata: Network error: curl error: HTTP response code said error: The requested URL returned error: 404
W20260608 10:01:26.998781 20798 instance_detector.cc:116] could not retrieve Azure instance metadata: Network error: curl error: HTTP response code said error: The requested URL returned error: 404
I20260608 10:01:27.001089 17051 server_base.cc:1061] running on GCE node
W20260608 10:01:27.002878 20801 instance_detector.cc:116] could not retrieve OpenStack instance metadata: Network error: curl error: HTTP response code said error: The requested URL returned error: 404
I20260608 10:01:27.004173 17051 hybrid_clock.cc:584] initializing the hybrid clock with 'system_unsync' time source
W20260608 10:01:27.004493 17051 system_unsync_time.cc:38] NTP support is disabled. Clock error bounds will not be accurate. This configuration is not suitable for distributed clusters.
I20260608 10:01:27.004603 20793 heartbeater.cc:344] Connected to a master server at 127.16.166.254:46019
I20260608 10:01:27.004767 17051 hybrid_clock.cc:648] HybridClock initialized: now 1780912887004747 us; error 0 us; skew 500 ppm
I20260608 10:01:27.005164 20793 heartbeater.cc:461] Registering TS with master...
I20260608 10:01:27.005569 17051 server_base.cc:861] Flag tcmalloc_max_total_thread_cache_bytes is not working since tcmalloc is not enabled.
I20260608 10:01:27.006086 20793 heartbeater.cc:507] Master 127.16.166.254:46019 requested a full tablet report, sending...
I20260608 10:01:27.009087 17051 webserver.cc:533] Webserver started at http://127.16.166.194:42813/ using document root <none> and password file <none>
I20260608 10:01:27.009222 20666 ts_manager.cc:194] Registered new tserver with Master: f6cc3910d1e5450c9b8b0ba74ee2b962 (127.16.166.193:44835)
I20260608 10:01:27.009863 17051 fs_manager.cc:362] Metadata directory not provided
I20260608 10:01:27.010185 17051 fs_manager.cc:368] Using write-ahead log directory (fs_wal_dir) as metadata directory
I20260608 10:01:27.010579 17051 server_base.cc:909] This appears to be a new deployment of Kudu; creating new FS layout
I20260608 10:01:27.011853 20666 master_service.cc:502] Signed X509 certificate for tserver {username='slave'} at 127.0.0.1:54986
I20260608 10:01:27.011855 17051 fs_manager.cc:1068] Generated new instance metadata in path /tmp/dist-test-task5QMtnQ/test-tmp/auto_rebalancer-test.0.AutoRebalancerTest.NoReplicaMovesIfLocationLoadSkewedByOne.1780912797395616-17051-0/minicluster-data/ts-1-root/instance:
uuid: "d1bd16babcba4da49765d8e15155961d"
format_stamp: "Formatted at 2026-06-08 10:01:27 on dist-test-slave-430c"
I20260608 10:01:27.017933 17051 fs_manager.cc:696] Time spent creating directory manager: real 0.005s	user 0.004s	sys 0.000s
I20260608 10:01:27.022053 20805 log_block_manager.cc:4031] Time spent loading block containers with low live blocks: real 0.000s	user 0.000s	sys 0.000s
I20260608 10:01:27.023068 17051 fs_manager.cc:730] Time spent opening block manager: real 0.003s	user 0.003s	sys 0.000s
I20260608 10:01:27.023401 17051 fs_manager.cc:647] Opened local filesystem: /tmp/dist-test-task5QMtnQ/test-tmp/auto_rebalancer-test.0.AutoRebalancerTest.NoReplicaMovesIfLocationLoadSkewedByOne.1780912797395616-17051-0/minicluster-data/ts-1-root
uuid: "d1bd16babcba4da49765d8e15155961d"
format_stamp: "Formatted at 2026-06-08 10:01:27 on dist-test-slave-430c"
I20260608 10:01:27.023659 17051 fs_report.cc:389] FS layout report
--------------------
wal directory: /tmp/dist-test-task5QMtnQ/test-tmp/auto_rebalancer-test.0.AutoRebalancerTest.NoReplicaMovesIfLocationLoadSkewedByOne.1780912797395616-17051-0/minicluster-data/ts-1-root
metadata directory: /tmp/dist-test-task5QMtnQ/test-tmp/auto_rebalancer-test.0.AutoRebalancerTest.NoReplicaMovesIfLocationLoadSkewedByOne.1780912797395616-17051-0/minicluster-data/ts-1-root
1 data directories: /tmp/dist-test-task5QMtnQ/test-tmp/auto_rebalancer-test.0.AutoRebalancerTest.NoReplicaMovesIfLocationLoadSkewedByOne.1780912797395616-17051-0/minicluster-data/ts-1-root/data
Total live blocks: 0
Total live bytes: 0
Total live bytes (after alignment): 0
Total number of LBM containers: 0 (0 full)
Did not check for missing blocks
Did not check for orphaned blocks
Total full LBM containers with extra space: 0 (0 repaired)
Total full LBM container extra space in bytes: 0 (0 repaired)
Total incomplete LBM containers: 0 (0 repaired)
Total LBM partial records: 0 (0 repaired)
Total corrupted LBM metadata records in RocksDB: 0 (0 repaired)
I20260608 10:01:27.045630 17051 rpc_server.cc:225] running with OpenSSL 1.1.1  11 Sep 2018
I20260608 10:01:27.046983 17051 kserver.cc:163] Server-wide thread pool size limit: 3276
I20260608 10:01:27.048542 17051 txn_system_client.cc:432] TxnSystemClient initialization is disabled...
I20260608 10:01:27.051074 17051 ts_tablet_manager.cc:585] Loaded tablet metadata (0 total tablets, 0 live tablets)
I20260608 10:01:27.051321 17051 ts_tablet_manager.cc:531] Time spent load tablet metadata: real 0.000s	user 0.000s	sys 0.000s
I20260608 10:01:27.051573 17051 ts_tablet_manager.cc:616] Registered 0 tablets
I20260608 10:01:27.051760 17051 ts_tablet_manager.cc:595] Time spent register tablets: real 0.000s	user 0.000s	sys 0.000s
I20260608 10:01:27.094578 17051 rpc_server.cc:307] RPC server started. Bound to: 127.16.166.194:35681
I20260608 10:01:27.094748 20867 acceptor_pool.cc:272] collecting diagnostics on the listening RPC socket 127.16.166.194:35681 every 8 connection(s)
I20260608 10:01:27.099740 17051 file_cache.cc:492] Constructed file cache file cache with capacity 419430
W20260608 10:01:27.107491 20871 instance_detector.cc:116] could not retrieve AWS instance metadata: Network error: curl error: HTTP response code said error: The requested URL returned error: 404
W20260608 10:01:27.108700 20872 instance_detector.cc:116] could not retrieve Azure instance metadata: Network error: curl error: HTTP response code said error: The requested URL returned error: 404
I20260608 10:01:27.111456 17051 server_base.cc:1061] running on GCE node
W20260608 10:01:27.111732 20874 instance_detector.cc:116] could not retrieve OpenStack instance metadata: Network error: curl error: HTTP response code said error: The requested URL returned error: 404
I20260608 10:01:27.112782 17051 hybrid_clock.cc:584] initializing the hybrid clock with 'system_unsync' time source
W20260608 10:01:27.113075 17051 system_unsync_time.cc:38] NTP support is disabled. Clock error bounds will not be accurate. This configuration is not suitable for distributed clusters.
I20260608 10:01:27.113333 17051 hybrid_clock.cc:648] HybridClock initialized: now 1780912887113313 us; error 0 us; skew 500 ppm
I20260608 10:01:27.114081 17051 server_base.cc:861] Flag tcmalloc_max_total_thread_cache_bytes is not working since tcmalloc is not enabled.
I20260608 10:01:27.116938 20868 heartbeater.cc:344] Connected to a master server at 127.16.166.254:46019
I20260608 10:01:27.117192 17051 webserver.cc:533] Webserver started at http://127.16.166.195:38715/ using document root <none> and password file <none>
I20260608 10:01:27.117391 20868 heartbeater.cc:461] Registering TS with master...
I20260608 10:01:27.117882 17051 fs_manager.cc:362] Metadata directory not provided
I20260608 10:01:27.118111 17051 fs_manager.cc:368] Using write-ahead log directory (fs_wal_dir) as metadata directory
I20260608 10:01:27.118306 20868 heartbeater.cc:507] Master 127.16.166.254:46019 requested a full tablet report, sending...
I20260608 10:01:27.118427 17051 server_base.cc:909] This appears to be a new deployment of Kudu; creating new FS layout
I20260608 10:01:27.119978 17051 fs_manager.cc:1068] Generated new instance metadata in path /tmp/dist-test-task5QMtnQ/test-tmp/auto_rebalancer-test.0.AutoRebalancerTest.NoReplicaMovesIfLocationLoadSkewedByOne.1780912797395616-17051-0/minicluster-data/ts-2-root/instance:
uuid: "e504ec6e9fc243359d2d2df96f029271"
format_stamp: "Formatted at 2026-06-08 10:01:27 on dist-test-slave-430c"
I20260608 10:01:27.120671 20666 ts_manager.cc:194] Registered new tserver with Master: d1bd16babcba4da49765d8e15155961d (127.16.166.194:35681)
I20260608 10:01:27.122191 20666 master_service.cc:502] Signed X509 certificate for tserver {username='slave'} at 127.0.0.1:54998
I20260608 10:01:27.125603 17051 fs_manager.cc:696] Time spent creating directory manager: real 0.005s	user 0.006s	sys 0.001s
I20260608 10:01:27.129323 20879 log_block_manager.cc:4031] Time spent loading block containers with low live blocks: real 0.000s	user 0.000s	sys 0.000s
I20260608 10:01:27.130136 17051 fs_manager.cc:730] Time spent opening block manager: real 0.002s	user 0.002s	sys 0.000s
I20260608 10:01:27.130519 17051 fs_manager.cc:647] Opened local filesystem: /tmp/dist-test-task5QMtnQ/test-tmp/auto_rebalancer-test.0.AutoRebalancerTest.NoReplicaMovesIfLocationLoadSkewedByOne.1780912797395616-17051-0/minicluster-data/ts-2-root
uuid: "e504ec6e9fc243359d2d2df96f029271"
format_stamp: "Formatted at 2026-06-08 10:01:27 on dist-test-slave-430c"
I20260608 10:01:27.130815 17051 fs_report.cc:389] FS layout report
--------------------
wal directory: /tmp/dist-test-task5QMtnQ/test-tmp/auto_rebalancer-test.0.AutoRebalancerTest.NoReplicaMovesIfLocationLoadSkewedByOne.1780912797395616-17051-0/minicluster-data/ts-2-root
metadata directory: /tmp/dist-test-task5QMtnQ/test-tmp/auto_rebalancer-test.0.AutoRebalancerTest.NoReplicaMovesIfLocationLoadSkewedByOne.1780912797395616-17051-0/minicluster-data/ts-2-root
1 data directories: /tmp/dist-test-task5QMtnQ/test-tmp/auto_rebalancer-test.0.AutoRebalancerTest.NoReplicaMovesIfLocationLoadSkewedByOne.1780912797395616-17051-0/minicluster-data/ts-2-root/data
Total live blocks: 0
Total live bytes: 0
Total live bytes (after alignment): 0
Total number of LBM containers: 0 (0 full)
Did not check for missing blocks
Did not check for orphaned blocks
Total full LBM containers with extra space: 0 (0 repaired)
Total full LBM container extra space in bytes: 0 (0 repaired)
Total incomplete LBM containers: 0 (0 repaired)
Total LBM partial records: 0 (0 repaired)
Total corrupted LBM metadata records in RocksDB: 0 (0 repaired)
I20260608 10:01:27.149448 17051 rpc_server.cc:225] running with OpenSSL 1.1.1  11 Sep 2018
I20260608 10:01:27.412786 17051 kserver.cc:163] Server-wide thread pool size limit: 3276
I20260608 10:01:27.419302 17051 txn_system_client.cc:432] TxnSystemClient initialization is disabled...
I20260608 10:01:27.422807 17051 ts_tablet_manager.cc:585] Loaded tablet metadata (0 total tablets, 0 live tablets)
