I20260608 10:00:05.591967 18055 heartbeater.cc:461] Registering TS with master...
I20260608 10:00:05.592788 18055 heartbeater.cc:507] Master 127.16.166.254:40993 requested a full tablet report, sending...
I20260608 10:00:05.594871 17617 ts_manager.cc:194] Registered new tserver with Master: 5a66c12825ab43f28e62a88bd8dee5e2 (127.16.166.196:43323)
I20260608 10:00:05.596261 17617 master_service.cc:502] Signed X509 certificate for tserver {username='slave'} at 127.0.0.1:54020
I20260608 10:00:05.651475 17923 consensus_queue.cc:1048] T cd6f977ed70f4fef92fb25d86af1ac76 P b0f255d2433b466f8bdb1a52ea35257c [LEADER]: Connected to new peer: Peer: permanent_uuid: "c657d03d717e410d94d72163b522c6e3" member_type: VOTER last_known_addr { host: "127.16.166.195" port: 38655 }, Status: LMP_MISMATCH, Last received: 0.0, Next index: 1, Last known committed idx: 0, Time since last communication: 0.000s
I20260608 10:00:05.664157 17951 consensus_queue.cc:1048] T cd6f977ed70f4fef92fb25d86af1ac76 P b0f255d2433b466f8bdb1a52ea35257c [LEADER]: Connected to new peer: Peer: permanent_uuid: "ea04da9e2876498e988b95e7087c8868" member_type: VOTER last_known_addr { host: "127.16.166.194" port: 33167 }, Status: LMP_MISMATCH, Last received: 0.0, Next index: 1, Last known committed idx: 0, Time since last communication: 0.000s
I20260608 10:00:05.748009 17924 consensus_queue.cc:1048] T 2716791772f64cfa846047fadf03725e P ea04da9e2876498e988b95e7087c8868 [LEADER]: Connected to new peer: Peer: permanent_uuid: "c657d03d717e410d94d72163b522c6e3" member_type: VOTER last_known_addr { host: "127.16.166.195" port: 38655 }, Status: LMP_MISMATCH, Last received: 0.0, Next index: 1, Last known committed idx: 0, Time since last communication: 0.000s
I20260608 10:00:05.762378 17946 consensus_queue.cc:1048] T 2716791772f64cfa846047fadf03725e P ea04da9e2876498e988b95e7087c8868 [LEADER]: Connected to new peer: Peer: permanent_uuid: "b0f255d2433b466f8bdb1a52ea35257c" member_type: VOTER last_known_addr { host: "127.16.166.193" port: 40199 }, Status: LMP_MISMATCH, Last received: 0.0, Next index: 1, Last known committed idx: 0, Time since last communication: 0.001s
I20260608 10:00:05.899783 17919 consensus_queue.cc:1048] T b465cc7b1db34306acb08fcfd697b0a2 P c657d03d717e410d94d72163b522c6e3 [LEADER]: Connected to new peer: Peer: permanent_uuid: "ea04da9e2876498e988b95e7087c8868" member_type: VOTER last_known_addr { host: "127.16.166.194" port: 33167 }, Status: LMP_MISMATCH, Last received: 0.0, Next index: 1, Last known committed idx: 0, Time since last communication: 0.000s
I20260608 10:00:05.913977 18064 consensus_queue.cc:1048] T b465cc7b1db34306acb08fcfd697b0a2 P c657d03d717e410d94d72163b522c6e3 [LEADER]: Connected to new peer: Peer: permanent_uuid: "b0f255d2433b466f8bdb1a52ea35257c" member_type: VOTER last_known_addr { host: "127.16.166.193" port: 40199 }, Status: LMP_MISMATCH, Last received: 0.0, Next index: 1, Last known committed idx: 0, Time since last communication: 0.001s
I20260608 10:00:06.598703 18055 heartbeater.cc:499] Master 127.16.166.254:40993 was elected leader, sending a full tablet report...
I20260608 10:00:06.797148 17672 auto_leader_rebalancer.cc:140] leader rebalance for table test-workload
I20260608 10:00:06.825124 17869 tablet_service.cc:2072] Received LeaderStepDown RPC: tablet_id: "1103ac859d424df7b1014e132524f11e"
dest_uuid: "c657d03d717e410d94d72163b522c6e3"
mode: GRACEFUL
new_leader_uuid: "ea04da9e2876498e988b95e7087c8868"
 from {username='slave'} at 127.0.0.1:50362
I20260608 10:00:06.825964 17869 raft_consensus.cc:606] T 1103ac859d424df7b1014e132524f11e P c657d03d717e410d94d72163b522c6e3 [term 1 LEADER]: Received request to transfer leadership to TS ea04da9e2876498e988b95e7087c8868
I20260608 10:00:06.827446 17672 auto_leader_rebalancer.cc:388] table: test-workload, leader rebalance finish, leader transfer count: 1
I20260608 10:00:06.828131 17672 auto_leader_rebalancer.cc:451] All tables' leader rebalancing finished this round
I20260608 10:00:07.118170 18067 raft_consensus.cc:993] T 1103ac859d424df7b1014e132524f11e P c657d03d717e410d94d72163b522c6e3: : Instructing follower ea04da9e2876498e988b95e7087c8868 to start an election
I20260608 10:00:07.118686 18070 raft_consensus.cc:1081] T 1103ac859d424df7b1014e132524f11e P c657d03d717e410d94d72163b522c6e3 [term 1 LEADER]: Signalling peer ea04da9e2876498e988b95e7087c8868 to start an election
I20260608 10:00:07.120591 17794 tablet_service.cc:2044] Received Run Leader Election RPC: tablet_id: "1103ac859d424df7b1014e132524f11e"
dest_uuid: "ea04da9e2876498e988b95e7087c8868"
 from {username='slave'} at 127.0.0.1:60752
I20260608 10:00:07.121074 17794 raft_consensus.cc:493] T 1103ac859d424df7b1014e132524f11e P ea04da9e2876498e988b95e7087c8868 [term 1 FOLLOWER]: Starting forced leader election (received explicit request)
I20260608 10:00:07.121340 17794 raft_consensus.cc:3060] T 1103ac859d424df7b1014e132524f11e P ea04da9e2876498e988b95e7087c8868 [term 1 FOLLOWER]: Advancing to term 2
I20260608 10:00:07.125819 17794 raft_consensus.cc:515] T 1103ac859d424df7b1014e132524f11e P ea04da9e2876498e988b95e7087c8868 [term 2 FOLLOWER]: Starting forced leader election with config: opid_index: -1 OBSOLETE_local: false peers { permanent_uuid: "b0f255d2433b466f8bdb1a52ea35257c" member_type: VOTER last_known_addr { host: "127.16.166.193" port: 40199 } } peers { permanent_uuid: "ea04da9e2876498e988b95e7087c8868" member_type: VOTER last_known_addr { host: "127.16.166.194" port: 33167 } } peers { permanent_uuid: "c657d03d717e410d94d72163b522c6e3" member_type: VOTER last_known_addr { host: "127.16.166.195" port: 38655 } }
I20260608 10:00:07.127807 17794 leader_election.cc:290] T 1103ac859d424df7b1014e132524f11e P ea04da9e2876498e988b95e7087c8868 [CANDIDATE]: Term 2 election: Requested vote from peers b0f255d2433b466f8bdb1a52ea35257c (127.16.166.193:40199), c657d03d717e410d94d72163b522c6e3 (127.16.166.195:38655)
I20260608 10:00:07.128650 17721 tablet_service.cc:1917] Received RequestConsensusVote() RPC: tablet_id: "1103ac859d424df7b1014e132524f11e" candidate_uuid: "ea04da9e2876498e988b95e7087c8868" candidate_term: 2 candidate_status { last_received { term: 1 index: 1 } } ignore_live_leader: true dest_uuid: "b0f255d2433b466f8bdb1a52ea35257c"
I20260608 10:00:07.129088 17869 tablet_service.cc:1917] Received RequestConsensusVote() RPC: tablet_id: "1103ac859d424df7b1014e132524f11e" candidate_uuid: "ea04da9e2876498e988b95e7087c8868" candidate_term: 2 candidate_status { last_received { term: 1 index: 1 } } ignore_live_leader: true dest_uuid: "c657d03d717e410d94d72163b522c6e3"
I20260608 10:00:07.129271 17721 raft_consensus.cc:3060] T 1103ac859d424df7b1014e132524f11e P b0f255d2433b466f8bdb1a52ea35257c [term 1 FOLLOWER]: Advancing to term 2
I20260608 10:00:07.129664 17869 raft_consensus.cc:3055] T 1103ac859d424df7b1014e132524f11e P c657d03d717e410d94d72163b522c6e3 [term 1 LEADER]: Stepping down as leader of term 1
I20260608 10:00:07.129998 17869 raft_consensus.cc:740] T 1103ac859d424df7b1014e132524f11e P c657d03d717e410d94d72163b522c6e3 [term 1 LEADER]: Becoming Follower/Learner. State: Replica: c657d03d717e410d94d72163b522c6e3, State: Running, Role: LEADER
I20260608 10:00:07.130774 17869 consensus_queue.cc:260] T 1103ac859d424df7b1014e132524f11e P c657d03d717e410d94d72163b522c6e3 [NON_LEADER]: Queue going to NON_LEADER mode. State: All replicated index: 0, Majority replicated index: 1, Committed index: 1, Last appended: 1.1, Last appended by leader: 1, Current term: 1, Majority size: -1, State: 0, Mode: NON_LEADER, active raft config: opid_index: -1 OBSOLETE_local: false peers { permanent_uuid: "b0f255d2433b466f8bdb1a52ea35257c" member_type: VOTER last_known_addr { host: "127.16.166.193" port: 40199 } } peers { permanent_uuid: "ea04da9e2876498e988b95e7087c8868" member_type: VOTER last_known_addr { host: "127.16.166.194" port: 33167 } } peers { permanent_uuid: "c657d03d717e410d94d72163b522c6e3" member_type: VOTER last_known_addr { host: "127.16.166.195" port: 38655 } }
I20260608 10:00:07.131706 17869 raft_consensus.cc:3060] T 1103ac859d424df7b1014e132524f11e P c657d03d717e410d94d72163b522c6e3 [term 1 FOLLOWER]: Advancing to term 2
I20260608 10:00:07.134172 17721 raft_consensus.cc:2468] T 1103ac859d424df7b1014e132524f11e P b0f255d2433b466f8bdb1a52ea35257c [term 2 FOLLOWER]: Leader election vote request: Granting yes vote for candidate ea04da9e2876498e988b95e7087c8868 in term 2.
I20260608 10:00:07.135378 17759 leader_election.cc:304] T 1103ac859d424df7b1014e132524f11e P ea04da9e2876498e988b95e7087c8868 [CANDIDATE]: Term 2 election: Election decided. Result: candidate won. Election summary: received 2 responses out of 3 voters: 2 yes votes; 0 no votes. yes voters: b0f255d2433b466f8bdb1a52ea35257c, ea04da9e2876498e988b95e7087c8868; no voters: 
I20260608 10:00:07.136134 17946 raft_consensus.cc:2804] T 1103ac859d424df7b1014e132524f11e P ea04da9e2876498e988b95e7087c8868 [term 2 FOLLOWER]: Leader election won for term 2
I20260608 10:00:07.136528 17869 raft_consensus.cc:2468] T 1103ac859d424df7b1014e132524f11e P c657d03d717e410d94d72163b522c6e3 [term 2 FOLLOWER]: Leader election vote request: Granting yes vote for candidate ea04da9e2876498e988b95e7087c8868 in term 2.
I20260608 10:00:07.137216 17946 raft_consensus.cc:697] T 1103ac859d424df7b1014e132524f11e P ea04da9e2876498e988b95e7087c8868 [term 2 LEADER]: Becoming Leader. State: Replica: ea04da9e2876498e988b95e7087c8868, State: Running, Role: LEADER
I20260608 10:00:07.138163 17946 consensus_queue.cc:237] T 1103ac859d424df7b1014e132524f11e P ea04da9e2876498e988b95e7087c8868 [LEADER]: Queue going to LEADER mode. State: All replicated index: 0, Majority replicated index: 1, Committed index: 1, Last appended: 1.1, Last appended by leader: 1, Current term: 2, Majority size: 2, State: 0, Mode: LEADER, active raft config: opid_index: -1 OBSOLETE_local: false peers { permanent_uuid: "b0f255d2433b466f8bdb1a52ea35257c" member_type: VOTER last_known_addr { host: "127.16.166.193" port: 40199 } } peers { permanent_uuid: "ea04da9e2876498e988b95e7087c8868" member_type: VOTER last_known_addr { host: "127.16.166.194" port: 33167 } } peers { permanent_uuid: "c657d03d717e410d94d72163b522c6e3" member_type: VOTER last_known_addr { host: "127.16.166.195" port: 38655 } }
I20260608 10:00:07.146214 17617 catalog_manager.cc:5696] T 1103ac859d424df7b1014e132524f11e P ea04da9e2876498e988b95e7087c8868 reported cstate change: term changed from 1 to 2, leader changed from c657d03d717e410d94d72163b522c6e3 (127.16.166.195) to ea04da9e2876498e988b95e7087c8868 (127.16.166.194). New cstate: current_term: 2 leader_uuid: "ea04da9e2876498e988b95e7087c8868" committed_config { opid_index: -1 OBSOLETE_local: false peers { permanent_uuid: "b0f255d2433b466f8bdb1a52ea35257c" member_type: VOTER last_known_addr { host: "127.16.166.193" port: 40199 } health_report { overall_health: UNKNOWN } } peers { permanent_uuid: "ea04da9e2876498e988b95e7087c8868" member_type: VOTER last_known_addr { host: "127.16.166.194" port: 33167 } health_report { overall_health: HEALTHY } } peers { permanent_uuid: "c657d03d717e410d94d72163b522c6e3" member_type: VOTER last_known_addr { host: "127.16.166.195" port: 38655 } health_report { overall_health: UNKNOWN } } }
I20260608 10:00:07.699334 17869 raft_consensus.cc:1275] T 1103ac859d424df7b1014e132524f11e P c657d03d717e410d94d72163b522c6e3 [term 2 FOLLOWER]: Refusing update from remote peer ea04da9e2876498e988b95e7087c8868: Log matching property violated. Preceding OpId in replica: term: 1 index: 1. Preceding OpId from leader: term: 2 index: 2. (index mismatch)
I20260608 10:00:07.701140 18071 consensus_queue.cc:1048] T 1103ac859d424df7b1014e132524f11e P ea04da9e2876498e988b95e7087c8868 [LEADER]: Connected to new peer: Peer: permanent_uuid: "c657d03d717e410d94d72163b522c6e3" member_type: VOTER last_known_addr { host: "127.16.166.195" port: 38655 }, Status: LMP_MISMATCH, Last received: 0.0, Next index: 2, Last known committed idx: 1, Time since last communication: 0.001s
I20260608 10:00:07.715586 17721 raft_consensus.cc:1275] T 1103ac859d424df7b1014e132524f11e P b0f255d2433b466f8bdb1a52ea35257c [term 2 FOLLOWER]: Refusing update from remote peer ea04da9e2876498e988b95e7087c8868: Log matching property violated. Preceding OpId in replica: term: 1 index: 1. Preceding OpId from leader: term: 2 index: 2. (index mismatch)
I20260608 10:00:07.717789 18071 consensus_queue.cc:1048] T 1103ac859d424df7b1014e132524f11e P ea04da9e2876498e988b95e7087c8868 [LEADER]: Connected to new peer: Peer: permanent_uuid: "b0f255d2433b466f8bdb1a52ea35257c" member_type: VOTER last_known_addr { host: "127.16.166.193" port: 40199 }, Status: LMP_MISMATCH, Last received: 0.0, Next index: 2, Last known committed idx: 1, Time since last communication: 0.001s
I20260608 10:00:08.829324 17672 auto_leader_rebalancer.cc:140] leader rebalance for table test-workload
I20260608 10:00:08.835569 17672 auto_leader_rebalancer.cc:388] table: test-workload, leader rebalance finish, leader transfer count: 0
I20260608 10:00:08.835989 17672 auto_leader_rebalancer.cc:451] All tables' leader rebalancing finished this round
W20260608 10:00:09.294173 17742 debug-util.cc:398] Leaking SignalData structure 0x7b08000ab8c0 after lost signal to thread 17054
W20260608 10:00:09.295284 17742 debug-util.cc:398] Leaking SignalData structure 0x7b08000abfa0 after lost signal to thread 17653
W20260608 10:00:09.296238 17742 debug-util.cc:398] Leaking SignalData structure 0x7b0800125f40 after lost signal to thread 17745
W20260608 10:00:09.297075 17742 debug-util.cc:398] Leaking SignalData structure 0x7b0800106100 after lost signal to thread 17820
W20260608 10:00:09.297904 17742 debug-util.cc:398] Leaking SignalData structure 0x7b0800236600 after lost signal to thread 17894
W20260608 10:00:09.298751 17742 debug-util.cc:398] Leaking SignalData structure 0x7b08002366a0 after lost signal to thread 18054
I20260608 10:00:10.836824 17672 auto_leader_rebalancer.cc:140] leader rebalance for table test-workload
I20260608 10:00:10.836733 17721 consensus_queue.cc:237] T 5d840c3556e54c95a17ae1468eb53087 P b0f255d2433b466f8bdb1a52ea35257c [LEADER]: Queue going to LEADER mode. State: All replicated index: 0, Majority replicated index: 1, Committed index: 1, Last appended: 1.1, Last appended by leader: 0, Current term: 1, Majority size: 2, State: 0, Mode: LEADER, active raft config: opid_index: 2 OBSOLETE_local: false peers { permanent_uuid: "b0f255d2433b466f8bdb1a52ea35257c" member_type: VOTER last_known_addr { host: "127.16.166.193" port: 40199 } } peers { permanent_uuid: "ea04da9e2876498e988b95e7087c8868" member_type: VOTER last_known_addr { host: "127.16.166.194" port: 33167 } attrs { replace: true } } peers { permanent_uuid: "c657d03d717e410d94d72163b522c6e3" member_type: VOTER last_known_addr { host: "127.16.166.195" port: 38655 } } peers { permanent_uuid: "5a66c12825ab43f28e62a88bd8dee5e2" member_type: NON_VOTER last_known_addr { host: "127.16.166.196" port: 43323 } attrs { promote: true } }
I20260608 10:00:10.847765 17869 raft_consensus.cc:1275] T 5d840c3556e54c95a17ae1468eb53087 P c657d03d717e410d94d72163b522c6e3 [term 1 FOLLOWER]: Refusing update from remote peer b0f255d2433b466f8bdb1a52ea35257c: Log matching property violated. Preceding OpId in replica: term: 1 index: 1. Preceding OpId from leader: term: 1 index: 2. (index mismatch)
I20260608 10:00:10.848433 17672 auto_leader_rebalancer.cc:388] table: test-workload, leader rebalance finish, leader transfer count: 0
I20260608 10:00:10.849205 17672 auto_leader_rebalancer.cc:451] All tables' leader rebalancing finished this round
I20260608 10:00:10.850651 18092 consensus_queue.cc:1048] T 5d840c3556e54c95a17ae1468eb53087 P b0f255d2433b466f8bdb1a52ea35257c [LEADER]: Connected to new peer: Peer: permanent_uuid: "c657d03d717e410d94d72163b522c6e3" member_type: VOTER last_known_addr { host: "127.16.166.195" port: 38655 }, Status: LMP_MISMATCH, Last received: 0.0, Next index: 2, Last known committed idx: 1, Time since last communication: 0.001s
I20260608 10:00:10.856813 17794 raft_consensus.cc:1275] T 5d840c3556e54c95a17ae1468eb53087 P ea04da9e2876498e988b95e7087c8868 [term 1 FOLLOWER]: Refusing update from remote peer b0f255d2433b466f8bdb1a52ea35257c: Log matching property violated. Preceding OpId in replica: term: 1 index: 1. Preceding OpId from leader: term: 1 index: 2. (index mismatch)
I20260608 10:00:10.859550 18095 consensus_queue.cc:1048] T 5d840c3556e54c95a17ae1468eb53087 P b0f255d2433b466f8bdb1a52ea35257c [LEADER]: Connected to new peer: Peer: permanent_uuid: "ea04da9e2876498e988b95e7087c8868" member_type: VOTER last_known_addr { host: "127.16.166.194" port: 33167 } attrs { replace: true }, Status: LMP_MISMATCH, Last received: 0.0, Next index: 2, Last known committed idx: 1, Time since last communication: 0.001s
I20260608 10:00:10.864352 18092 raft_consensus.cc:2955] T 5d840c3556e54c95a17ae1468eb53087 P b0f255d2433b466f8bdb1a52ea35257c [term 1 LEADER]: Committing config change with OpId 1.2: config changed from index -1 to 2, NON_VOTER 5a66c12825ab43f28e62a88bd8dee5e2 (127.16.166.196) added. New config: { opid_index: 2 OBSOLETE_local: false peers { permanent_uuid: "b0f255d2433b466f8bdb1a52ea35257c" member_type: VOTER last_known_addr { host: "127.16.166.193" port: 40199 } } peers { permanent_uuid: "ea04da9e2876498e988b95e7087c8868" member_type: VOTER last_known_addr { host: "127.16.166.194" port: 33167 } attrs { replace: true } } peers { permanent_uuid: "c657d03d717e410d94d72163b522c6e3" member_type: VOTER last_known_addr { host: "127.16.166.195" port: 38655 } } peers { permanent_uuid: "5a66c12825ab43f28e62a88bd8dee5e2" member_type: NON_VOTER last_known_addr { host: "127.16.166.196" port: 43323 } attrs { promote: true } } }
W20260608 10:00:10.872076 17686 consensus_peers.cc:597] T 5d840c3556e54c95a17ae1468eb53087 P b0f255d2433b466f8bdb1a52ea35257c -> Peer 5a66c12825ab43f28e62a88bd8dee5e2 (127.16.166.196:43323): Couldn't send request to peer 5a66c12825ab43f28e62a88bd8dee5e2. Error code: TABLET_NOT_FOUND (6). Status: Not found: Tablet not found: 5d840c3556e54c95a17ae1468eb53087. This is attempt 1: this message will repeat every 5th retry.
I20260608 10:00:10.875409 17869 raft_consensus.cc:2955] T 5d840c3556e54c95a17ae1468eb53087 P c657d03d717e410d94d72163b522c6e3 [term 1 FOLLOWER]: Committing config change with OpId 1.2: config changed from index -1 to 2, NON_VOTER 5a66c12825ab43f28e62a88bd8dee5e2 (127.16.166.196) added. New config: { opid_index: 2 OBSOLETE_local: false peers { permanent_uuid: "b0f255d2433b466f8bdb1a52ea35257c" member_type: VOTER last_known_addr { host: "127.16.166.193" port: 40199 } } peers { permanent_uuid: "ea04da9e2876498e988b95e7087c8868" member_type: VOTER last_known_addr { host: "127.16.166.194" port: 33167 } attrs { replace: true } } peers { permanent_uuid: "c657d03d717e410d94d72163b522c6e3" member_type: VOTER last_known_addr { host: "127.16.166.195" port: 38655 } } peers { permanent_uuid: "5a66c12825ab43f28e62a88bd8dee5e2" member_type: NON_VOTER last_known_addr { host: "127.16.166.196" port: 43323 } attrs { promote: true } } }
I20260608 10:00:10.881562 17794 raft_consensus.cc:2955] T 5d840c3556e54c95a17ae1468eb53087 P ea04da9e2876498e988b95e7087c8868 [term 1 FOLLOWER]: Committing config change with OpId 1.2: config changed from index -1 to 2, NON_VOTER 5a66c12825ab43f28e62a88bd8dee5e2 (127.16.166.196) added. New config: { opid_index: 2 OBSOLETE_local: false peers { permanent_uuid: "b0f255d2433b466f8bdb1a52ea35257c" member_type: VOTER last_known_addr { host: "127.16.166.193" port: 40199 } } peers { permanent_uuid: "ea04da9e2876498e988b95e7087c8868" member_type: VOTER last_known_addr { host: "127.16.166.194" port: 33167 } attrs { replace: true } } peers { permanent_uuid: "c657d03d717e410d94d72163b522c6e3" member_type: VOTER last_known_addr { host: "127.16.166.195" port: 38655 } } peers { permanent_uuid: "5a66c12825ab43f28e62a88bd8dee5e2" member_type: NON_VOTER last_known_addr { host: "127.16.166.196" port: 43323 } attrs { promote: true } } }
I20260608 10:00:10.884969 17721 consensus_queue.cc:237] T cd6f977ed70f4fef92fb25d86af1ac76 P b0f255d2433b466f8bdb1a52ea35257c [LEADER]: Queue going to LEADER mode. State: All replicated index: 0, Majority replicated index: 1, Committed index: 1, Last appended: 1.1, Last appended by leader: 0, Current term: 1, Majority size: 2, State: 0, Mode: LEADER, active raft config: opid_index: 2 OBSOLETE_local: false peers { permanent_uuid: "b0f255d2433b466f8bdb1a52ea35257c" member_type: VOTER last_known_addr { host: "127.16.166.193" port: 40199 } } peers { permanent_uuid: "ea04da9e2876498e988b95e7087c8868" member_type: VOTER last_known_addr { host: "127.16.166.194" port: 33167 } } peers { permanent_uuid: "c657d03d717e410d94d72163b522c6e3" member_type: VOTER last_known_addr { host: "127.16.166.195" port: 38655 } attrs { replace: true } } peers { permanent_uuid: "5a66c12825ab43f28e62a88bd8dee5e2" member_type: NON_VOTER last_known_addr { host: "127.16.166.196" port: 43323 } attrs { promote: true } }
I20260608 10:00:10.889153 17617 catalog_manager.cc:5696] T 5d840c3556e54c95a17ae1468eb53087 P b0f255d2433b466f8bdb1a52ea35257c reported cstate change: config changed from index -1 to 2, NON_VOTER 5a66c12825ab43f28e62a88bd8dee5e2 (127.16.166.196) added. New cstate: current_term: 1 leader_uuid: "b0f255d2433b466f8bdb1a52ea35257c" committed_config { opid_index: 2 OBSOLETE_local: false peers { permanent_uuid: "b0f255d2433b466f8bdb1a52ea35257c" member_type: VOTER last_known_addr { host: "127.16.166.193" port: 40199 } health_report { overall_health: HEALTHY } } peers { permanent_uuid: "ea04da9e2876498e988b95e7087c8868" member_type: VOTER last_known_addr { host: "127.16.166.194" port: 33167 } attrs { replace: true } health_report { overall_health: HEALTHY } } peers { permanent_uuid: "c657d03d717e410d94d72163b522c6e3" member_type: VOTER last_known_addr { host: "127.16.166.195" port: 38655 } health_report { overall_health: HEALTHY } } peers { permanent_uuid: "5a66c12825ab43f28e62a88bd8dee5e2" member_type: NON_VOTER last_known_addr { host: "127.16.166.196" port: 43323 } attrs { promote: true } health_report { overall_health: UNKNOWN } } }
I20260608 10:00:10.908627 17869 raft_consensus.cc:1275] T cd6f977ed70f4fef92fb25d86af1ac76 P c657d03d717e410d94d72163b522c6e3 [term 1 FOLLOWER]: Refusing update from remote peer b0f255d2433b466f8bdb1a52ea35257c: Log matching property violated. Preceding OpId in replica: term: 1 index: 1. Preceding OpId from leader: term: 1 index: 2. (index mismatch)
W20260608 10:00:10.909660 17686 consensus_peers.cc:597] T cd6f977ed70f4fef92fb25d86af1ac76 P b0f255d2433b466f8bdb1a52ea35257c -> Peer 5a66c12825ab43f28e62a88bd8dee5e2 (127.16.166.196:43323): Couldn't send request to peer 5a66c12825ab43f28e62a88bd8dee5e2. Error code: TABLET_NOT_FOUND (6). Status: Not found: Tablet not found: cd6f977ed70f4fef92fb25d86af1ac76. This is attempt 1: this message will repeat every 5th retry.
I20260608 10:00:10.911119 18095 consensus_queue.cc:1048] T cd6f977ed70f4fef92fb25d86af1ac76 P b0f255d2433b466f8bdb1a52ea35257c [LEADER]: Connected to new peer: Peer: permanent_uuid: "c657d03d717e410d94d72163b522c6e3" member_type: VOTER last_known_addr { host: "127.16.166.195" port: 38655 } attrs { replace: true }, Status: LMP_MISMATCH, Last received: 0.0, Next index: 2, Last known committed idx: 1, Time since last communication: 0.001s
I20260608 10:00:10.912117 17795 raft_consensus.cc:1275] T cd6f977ed70f4fef92fb25d86af1ac76 P ea04da9e2876498e988b95e7087c8868 [term 1 FOLLOWER]: Refusing update from remote peer b0f255d2433b466f8bdb1a52ea35257c: Log matching property violated. Preceding OpId in replica: term: 1 index: 1. Preceding OpId from leader: term: 1 index: 2. (index mismatch)
I20260608 10:00:10.917881 18095 consensus_queue.cc:1048] T cd6f977ed70f4fef92fb25d86af1ac76 P b0f255d2433b466f8bdb1a52ea35257c [LEADER]: Connected to new peer: Peer: permanent_uuid: "ea04da9e2876498e988b95e7087c8868" member_type: VOTER last_known_addr { host: "127.16.166.194" port: 33167 }, Status: LMP_MISMATCH, Last received: 0.0, Next index: 2, Last known committed idx: 1, Time since last communication: 0.000s
I20260608 10:00:10.927982 18077 raft_consensus.cc:2955] T cd6f977ed70f4fef92fb25d86af1ac76 P b0f255d2433b466f8bdb1a52ea35257c [term 1 LEADER]: Committing config change with OpId 1.2: config changed from index -1 to 2, NON_VOTER 5a66c12825ab43f28e62a88bd8dee5e2 (127.16.166.196) added. New config: { opid_index: 2 OBSOLETE_local: false peers { permanent_uuid: "b0f255d2433b466f8bdb1a52ea35257c" member_type: VOTER last_known_addr { host: "127.16.166.193" port: 40199 } } peers { permanent_uuid: "ea04da9e2876498e988b95e7087c8868" member_type: VOTER last_known_addr { host: "127.16.166.194" port: 33167 } } peers { permanent_uuid: "c657d03d717e410d94d72163b522c6e3" member_type: VOTER last_known_addr { host: "127.16.166.195" port: 38655 } attrs { replace: true } } peers { permanent_uuid: "5a66c12825ab43f28e62a88bd8dee5e2" member_type: NON_VOTER last_known_addr { host: "127.16.166.196" port: 43323 } attrs { promote: true } } }
I20260608 10:00:10.933516 17869 raft_consensus.cc:2955] T cd6f977ed70f4fef92fb25d86af1ac76 P c657d03d717e410d94d72163b522c6e3 [term 1 FOLLOWER]: Committing config change with OpId 1.2: config changed from index -1 to 2, NON_VOTER 5a66c12825ab43f28e62a88bd8dee5e2 (127.16.166.196) added. New config: { opid_index: 2 OBSOLETE_local: false peers { permanent_uuid: "b0f255d2433b466f8bdb1a52ea35257c" member_type: VOTER last_known_addr { host: "127.16.166.193" port: 40199 } } peers { permanent_uuid: "ea04da9e2876498e988b95e7087c8868" member_type: VOTER last_known_addr { host: "127.16.166.194" port: 33167 } } peers { permanent_uuid: "c657d03d717e410d94d72163b522c6e3" member_type: VOTER last_known_addr { host: "127.16.166.195" port: 38655 } attrs { replace: true } } peers { permanent_uuid: "5a66c12825ab43f28e62a88bd8dee5e2" member_type: NON_VOTER last_known_addr { host: "127.16.166.196" port: 43323 } attrs { promote: true } } }
I20260608 10:00:10.939877 17795 raft_consensus.cc:2955] T cd6f977ed70f4fef92fb25d86af1ac76 P ea04da9e2876498e988b95e7087c8868 [term 1 FOLLOWER]: Committing config change with OpId 1.2: config changed from index -1 to 2, NON_VOTER 5a66c12825ab43f28e62a88bd8dee5e2 (127.16.166.196) added. New config: { opid_index: 2 OBSOLETE_local: false peers { permanent_uuid: "b0f255d2433b466f8bdb1a52ea35257c" member_type: VOTER last_known_addr { host: "127.16.166.193" port: 40199 } } peers { permanent_uuid: "ea04da9e2876498e988b95e7087c8868" member_type: VOTER last_known_addr { host: "127.16.166.194" port: 33167 } } peers { permanent_uuid: "c657d03d717e410d94d72163b522c6e3" member_type: VOTER last_known_addr { host: "127.16.166.195" port: 38655 } attrs { replace: true } } peers { permanent_uuid: "5a66c12825ab43f28e62a88bd8dee5e2" member_type: NON_VOTER last_known_addr { host: "127.16.166.196" port: 43323 } attrs { promote: true } } }
I20260608 10:00:10.983019 17619 catalog_manager.cc:5696] T cd6f977ed70f4fef92fb25d86af1ac76 P b0f255d2433b466f8bdb1a52ea35257c reported cstate change: config changed from index -1 to 2, NON_VOTER 5a66c12825ab43f28e62a88bd8dee5e2 (127.16.166.196) added. New cstate: current_term: 1 leader_uuid: "b0f255d2433b466f8bdb1a52ea35257c" committed_config { opid_index: 2 OBSOLETE_local: false peers { permanent_uuid: "b0f255d2433b466f8bdb1a52ea35257c" member_type: VOTER last_known_addr { host: "127.16.166.193" port: 40199 } health_report { overall_health: HEALTHY } } peers { permanent_uuid: "ea04da9e2876498e988b95e7087c8868" member_type: VOTER last_known_addr { host: "127.16.166.194" port: 33167 } health_report { overall_health: HEALTHY } } peers { permanent_uuid: "c657d03d717e410d94d72163b522c6e3" member_type: VOTER last_known_addr { host: "127.16.166.195" port: 38655 } attrs { replace: true } health_report { overall_health: HEALTHY } } peers { permanent_uuid: "5a66c12825ab43f28e62a88bd8dee5e2" member_type: NON_VOTER last_known_addr { host: "127.16.166.196" port: 43323 } attrs { promote: true } health_report { overall_health: UNKNOWN } } }
I20260608 10:00:10.985648 17795 consensus_queue.cc:237] T 2716791772f64cfa846047fadf03725e P ea04da9e2876498e988b95e7087c8868 [LEADER]: Queue going to LEADER mode. State: All replicated index: 0, Majority replicated index: 1, Committed index: 1, Last appended: 1.1, Last appended by leader: 0, Current term: 1, Majority size: 2, State: 0, Mode: LEADER, active raft config: opid_index: 2 OBSOLETE_local: false peers { permanent_uuid: "c657d03d717e410d94d72163b522c6e3" member_type: VOTER last_known_addr { host: "127.16.166.195" port: 38655 } } peers { permanent_uuid: "b0f255d2433b466f8bdb1a52ea35257c" member_type: VOTER last_known_addr { host: "127.16.166.193" port: 40199 } attrs { replace: true } } peers { permanent_uuid: "ea04da9e2876498e988b95e7087c8868" member_type: VOTER last_known_addr { host: "127.16.166.194" port: 33167 } } peers { permanent_uuid: "5a66c12825ab43f28e62a88bd8dee5e2" member_type: NON_VOTER last_known_addr { host: "127.16.166.196" port: 43323 } attrs { promote: true } }
I20260608 10:00:10.997219 17721 raft_consensus.cc:1275] T 2716791772f64cfa846047fadf03725e P b0f255d2433b466f8bdb1a52ea35257c [term 1 FOLLOWER]: Refusing update from remote peer ea04da9e2876498e988b95e7087c8868: Log matching property violated. Preceding OpId in replica: term: 1 index: 1. Preceding OpId from leader: term: 1 index: 2. (index mismatch)
I20260608 10:00:10.999894 18087 consensus_queue.cc:1048] T 2716791772f64cfa846047fadf03725e P ea04da9e2876498e988b95e7087c8868 [LEADER]: Connected to new peer: Peer: permanent_uuid: "b0f255d2433b466f8bdb1a52ea35257c" member_type: VOTER last_known_addr { host: "127.16.166.193" port: 40199 } attrs { replace: true }, Status: LMP_MISMATCH, Last received: 0.0, Next index: 2, Last known committed idx: 1, Time since last communication: 0.001s
I20260608 10:00:11.007043 17869 raft_consensus.cc:1275] T 2716791772f64cfa846047fadf03725e P c657d03d717e410d94d72163b522c6e3 [term 1 FOLLOWER]: Refusing update from remote peer ea04da9e2876498e988b95e7087c8868: Log matching property violated. Preceding OpId in replica: term: 1 index: 1. Preceding OpId from leader: term: 1 index: 2. (index mismatch)
I20260608 10:00:11.008931 18087 consensus_queue.cc:1048] T 2716791772f64cfa846047fadf03725e P ea04da9e2876498e988b95e7087c8868 [LEADER]: Connected to new peer: Peer: permanent_uuid: "c657d03d717e410d94d72163b522c6e3" member_type: VOTER last_known_addr { host: "127.16.166.195" port: 38655 }, Status: LMP_MISMATCH, Last received: 0.0, Next index: 2, Last known committed idx: 1, Time since last communication: 0.001s
W20260608 10:00:11.019651 17761 consensus_peers.cc:597] T 2716791772f64cfa846047fadf03725e P ea04da9e2876498e988b95e7087c8868 -> Peer 5a66c12825ab43f28e62a88bd8dee5e2 (127.16.166.196:43323): Couldn't send request to peer 5a66c12825ab43f28e62a88bd8dee5e2. Error code: TABLET_NOT_FOUND (6). Status: Not found: Tablet not found: 2716791772f64cfa846047fadf03725e. This is attempt 1: this message will repeat every 5th retry.
I20260608 10:00:11.024366 18110 raft_consensus.cc:2955] T 2716791772f64cfa846047fadf03725e P ea04da9e2876498e988b95e7087c8868 [term 1 LEADER]: Committing config change with OpId 1.2: config changed from index -1 to 2, NON_VOTER 5a66c12825ab43f28e62a88bd8dee5e2 (127.16.166.196) added. New config: { opid_index: 2 OBSOLETE_local: false peers { permanent_uuid: "c657d03d717e410d94d72163b522c6e3" member_type: VOTER last_known_addr { host: "127.16.166.195" port: 38655 } } peers { permanent_uuid: "b0f255d2433b466f8bdb1a52ea35257c" member_type: VOTER last_known_addr { host: "127.16.166.193" port: 40199 } attrs { replace: true } } peers { permanent_uuid: "ea04da9e2876498e988b95e7087c8868" member_type: VOTER last_known_addr { host: "127.16.166.194" port: 33167 } } peers { permanent_uuid: "5a66c12825ab43f28e62a88bd8dee5e2" member_type: NON_VOTER last_known_addr { host: "127.16.166.196" port: 43323 } attrs { promote: true } } }
I20260608 10:00:11.026188 17721 raft_consensus.cc:2955] T 2716791772f64cfa846047fadf03725e P b0f255d2433b466f8bdb1a52ea35257c [term 1 FOLLOWER]: Committing config change with OpId 1.2: config changed from index -1 to 2, NON_VOTER 5a66c12825ab43f28e62a88bd8dee5e2 (127.16.166.196) added. New config: { opid_index: 2 OBSOLETE_local: false peers { permanent_uuid: "c657d03d717e410d94d72163b522c6e3" member_type: VOTER last_known_addr { host: "127.16.166.195" port: 38655 } } peers { permanent_uuid: "b0f255d2433b466f8bdb1a52ea35257c" member_type: VOTER last_known_addr { host: "127.16.166.193" port: 40199 } attrs { replace: true } } peers { permanent_uuid: "ea04da9e2876498e988b95e7087c8868" member_type: VOTER last_known_addr { host: "127.16.166.194" port: 33167 } } peers { permanent_uuid: "5a66c12825ab43f28e62a88bd8dee5e2" member_type: NON_VOTER last_known_addr { host: "127.16.166.196" port: 43323 } attrs { promote: true } } }
I20260608 10:00:11.041415 17869 raft_consensus.cc:2955] T 2716791772f64cfa846047fadf03725e P c657d03d717e410d94d72163b522c6e3 [term 1 FOLLOWER]: Committing config change with OpId 1.2: config changed from index -1 to 2, NON_VOTER 5a66c12825ab43f28e62a88bd8dee5e2 (127.16.166.196) added. New config: { opid_index: 2 OBSOLETE_local: false peers { permanent_uuid: "c657d03d717e410d94d72163b522c6e3" member_type: VOTER last_known_addr { host: "127.16.166.195" port: 38655 } } peers { permanent_uuid: "b0f255d2433b466f8bdb1a52ea35257c" member_type: VOTER last_known_addr { host: "127.16.166.193" port: 40199 } attrs { replace: true } } peers { permanent_uuid: "ea04da9e2876498e988b95e7087c8868" member_type: VOTER last_known_addr { host: "127.16.166.194" port: 33167 } } peers { permanent_uuid: "5a66c12825ab43f28e62a88bd8dee5e2" member_type: NON_VOTER last_known_addr { host: "127.16.166.196" port: 43323 } attrs { promote: true } } }
I20260608 10:00:11.043073 17617 catalog_manager.cc:5696] T 2716791772f64cfa846047fadf03725e P b0f255d2433b466f8bdb1a52ea35257c reported cstate change: config changed from index -1 to 2, NON_VOTER 5a66c12825ab43f28e62a88bd8dee5e2 (127.16.166.196) added. New cstate: current_term: 1 leader_uuid: "ea04da9e2876498e988b95e7087c8868" committed_config { opid_index: 2 OBSOLETE_local: false peers { permanent_uuid: "c657d03d717e410d94d72163b522c6e3" member_type: VOTER last_known_addr { host: "127.16.166.195" port: 38655 } } peers { permanent_uuid: "b0f255d2433b466f8bdb1a52ea35257c" member_type: VOTER last_known_addr { host: "127.16.166.193" port: 40199 } attrs { replace: true } } peers { permanent_uuid: "ea04da9e2876498e988b95e7087c8868" member_type: VOTER last_known_addr { host: "127.16.166.194" port: 33167 } } peers { permanent_uuid: "5a66c12825ab43f28e62a88bd8dee5e2" member_type: NON_VOTER last_known_addr { host: "127.16.166.196" port: 43323 } attrs { promote: true } } }
I20260608 10:00:11.046609 17795 consensus_queue.cc:237] T e2ce766c60044e49a3cd5e5d9241389a P ea04da9e2876498e988b95e7087c8868 [LEADER]: Queue going to LEADER mode. State: All replicated index: 0, Majority replicated index: 1, Committed index: 1, Last appended: 1.1, Last appended by leader: 0, Current term: 1, Majority size: 2, State: 0, Mode: LEADER, active raft config: opid_index: 2 OBSOLETE_local: false peers { permanent_uuid: "b0f255d2433b466f8bdb1a52ea35257c" member_type: VOTER last_known_addr { host: "127.16.166.193" port: 40199 } attrs { replace: true } } peers { permanent_uuid: "ea04da9e2876498e988b95e7087c8868" member_type: VOTER last_known_addr { host: "127.16.166.194" port: 33167 } } peers { permanent_uuid: "c657d03d717e410d94d72163b522c6e3" member_type: VOTER last_known_addr { host: "127.16.166.195" port: 38655 } } peers { permanent_uuid: "5a66c12825ab43f28e62a88bd8dee5e2" member_type: NON_VOTER last_known_addr { host: "127.16.166.196" port: 43323 } attrs { promote: true } }
I20260608 10:00:11.067793 17869 raft_consensus.cc:1275] T e2ce766c60044e49a3cd5e5d9241389a P c657d03d717e410d94d72163b522c6e3 [term 1 FOLLOWER]: Refusing update from remote peer ea04da9e2876498e988b95e7087c8868: Log matching property violated. Preceding OpId in replica: term: 1 index: 1. Preceding OpId from leader: term: 1 index: 2. (index mismatch)
I20260608 10:00:11.068318 17721 raft_consensus.cc:1275] T e2ce766c60044e49a3cd5e5d9241389a P b0f255d2433b466f8bdb1a52ea35257c [term 1 FOLLOWER]: Refusing update from remote peer ea04da9e2876498e988b95e7087c8868: Log matching property violated. Preceding OpId in replica: term: 1 index: 1. Preceding OpId from leader: term: 1 index: 2. (index mismatch)
W20260608 10:00:11.069092 17761 consensus_peers.cc:597] T e2ce766c60044e49a3cd5e5d9241389a P ea04da9e2876498e988b95e7087c8868 -> Peer 5a66c12825ab43f28e62a88bd8dee5e2 (127.16.166.196:43323): Couldn't send request to peer 5a66c12825ab43f28e62a88bd8dee5e2. Error code: TABLET_NOT_FOUND (6). Status: Not found: Tablet not found: e2ce766c60044e49a3cd5e5d9241389a. This is attempt 1: this message will repeat every 5th retry.
I20260608 10:00:11.069928 18111 consensus_queue.cc:1048] T e2ce766c60044e49a3cd5e5d9241389a P ea04da9e2876498e988b95e7087c8868 [LEADER]: Connected to new peer: Peer: permanent_uuid: "c657d03d717e410d94d72163b522c6e3" member_type: VOTER last_known_addr { host: "127.16.166.195" port: 38655 }, Status: LMP_MISMATCH, Last received: 0.0, Next index: 2, Last known committed idx: 1, Time since last communication: 0.001s
I20260608 10:00:11.071640 18087 consensus_queue.cc:1048] T e2ce766c60044e49a3cd5e5d9241389a P ea04da9e2876498e988b95e7087c8868 [LEADER]: Connected to new peer: Peer: permanent_uuid: "b0f255d2433b466f8bdb1a52ea35257c" member_type: VOTER last_known_addr { host: "127.16.166.193" port: 40199 } attrs { replace: true }, Status: LMP_MISMATCH, Last received: 0.0, Next index: 2, Last known committed idx: 1, Time since last communication: 0.000s
I20260608 10:00:11.080638 18111 raft_consensus.cc:2955] T e2ce766c60044e49a3cd5e5d9241389a P ea04da9e2876498e988b95e7087c8868 [term 1 LEADER]: Committing config change with OpId 1.2: config changed from index -1 to 2, NON_VOTER 5a66c12825ab43f28e62a88bd8dee5e2 (127.16.166.196) added. New config: { opid_index: 2 OBSOLETE_local: false peers { permanent_uuid: "b0f255d2433b466f8bdb1a52ea35257c" member_type: VOTER last_known_addr { host: "127.16.166.193" port: 40199 } attrs { replace: true } } peers { permanent_uuid: "ea04da9e2876498e988b95e7087c8868" member_type: VOTER last_known_addr { host: "127.16.166.194" port: 33167 } } peers { permanent_uuid: "c657d03d717e410d94d72163b522c6e3" member_type: VOTER last_known_addr { host: "127.16.166.195" port: 38655 } } peers { permanent_uuid: "5a66c12825ab43f28e62a88bd8dee5e2" member_type: NON_VOTER last_known_addr { host: "127.16.166.196" port: 43323 } attrs { promote: true } } }
I20260608 10:00:11.082906 17869 raft_consensus.cc:2955] T e2ce766c60044e49a3cd5e5d9241389a P c657d03d717e410d94d72163b522c6e3 [term 1 FOLLOWER]: Committing config change with OpId 1.2: config changed from index -1 to 2, NON_VOTER 5a66c12825ab43f28e62a88bd8dee5e2 (127.16.166.196) added. New config: { opid_index: 2 OBSOLETE_local: false peers { permanent_uuid: "b0f255d2433b466f8bdb1a52ea35257c" member_type: VOTER last_known_addr { host: "127.16.166.193" port: 40199 } attrs { replace: true } } peers { permanent_uuid: "ea04da9e2876498e988b95e7087c8868" member_type: VOTER last_known_addr { host: "127.16.166.194" port: 33167 } } peers { permanent_uuid: "c657d03d717e410d94d72163b522c6e3" member_type: VOTER last_known_addr { host: "127.16.166.195" port: 38655 } } peers { permanent_uuid: "5a66c12825ab43f28e62a88bd8dee5e2" member_type: NON_VOTER last_known_addr { host: "127.16.166.196" port: 43323 } attrs { promote: true } } }
I20260608 10:00:11.084717 17720 raft_consensus.cc:2955] T e2ce766c60044e49a3cd5e5d9241389a P b0f255d2433b466f8bdb1a52ea35257c [term 1 FOLLOWER]: Committing config change with OpId 1.2: config changed from index -1 to 2, NON_VOTER 5a66c12825ab43f28e62a88bd8dee5e2 (127.16.166.196) added. New config: { opid_index: 2 OBSOLETE_local: false peers { permanent_uuid: "b0f255d2433b466f8bdb1a52ea35257c" member_type: VOTER last_known_addr { host: "127.16.166.193" port: 40199 } attrs { replace: true } } peers { permanent_uuid: "ea04da9e2876498e988b95e7087c8868" member_type: VOTER last_known_addr { host: "127.16.166.194" port: 33167 } } peers { permanent_uuid: "c657d03d717e410d94d72163b522c6e3" member_type: VOTER last_known_addr { host: "127.16.166.195" port: 38655 } } peers { permanent_uuid: "5a66c12825ab43f28e62a88bd8dee5e2" member_type: NON_VOTER last_known_addr { host: "127.16.166.196" port: 43323 } attrs { promote: true } } }
I20260608 10:00:11.097685 17619 catalog_manager.cc:5696] T e2ce766c60044e49a3cd5e5d9241389a P ea04da9e2876498e988b95e7087c8868 reported cstate change: config changed from index -1 to 2, NON_VOTER 5a66c12825ab43f28e62a88bd8dee5e2 (127.16.166.196) added. New cstate: current_term: 1 leader_uuid: "ea04da9e2876498e988b95e7087c8868" committed_config { opid_index: 2 OBSOLETE_local: false peers { permanent_uuid: "b0f255d2433b466f8bdb1a52ea35257c" member_type: VOTER last_known_addr { host: "127.16.166.193" port: 40199 } attrs { replace: true } health_report { overall_health: HEALTHY } } peers { permanent_uuid: "ea04da9e2876498e988b95e7087c8868" member_type: VOTER last_known_addr { host: "127.16.166.194" port: 33167 } health_report { overall_health: HEALTHY } } peers { permanent_uuid: "c657d03d717e410d94d72163b522c6e3" member_type: VOTER last_known_addr { host: "127.16.166.195" port: 38655 } health_report { overall_health: HEALTHY } } peers { permanent_uuid: "5a66c12825ab43f28e62a88bd8dee5e2" member_type: NON_VOTER last_known_addr { host: "127.16.166.196" port: 43323 } attrs { promote: true } health_report { overall_health: UNKNOWN } } }
I20260608 10:00:11.259562 17051 tablet_server.cc:179] TabletServer@127.16.166.193:0 shutting down...
I20260608 10:00:11.295152 17051 ts_tablet_manager.cc:1507] Shutting down tablet manager...
I20260608 10:00:11.296105 17051 tablet_replica.cc:333] T 2716791772f64cfa846047fadf03725e P b0f255d2433b466f8bdb1a52ea35257c: stopping tablet replica
I20260608 10:00:11.296821 17051 raft_consensus.cc:2243] T 2716791772f64cfa846047fadf03725e P b0f255d2433b466f8bdb1a52ea35257c [term 1 FOLLOWER]: Raft consensus shutting down.
I20260608 10:00:11.297386 17051 raft_consensus.cc:2272] T 2716791772f64cfa846047fadf03725e P b0f255d2433b466f8bdb1a52ea35257c [term 1 FOLLOWER]: Raft consensus is shut down!
I20260608 10:00:11.300194 17051 tablet_replica.cc:333] T b465cc7b1db34306acb08fcfd697b0a2 P b0f255d2433b466f8bdb1a52ea35257c: stopping tablet replica
I20260608 10:00:11.300782 17051 raft_consensus.cc:2243] T b465cc7b1db34306acb08fcfd697b0a2 P b0f255d2433b466f8bdb1a52ea35257c [term 1 FOLLOWER]: Raft consensus shutting down.
I20260608 10:00:11.301242 17051 raft_consensus.cc:2272] T b465cc7b1db34306acb08fcfd697b0a2 P b0f255d2433b466f8bdb1a52ea35257c [term 1 FOLLOWER]: Raft consensus is shut down!
I20260608 10:00:11.303560 17051 tablet_replica.cc:333] T 96810b002efa4c108da8440ee66e9327 P b0f255d2433b466f8bdb1a52ea35257c: stopping tablet replica
I20260608 10:00:11.304304 17051 raft_consensus.cc:2243] T 96810b002efa4c108da8440ee66e9327 P b0f255d2433b466f8bdb1a52ea35257c [term 1 FOLLOWER]: Raft consensus shutting down.
I20260608 10:00:11.304899 17051 raft_consensus.cc:2272] T 96810b002efa4c108da8440ee66e9327 P b0f255d2433b466f8bdb1a52ea35257c [term 1 FOLLOWER]: Raft consensus is shut down!
I20260608 10:00:11.307834 17051 tablet_replica.cc:333] T e2ce766c60044e49a3cd5e5d9241389a P b0f255d2433b466f8bdb1a52ea35257c: stopping tablet replica
I20260608 10:00:11.308598 17051 raft_consensus.cc:2243] T e2ce766c60044e49a3cd5e5d9241389a P b0f255d2433b466f8bdb1a52ea35257c [term 1 FOLLOWER]: Raft consensus shutting down.
I20260608 10:00:11.309257 17051 raft_consensus.cc:2272] T e2ce766c60044e49a3cd5e5d9241389a P b0f255d2433b466f8bdb1a52ea35257c [term 1 FOLLOWER]: Raft consensus is shut down!
I20260608 10:00:11.312111 17051 tablet_replica.cc:333] T 4e5b3a8160514450b1c2a5c665112b36 P b0f255d2433b466f8bdb1a52ea35257c: stopping tablet replica
I20260608 10:00:11.312667 17051 raft_consensus.cc:2243] T 4e5b3a8160514450b1c2a5c665112b36 P b0f255d2433b466f8bdb1a52ea35257c [term 1 LEADER]: Raft consensus shutting down.
I20260608 10:00:11.313412 17051 raft_consensus.cc:2272] T 4e5b3a8160514450b1c2a5c665112b36 P b0f255d2433b466f8bdb1a52ea35257c [term 1 FOLLOWER]: Raft consensus is shut down!
I20260608 10:00:11.315435 17051 tablet_replica.cc:333] T 1103ac859d424df7b1014e132524f11e P b0f255d2433b466f8bdb1a52ea35257c: stopping tablet replica
I20260608 10:00:11.316104 17051 raft_consensus.cc:2243] T 1103ac859d424df7b1014e132524f11e P b0f255d2433b466f8bdb1a52ea35257c [term 2 FOLLOWER]: Raft consensus shutting down.
I20260608 10:00:11.316661 17051 raft_consensus.cc:2272] T 1103ac859d424df7b1014e132524f11e P b0f255d2433b466f8bdb1a52ea35257c [term 2 FOLLOWER]: Raft consensus is shut down!
I20260608 10:00:11.319222 17051 tablet_replica.cc:333] T cd6f977ed70f4fef92fb25d86af1ac76 P b0f255d2433b466f8bdb1a52ea35257c: stopping tablet replica
I20260608 10:00:11.320127 17051 raft_consensus.cc:2243] T cd6f977ed70f4fef92fb25d86af1ac76 P b0f255d2433b466f8bdb1a52ea35257c [term 1 LEADER]: Raft consensus shutting down.
I20260608 10:00:11.321846 17051 raft_consensus.cc:2272] T cd6f977ed70f4fef92fb25d86af1ac76 P b0f255d2433b466f8bdb1a52ea35257c [term 1 FOLLOWER]: Raft consensus is shut down!
I20260608 10:00:11.326406 17051 tablet_replica.cc:333] T 5d840c3556e54c95a17ae1468eb53087 P b0f255d2433b466f8bdb1a52ea35257c: stopping tablet replica
I20260608 10:00:11.327446 17051 raft_consensus.cc:2243] T 5d840c3556e54c95a17ae1468eb53087 P b0f255d2433b466f8bdb1a52ea35257c [term 1 LEADER]: Raft consensus shutting down.
I20260608 10:00:11.328926 17051 raft_consensus.cc:2272] T 5d840c3556e54c95a17ae1468eb53087 P b0f255d2433b466f8bdb1a52ea35257c [term 1 FOLLOWER]: Raft consensus is shut down!
I20260608 10:00:11.335273 18115 ts_tablet_manager.cc:933] T 5d840c3556e54c95a17ae1468eb53087 P 5a66c12825ab43f28e62a88bd8dee5e2: Initiating tablet copy from peer b0f255d2433b466f8bdb1a52ea35257c (127.16.166.193:40199)
I20260608 10:00:11.347496 18115 tablet_copy_client.cc:323] T 5d840c3556e54c95a17ae1468eb53087 P 5a66c12825ab43f28e62a88bd8dee5e2: tablet copy: Beginning tablet copy session from remote peer at address 127.16.166.193:40199
W20260608 10:00:11.368759 17686 proxy.cc:239] Call had error, refreshing address and retrying: Service unavailable: reactor is shutting down (error 108) [suppressed 7 similar messages]
W20260608 10:00:11.369416 18117 negotiation.cc:336] Failed RPC negotiation. Trace:
0608 10:00:11.349456 (+     0us) reactor.cc:730] Submitting negotiation task for client connection to 127.16.166.193:40199 (local address 127.0.0.1:53944)
0608 10:00:11.362546 (+ 13090us) negotiation.cc:107] Waiting for socket to connect
0608 10:00:11.362654 (+   108us) client_negotiation.cc:175] Beginning negotiation
0608 10:00:11.363035 (+   381us) client_negotiation.cc:253] Sending NEGOTIATE NegotiatePB request
0608 10:00:11.367495 (+  4460us) negotiation.cc:326] Negotiation complete: Network error: Client connection negotiation failed: client connection to 127.16.166.193:40199: BlockingRecv error: recv error from unknown peer: Transport endpoint is not connected (error 107)
Metrics: {"client-negotiator.queue_time_us":12017,"thread_start_us":13640,"threads_started":1}
W20260608 10:00:11.375471 17996 connection.cc:573] server connection from 127.0.0.1:40024 recv error: Network error: recv error from unknown peer: Transport endpoint is not connected (error 107)
W20260608 10:00:11.412118 17759 consensus_peers.cc:597] T 2716791772f64cfa846047fadf03725e P ea04da9e2876498e988b95e7087c8868 -> Peer b0f255d2433b466f8bdb1a52ea35257c (127.16.166.193:40199): Couldn't send request to peer b0f255d2433b466f8bdb1a52ea35257c. Status: Network error: Client connection negotiation failed: client connection to 127.16.166.193:40199: connect: Connection refused (error 111). This is attempt 1: this message will repeat every 5th retry.
I20260608 10:00:11.562736 18115 ts_tablet_manager.cc:933] T e2ce766c60044e49a3cd5e5d9241389a P 5a66c12825ab43f28e62a88bd8dee5e2: Initiating tablet copy from peer ea04da9e2876498e988b95e7087c8868 (127.16.166.194:33167)
I20260608 10:00:11.573899 18115 tablet_copy_client.cc:323] T e2ce766c60044e49a3cd5e5d9241389a P 5a66c12825ab43f28e62a88bd8dee5e2: tablet copy: Beginning tablet copy session from remote peer at address 127.16.166.194:33167
I20260608 10:00:11.590735 17806 tablet_copy_service.cc:140] P ea04da9e2876498e988b95e7087c8868: Received BeginTabletCopySession request for tablet e2ce766c60044e49a3cd5e5d9241389a from peer 5a66c12825ab43f28e62a88bd8dee5e2 ({username='slave'} at 127.0.0.1:47086)
I20260608 10:00:11.591521 17806 tablet_copy_service.cc:161] P ea04da9e2876498e988b95e7087c8868: Beginning new tablet copy session on tablet e2ce766c60044e49a3cd5e5d9241389a from peer 5a66c12825ab43f28e62a88bd8dee5e2 at {username='slave'} at 127.0.0.1:47086: session id = 5a66c12825ab43f28e62a88bd8dee5e2-e2ce766c60044e49a3cd5e5d9241389a
I20260608 10:00:11.606020 17806 tablet_copy_source_session.cc:215] T e2ce766c60044e49a3cd5e5d9241389a P ea04da9e2876498e988b95e7087c8868: Tablet Copy: opened 0 blocks and 1 log segments
W20260608 10:00:11.612807 17833 consensus_peers.cc:597] T b465cc7b1db34306acb08fcfd697b0a2 P c657d03d717e410d94d72163b522c6e3 -> Peer b0f255d2433b466f8bdb1a52ea35257c (127.16.166.193:40199): Couldn't send request to peer b0f255d2433b466f8bdb1a52ea35257c. Status: Network error: Client connection negotiation failed: client connection to 127.16.166.193:40199: connect: Connection refused (error 111). This is attempt 1: this message will repeat every 5th retry.
I20260608 10:00:11.613250 18115 data_dirs.cc:400] Could only allocate 1 dirs of requested 3 for tablet e2ce766c60044e49a3cd5e5d9241389a. 1 dirs total, 0 dirs full, 0 dirs failed
