I20260608 10:01:21.562927   729 tablet_service.cc:1917] Received RequestConsensusVote() RPC: tablet_id: "64c6c8577a624ff6b1368ce26cc7af1b" candidate_uuid: "dcaf33d3d9374f18a3943526889480e2" candidate_term: 1 candidate_status { last_received { term: 0 index: 0 } } ignore_live_leader: false dest_uuid: "81a5b27c00dc43e6a3fd531b29196601" is_pre_election: true
I20260608 10:01:21.563028   783 raft_consensus.cc:2804] T 26654b595f304a75a1d93675161565be P fdf460e2391a43f7bac05224010a92c6 [term 0 FOLLOWER]: Leader pre-election won for term 1
I20260608 10:01:21.563505   729 raft_consensus.cc:2468] T 64c6c8577a624ff6b1368ce26cc7af1b P 81a5b27c00dc43e6a3fd531b29196601 [term 0 FOLLOWER]: Leader pre-election vote request: Granting yes vote for candidate dcaf33d3d9374f18a3943526889480e2 in term 0.
I20260608 10:01:21.563584   783 raft_consensus.cc:493] T 26654b595f304a75a1d93675161565be P fdf460e2391a43f7bac05224010a92c6 [term 0 FOLLOWER]: Starting leader election (no leader contacted us within the election timeout)
I20260608 10:01:21.564139   783 raft_consensus.cc:3060] T 26654b595f304a75a1d93675161565be P fdf460e2391a43f7bac05224010a92c6 [term 0 FOLLOWER]: Advancing to term 1
I20260608 10:01:21.564865   445 leader_election.cc:304] T 64c6c8577a624ff6b1368ce26cc7af1b P dcaf33d3d9374f18a3943526889480e2 [CANDIDATE]: Term 1 pre-election: Election decided. Result: candidate won. Election summary: received 2 responses out of 3 voters: 2 yes votes; 0 no votes. yes voters: 81a5b27c00dc43e6a3fd531b29196601, dcaf33d3d9374f18a3943526889480e2; no voters: 
I20260608 10:01:21.565644   404 tablet_service.cc:1917] Received RequestConsensusVote() RPC: tablet_id: "64c6c8577a624ff6b1368ce26cc7af1b" candidate_uuid: "dcaf33d3d9374f18a3943526889480e2" candidate_term: 1 candidate_status { last_received { term: 0 index: 0 } } ignore_live_leader: false dest_uuid: "461ba7a0aa0b4dcbb16b484beadafdfc" is_pre_election: true
I20260608 10:01:21.566051   632 leader_election.cc:290] T 64c6c8577a624ff6b1368ce26cc7af1b P dcaf33d3d9374f18a3943526889480e2 [CANDIDATE]: Term 1 pre-election: Requested pre-vote from peers 81a5b27c00dc43e6a3fd531b29196601 (127.29.50.132:33067), 461ba7a0aa0b4dcbb16b484beadafdfc (127.29.50.129:36485)
I20260608 10:01:21.566254   404 raft_consensus.cc:2468] T 64c6c8577a624ff6b1368ce26cc7af1b P 461ba7a0aa0b4dcbb16b484beadafdfc [term 0 FOLLOWER]: Leader pre-election vote request: Granting yes vote for candidate dcaf33d3d9374f18a3943526889480e2 in term 0.
I20260608 10:01:21.566609   632 raft_consensus.cc:2804] T 64c6c8577a624ff6b1368ce26cc7af1b P dcaf33d3d9374f18a3943526889480e2 [term 0 FOLLOWER]: Leader pre-election won for term 1
I20260608 10:01:21.567034   632 raft_consensus.cc:493] T 64c6c8577a624ff6b1368ce26cc7af1b P dcaf33d3d9374f18a3943526889480e2 [term 0 FOLLOWER]: Starting leader election (no leader contacted us within the election timeout)
I20260608 10:01:21.567402   632 raft_consensus.cc:3060] T 64c6c8577a624ff6b1368ce26cc7af1b P dcaf33d3d9374f18a3943526889480e2 [term 0 FOLLOWER]: Advancing to term 1
I20260608 10:01:21.570966   777 tablet_bootstrap.cc:492] T 7f2302fb2185431793fbf73e4c35feb7 P 81a5b27c00dc43e6a3fd531b29196601: No bootstrap required, opened a new log
I20260608 10:01:21.571513   777 ts_tablet_manager.cc:1403] T 7f2302fb2185431793fbf73e4c35feb7 P 81a5b27c00dc43e6a3fd531b29196601: Time spent bootstrapping tablet: real 0.056s	user 0.026s	sys 0.024s
I20260608 10:01:21.575129   632 raft_consensus.cc:515] T 64c6c8577a624ff6b1368ce26cc7af1b P dcaf33d3d9374f18a3943526889480e2 [term 1 FOLLOWER]: Starting leader election with config: opid_index: -1 OBSOLETE_local: false peers { permanent_uuid: "81a5b27c00dc43e6a3fd531b29196601" member_type: VOTER last_known_addr { host: "127.29.50.132" port: 33067 } } peers { permanent_uuid: "461ba7a0aa0b4dcbb16b484beadafdfc" member_type: VOTER last_known_addr { host: "127.29.50.129" port: 36485 } } peers { permanent_uuid: "dcaf33d3d9374f18a3943526889480e2" member_type: VOTER last_known_addr { host: "127.29.50.130" port: 35299 } }
I20260608 10:01:21.577128   763 tablet_bootstrap.cc:492] T d656b069565b4a7cb497035f6af63eb5 P 461ba7a0aa0b4dcbb16b484beadafdfc: No bootstrap required, opened a new log
I20260608 10:01:21.577148   729 tablet_service.cc:1917] Received RequestConsensusVote() RPC: tablet_id: "26654b595f304a75a1d93675161565be" candidate_uuid: "fdf460e2391a43f7bac05224010a92c6" candidate_term: 1 candidate_status { last_received { term: 0 index: 0 } } ignore_live_leader: false dest_uuid: "81a5b27c00dc43e6a3fd531b29196601" is_pre_election: true
I20260608 10:01:21.577795   763 ts_tablet_manager.cc:1403] T d656b069565b4a7cb497035f6af63eb5 P 461ba7a0aa0b4dcbb16b484beadafdfc: Time spent bootstrapping tablet: real 0.065s	user 0.011s	sys 0.000s
I20260608 10:01:21.578073   730 tablet_service.cc:1917] Received RequestConsensusVote() RPC: tablet_id: "64c6c8577a624ff6b1368ce26cc7af1b" candidate_uuid: "dcaf33d3d9374f18a3943526889480e2" candidate_term: 1 candidate_status { last_received { term: 0 index: 0 } } ignore_live_leader: false dest_uuid: "81a5b27c00dc43e6a3fd531b29196601"
I20260608 10:01:21.578665   730 raft_consensus.cc:3060] T 64c6c8577a624ff6b1368ce26cc7af1b P 81a5b27c00dc43e6a3fd531b29196601 [term 0 FOLLOWER]: Advancing to term 1
I20260608 10:01:21.581200   763 raft_consensus.cc:359] T d656b069565b4a7cb497035f6af63eb5 P 461ba7a0aa0b4dcbb16b484beadafdfc [term 0 FOLLOWER]: Replica starting. Triggering 0 pending ops. Active config: opid_index: -1 OBSOLETE_local: false peers { permanent_uuid: "81a5b27c00dc43e6a3fd531b29196601" member_type: VOTER last_known_addr { host: "127.29.50.132" port: 33067 } } peers { permanent_uuid: "461ba7a0aa0b4dcbb16b484beadafdfc" member_type: VOTER last_known_addr { host: "127.29.50.129" port: 36485 } } peers { permanent_uuid: "fdf460e2391a43f7bac05224010a92c6" member_type: VOTER last_known_addr { host: "127.29.50.131" port: 38333 } }
I20260608 10:01:21.581810   768 tablet_bootstrap.cc:492] T 7f2302fb2185431793fbf73e4c35feb7 P dcaf33d3d9374f18a3943526889480e2: No bootstrap required, opened a new log
I20260608 10:01:21.581940   763 raft_consensus.cc:385] T d656b069565b4a7cb497035f6af63eb5 P 461ba7a0aa0b4dcbb16b484beadafdfc [term 0 FOLLOWER]: Consensus starting up: Expiring failure detector timer to make a prompt election more likely
I20260608 10:01:21.582389   763 raft_consensus.cc:740] T d656b069565b4a7cb497035f6af63eb5 P 461ba7a0aa0b4dcbb16b484beadafdfc [term 0 FOLLOWER]: Becoming Follower/Learner. State: Replica: 461ba7a0aa0b4dcbb16b484beadafdfc, State: Initialized, Role: FOLLOWER
I20260608 10:01:21.582613   768 ts_tablet_manager.cc:1403] T 7f2302fb2185431793fbf73e4c35feb7 P dcaf33d3d9374f18a3943526889480e2: Time spent bootstrapping tablet: real 0.081s	user 0.013s	sys 0.000s
W20260608 10:01:21.583495   519 leader_election.cc:343] T 26654b595f304a75a1d93675161565be P fdf460e2391a43f7bac05224010a92c6 [CANDIDATE]: Term 1 pre-election: Tablet error from VoteRequest() call to peer 81a5b27c00dc43e6a3fd531b29196601 (127.29.50.132:33067): Illegal state: must be running to vote when last-logged opid is not known
I20260608 10:01:21.583755   783 raft_consensus.cc:515] T 26654b595f304a75a1d93675161565be P fdf460e2391a43f7bac05224010a92c6 [term 1 FOLLOWER]: Starting leader election with config: opid_index: -1 OBSOLETE_local: false peers { permanent_uuid: "fdf460e2391a43f7bac05224010a92c6" member_type: VOTER last_known_addr { host: "127.29.50.131" port: 38333 } } peers { permanent_uuid: "dcaf33d3d9374f18a3943526889480e2" member_type: VOTER last_known_addr { host: "127.29.50.130" port: 35299 } } peers { permanent_uuid: "81a5b27c00dc43e6a3fd531b29196601" member_type: VOTER last_known_addr { host: "127.29.50.132" port: 33067 } }
I20260608 10:01:21.584690   777 raft_consensus.cc:359] T 7f2302fb2185431793fbf73e4c35feb7 P 81a5b27c00dc43e6a3fd531b29196601 [term 0 FOLLOWER]: Replica starting. Triggering 0 pending ops. Active config: opid_index: -1 OBSOLETE_local: false peers { permanent_uuid: "81a5b27c00dc43e6a3fd531b29196601" member_type: VOTER last_known_addr { host: "127.29.50.132" port: 33067 } } peers { permanent_uuid: "dcaf33d3d9374f18a3943526889480e2" member_type: VOTER last_known_addr { host: "127.29.50.130" port: 35299 } } peers { permanent_uuid: "461ba7a0aa0b4dcbb16b484beadafdfc" member_type: VOTER last_known_addr { host: "127.29.50.129" port: 36485 } }
I20260608 10:01:21.585435   777 raft_consensus.cc:385] T 7f2302fb2185431793fbf73e4c35feb7 P 81a5b27c00dc43e6a3fd531b29196601 [term 0 FOLLOWER]: Consensus starting up: Expiring failure detector timer to make a prompt election more likely
I20260608 10:01:21.585745   777 raft_consensus.cc:740] T 7f2302fb2185431793fbf73e4c35feb7 P 81a5b27c00dc43e6a3fd531b29196601 [term 0 FOLLOWER]: Becoming Follower/Learner. State: Replica: 81a5b27c00dc43e6a3fd531b29196601, State: Initialized, Role: FOLLOWER
I20260608 10:01:21.586678   480 tablet_service.cc:1917] Received RequestConsensusVote() RPC: tablet_id: "26654b595f304a75a1d93675161565be" candidate_uuid: "fdf460e2391a43f7bac05224010a92c6" candidate_term: 1 candidate_status { last_received { term: 0 index: 0 } } ignore_live_leader: false dest_uuid: "dcaf33d3d9374f18a3943526889480e2"
I20260608 10:01:21.586652   763 consensus_queue.cc:260] T d656b069565b4a7cb497035f6af63eb5 P 461ba7a0aa0b4dcbb16b484beadafdfc [NON_LEADER]: Queue going to NON_LEADER mode. State: All replicated index: 0, Majority replicated index: 0, Committed index: 0, Last appended: 0.0, Last appended by leader: 0, Current term: 0, Majority size: -1, State: 0, Mode: NON_LEADER, active raft config: opid_index: -1 OBSOLETE_local: false peers { permanent_uuid: "81a5b27c00dc43e6a3fd531b29196601" member_type: VOTER last_known_addr { host: "127.29.50.132" port: 33067 } } peers { permanent_uuid: "461ba7a0aa0b4dcbb16b484beadafdfc" member_type: VOTER last_known_addr { host: "127.29.50.129" port: 36485 } } peers { permanent_uuid: "fdf460e2391a43f7bac05224010a92c6" member_type: VOTER last_known_addr { host: "127.29.50.131" port: 38333 } }
I20260608 10:01:21.587415   480 raft_consensus.cc:3060] T 26654b595f304a75a1d93675161565be P dcaf33d3d9374f18a3943526889480e2 [term 0 FOLLOWER]: Advancing to term 1
I20260608 10:01:21.588156   730 raft_consensus.cc:2468] T 64c6c8577a624ff6b1368ce26cc7af1b P 81a5b27c00dc43e6a3fd531b29196601 [term 1 FOLLOWER]: Leader election vote request: Granting yes vote for candidate dcaf33d3d9374f18a3943526889480e2 in term 1.
I20260608 10:01:21.588181   768 raft_consensus.cc:359] T 7f2302fb2185431793fbf73e4c35feb7 P dcaf33d3d9374f18a3943526889480e2 [term 0 FOLLOWER]: Replica starting. Triggering 0 pending ops. Active config: opid_index: -1 OBSOLETE_local: false peers { permanent_uuid: "81a5b27c00dc43e6a3fd531b29196601" member_type: VOTER last_known_addr { host: "127.29.50.132" port: 33067 } } peers { permanent_uuid: "dcaf33d3d9374f18a3943526889480e2" member_type: VOTER last_known_addr { host: "127.29.50.130" port: 35299 } } peers { permanent_uuid: "461ba7a0aa0b4dcbb16b484beadafdfc" member_type: VOTER last_known_addr { host: "127.29.50.129" port: 36485 } }
I20260608 10:01:21.589255   768 raft_consensus.cc:385] T 7f2302fb2185431793fbf73e4c35feb7 P dcaf33d3d9374f18a3943526889480e2 [term 0 FOLLOWER]: Consensus starting up: Expiring failure detector timer to make a prompt election more likely
I20260608 10:01:21.589650   768 raft_consensus.cc:740] T 7f2302fb2185431793fbf73e4c35feb7 P dcaf33d3d9374f18a3943526889480e2 [term 0 FOLLOWER]: Becoming Follower/Learner. State: Replica: dcaf33d3d9374f18a3943526889480e2, State: Initialized, Role: FOLLOWER
I20260608 10:01:21.589666   445 leader_election.cc:304] T 64c6c8577a624ff6b1368ce26cc7af1b P dcaf33d3d9374f18a3943526889480e2 [CANDIDATE]: Term 1 election: Election decided. Result: candidate won. Election summary: received 2 responses out of 3 voters: 2 yes votes; 0 no votes. yes voters: 81a5b27c00dc43e6a3fd531b29196601, dcaf33d3d9374f18a3943526889480e2; no voters: 
I20260608 10:01:21.590823   766 tablet_bootstrap.cc:492] T 1c8fdcf070ce4999a78d340f1d1cea5c P fdf460e2391a43f7bac05224010a92c6: No bootstrap required, opened a new log
I20260608 10:01:21.590790   768 consensus_queue.cc:260] T 7f2302fb2185431793fbf73e4c35feb7 P dcaf33d3d9374f18a3943526889480e2 [NON_LEADER]: Queue going to NON_LEADER mode. State: All replicated index: 0, Majority replicated index: 0, Committed index: 0, Last appended: 0.0, Last appended by leader: 0, Current term: 0, Majority size: -1, State: 0, Mode: NON_LEADER, active raft config: opid_index: -1 OBSOLETE_local: false peers { permanent_uuid: "81a5b27c00dc43e6a3fd531b29196601" member_type: VOTER last_known_addr { host: "127.29.50.132" port: 33067 } } peers { permanent_uuid: "dcaf33d3d9374f18a3943526889480e2" member_type: VOTER last_known_addr { host: "127.29.50.130" port: 35299 } } peers { permanent_uuid: "461ba7a0aa0b4dcbb16b484beadafdfc" member_type: VOTER last_known_addr { host: "127.29.50.129" port: 36485 } }
I20260608 10:01:21.591512   766 ts_tablet_manager.cc:1403] T 1c8fdcf070ce4999a78d340f1d1cea5c P fdf460e2391a43f7bac05224010a92c6: Time spent bootstrapping tablet: real 0.068s	user 0.016s	sys 0.005s
I20260608 10:01:21.591787   763 ts_tablet_manager.cc:1434] T d656b069565b4a7cb497035f6af63eb5 P 461ba7a0aa0b4dcbb16b484beadafdfc: Time spent starting tablet: real 0.014s	user 0.009s	sys 0.000s
I20260608 10:01:21.592522   765 raft_consensus.cc:2804] T 64c6c8577a624ff6b1368ce26cc7af1b P dcaf33d3d9374f18a3943526889480e2 [term 1 FOLLOWER]: Leader election won for term 1
I20260608 10:01:21.592952   763 tablet_bootstrap.cc:492] T f5bb939816c149f6a387aa1eae3bc096 P 461ba7a0aa0b4dcbb16b484beadafdfc: Bootstrap starting.
I20260608 10:01:21.593746   768 ts_tablet_manager.cc:1434] T 7f2302fb2185431793fbf73e4c35feb7 P dcaf33d3d9374f18a3943526889480e2: Time spent starting tablet: real 0.011s	user 0.004s	sys 0.004s
I20260608 10:01:21.594408   777 consensus_queue.cc:260] T 7f2302fb2185431793fbf73e4c35feb7 P 81a5b27c00dc43e6a3fd531b29196601 [NON_LEADER]: Queue going to NON_LEADER mode. State: All replicated index: 0, Majority replicated index: 0, Committed index: 0, Last appended: 0.0, Last appended by leader: 0, Current term: 0, Majority size: -1, State: 0, Mode: NON_LEADER, active raft config: opid_index: -1 OBSOLETE_local: false peers { permanent_uuid: "81a5b27c00dc43e6a3fd531b29196601" member_type: VOTER last_known_addr { host: "127.29.50.132" port: 33067 } } peers { permanent_uuid: "dcaf33d3d9374f18a3943526889480e2" member_type: VOTER last_known_addr { host: "127.29.50.130" port: 35299 } } peers { permanent_uuid: "461ba7a0aa0b4dcbb16b484beadafdfc" member_type: VOTER last_known_addr { host: "127.29.50.129" port: 36485 } }
I20260608 10:01:21.597188   766 raft_consensus.cc:359] T 1c8fdcf070ce4999a78d340f1d1cea5c P fdf460e2391a43f7bac05224010a92c6 [term 0 FOLLOWER]: Replica starting. Triggering 0 pending ops. Active config: opid_index: -1 OBSOLETE_local: false peers { permanent_uuid: "81a5b27c00dc43e6a3fd531b29196601" member_type: VOTER last_known_addr { host: "127.29.50.132" port: 33067 } } peers { permanent_uuid: "fdf460e2391a43f7bac05224010a92c6" member_type: VOTER last_known_addr { host: "127.29.50.131" port: 38333 } } peers { permanent_uuid: "dcaf33d3d9374f18a3943526889480e2" member_type: VOTER last_known_addr { host: "127.29.50.130" port: 35299 } }
I20260608 10:01:21.597954   766 raft_consensus.cc:385] T 1c8fdcf070ce4999a78d340f1d1cea5c P fdf460e2391a43f7bac05224010a92c6 [term 0 FOLLOWER]: Consensus starting up: Expiring failure detector timer to make a prompt election more likely
I20260608 10:01:21.598407   766 raft_consensus.cc:740] T 1c8fdcf070ce4999a78d340f1d1cea5c P fdf460e2391a43f7bac05224010a92c6 [term 0 FOLLOWER]: Becoming Follower/Learner. State: Replica: fdf460e2391a43f7bac05224010a92c6, State: Initialized, Role: FOLLOWER
I20260608 10:01:21.599313   766 consensus_queue.cc:260] T 1c8fdcf070ce4999a78d340f1d1cea5c P fdf460e2391a43f7bac05224010a92c6 [NON_LEADER]: Queue going to NON_LEADER mode. State: All replicated index: 0, Majority replicated index: 0, Committed index: 0, Last appended: 0.0, Last appended by leader: 0, Current term: 0, Majority size: -1, State: 0, Mode: NON_LEADER, active raft config: opid_index: -1 OBSOLETE_local: false peers { permanent_uuid: "81a5b27c00dc43e6a3fd531b29196601" member_type: VOTER last_known_addr { host: "127.29.50.132" port: 33067 } } peers { permanent_uuid: "fdf460e2391a43f7bac05224010a92c6" member_type: VOTER last_known_addr { host: "127.29.50.131" port: 38333 } } peers { permanent_uuid: "dcaf33d3d9374f18a3943526889480e2" member_type: VOTER last_known_addr { host: "127.29.50.130" port: 35299 } }
I20260608 10:01:21.601473   632 leader_election.cc:290] T 64c6c8577a624ff6b1368ce26cc7af1b P dcaf33d3d9374f18a3943526889480e2 [CANDIDATE]: Term 1 election: Requested vote from peers 81a5b27c00dc43e6a3fd531b29196601 (127.29.50.132:33067), 461ba7a0aa0b4dcbb16b484beadafdfc (127.29.50.129:36485)
I20260608 10:01:21.602084   798 raft_consensus.cc:493] T 1c8fdcf070ce4999a78d340f1d1cea5c P fdf460e2391a43f7bac05224010a92c6 [term 0 FOLLOWER]: Starting pre-election (no leader contacted us within the election timeout)
I20260608 10:01:21.602718   798 raft_consensus.cc:515] T 1c8fdcf070ce4999a78d340f1d1cea5c P fdf460e2391a43f7bac05224010a92c6 [term 0 FOLLOWER]: Starting pre-election with config: opid_index: -1 OBSOLETE_local: false peers { permanent_uuid: "81a5b27c00dc43e6a3fd531b29196601" member_type: VOTER last_known_addr { host: "127.29.50.132" port: 33067 } } peers { permanent_uuid: "fdf460e2391a43f7bac05224010a92c6" member_type: VOTER last_known_addr { host: "127.29.50.131" port: 38333 } } peers { permanent_uuid: "dcaf33d3d9374f18a3943526889480e2" member_type: VOTER last_known_addr { host: "127.29.50.130" port: 35299 } }
I20260608 10:01:21.603698   766 ts_tablet_manager.cc:1434] T 1c8fdcf070ce4999a78d340f1d1cea5c P fdf460e2391a43f7bac05224010a92c6: Time spent starting tablet: real 0.012s	user 0.005s	sys 0.003s
I20260608 10:01:21.604669   766 tablet_bootstrap.cc:492] T f5bb939816c149f6a387aa1eae3bc096 P fdf460e2391a43f7bac05224010a92c6: Bootstrap starting.
I20260608 10:01:21.605413   798 leader_election.cc:290] T 1c8fdcf070ce4999a78d340f1d1cea5c P fdf460e2391a43f7bac05224010a92c6 [CANDIDATE]: Term 1 pre-election: Requested pre-vote from peers 81a5b27c00dc43e6a3fd531b29196601 (127.29.50.132:33067), dcaf33d3d9374f18a3943526889480e2 (127.29.50.130:35299)
I20260608 10:01:21.606504   730 tablet_service.cc:1917] Received RequestConsensusVote() RPC: tablet_id: "1c8fdcf070ce4999a78d340f1d1cea5c" candidate_uuid: "fdf460e2391a43f7bac05224010a92c6" candidate_term: 1 candidate_status { last_received { term: 0 index: 0 } } ignore_live_leader: false dest_uuid: "81a5b27c00dc43e6a3fd531b29196601" is_pre_election: true
W20260608 10:01:21.608058   519 leader_election.cc:343] T 1c8fdcf070ce4999a78d340f1d1cea5c P fdf460e2391a43f7bac05224010a92c6 [CANDIDATE]: Term 1 pre-election: Tablet error from VoteRequest() call to peer 81a5b27c00dc43e6a3fd531b29196601 (127.29.50.132:33067): Illegal state: must be running to vote when last-logged opid is not known
I20260608 10:01:21.598024   777 ts_tablet_manager.cc:1434] T 7f2302fb2185431793fbf73e4c35feb7 P 81a5b27c00dc43e6a3fd531b29196601: Time spent starting tablet: real 0.026s	user 0.007s	sys 0.000s
I20260608 10:01:21.611215   777 tablet_bootstrap.cc:492] T 5e871e186eab49aea50fcf4a5df771d5 P 81a5b27c00dc43e6a3fd531b29196601: Bootstrap starting.
I20260608 10:01:21.618443   479 tablet_service.cc:1917] Received RequestConsensusVote() RPC: tablet_id: "1c8fdcf070ce4999a78d340f1d1cea5c" candidate_uuid: "fdf460e2391a43f7bac05224010a92c6" candidate_term: 1 candidate_status { last_received { term: 0 index: 0 } } ignore_live_leader: false dest_uuid: "dcaf33d3d9374f18a3943526889480e2" is_pre_election: true
I20260608 10:01:21.619208   479 raft_consensus.cc:2468] T 1c8fdcf070ce4999a78d340f1d1cea5c P dcaf33d3d9374f18a3943526889480e2 [term 0 FOLLOWER]: Leader pre-election vote request: Granting yes vote for candidate fdf460e2391a43f7bac05224010a92c6 in term 0.
I20260608 10:01:21.621908   519 leader_election.cc:304] T 1c8fdcf070ce4999a78d340f1d1cea5c P fdf460e2391a43f7bac05224010a92c6 [CANDIDATE]: Term 1 pre-election: Election decided. Result: candidate won. Election summary: received 3 responses out of 3 voters: 2 yes votes; 1 no votes. yes voters: dcaf33d3d9374f18a3943526889480e2, fdf460e2391a43f7bac05224010a92c6; no voters: 81a5b27c00dc43e6a3fd531b29196601
I20260608 10:01:21.623641   480 raft_consensus.cc:2468] T 26654b595f304a75a1d93675161565be P dcaf33d3d9374f18a3943526889480e2 [term 1 FOLLOWER]: Leader election vote request: Granting yes vote for candidate fdf460e2391a43f7bac05224010a92c6 in term 1.
I20260608 10:01:21.624742   519 leader_election.cc:304] T 26654b595f304a75a1d93675161565be P fdf460e2391a43f7bac05224010a92c6 [CANDIDATE]: Term 1 election: Election decided. Result: candidate won. Election summary: received 2 responses out of 3 voters: 2 yes votes; 0 no votes. yes voters: dcaf33d3d9374f18a3943526889480e2, fdf460e2391a43f7bac05224010a92c6; no voters: 
I20260608 10:01:21.625262   763 tablet_bootstrap.cc:654] T f5bb939816c149f6a387aa1eae3bc096 P 461ba7a0aa0b4dcbb16b484beadafdfc: Neither blocks nor log segments found. Creating new log.
I20260608 10:01:21.627547   606 raft_consensus.cc:2804] T 1c8fdcf070ce4999a78d340f1d1cea5c P fdf460e2391a43f7bac05224010a92c6 [term 0 FOLLOWER]: Leader pre-election won for term 1
I20260608 10:01:21.627982   798 raft_consensus.cc:2804] T 26654b595f304a75a1d93675161565be P fdf460e2391a43f7bac05224010a92c6 [term 1 FOLLOWER]: Leader election won for term 1
I20260608 10:01:21.628151   606 raft_consensus.cc:493] T 1c8fdcf070ce4999a78d340f1d1cea5c P fdf460e2391a43f7bac05224010a92c6 [term 0 FOLLOWER]: Starting leader election (no leader contacted us within the election timeout)
I20260608 10:01:21.628762   606 raft_consensus.cc:3060] T 1c8fdcf070ce4999a78d340f1d1cea5c P fdf460e2391a43f7bac05224010a92c6 [term 0 FOLLOWER]: Advancing to term 1
I20260608 10:01:21.629179   777 tablet_bootstrap.cc:654] T 5e871e186eab49aea50fcf4a5df771d5 P 81a5b27c00dc43e6a3fd531b29196601: Neither blocks nor log segments found. Creating new log.
I20260608 10:01:21.627588   766 tablet_bootstrap.cc:654] T f5bb939816c149f6a387aa1eae3bc096 P fdf460e2391a43f7bac05224010a92c6: Neither blocks nor log segments found. Creating new log.
I20260608 10:01:21.631222   404 tablet_service.cc:1917] Received RequestConsensusVote() RPC: tablet_id: "64c6c8577a624ff6b1368ce26cc7af1b" candidate_uuid: "dcaf33d3d9374f18a3943526889480e2" candidate_term: 1 candidate_status { last_received { term: 0 index: 0 } } ignore_live_leader: false dest_uuid: "461ba7a0aa0b4dcbb16b484beadafdfc"
I20260608 10:01:21.631876   404 raft_consensus.cc:3060] T 64c6c8577a624ff6b1368ce26cc7af1b P 461ba7a0aa0b4dcbb16b484beadafdfc [term 0 FOLLOWER]: Advancing to term 1
I20260608 10:01:21.634583   730 tablet_service.cc:1917] Received RequestConsensusVote() RPC: tablet_id: "26654b595f304a75a1d93675161565be" candidate_uuid: "fdf460e2391a43f7bac05224010a92c6" candidate_term: 1 candidate_status { last_received { term: 0 index: 0 } } ignore_live_leader: false dest_uuid: "81a5b27c00dc43e6a3fd531b29196601"
I20260608 10:01:21.636250   798 raft_consensus.cc:697] T 26654b595f304a75a1d93675161565be P fdf460e2391a43f7bac05224010a92c6 [term 1 LEADER]: Becoming Leader. State: Replica: fdf460e2391a43f7bac05224010a92c6, State: Running, Role: LEADER
W20260608 10:01:21.636546   519 leader_election.cc:343] T 26654b595f304a75a1d93675161565be P fdf460e2391a43f7bac05224010a92c6 [CANDIDATE]: Term 1 election: Tablet error from VoteRequest() call to peer 81a5b27c00dc43e6a3fd531b29196601 (127.29.50.132:33067): Illegal state: must be running to vote when last-logged opid is not known
I20260608 10:01:21.637869   798 consensus_queue.cc:237] T 26654b595f304a75a1d93675161565be P fdf460e2391a43f7bac05224010a92c6 [LEADER]: Queue going to LEADER mode. State: All replicated index: 0, Majority replicated index: 0, Committed index: 0, Last appended: 0.0, Last appended by leader: 0, Current term: 1, Majority size: 2, State: 0, Mode: LEADER, active raft config: opid_index: -1 OBSOLETE_local: false peers { permanent_uuid: "fdf460e2391a43f7bac05224010a92c6" member_type: VOTER last_known_addr { host: "127.29.50.131" port: 38333 } } peers { permanent_uuid: "dcaf33d3d9374f18a3943526889480e2" member_type: VOTER last_known_addr { host: "127.29.50.130" port: 35299 } } peers { permanent_uuid: "81a5b27c00dc43e6a3fd531b29196601" member_type: VOTER last_known_addr { host: "127.29.50.132" port: 33067 } }
I20260608 10:01:21.643612   783 leader_election.cc:290] T 26654b595f304a75a1d93675161565be P fdf460e2391a43f7bac05224010a92c6 [CANDIDATE]: Term 1 election: Requested vote from peers dcaf33d3d9374f18a3943526889480e2 (127.29.50.130:35299), 81a5b27c00dc43e6a3fd531b29196601 (127.29.50.132:33067)
W20260608 10:01:21.649176   351 auto_rebalancer.cc:259] Could not retrieve cluster info: Service unavailable: Tablet not running
I20260608 10:01:21.655473   765 raft_consensus.cc:697] T 64c6c8577a624ff6b1368ce26cc7af1b P dcaf33d3d9374f18a3943526889480e2 [term 1 LEADER]: Becoming Leader. State: Replica: dcaf33d3d9374f18a3943526889480e2, State: Running, Role: LEADER
I20260608 10:01:21.663190   765 consensus_queue.cc:237] T 64c6c8577a624ff6b1368ce26cc7af1b P dcaf33d3d9374f18a3943526889480e2 [LEADER]: Queue going to LEADER mode. State: All replicated index: 0, Majority replicated index: 0, Committed index: 0, Last appended: 0.0, Last appended by leader: 0, Current term: 1, Majority size: 2, State: 0, Mode: LEADER, active raft config: opid_index: -1 OBSOLETE_local: false peers { permanent_uuid: "81a5b27c00dc43e6a3fd531b29196601" member_type: VOTER last_known_addr { host: "127.29.50.132" port: 33067 } } peers { permanent_uuid: "461ba7a0aa0b4dcbb16b484beadafdfc" member_type: VOTER last_known_addr { host: "127.29.50.129" port: 36485 } } peers { permanent_uuid: "dcaf33d3d9374f18a3943526889480e2" member_type: VOTER last_known_addr { host: "127.29.50.130" port: 35299 } }
I20260608 10:01:21.667603   786 raft_consensus.cc:493] T d656b069565b4a7cb497035f6af63eb5 P 81a5b27c00dc43e6a3fd531b29196601 [term 0 FOLLOWER]: Starting pre-election (no leader contacted us within the election timeout)
I20260608 10:01:21.668630   786 raft_consensus.cc:515] T d656b069565b4a7cb497035f6af63eb5 P 81a5b27c00dc43e6a3fd531b29196601 [term 0 FOLLOWER]: Starting pre-election with config: opid_index: -1 OBSOLETE_local: false peers { permanent_uuid: "81a5b27c00dc43e6a3fd531b29196601" member_type: VOTER last_known_addr { host: "127.29.50.132" port: 33067 } } peers { permanent_uuid: "461ba7a0aa0b4dcbb16b484beadafdfc" member_type: VOTER last_known_addr { host: "127.29.50.129" port: 36485 } } peers { permanent_uuid: "fdf460e2391a43f7bac05224010a92c6" member_type: VOTER last_known_addr { host: "127.29.50.131" port: 38333 } }
I20260608 10:01:21.671476   763 tablet_bootstrap.cc:492] T f5bb939816c149f6a387aa1eae3bc096 P 461ba7a0aa0b4dcbb16b484beadafdfc: No bootstrap required, opened a new log
I20260608 10:01:21.672080   763 ts_tablet_manager.cc:1403] T f5bb939816c149f6a387aa1eae3bc096 P 461ba7a0aa0b4dcbb16b484beadafdfc: Time spent bootstrapping tablet: real 0.079s	user 0.015s	sys 0.006s
I20260608 10:01:21.680547   766 tablet_bootstrap.cc:492] T f5bb939816c149f6a387aa1eae3bc096 P fdf460e2391a43f7bac05224010a92c6: No bootstrap required, opened a new log
I20260608 10:01:21.680145   763 raft_consensus.cc:359] T f5bb939816c149f6a387aa1eae3bc096 P 461ba7a0aa0b4dcbb16b484beadafdfc [term 0 FOLLOWER]: Replica starting. Triggering 0 pending ops. Active config: opid_index: -1 OBSOLETE_local: false peers { permanent_uuid: "461ba7a0aa0b4dcbb16b484beadafdfc" member_type: VOTER last_known_addr { host: "127.29.50.129" port: 36485 } } peers { permanent_uuid: "81a5b27c00dc43e6a3fd531b29196601" member_type: VOTER last_known_addr { host: "127.29.50.132" port: 33067 } } peers { permanent_uuid: "fdf460e2391a43f7bac05224010a92c6" member_type: VOTER last_known_addr { host: "127.29.50.131" port: 38333 } }
I20260608 10:01:21.681036   766 ts_tablet_manager.cc:1403] T f5bb939816c149f6a387aa1eae3bc096 P fdf460e2391a43f7bac05224010a92c6: Time spent bootstrapping tablet: real 0.077s	user 0.014s	sys 0.004s
I20260608 10:01:21.681247   763 raft_consensus.cc:385] T f5bb939816c149f6a387aa1eae3bc096 P 461ba7a0aa0b4dcbb16b484beadafdfc [term 0 FOLLOWER]: Consensus starting up: Expiring failure detector timer to make a prompt election more likely
I20260608 10:01:21.674383   404 raft_consensus.cc:2468] T 64c6c8577a624ff6b1368ce26cc7af1b P 461ba7a0aa0b4dcbb16b484beadafdfc [term 1 FOLLOWER]: Leader election vote request: Granting yes vote for candidate dcaf33d3d9374f18a3943526889480e2 in term 1.
I20260608 10:01:21.681740   763 raft_consensus.cc:740] T f5bb939816c149f6a387aa1eae3bc096 P 461ba7a0aa0b4dcbb16b484beadafdfc [term 0 FOLLOWER]: Becoming Follower/Learner. State: Replica: 461ba7a0aa0b4dcbb16b484beadafdfc, State: Initialized, Role: FOLLOWER
I20260608 10:01:21.688278   777 tablet_bootstrap.cc:492] T 5e871e186eab49aea50fcf4a5df771d5 P 81a5b27c00dc43e6a3fd531b29196601: No bootstrap required, opened a new log
I20260608 10:01:21.689047   777 ts_tablet_manager.cc:1403] T 5e871e186eab49aea50fcf4a5df771d5 P 81a5b27c00dc43e6a3fd531b29196601: Time spent bootstrapping tablet: real 0.078s	user 0.003s	sys 0.028s
I20260608 10:01:21.687389   606 raft_consensus.cc:515] T 1c8fdcf070ce4999a78d340f1d1cea5c P fdf460e2391a43f7bac05224010a92c6 [term 1 FOLLOWER]: Starting leader election with config: opid_index: -1 OBSOLETE_local: false peers { permanent_uuid: "81a5b27c00dc43e6a3fd531b29196601" member_type: VOTER last_known_addr { host: "127.29.50.132" port: 33067 } } peers { permanent_uuid: "fdf460e2391a43f7bac05224010a92c6" member_type: VOTER last_known_addr { host: "127.29.50.131" port: 38333 } } peers { permanent_uuid: "dcaf33d3d9374f18a3943526889480e2" member_type: VOTER last_known_addr { host: "127.29.50.130" port: 35299 } }
I20260608 10:01:21.688563   763 consensus_queue.cc:260] T f5bb939816c149f6a387aa1eae3bc096 P 461ba7a0aa0b4dcbb16b484beadafdfc [NON_LEADER]: Queue going to NON_LEADER mode. State: All replicated index: 0, Majority replicated index: 0, Committed index: 0, Last appended: 0.0, Last appended by leader: 0, Current term: 0, Majority size: -1, State: 0, Mode: NON_LEADER, active raft config: opid_index: -1 OBSOLETE_local: false peers { permanent_uuid: "461ba7a0aa0b4dcbb16b484beadafdfc" member_type: VOTER last_known_addr { host: "127.29.50.129" port: 36485 } } peers { permanent_uuid: "81a5b27c00dc43e6a3fd531b29196601" member_type: VOTER last_known_addr { host: "127.29.50.132" port: 33067 } } peers { permanent_uuid: "fdf460e2391a43f7bac05224010a92c6" member_type: VOTER last_known_addr { host: "127.29.50.131" port: 38333 } }
I20260608 10:01:21.685710   786 leader_election.cc:290] T d656b069565b4a7cb497035f6af63eb5 P 81a5b27c00dc43e6a3fd531b29196601 [CANDIDATE]: Term 1 pre-election: Requested pre-vote from peers 461ba7a0aa0b4dcbb16b484beadafdfc (127.29.50.129:36485), fdf460e2391a43f7bac05224010a92c6 (127.29.50.131:38333)
I20260608 10:01:21.691913   766 raft_consensus.cc:359] T f5bb939816c149f6a387aa1eae3bc096 P fdf460e2391a43f7bac05224010a92c6 [term 0 FOLLOWER]: Replica starting. Triggering 0 pending ops. Active config: opid_index: -1 OBSOLETE_local: false peers { permanent_uuid: "461ba7a0aa0b4dcbb16b484beadafdfc" member_type: VOTER last_known_addr { host: "127.29.50.129" port: 36485 } } peers { permanent_uuid: "81a5b27c00dc43e6a3fd531b29196601" member_type: VOTER last_known_addr { host: "127.29.50.132" port: 33067 } } peers { permanent_uuid: "fdf460e2391a43f7bac05224010a92c6" member_type: VOTER last_known_addr { host: "127.29.50.131" port: 38333 } }
I20260608 10:01:21.692698   766 raft_consensus.cc:385] T f5bb939816c149f6a387aa1eae3bc096 P fdf460e2391a43f7bac05224010a92c6 [term 0 FOLLOWER]: Consensus starting up: Expiring failure detector timer to make a prompt election more likely
I20260608 10:01:21.692375   763 ts_tablet_manager.cc:1434] T f5bb939816c149f6a387aa1eae3bc096 P 461ba7a0aa0b4dcbb16b484beadafdfc: Time spent starting tablet: real 0.020s	user 0.008s	sys 0.002s
I20260608 10:01:21.692981   786 raft_consensus.cc:493] T 7f2302fb2185431793fbf73e4c35feb7 P 81a5b27c00dc43e6a3fd531b29196601 [term 0 FOLLOWER]: Starting pre-election (no leader contacted us within the election timeout)
I20260608 10:01:21.693037   766 raft_consensus.cc:740] T f5bb939816c149f6a387aa1eae3bc096 P fdf460e2391a43f7bac05224010a92c6 [term 0 FOLLOWER]: Becoming Follower/Learner. State: Replica: fdf460e2391a43f7bac05224010a92c6, State: Initialized, Role: FOLLOWER
I20260608 10:01:21.693591   786 raft_consensus.cc:515] T 7f2302fb2185431793fbf73e4c35feb7 P 81a5b27c00dc43e6a3fd531b29196601 [term 0 FOLLOWER]: Starting pre-election with config: opid_index: -1 OBSOLETE_local: false peers { permanent_uuid: "81a5b27c00dc43e6a3fd531b29196601" member_type: VOTER last_known_addr { host: "127.29.50.132" port: 33067 } } peers { permanent_uuid: "dcaf33d3d9374f18a3943526889480e2" member_type: VOTER last_known_addr { host: "127.29.50.130" port: 35299 } } peers { permanent_uuid: "461ba7a0aa0b4dcbb16b484beadafdfc" member_type: VOTER last_known_addr { host: "127.29.50.129" port: 36485 } }
I20260608 10:01:21.695535   763 tablet_bootstrap.cc:492] T 7f2302fb2185431793fbf73e4c35feb7 P 461ba7a0aa0b4dcbb16b484beadafdfc: Bootstrap starting.
I20260608 10:01:21.695075   766 consensus_queue.cc:260] T f5bb939816c149f6a387aa1eae3bc096 P fdf460e2391a43f7bac05224010a92c6 [NON_LEADER]: Queue going to NON_LEADER mode. State: All replicated index: 0, Majority replicated index: 0, Committed index: 0, Last appended: 0.0, Last appended by leader: 0, Current term: 0, Majority size: -1, State: 0, Mode: NON_LEADER, active raft config: opid_index: -1 OBSOLETE_local: false peers { permanent_uuid: "461ba7a0aa0b4dcbb16b484beadafdfc" member_type: VOTER last_known_addr { host: "127.29.50.129" port: 36485 } } peers { permanent_uuid: "81a5b27c00dc43e6a3fd531b29196601" member_type: VOTER last_known_addr { host: "127.29.50.132" port: 33067 } } peers { permanent_uuid: "fdf460e2391a43f7bac05224010a92c6" member_type: VOTER last_known_addr { host: "127.29.50.131" port: 38333 } }
I20260608 10:01:21.699082   606 leader_election.cc:290] T 1c8fdcf070ce4999a78d340f1d1cea5c P fdf460e2391a43f7bac05224010a92c6 [CANDIDATE]: Term 1 election: Requested vote from peers 81a5b27c00dc43e6a3fd531b29196601 (127.29.50.132:33067), dcaf33d3d9374f18a3943526889480e2 (127.29.50.130:35299)
I20260608 10:01:21.707544   766 ts_tablet_manager.cc:1434] T f5bb939816c149f6a387aa1eae3bc096 P fdf460e2391a43f7bac05224010a92c6: Time spent starting tablet: real 0.026s	user 0.006s	sys 0.004s
I20260608 10:01:21.721638   480 tablet_service.cc:1917] Received RequestConsensusVote() RPC: tablet_id: "1c8fdcf070ce4999a78d340f1d1cea5c" candidate_uuid: "fdf460e2391a43f7bac05224010a92c6" candidate_term: 1 candidate_status { last_received { term: 0 index: 0 } } ignore_live_leader: false dest_uuid: "dcaf33d3d9374f18a3943526889480e2"
I20260608 10:01:21.722391   480 raft_consensus.cc:3060] T 1c8fdcf070ce4999a78d340f1d1cea5c P dcaf33d3d9374f18a3943526889480e2 [term 0 FOLLOWER]: Advancing to term 1
I20260608 10:01:21.748373   682 raft_consensus.cc:493] T d656b069565b4a7cb497035f6af63eb5 P 461ba7a0aa0b4dcbb16b484beadafdfc [term 0 FOLLOWER]: Starting pre-election (no leader contacted us within the election timeout)
I20260608 10:01:21.748965   682 raft_consensus.cc:515] T d656b069565b4a7cb497035f6af63eb5 P 461ba7a0aa0b4dcbb16b484beadafdfc [term 0 FOLLOWER]: Starting pre-election with config: opid_index: -1 OBSOLETE_local: false peers { permanent_uuid: "81a5b27c00dc43e6a3fd531b29196601" member_type: VOTER last_known_addr { host: "127.29.50.132" port: 33067 } } peers { permanent_uuid: "461ba7a0aa0b4dcbb16b484beadafdfc" member_type: VOTER last_known_addr { host: "127.29.50.129" port: 36485 } } peers { permanent_uuid: "fdf460e2391a43f7bac05224010a92c6" member_type: VOTER last_known_addr { host: "127.29.50.131" port: 38333 } }
I20260608 10:01:21.750208   666 raft_consensus.cc:493] T 5e871e186eab49aea50fcf4a5df771d5 P 461ba7a0aa0b4dcbb16b484beadafdfc [term 0 FOLLOWER]: Starting pre-election (no leader contacted us within the election timeout)
I20260608 10:01:21.747012   480 raft_consensus.cc:2468] T 1c8fdcf070ce4999a78d340f1d1cea5c P dcaf33d3d9374f18a3943526889480e2 [term 1 FOLLOWER]: Leader election vote request: Granting yes vote for candidate fdf460e2391a43f7bac05224010a92c6 in term 1.
I20260608 10:01:21.750952   666 raft_consensus.cc:515] T 5e871e186eab49aea50fcf4a5df771d5 P 461ba7a0aa0b4dcbb16b484beadafdfc [term 0 FOLLOWER]: Starting pre-election with config: opid_index: -1 OBSOLETE_local: false peers { permanent_uuid: "81a5b27c00dc43e6a3fd531b29196601" member_type: VOTER last_known_addr { host: "127.29.50.132" port: 33067 } } peers { permanent_uuid: "fdf460e2391a43f7bac05224010a92c6" member_type: VOTER last_known_addr { host: "127.29.50.131" port: 38333 } } peers { permanent_uuid: "461ba7a0aa0b4dcbb16b484beadafdfc" member_type: VOTER last_known_addr { host: "127.29.50.129" port: 36485 } }
I20260608 10:01:21.752727   682 leader_election.cc:290] T d656b069565b4a7cb497035f6af63eb5 P 461ba7a0aa0b4dcbb16b484beadafdfc [CANDIDATE]: Term 1 pre-election: Requested pre-vote from peers 81a5b27c00dc43e6a3fd531b29196601 (127.29.50.132:33067), fdf460e2391a43f7bac05224010a92c6 (127.29.50.131:38333)
I20260608 10:01:21.755049   786 leader_election.cc:290] T 7f2302fb2185431793fbf73e4c35feb7 P 81a5b27c00dc43e6a3fd531b29196601 [CANDIDATE]: Term 1 pre-election: Requested pre-vote from peers dcaf33d3d9374f18a3943526889480e2 (127.29.50.130:35299), 461ba7a0aa0b4dcbb16b484beadafdfc (127.29.50.129:36485)
I20260608 10:01:21.752177   777 raft_consensus.cc:359] T 5e871e186eab49aea50fcf4a5df771d5 P 81a5b27c00dc43e6a3fd531b29196601 [term 0 FOLLOWER]: Replica starting. Triggering 0 pending ops. Active config: opid_index: -1 OBSOLETE_local: false peers { permanent_uuid: "81a5b27c00dc43e6a3fd531b29196601" member_type: VOTER last_known_addr { host: "127.29.50.132" port: 33067 } } peers { permanent_uuid: "fdf460e2391a43f7bac05224010a92c6" member_type: VOTER last_known_addr { host: "127.29.50.131" port: 38333 } } peers { permanent_uuid: "461ba7a0aa0b4dcbb16b484beadafdfc" member_type: VOTER last_known_addr { host: "127.29.50.129" port: 36485 } }
I20260608 10:01:21.754822   519 leader_election.cc:304] T 1c8fdcf070ce4999a78d340f1d1cea5c P fdf460e2391a43f7bac05224010a92c6 [CANDIDATE]: Term 1 election: Election decided. Result: candidate won. Election summary: received 2 responses out of 3 voters: 2 yes votes; 0 no votes. yes voters: dcaf33d3d9374f18a3943526889480e2, fdf460e2391a43f7bac05224010a92c6; no voters: 
I20260608 10:01:21.762106   553 tablet_service.cc:1917] Received RequestConsensusVote() RPC: tablet_id: "5e871e186eab49aea50fcf4a5df771d5" candidate_uuid: "461ba7a0aa0b4dcbb16b484beadafdfc" candidate_term: 1 candidate_status { last_received { term: 0 index: 0 } } ignore_live_leader: false dest_uuid: "fdf460e2391a43f7bac05224010a92c6" is_pre_election: true
I20260608 10:01:21.762749   554 tablet_service.cc:1917] Received RequestConsensusVote() RPC: tablet_id: "d656b069565b4a7cb497035f6af63eb5" candidate_uuid: "461ba7a0aa0b4dcbb16b484beadafdfc" candidate_term: 1 candidate_status { last_received { term: 0 index: 0 } } ignore_live_leader: false dest_uuid: "fdf460e2391a43f7bac05224010a92c6" is_pre_election: true
I20260608 10:01:21.728986   302 catalog_manager.cc:5696] T 64c6c8577a624ff6b1368ce26cc7af1b P dcaf33d3d9374f18a3943526889480e2 reported cstate change: term changed from 0 to 1, leader changed from <none> to dcaf33d3d9374f18a3943526889480e2 (127.29.50.130). New cstate: current_term: 1 leader_uuid: "dcaf33d3d9374f18a3943526889480e2" committed_config { opid_index: -1 OBSOLETE_local: false peers { permanent_uuid: "81a5b27c00dc43e6a3fd531b29196601" member_type: VOTER last_known_addr { host: "127.29.50.132" port: 33067 } health_report { overall_health: UNKNOWN } } peers { permanent_uuid: "461ba7a0aa0b4dcbb16b484beadafdfc" member_type: VOTER last_known_addr { host: "127.29.50.129" port: 36485 } health_report { overall_health: UNKNOWN } } peers { permanent_uuid: "dcaf33d3d9374f18a3943526889480e2" member_type: VOTER last_known_addr { host: "127.29.50.130" port: 35299 } health_report { overall_health: HEALTHY } } }
I20260608 10:01:21.753841   666 leader_election.cc:290] T 5e871e186eab49aea50fcf4a5df771d5 P 461ba7a0aa0b4dcbb16b484beadafdfc [CANDIDATE]: Term 1 pre-election: Requested pre-vote from peers 81a5b27c00dc43e6a3fd531b29196601 (127.29.50.132:33067), fdf460e2391a43f7bac05224010a92c6 (127.29.50.131:38333)
I20260608 10:01:21.763440   554 raft_consensus.cc:2468] T d656b069565b4a7cb497035f6af63eb5 P fdf460e2391a43f7bac05224010a92c6 [term 0 FOLLOWER]: Leader pre-election vote request: Granting yes vote for candidate 461ba7a0aa0b4dcbb16b484beadafdfc in term 0.
I20260608 10:01:21.763813   606 raft_consensus.cc:2804] T 1c8fdcf070ce4999a78d340f1d1cea5c P fdf460e2391a43f7bac05224010a92c6 [term 1 FOLLOWER]: Leader election won for term 1
I20260608 10:01:21.764415   606 raft_consensus.cc:697] T 1c8fdcf070ce4999a78d340f1d1cea5c P fdf460e2391a43f7bac05224010a92c6 [term 1 LEADER]: Becoming Leader. State: Replica: fdf460e2391a43f7bac05224010a92c6, State: Running, Role: LEADER
I20260608 10:01:21.765739   777 raft_consensus.cc:385] T 5e871e186eab49aea50fcf4a5df771d5 P 81a5b27c00dc43e6a3fd531b29196601 [term 0 FOLLOWER]: Consensus starting up: Expiring failure detector timer to make a prompt election more likely
I20260608 10:01:21.765348   606 consensus_queue.cc:237] T 1c8fdcf070ce4999a78d340f1d1cea5c P fdf460e2391a43f7bac05224010a92c6 [LEADER]: Queue going to LEADER mode. State: All replicated index: 0, Majority replicated index: 0, Committed index: 0, Last appended: 0.0, Last appended by leader: 0, Current term: 1, Majority size: 2, State: 0, Mode: LEADER, active raft config: opid_index: -1 OBSOLETE_local: false peers { permanent_uuid: "81a5b27c00dc43e6a3fd531b29196601" member_type: VOTER last_known_addr { host: "127.29.50.132" port: 33067 } } peers { permanent_uuid: "fdf460e2391a43f7bac05224010a92c6" member_type: VOTER last_known_addr { host: "127.29.50.131" port: 38333 } } peers { permanent_uuid: "dcaf33d3d9374f18a3943526889480e2" member_type: VOTER last_known_addr { host: "127.29.50.130" port: 35299 } }
I20260608 10:01:21.766083   777 raft_consensus.cc:740] T 5e871e186eab49aea50fcf4a5df771d5 P 81a5b27c00dc43e6a3fd531b29196601 [term 0 FOLLOWER]: Becoming Follower/Learner. State: Replica: 81a5b27c00dc43e6a3fd531b29196601, State: Initialized, Role: FOLLOWER
I20260608 10:01:21.763159   553 raft_consensus.cc:2468] T 5e871e186eab49aea50fcf4a5df771d5 P fdf460e2391a43f7bac05224010a92c6 [term 0 FOLLOWER]: Leader pre-election vote request: Granting yes vote for candidate 461ba7a0aa0b4dcbb16b484beadafdfc in term 0.
I20260608 10:01:21.771091   777 consensus_queue.cc:260] T 5e871e186eab49aea50fcf4a5df771d5 P 81a5b27c00dc43e6a3fd531b29196601 [NON_LEADER]: Queue going to NON_LEADER mode. State: All replicated index: 0, Majority replicated index: 0, Committed index: 0, Last appended: 0.0, Last appended by leader: 0, Current term: 0, Majority size: -1, State: 0, Mode: NON_LEADER, active raft config: opid_index: -1 OBSOLETE_local: false peers { permanent_uuid: "81a5b27c00dc43e6a3fd531b29196601" member_type: VOTER last_known_addr { host: "127.29.50.132" port: 33067 } } peers { permanent_uuid: "fdf460e2391a43f7bac05224010a92c6" member_type: VOTER last_known_addr { host: "127.29.50.131" port: 38333 } } peers { permanent_uuid: "461ba7a0aa0b4dcbb16b484beadafdfc" member_type: VOTER last_known_addr { host: "127.29.50.129" port: 36485 } }
I20260608 10:01:21.797354   368 leader_election.cc:304] T d656b069565b4a7cb497035f6af63eb5 P 461ba7a0aa0b4dcbb16b484beadafdfc [CANDIDATE]: Term 1 pre-election: Election decided. Result: candidate won. Election summary: received 2 responses out of 3 voters: 2 yes votes; 0 no votes. yes voters: 461ba7a0aa0b4dcbb16b484beadafdfc, fdf460e2391a43f7bac05224010a92c6; no voters: 
I20260608 10:01:21.797307   798 raft_consensus.cc:493] T f5bb939816c149f6a387aa1eae3bc096 P fdf460e2391a43f7bac05224010a92c6 [term 0 FOLLOWER]: Starting pre-election (no leader contacted us within the election timeout)
I20260608 10:01:21.799034   798 raft_consensus.cc:515] T f5bb939816c149f6a387aa1eae3bc096 P fdf460e2391a43f7bac05224010a92c6 [term 0 FOLLOWER]: Starting pre-election with config: opid_index: -1 OBSOLETE_local: false peers { permanent_uuid: "461ba7a0aa0b4dcbb16b484beadafdfc" member_type: VOTER last_known_addr { host: "127.29.50.129" port: 36485 } } peers { permanent_uuid: "81a5b27c00dc43e6a3fd531b29196601" member_type: VOTER last_known_addr { host: "127.29.50.132" port: 33067 } } peers { permanent_uuid: "fdf460e2391a43f7bac05224010a92c6" member_type: VOTER last_known_addr { host: "127.29.50.131" port: 38333 } }
I20260608 10:01:21.798840   300 catalog_manager.cc:5696] T 26654b595f304a75a1d93675161565be P fdf460e2391a43f7bac05224010a92c6 reported cstate change: term changed from 0 to 1, leader changed from <none> to fdf460e2391a43f7bac05224010a92c6 (127.29.50.131). New cstate: current_term: 1 leader_uuid: "fdf460e2391a43f7bac05224010a92c6" committed_config { opid_index: -1 OBSOLETE_local: false peers { permanent_uuid: "fdf460e2391a43f7bac05224010a92c6" member_type: VOTER last_known_addr { host: "127.29.50.131" port: 38333 } health_report { overall_health: HEALTHY } } peers { permanent_uuid: "dcaf33d3d9374f18a3943526889480e2" member_type: VOTER last_known_addr { host: "127.29.50.130" port: 35299 } health_report { overall_health: UNKNOWN } } peers { permanent_uuid: "81a5b27c00dc43e6a3fd531b29196601" member_type: VOTER last_known_addr { host: "127.29.50.132" port: 33067 } health_report { overall_health: UNKNOWN } } }
I20260608 10:01:21.804057   798 leader_election.cc:290] T f5bb939816c149f6a387aa1eae3bc096 P fdf460e2391a43f7bac05224010a92c6 [CANDIDATE]: Term 1 pre-election: Requested pre-vote from peers 461ba7a0aa0b4dcbb16b484beadafdfc (127.29.50.129:36485), 81a5b27c00dc43e6a3fd531b29196601 (127.29.50.132:33067)
I20260608 10:01:21.805199   730 tablet_service.cc:1917] Received RequestConsensusVote() RPC: tablet_id: "1c8fdcf070ce4999a78d340f1d1cea5c" candidate_uuid: "fdf460e2391a43f7bac05224010a92c6" candidate_term: 1 candidate_status { last_received { term: 0 index: 0 } } ignore_live_leader: false dest_uuid: "81a5b27c00dc43e6a3fd531b29196601"
I20260608 10:01:21.805425   777 ts_tablet_manager.cc:1434] T 5e871e186eab49aea50fcf4a5df771d5 P 81a5b27c00dc43e6a3fd531b29196601: Time spent starting tablet: real 0.112s	user 0.019s	sys 0.016s
I20260608 10:01:21.805625   763 tablet_bootstrap.cc:654] T 7f2302fb2185431793fbf73e4c35feb7 P 461ba7a0aa0b4dcbb16b484beadafdfc: Neither blocks nor log segments found. Creating new log.
I20260608 10:01:21.806815   777 tablet_bootstrap.cc:492] T d663c66d6e7c4b02a9f34ba0c126d8f2 P 81a5b27c00dc43e6a3fd531b29196601: Bootstrap starting.
I20260608 10:01:21.798753   666 raft_consensus.cc:2804] T d656b069565b4a7cb497035f6af63eb5 P 461ba7a0aa0b4dcbb16b484beadafdfc [term 0 FOLLOWER]: Leader pre-election won for term 1
I20260608 10:01:21.814599   404 tablet_service.cc:1917] Received RequestConsensusVote() RPC: tablet_id: "f5bb939816c149f6a387aa1eae3bc096" candidate_uuid: "fdf460e2391a43f7bac05224010a92c6" candidate_term: 1 candidate_status { last_received { term: 0 index: 0 } } ignore_live_leader: false dest_uuid: "461ba7a0aa0b4dcbb16b484beadafdfc" is_pre_election: true
I20260608 10:01:21.815325   404 raft_consensus.cc:2468] T f5bb939816c149f6a387aa1eae3bc096 P 461ba7a0aa0b4dcbb16b484beadafdfc [term 0 FOLLOWER]: Leader pre-election vote request: Granting yes vote for candidate fdf460e2391a43f7bac05224010a92c6 in term 0.
I20260608 10:01:21.816334   517 leader_election.cc:304] T f5bb939816c149f6a387aa1eae3bc096 P fdf460e2391a43f7bac05224010a92c6 [CANDIDATE]: Term 1 pre-election: Election decided. Result: candidate won. Election summary: received 2 responses out of 3 voters: 2 yes votes; 0 no votes. yes voters: 461ba7a0aa0b4dcbb16b484beadafdfc, fdf460e2391a43f7bac05224010a92c6; no voters: 
I20260608 10:01:21.812089   666 raft_consensus.cc:493] T d656b069565b4a7cb497035f6af63eb5 P 461ba7a0aa0b4dcbb16b484beadafdfc [term 0 FOLLOWER]: Starting leader election (no leader contacted us within the election timeout)
I20260608 10:01:21.817103   666 raft_consensus.cc:3060] T d656b069565b4a7cb497035f6af63eb5 P 461ba7a0aa0b4dcbb16b484beadafdfc [term 0 FOLLOWER]: Advancing to term 1
I20260608 10:01:21.820498   798 raft_consensus.cc:2804] T f5bb939816c149f6a387aa1eae3bc096 P fdf460e2391a43f7bac05224010a92c6 [term 0 FOLLOWER]: Leader pre-election won for term 1
I20260608 10:01:21.820946   798 raft_consensus.cc:493] T f5bb939816c149f6a387aa1eae3bc096 P fdf460e2391a43f7bac05224010a92c6 [term 0 FOLLOWER]: Starting leader election (no leader contacted us within the election timeout)
I20260608 10:01:21.821295   798 raft_consensus.cc:3060] T f5bb939816c149f6a387aa1eae3bc096 P fdf460e2391a43f7bac05224010a92c6 [term 0 FOLLOWER]: Advancing to term 1
I20260608 10:01:21.808121   368 leader_election.cc:304] T 5e871e186eab49aea50fcf4a5df771d5 P 461ba7a0aa0b4dcbb16b484beadafdfc [CANDIDATE]: Term 1 pre-election: Election decided. Result: candidate won. Election summary: received 2 responses out of 3 voters: 2 yes votes; 0 no votes. yes voters: 461ba7a0aa0b4dcbb16b484beadafdfc, fdf460e2391a43f7bac05224010a92c6; no voters: 
I20260608 10:01:21.825233   480 tablet_service.cc:1917] Received RequestConsensusVote() RPC: tablet_id: "7f2302fb2185431793fbf73e4c35feb7" candidate_uuid: "81a5b27c00dc43e6a3fd531b29196601" candidate_term: 1 candidate_status { last_received { term: 0 index: 0 } } ignore_live_leader: false dest_uuid: "dcaf33d3d9374f18a3943526889480e2" is_pre_election: true
