I20260608 10:00:19.447921 26444 tablet_bootstrap.cc:654] T c2c449477f5c41189eed9d15e6184680 P 4b70c74f96584362904f17264e625164: Neither blocks nor log segments found. Creating new log.
I20260608 10:00:19.472658 26445 tablet_bootstrap.cc:492] T c2c449477f5c41189eed9d15e6184680 P b51b6a19e83a4292a5c3de35d5f31485: Bootstrap starting.
I20260608 10:00:19.474931 26447 tablet_bootstrap.cc:492] T 311cd1759939485d89ffe3ef19084f08 P 7ae9c8d5a00f42e58f1d634ee1abc71a: Bootstrap starting.
I20260608 10:00:19.475021 26444 tablet_bootstrap.cc:492] T c2c449477f5c41189eed9d15e6184680 P 4b70c74f96584362904f17264e625164: No bootstrap required, opened a new log
I20260608 10:00:19.476153 26444 ts_tablet_manager.cc:1403] T c2c449477f5c41189eed9d15e6184680 P 4b70c74f96584362904f17264e625164: Time spent bootstrapping tablet: real 0.036s	user 0.025s	sys 0.008s
I20260608 10:00:19.478749 26445 tablet_bootstrap.cc:654] T c2c449477f5c41189eed9d15e6184680 P b51b6a19e83a4292a5c3de35d5f31485: Neither blocks nor log segments found. Creating new log.
I20260608 10:00:19.479300 26444 raft_consensus.cc:359] T c2c449477f5c41189eed9d15e6184680 P 4b70c74f96584362904f17264e625164 [term 0 FOLLOWER]: Replica starting. Triggering 0 pending ops. Active config: opid_index: -1 OBSOLETE_local: false peers { permanent_uuid: "4b70c74f96584362904f17264e625164" member_type: VOTER last_known_addr { host: "127.23.234.3" port: 33635 } } peers { permanent_uuid: "b51b6a19e83a4292a5c3de35d5f31485" member_type: VOTER last_known_addr { host: "127.23.234.2" port: 32811 } } peers { permanent_uuid: "7ae9c8d5a00f42e58f1d634ee1abc71a" member_type: VOTER last_known_addr { host: "127.23.234.1" port: 45979 } }
I20260608 10:00:19.480070 26444 raft_consensus.cc:385] T c2c449477f5c41189eed9d15e6184680 P 4b70c74f96584362904f17264e625164 [term 0 FOLLOWER]: Consensus starting up: Expiring failure detector timer to make a prompt election more likely
I20260608 10:00:19.480383 26444 raft_consensus.cc:740] T c2c449477f5c41189eed9d15e6184680 P 4b70c74f96584362904f17264e625164 [term 0 FOLLOWER]: Becoming Follower/Learner. State: Replica: 4b70c74f96584362904f17264e625164, State: Initialized, Role: FOLLOWER
I20260608 10:00:19.481179 26444 consensus_queue.cc:260] T c2c449477f5c41189eed9d15e6184680 P 4b70c74f96584362904f17264e625164 [NON_LEADER]: Queue going to NON_LEADER mode. State: All replicated index: 0, Majority replicated index: 0, Committed index: 0, Last appended: 0.0, Last appended by leader: 0, Current term: 0, Majority size: -1, State: 0, Mode: NON_LEADER, active raft config: opid_index: -1 OBSOLETE_local: false peers { permanent_uuid: "4b70c74f96584362904f17264e625164" member_type: VOTER last_known_addr { host: "127.23.234.3" port: 33635 } } peers { permanent_uuid: "b51b6a19e83a4292a5c3de35d5f31485" member_type: VOTER last_known_addr { host: "127.23.234.2" port: 32811 } } peers { permanent_uuid: "7ae9c8d5a00f42e58f1d634ee1abc71a" member_type: VOTER last_known_addr { host: "127.23.234.1" port: 45979 } }
I20260608 10:00:19.482090 26447 tablet_bootstrap.cc:654] T 311cd1759939485d89ffe3ef19084f08 P 7ae9c8d5a00f42e58f1d634ee1abc71a: Neither blocks nor log segments found. Creating new log.
I20260608 10:00:19.483734 26445 tablet_bootstrap.cc:492] T c2c449477f5c41189eed9d15e6184680 P b51b6a19e83a4292a5c3de35d5f31485: No bootstrap required, opened a new log
I20260608 10:00:19.484222 26444 ts_tablet_manager.cc:1434] T c2c449477f5c41189eed9d15e6184680 P 4b70c74f96584362904f17264e625164: Time spent starting tablet: real 0.008s	user 0.000s	sys 0.007s
I20260608 10:00:19.484258 26445 ts_tablet_manager.cc:1403] T c2c449477f5c41189eed9d15e6184680 P b51b6a19e83a4292a5c3de35d5f31485: Time spent bootstrapping tablet: real 0.013s	user 0.011s	sys 0.000s
I20260608 10:00:19.485527 26444 tablet_bootstrap.cc:492] T 311cd1759939485d89ffe3ef19084f08 P 4b70c74f96584362904f17264e625164: Bootstrap starting.
I20260608 10:00:19.487826 26445 raft_consensus.cc:359] T c2c449477f5c41189eed9d15e6184680 P b51b6a19e83a4292a5c3de35d5f31485 [term 0 FOLLOWER]: Replica starting. Triggering 0 pending ops. Active config: opid_index: -1 OBSOLETE_local: false peers { permanent_uuid: "4b70c74f96584362904f17264e625164" member_type: VOTER last_known_addr { host: "127.23.234.3" port: 33635 } } peers { permanent_uuid: "b51b6a19e83a4292a5c3de35d5f31485" member_type: VOTER last_known_addr { host: "127.23.234.2" port: 32811 } } peers { permanent_uuid: "7ae9c8d5a00f42e58f1d634ee1abc71a" member_type: VOTER last_known_addr { host: "127.23.234.1" port: 45979 } }
I20260608 10:00:19.488370 26447 tablet_bootstrap.cc:492] T 311cd1759939485d89ffe3ef19084f08 P 7ae9c8d5a00f42e58f1d634ee1abc71a: No bootstrap required, opened a new log
I20260608 10:00:19.488612 26445 raft_consensus.cc:385] T c2c449477f5c41189eed9d15e6184680 P b51b6a19e83a4292a5c3de35d5f31485 [term 0 FOLLOWER]: Consensus starting up: Expiring failure detector timer to make a prompt election more likely
I20260608 10:00:19.488869 26447 ts_tablet_manager.cc:1403] T 311cd1759939485d89ffe3ef19084f08 P 7ae9c8d5a00f42e58f1d634ee1abc71a: Time spent bootstrapping tablet: real 0.014s	user 0.006s	sys 0.007s
I20260608 10:00:19.488970 26445 raft_consensus.cc:740] T c2c449477f5c41189eed9d15e6184680 P b51b6a19e83a4292a5c3de35d5f31485 [term 0 FOLLOWER]: Becoming Follower/Learner. State: Replica: b51b6a19e83a4292a5c3de35d5f31485, State: Initialized, Role: FOLLOWER
I20260608 10:00:19.490085 26445 consensus_queue.cc:260] T c2c449477f5c41189eed9d15e6184680 P b51b6a19e83a4292a5c3de35d5f31485 [NON_LEADER]: Queue going to NON_LEADER mode. State: All replicated index: 0, Majority replicated index: 0, Committed index: 0, Last appended: 0.0, Last appended by leader: 0, Current term: 0, Majority size: -1, State: 0, Mode: NON_LEADER, active raft config: opid_index: -1 OBSOLETE_local: false peers { permanent_uuid: "4b70c74f96584362904f17264e625164" member_type: VOTER last_known_addr { host: "127.23.234.3" port: 33635 } } peers { permanent_uuid: "b51b6a19e83a4292a5c3de35d5f31485" member_type: VOTER last_known_addr { host: "127.23.234.2" port: 32811 } } peers { permanent_uuid: "7ae9c8d5a00f42e58f1d634ee1abc71a" member_type: VOTER last_known_addr { host: "127.23.234.1" port: 45979 } }
I20260608 10:00:19.492369 26444 tablet_bootstrap.cc:654] T 311cd1759939485d89ffe3ef19084f08 P 4b70c74f96584362904f17264e625164: Neither blocks nor log segments found. Creating new log.
I20260608 10:00:19.491999 26447 raft_consensus.cc:359] T 311cd1759939485d89ffe3ef19084f08 P 7ae9c8d5a00f42e58f1d634ee1abc71a [term 0 FOLLOWER]: Replica starting. Triggering 0 pending ops. Active config: opid_index: -1 OBSOLETE_local: false peers { permanent_uuid: "7ae9c8d5a00f42e58f1d634ee1abc71a" member_type: VOTER last_known_addr { host: "127.23.234.1" port: 45979 } } peers { permanent_uuid: "b51b6a19e83a4292a5c3de35d5f31485" member_type: VOTER last_known_addr { host: "127.23.234.2" port: 32811 } } peers { permanent_uuid: "4b70c74f96584362904f17264e625164" member_type: VOTER last_known_addr { host: "127.23.234.3" port: 33635 } }
I20260608 10:00:19.493027 26447 raft_consensus.cc:385] T 311cd1759939485d89ffe3ef19084f08 P 7ae9c8d5a00f42e58f1d634ee1abc71a [term 0 FOLLOWER]: Consensus starting up: Expiring failure detector timer to make a prompt election more likely
I20260608 10:00:19.493449 26447 raft_consensus.cc:740] T 311cd1759939485d89ffe3ef19084f08 P 7ae9c8d5a00f42e58f1d634ee1abc71a [term 0 FOLLOWER]: Becoming Follower/Learner. State: Replica: 7ae9c8d5a00f42e58f1d634ee1abc71a, State: Initialized, Role: FOLLOWER
I20260608 10:00:19.494670 26447 consensus_queue.cc:260] T 311cd1759939485d89ffe3ef19084f08 P 7ae9c8d5a00f42e58f1d634ee1abc71a [NON_LEADER]: Queue going to NON_LEADER mode. State: All replicated index: 0, Majority replicated index: 0, Committed index: 0, Last appended: 0.0, Last appended by leader: 0, Current term: 0, Majority size: -1, State: 0, Mode: NON_LEADER, active raft config: opid_index: -1 OBSOLETE_local: false peers { permanent_uuid: "7ae9c8d5a00f42e58f1d634ee1abc71a" member_type: VOTER last_known_addr { host: "127.23.234.1" port: 45979 } } peers { permanent_uuid: "b51b6a19e83a4292a5c3de35d5f31485" member_type: VOTER last_known_addr { host: "127.23.234.2" port: 32811 } } peers { permanent_uuid: "4b70c74f96584362904f17264e625164" member_type: VOTER last_known_addr { host: "127.23.234.3" port: 33635 } }
I20260608 10:00:19.500276 26445 ts_tablet_manager.cc:1434] T c2c449477f5c41189eed9d15e6184680 P b51b6a19e83a4292a5c3de35d5f31485: Time spent starting tablet: real 0.015s	user 0.007s	sys 0.005s
I20260608 10:00:19.503216 26447 ts_tablet_manager.cc:1434] T 311cd1759939485d89ffe3ef19084f08 P 7ae9c8d5a00f42e58f1d634ee1abc71a: Time spent starting tablet: real 0.014s	user 0.011s	sys 0.002s
I20260608 10:00:19.503940 26444 tablet_bootstrap.cc:492] T 311cd1759939485d89ffe3ef19084f08 P 4b70c74f96584362904f17264e625164: No bootstrap required, opened a new log
I20260608 10:00:19.504163 26447 tablet_bootstrap.cc:492] T c2c449477f5c41189eed9d15e6184680 P 7ae9c8d5a00f42e58f1d634ee1abc71a: Bootstrap starting.
I20260608 10:00:19.504982 26445 tablet_bootstrap.cc:492] T 311cd1759939485d89ffe3ef19084f08 P b51b6a19e83a4292a5c3de35d5f31485: Bootstrap starting.
I20260608 10:00:19.505913 26444 ts_tablet_manager.cc:1403] T 311cd1759939485d89ffe3ef19084f08 P 4b70c74f96584362904f17264e625164: Time spent bootstrapping tablet: real 0.021s	user 0.014s	sys 0.004s
I20260608 10:00:19.509037 26444 raft_consensus.cc:359] T 311cd1759939485d89ffe3ef19084f08 P 4b70c74f96584362904f17264e625164 [term 0 FOLLOWER]: Replica starting. Triggering 0 pending ops. Active config: opid_index: -1 OBSOLETE_local: false peers { permanent_uuid: "7ae9c8d5a00f42e58f1d634ee1abc71a" member_type: VOTER last_known_addr { host: "127.23.234.1" port: 45979 } } peers { permanent_uuid: "b51b6a19e83a4292a5c3de35d5f31485" member_type: VOTER last_known_addr { host: "127.23.234.2" port: 32811 } } peers { permanent_uuid: "4b70c74f96584362904f17264e625164" member_type: VOTER last_known_addr { host: "127.23.234.3" port: 33635 } }
I20260608 10:00:19.509794 26444 raft_consensus.cc:385] T 311cd1759939485d89ffe3ef19084f08 P 4b70c74f96584362904f17264e625164 [term 0 FOLLOWER]: Consensus starting up: Expiring failure detector timer to make a prompt election more likely
I20260608 10:00:19.510150 26444 raft_consensus.cc:740] T 311cd1759939485d89ffe3ef19084f08 P 4b70c74f96584362904f17264e625164 [term 0 FOLLOWER]: Becoming Follower/Learner. State: Replica: 4b70c74f96584362904f17264e625164, State: Initialized, Role: FOLLOWER
I20260608 10:00:19.511407 26447 tablet_bootstrap.cc:654] T c2c449477f5c41189eed9d15e6184680 P 7ae9c8d5a00f42e58f1d634ee1abc71a: Neither blocks nor log segments found. Creating new log.
I20260608 10:00:19.511044 26444 consensus_queue.cc:260] T 311cd1759939485d89ffe3ef19084f08 P 4b70c74f96584362904f17264e625164 [NON_LEADER]: Queue going to NON_LEADER mode. State: All replicated index: 0, Majority replicated index: 0, Committed index: 0, Last appended: 0.0, Last appended by leader: 0, Current term: 0, Majority size: -1, State: 0, Mode: NON_LEADER, active raft config: opid_index: -1 OBSOLETE_local: false peers { permanent_uuid: "7ae9c8d5a00f42e58f1d634ee1abc71a" member_type: VOTER last_known_addr { host: "127.23.234.1" port: 45979 } } peers { permanent_uuid: "b51b6a19e83a4292a5c3de35d5f31485" member_type: VOTER last_known_addr { host: "127.23.234.2" port: 32811 } } peers { permanent_uuid: "4b70c74f96584362904f17264e625164" member_type: VOTER last_known_addr { host: "127.23.234.3" port: 33635 } }
I20260608 10:00:19.511734 26445 tablet_bootstrap.cc:654] T 311cd1759939485d89ffe3ef19084f08 P b51b6a19e83a4292a5c3de35d5f31485: Neither blocks nor log segments found. Creating new log.
I20260608 10:00:19.513433 26444 ts_tablet_manager.cc:1434] T 311cd1759939485d89ffe3ef19084f08 P 4b70c74f96584362904f17264e625164: Time spent starting tablet: real 0.007s	user 0.004s	sys 0.001s
I20260608 10:00:19.526067 26447 tablet_bootstrap.cc:492] T c2c449477f5c41189eed9d15e6184680 P 7ae9c8d5a00f42e58f1d634ee1abc71a: No bootstrap required, opened a new log
I20260608 10:00:19.526485 26445 tablet_bootstrap.cc:492] T 311cd1759939485d89ffe3ef19084f08 P b51b6a19e83a4292a5c3de35d5f31485: No bootstrap required, opened a new log
I20260608 10:00:19.526496 26447 ts_tablet_manager.cc:1403] T c2c449477f5c41189eed9d15e6184680 P 7ae9c8d5a00f42e58f1d634ee1abc71a: Time spent bootstrapping tablet: real 0.023s	user 0.016s	sys 0.001s
I20260608 10:00:19.527053 26445 ts_tablet_manager.cc:1403] T 311cd1759939485d89ffe3ef19084f08 P b51b6a19e83a4292a5c3de35d5f31485: Time spent bootstrapping tablet: real 0.022s	user 0.006s	sys 0.013s
I20260608 10:00:19.528987 26447 raft_consensus.cc:359] T c2c449477f5c41189eed9d15e6184680 P 7ae9c8d5a00f42e58f1d634ee1abc71a [term 0 FOLLOWER]: Replica starting. Triggering 0 pending ops. Active config: opid_index: -1 OBSOLETE_local: false peers { permanent_uuid: "4b70c74f96584362904f17264e625164" member_type: VOTER last_known_addr { host: "127.23.234.3" port: 33635 } } peers { permanent_uuid: "b51b6a19e83a4292a5c3de35d5f31485" member_type: VOTER last_known_addr { host: "127.23.234.2" port: 32811 } } peers { permanent_uuid: "7ae9c8d5a00f42e58f1d634ee1abc71a" member_type: VOTER last_known_addr { host: "127.23.234.1" port: 45979 } }
I20260608 10:00:19.529204 26445 raft_consensus.cc:359] T 311cd1759939485d89ffe3ef19084f08 P b51b6a19e83a4292a5c3de35d5f31485 [term 0 FOLLOWER]: Replica starting. Triggering 0 pending ops. Active config: opid_index: -1 OBSOLETE_local: false peers { permanent_uuid: "7ae9c8d5a00f42e58f1d634ee1abc71a" member_type: VOTER last_known_addr { host: "127.23.234.1" port: 45979 } } peers { permanent_uuid: "b51b6a19e83a4292a5c3de35d5f31485" member_type: VOTER last_known_addr { host: "127.23.234.2" port: 32811 } } peers { permanent_uuid: "4b70c74f96584362904f17264e625164" member_type: VOTER last_known_addr { host: "127.23.234.3" port: 33635 } }
I20260608 10:00:19.529531 26447 raft_consensus.cc:385] T c2c449477f5c41189eed9d15e6184680 P 7ae9c8d5a00f42e58f1d634ee1abc71a [term 0 FOLLOWER]: Consensus starting up: Expiring failure detector timer to make a prompt election more likely
I20260608 10:00:19.529853 26445 raft_consensus.cc:385] T 311cd1759939485d89ffe3ef19084f08 P b51b6a19e83a4292a5c3de35d5f31485 [term 0 FOLLOWER]: Consensus starting up: Expiring failure detector timer to make a prompt election more likely
I20260608 10:00:19.529873 26447 raft_consensus.cc:740] T c2c449477f5c41189eed9d15e6184680 P 7ae9c8d5a00f42e58f1d634ee1abc71a [term 0 FOLLOWER]: Becoming Follower/Learner. State: Replica: 7ae9c8d5a00f42e58f1d634ee1abc71a, State: Initialized, Role: FOLLOWER
I20260608 10:00:19.530304 26445 raft_consensus.cc:740] T 311cd1759939485d89ffe3ef19084f08 P b51b6a19e83a4292a5c3de35d5f31485 [term 0 FOLLOWER]: Becoming Follower/Learner. State: Replica: b51b6a19e83a4292a5c3de35d5f31485, State: Initialized, Role: FOLLOWER
I20260608 10:00:19.530787 26447 consensus_queue.cc:260] T c2c449477f5c41189eed9d15e6184680 P 7ae9c8d5a00f42e58f1d634ee1abc71a [NON_LEADER]: Queue going to NON_LEADER mode. State: All replicated index: 0, Majority replicated index: 0, Committed index: 0, Last appended: 0.0, Last appended by leader: 0, Current term: 0, Majority size: -1, State: 0, Mode: NON_LEADER, active raft config: opid_index: -1 OBSOLETE_local: false peers { permanent_uuid: "4b70c74f96584362904f17264e625164" member_type: VOTER last_known_addr { host: "127.23.234.3" port: 33635 } } peers { permanent_uuid: "b51b6a19e83a4292a5c3de35d5f31485" member_type: VOTER last_known_addr { host: "127.23.234.2" port: 32811 } } peers { permanent_uuid: "7ae9c8d5a00f42e58f1d634ee1abc71a" member_type: VOTER last_known_addr { host: "127.23.234.1" port: 45979 } }
I20260608 10:00:19.530998 26445 consensus_queue.cc:260] T 311cd1759939485d89ffe3ef19084f08 P b51b6a19e83a4292a5c3de35d5f31485 [NON_LEADER]: Queue going to NON_LEADER mode. State: All replicated index: 0, Majority replicated index: 0, Committed index: 0, Last appended: 0.0, Last appended by leader: 0, Current term: 0, Majority size: -1, State: 0, Mode: NON_LEADER, active raft config: opid_index: -1 OBSOLETE_local: false peers { permanent_uuid: "7ae9c8d5a00f42e58f1d634ee1abc71a" member_type: VOTER last_known_addr { host: "127.23.234.1" port: 45979 } } peers { permanent_uuid: "b51b6a19e83a4292a5c3de35d5f31485" member_type: VOTER last_known_addr { host: "127.23.234.2" port: 32811 } } peers { permanent_uuid: "4b70c74f96584362904f17264e625164" member_type: VOTER last_known_addr { host: "127.23.234.3" port: 33635 } }
I20260608 10:00:19.532661 26445 ts_tablet_manager.cc:1434] T 311cd1759939485d89ffe3ef19084f08 P b51b6a19e83a4292a5c3de35d5f31485: Time spent starting tablet: real 0.005s	user 0.004s	sys 0.000s
I20260608 10:00:19.532805 26447 ts_tablet_manager.cc:1434] T c2c449477f5c41189eed9d15e6184680 P 7ae9c8d5a00f42e58f1d634ee1abc71a: Time spent starting tablet: real 0.006s	user 0.002s	sys 0.001s
I20260608 10:00:19.610009 26453 raft_consensus.cc:493] T c2c449477f5c41189eed9d15e6184680 P 7ae9c8d5a00f42e58f1d634ee1abc71a [term 0 FOLLOWER]: Starting pre-election (no leader contacted us within the election timeout)
I20260608 10:00:19.610433 26453 raft_consensus.cc:515] T c2c449477f5c41189eed9d15e6184680 P 7ae9c8d5a00f42e58f1d634ee1abc71a [term 0 FOLLOWER]: Starting pre-election with config: opid_index: -1 OBSOLETE_local: false peers { permanent_uuid: "4b70c74f96584362904f17264e625164" member_type: VOTER last_known_addr { host: "127.23.234.3" port: 33635 } } peers { permanent_uuid: "b51b6a19e83a4292a5c3de35d5f31485" member_type: VOTER last_known_addr { host: "127.23.234.2" port: 32811 } } peers { permanent_uuid: "7ae9c8d5a00f42e58f1d634ee1abc71a" member_type: VOTER last_known_addr { host: "127.23.234.1" port: 45979 } }
I20260608 10:00:19.612551 26453 leader_election.cc:290] T c2c449477f5c41189eed9d15e6184680 P 7ae9c8d5a00f42e58f1d634ee1abc71a [CANDIDATE]: Term 1 pre-election: Requested pre-vote from peers 4b70c74f96584362904f17264e625164 (127.23.234.3:33635), b51b6a19e83a4292a5c3de35d5f31485 (127.23.234.2:32811)
I20260608 10:00:19.622961 26399 tablet_service.cc:1917] Received RequestConsensusVote() RPC: tablet_id: "c2c449477f5c41189eed9d15e6184680" candidate_uuid: "7ae9c8d5a00f42e58f1d634ee1abc71a" candidate_term: 1 candidate_status { last_received { term: 0 index: 0 } } ignore_live_leader: false dest_uuid: "4b70c74f96584362904f17264e625164" is_pre_election: true
I20260608 10:00:19.623742 26399 raft_consensus.cc:2468] T c2c449477f5c41189eed9d15e6184680 P 4b70c74f96584362904f17264e625164 [term 0 FOLLOWER]: Leader pre-election vote request: Granting yes vote for candidate 7ae9c8d5a00f42e58f1d634ee1abc71a in term 0.
I20260608 10:00:19.624603 26325 tablet_service.cc:1917] Received RequestConsensusVote() RPC: tablet_id: "c2c449477f5c41189eed9d15e6184680" candidate_uuid: "7ae9c8d5a00f42e58f1d634ee1abc71a" candidate_term: 1 candidate_status { last_received { term: 0 index: 0 } } ignore_live_leader: false dest_uuid: "b51b6a19e83a4292a5c3de35d5f31485" is_pre_election: true
I20260608 10:00:19.624994 26216 leader_election.cc:304] T c2c449477f5c41189eed9d15e6184680 P 7ae9c8d5a00f42e58f1d634ee1abc71a [CANDIDATE]: Term 1 pre-election: Election decided. Result: candidate won. Election summary: received 2 responses out of 3 voters: 2 yes votes; 0 no votes. yes voters: 4b70c74f96584362904f17264e625164, 7ae9c8d5a00f42e58f1d634ee1abc71a; no voters: 
I20260608 10:00:19.625202 26325 raft_consensus.cc:2468] T c2c449477f5c41189eed9d15e6184680 P b51b6a19e83a4292a5c3de35d5f31485 [term 0 FOLLOWER]: Leader pre-election vote request: Granting yes vote for candidate 7ae9c8d5a00f42e58f1d634ee1abc71a in term 0.
I20260608 10:00:19.625763 26453 raft_consensus.cc:2804] T c2c449477f5c41189eed9d15e6184680 P 7ae9c8d5a00f42e58f1d634ee1abc71a [term 0 FOLLOWER]: Leader pre-election won for term 1
I20260608 10:00:19.626161 26453 raft_consensus.cc:493] T c2c449477f5c41189eed9d15e6184680 P 7ae9c8d5a00f42e58f1d634ee1abc71a [term 0 FOLLOWER]: Starting leader election (no leader contacted us within the election timeout)
I20260608 10:00:19.626480 26453 raft_consensus.cc:3060] T c2c449477f5c41189eed9d15e6184680 P 7ae9c8d5a00f42e58f1d634ee1abc71a [term 0 FOLLOWER]: Advancing to term 1
I20260608 10:00:19.631035 26453 raft_consensus.cc:515] T c2c449477f5c41189eed9d15e6184680 P 7ae9c8d5a00f42e58f1d634ee1abc71a [term 1 FOLLOWER]: Starting leader election with config: opid_index: -1 OBSOLETE_local: false peers { permanent_uuid: "4b70c74f96584362904f17264e625164" member_type: VOTER last_known_addr { host: "127.23.234.3" port: 33635 } } peers { permanent_uuid: "b51b6a19e83a4292a5c3de35d5f31485" member_type: VOTER last_known_addr { host: "127.23.234.2" port: 32811 } } peers { permanent_uuid: "7ae9c8d5a00f42e58f1d634ee1abc71a" member_type: VOTER last_known_addr { host: "127.23.234.1" port: 45979 } }
I20260608 10:00:19.632738 26453 leader_election.cc:290] T c2c449477f5c41189eed9d15e6184680 P 7ae9c8d5a00f42e58f1d634ee1abc71a [CANDIDATE]: Term 1 election: Requested vote from peers 4b70c74f96584362904f17264e625164 (127.23.234.3:33635), b51b6a19e83a4292a5c3de35d5f31485 (127.23.234.2:32811)
I20260608 10:00:19.633392 26399 tablet_service.cc:1917] Received RequestConsensusVote() RPC: tablet_id: "c2c449477f5c41189eed9d15e6184680" candidate_uuid: "7ae9c8d5a00f42e58f1d634ee1abc71a" candidate_term: 1 candidate_status { last_received { term: 0 index: 0 } } ignore_live_leader: false dest_uuid: "4b70c74f96584362904f17264e625164"
I20260608 10:00:19.633541 26325 tablet_service.cc:1917] Received RequestConsensusVote() RPC: tablet_id: "c2c449477f5c41189eed9d15e6184680" candidate_uuid: "7ae9c8d5a00f42e58f1d634ee1abc71a" candidate_term: 1 candidate_status { last_received { term: 0 index: 0 } } ignore_live_leader: false dest_uuid: "b51b6a19e83a4292a5c3de35d5f31485"
I20260608 10:00:19.633891 26399 raft_consensus.cc:3060] T c2c449477f5c41189eed9d15e6184680 P 4b70c74f96584362904f17264e625164 [term 0 FOLLOWER]: Advancing to term 1
I20260608 10:00:19.634073 26325 raft_consensus.cc:3060] T c2c449477f5c41189eed9d15e6184680 P b51b6a19e83a4292a5c3de35d5f31485 [term 0 FOLLOWER]: Advancing to term 1
I20260608 10:00:19.638319 26399 raft_consensus.cc:2468] T c2c449477f5c41189eed9d15e6184680 P 4b70c74f96584362904f17264e625164 [term 1 FOLLOWER]: Leader election vote request: Granting yes vote for candidate 7ae9c8d5a00f42e58f1d634ee1abc71a in term 1.
I20260608 10:00:19.638491 26325 raft_consensus.cc:2468] T c2c449477f5c41189eed9d15e6184680 P b51b6a19e83a4292a5c3de35d5f31485 [term 1 FOLLOWER]: Leader election vote request: Granting yes vote for candidate 7ae9c8d5a00f42e58f1d634ee1abc71a in term 1.
I20260608 10:00:19.639428 26216 leader_election.cc:304] T c2c449477f5c41189eed9d15e6184680 P 7ae9c8d5a00f42e58f1d634ee1abc71a [CANDIDATE]: Term 1 election: Election decided. Result: candidate won. Election summary: received 2 responses out of 3 voters: 2 yes votes; 0 no votes. yes voters: 4b70c74f96584362904f17264e625164, 7ae9c8d5a00f42e58f1d634ee1abc71a; no voters: 
I20260608 10:00:19.640084 26453 raft_consensus.cc:2804] T c2c449477f5c41189eed9d15e6184680 P 7ae9c8d5a00f42e58f1d634ee1abc71a [term 1 FOLLOWER]: Leader election won for term 1
I20260608 10:00:19.641098 26453 raft_consensus.cc:697] T c2c449477f5c41189eed9d15e6184680 P 7ae9c8d5a00f42e58f1d634ee1abc71a [term 1 LEADER]: Becoming Leader. State: Replica: 7ae9c8d5a00f42e58f1d634ee1abc71a, State: Running, Role: LEADER
I20260608 10:00:19.641906 26453 consensus_queue.cc:237] T c2c449477f5c41189eed9d15e6184680 P 7ae9c8d5a00f42e58f1d634ee1abc71a [LEADER]: Queue going to LEADER mode. State: All replicated index: 0, Majority replicated index: 0, Committed index: 0, Last appended: 0.0, Last appended by leader: 0, Current term: 1, Majority size: 2, State: 0, Mode: LEADER, active raft config: opid_index: -1 OBSOLETE_local: false peers { permanent_uuid: "4b70c74f96584362904f17264e625164" member_type: VOTER last_known_addr { host: "127.23.234.3" port: 33635 } } peers { permanent_uuid: "b51b6a19e83a4292a5c3de35d5f31485" member_type: VOTER last_known_addr { host: "127.23.234.2" port: 32811 } } peers { permanent_uuid: "7ae9c8d5a00f42e58f1d634ee1abc71a" member_type: VOTER last_known_addr { host: "127.23.234.1" port: 45979 } }
I20260608 10:00:19.649458 26147 catalog_manager.cc:5696] T c2c449477f5c41189eed9d15e6184680 P 7ae9c8d5a00f42e58f1d634ee1abc71a reported cstate change: term changed from 0 to 1, leader changed from <none> to 7ae9c8d5a00f42e58f1d634ee1abc71a (127.23.234.1). New cstate: current_term: 1 leader_uuid: "7ae9c8d5a00f42e58f1d634ee1abc71a" committed_config { opid_index: -1 OBSOLETE_local: false peers { permanent_uuid: "4b70c74f96584362904f17264e625164" member_type: VOTER last_known_addr { host: "127.23.234.3" port: 33635 } health_report { overall_health: UNKNOWN } } peers { permanent_uuid: "b51b6a19e83a4292a5c3de35d5f31485" member_type: VOTER last_known_addr { host: "127.23.234.2" port: 32811 } health_report { overall_health: UNKNOWN } } peers { permanent_uuid: "7ae9c8d5a00f42e58f1d634ee1abc71a" member_type: VOTER last_known_addr { host: "127.23.234.1" port: 45979 } health_report { overall_health: HEALTHY } } }
I20260608 10:00:19.703138 26453 raft_consensus.cc:493] T 311cd1759939485d89ffe3ef19084f08 P 7ae9c8d5a00f42e58f1d634ee1abc71a [term 0 FOLLOWER]: Starting pre-election (no leader contacted us within the election timeout)
I20260608 10:00:19.703583 26453 raft_consensus.cc:515] T 311cd1759939485d89ffe3ef19084f08 P 7ae9c8d5a00f42e58f1d634ee1abc71a [term 0 FOLLOWER]: Starting pre-election with config: opid_index: -1 OBSOLETE_local: false peers { permanent_uuid: "7ae9c8d5a00f42e58f1d634ee1abc71a" member_type: VOTER last_known_addr { host: "127.23.234.1" port: 45979 } } peers { permanent_uuid: "b51b6a19e83a4292a5c3de35d5f31485" member_type: VOTER last_known_addr { host: "127.23.234.2" port: 32811 } } peers { permanent_uuid: "4b70c74f96584362904f17264e625164" member_type: VOTER last_known_addr { host: "127.23.234.3" port: 33635 } }
I20260608 10:00:19.705153 26453 leader_election.cc:290] T 311cd1759939485d89ffe3ef19084f08 P 7ae9c8d5a00f42e58f1d634ee1abc71a [CANDIDATE]: Term 1 pre-election: Requested pre-vote from peers b51b6a19e83a4292a5c3de35d5f31485 (127.23.234.2:32811), 4b70c74f96584362904f17264e625164 (127.23.234.3:33635)
I20260608 10:00:19.705953 26325 tablet_service.cc:1917] Received RequestConsensusVote() RPC: tablet_id: "311cd1759939485d89ffe3ef19084f08" candidate_uuid: "7ae9c8d5a00f42e58f1d634ee1abc71a" candidate_term: 1 candidate_status { last_received { term: 0 index: 0 } } ignore_live_leader: false dest_uuid: "b51b6a19e83a4292a5c3de35d5f31485" is_pre_election: true
I20260608 10:00:19.706215 26399 tablet_service.cc:1917] Received RequestConsensusVote() RPC: tablet_id: "311cd1759939485d89ffe3ef19084f08" candidate_uuid: "7ae9c8d5a00f42e58f1d634ee1abc71a" candidate_term: 1 candidate_status { last_received { term: 0 index: 0 } } ignore_live_leader: false dest_uuid: "4b70c74f96584362904f17264e625164" is_pre_election: true
I20260608 10:00:19.706450 26325 raft_consensus.cc:2468] T 311cd1759939485d89ffe3ef19084f08 P b51b6a19e83a4292a5c3de35d5f31485 [term 0 FOLLOWER]: Leader pre-election vote request: Granting yes vote for candidate 7ae9c8d5a00f42e58f1d634ee1abc71a in term 0.
I20260608 10:00:19.706807 26399 raft_consensus.cc:2468] T 311cd1759939485d89ffe3ef19084f08 P 4b70c74f96584362904f17264e625164 [term 0 FOLLOWER]: Leader pre-election vote request: Granting yes vote for candidate 7ae9c8d5a00f42e58f1d634ee1abc71a in term 0.
I20260608 10:00:19.707461 26216 leader_election.cc:304] T 311cd1759939485d89ffe3ef19084f08 P 7ae9c8d5a00f42e58f1d634ee1abc71a [CANDIDATE]: Term 1 pre-election: Election decided. Result: candidate won. Election summary: received 2 responses out of 3 voters: 2 yes votes; 0 no votes. yes voters: 7ae9c8d5a00f42e58f1d634ee1abc71a, b51b6a19e83a4292a5c3de35d5f31485; no voters: 
I20260608 10:00:19.708210 26453 raft_consensus.cc:2804] T 311cd1759939485d89ffe3ef19084f08 P 7ae9c8d5a00f42e58f1d634ee1abc71a [term 0 FOLLOWER]: Leader pre-election won for term 1
I20260608 10:00:19.708485 26453 raft_consensus.cc:493] T 311cd1759939485d89ffe3ef19084f08 P 7ae9c8d5a00f42e58f1d634ee1abc71a [term 0 FOLLOWER]: Starting leader election (no leader contacted us within the election timeout)
I20260608 10:00:19.708756 26453 raft_consensus.cc:3060] T 311cd1759939485d89ffe3ef19084f08 P 7ae9c8d5a00f42e58f1d634ee1abc71a [term 0 FOLLOWER]: Advancing to term 1
I20260608 10:00:19.713294 26453 raft_consensus.cc:515] T 311cd1759939485d89ffe3ef19084f08 P 7ae9c8d5a00f42e58f1d634ee1abc71a [term 1 FOLLOWER]: Starting leader election with config: opid_index: -1 OBSOLETE_local: false peers { permanent_uuid: "7ae9c8d5a00f42e58f1d634ee1abc71a" member_type: VOTER last_known_addr { host: "127.23.234.1" port: 45979 } } peers { permanent_uuid: "b51b6a19e83a4292a5c3de35d5f31485" member_type: VOTER last_known_addr { host: "127.23.234.2" port: 32811 } } peers { permanent_uuid: "4b70c74f96584362904f17264e625164" member_type: VOTER last_known_addr { host: "127.23.234.3" port: 33635 } }
I20260608 10:00:19.714737 26453 leader_election.cc:290] T 311cd1759939485d89ffe3ef19084f08 P 7ae9c8d5a00f42e58f1d634ee1abc71a [CANDIDATE]: Term 1 election: Requested vote from peers b51b6a19e83a4292a5c3de35d5f31485 (127.23.234.2:32811), 4b70c74f96584362904f17264e625164 (127.23.234.3:33635)
I20260608 10:00:19.715605 26325 tablet_service.cc:1917] Received RequestConsensusVote() RPC: tablet_id: "311cd1759939485d89ffe3ef19084f08" candidate_uuid: "7ae9c8d5a00f42e58f1d634ee1abc71a" candidate_term: 1 candidate_status { last_received { term: 0 index: 0 } } ignore_live_leader: false dest_uuid: "b51b6a19e83a4292a5c3de35d5f31485"
I20260608 10:00:19.715755 26399 tablet_service.cc:1917] Received RequestConsensusVote() RPC: tablet_id: "311cd1759939485d89ffe3ef19084f08" candidate_uuid: "7ae9c8d5a00f42e58f1d634ee1abc71a" candidate_term: 1 candidate_status { last_received { term: 0 index: 0 } } ignore_live_leader: false dest_uuid: "4b70c74f96584362904f17264e625164"
I20260608 10:00:19.716063 26325 raft_consensus.cc:3060] T 311cd1759939485d89ffe3ef19084f08 P b51b6a19e83a4292a5c3de35d5f31485 [term 0 FOLLOWER]: Advancing to term 1
I20260608 10:00:19.716259 26399 raft_consensus.cc:3060] T 311cd1759939485d89ffe3ef19084f08 P 4b70c74f96584362904f17264e625164 [term 0 FOLLOWER]: Advancing to term 1
I20260608 10:00:19.720561 26325 raft_consensus.cc:2468] T 311cd1759939485d89ffe3ef19084f08 P b51b6a19e83a4292a5c3de35d5f31485 [term 1 FOLLOWER]: Leader election vote request: Granting yes vote for candidate 7ae9c8d5a00f42e58f1d634ee1abc71a in term 1.
I20260608 10:00:19.720705 26399 raft_consensus.cc:2468] T 311cd1759939485d89ffe3ef19084f08 P 4b70c74f96584362904f17264e625164 [term 1 FOLLOWER]: Leader election vote request: Granting yes vote for candidate 7ae9c8d5a00f42e58f1d634ee1abc71a in term 1.
I20260608 10:00:19.721622 26216 leader_election.cc:304] T 311cd1759939485d89ffe3ef19084f08 P 7ae9c8d5a00f42e58f1d634ee1abc71a [CANDIDATE]: Term 1 election: Election decided. Result: candidate won. Election summary: received 2 responses out of 3 voters: 2 yes votes; 0 no votes. yes voters: 7ae9c8d5a00f42e58f1d634ee1abc71a, b51b6a19e83a4292a5c3de35d5f31485; no voters: 
I20260608 10:00:19.722398 26453 raft_consensus.cc:2804] T 311cd1759939485d89ffe3ef19084f08 P 7ae9c8d5a00f42e58f1d634ee1abc71a [term 1 FOLLOWER]: Leader election won for term 1
I20260608 10:00:19.722944 26453 raft_consensus.cc:697] T 311cd1759939485d89ffe3ef19084f08 P 7ae9c8d5a00f42e58f1d634ee1abc71a [term 1 LEADER]: Becoming Leader. State: Replica: 7ae9c8d5a00f42e58f1d634ee1abc71a, State: Running, Role: LEADER
I20260608 10:00:19.723750 26453 consensus_queue.cc:237] T 311cd1759939485d89ffe3ef19084f08 P 7ae9c8d5a00f42e58f1d634ee1abc71a [LEADER]: Queue going to LEADER mode. State: All replicated index: 0, Majority replicated index: 0, Committed index: 0, Last appended: 0.0, Last appended by leader: 0, Current term: 1, Majority size: 2, State: 0, Mode: LEADER, active raft config: opid_index: -1 OBSOLETE_local: false peers { permanent_uuid: "7ae9c8d5a00f42e58f1d634ee1abc71a" member_type: VOTER last_known_addr { host: "127.23.234.1" port: 45979 } } peers { permanent_uuid: "b51b6a19e83a4292a5c3de35d5f31485" member_type: VOTER last_known_addr { host: "127.23.234.2" port: 32811 } } peers { permanent_uuid: "4b70c74f96584362904f17264e625164" member_type: VOTER last_known_addr { host: "127.23.234.3" port: 33635 } }
I20260608 10:00:19.730767 26147 catalog_manager.cc:5696] T 311cd1759939485d89ffe3ef19084f08 P 7ae9c8d5a00f42e58f1d634ee1abc71a reported cstate change: term changed from 0 to 1, leader changed from <none> to 7ae9c8d5a00f42e58f1d634ee1abc71a (127.23.234.1). New cstate: current_term: 1 leader_uuid: "7ae9c8d5a00f42e58f1d634ee1abc71a" committed_config { opid_index: -1 OBSOLETE_local: false peers { permanent_uuid: "7ae9c8d5a00f42e58f1d634ee1abc71a" member_type: VOTER last_known_addr { host: "127.23.234.1" port: 45979 } health_report { overall_health: HEALTHY } } peers { permanent_uuid: "b51b6a19e83a4292a5c3de35d5f31485" member_type: VOTER last_known_addr { host: "127.23.234.2" port: 32811 } health_report { overall_health: UNKNOWN } } peers { permanent_uuid: "4b70c74f96584362904f17264e625164" member_type: VOTER last_known_addr { host: "127.23.234.3" port: 33635 } health_report { overall_health: UNKNOWN } } }
I20260608 10:00:19.930739 26201 auto_leader_rebalancer.cc:140] leader rebalance for table test-workload
I20260608 10:00:19.942653 26250 tablet_service.cc:2072] Received LeaderStepDown RPC: tablet_id: "311cd1759939485d89ffe3ef19084f08"
dest_uuid: "7ae9c8d5a00f42e58f1d634ee1abc71a"
mode: GRACEFUL
new_leader_uuid: "b51b6a19e83a4292a5c3de35d5f31485"
 from {username='slave'} at 127.0.0.1:41680
I20260608 10:00:19.943217 26250 raft_consensus.cc:606] T 311cd1759939485d89ffe3ef19084f08 P 7ae9c8d5a00f42e58f1d634ee1abc71a [term 1 LEADER]: Received request to transfer leadership to TS b51b6a19e83a4292a5c3de35d5f31485
I20260608 10:00:19.944478 26201 auto_leader_rebalancer.cc:388] table: test-workload, leader rebalance finish, leader transfer count: 1
I20260608 10:00:19.944940 26201 auto_leader_rebalancer.cc:451] All tables' leader rebalancing finished this round
I20260608 10:00:20.088328 26453 consensus_queue.cc:1048] T c2c449477f5c41189eed9d15e6184680 P 7ae9c8d5a00f42e58f1d634ee1abc71a [LEADER]: Connected to new peer: Peer: permanent_uuid: "4b70c74f96584362904f17264e625164" member_type: VOTER last_known_addr { host: "127.23.234.3" port: 33635 }, Status: LMP_MISMATCH, Last received: 0.0, Next index: 1, Last known committed idx: 0, Time since last communication: 0.000s
I20260608 10:00:20.099918 26453 consensus_queue.cc:1048] T c2c449477f5c41189eed9d15e6184680 P 7ae9c8d5a00f42e58f1d634ee1abc71a [LEADER]: Connected to new peer: Peer: permanent_uuid: "b51b6a19e83a4292a5c3de35d5f31485" member_type: VOTER last_known_addr { host: "127.23.234.2" port: 32811 }, Status: LMP_MISMATCH, Last received: 0.0, Next index: 1, Last known committed idx: 0, Time since last communication: 0.000s
I20260608 10:00:20.238951 26458 consensus_queue.cc:1048] T 311cd1759939485d89ffe3ef19084f08 P 7ae9c8d5a00f42e58f1d634ee1abc71a [LEADER]: Connected to new peer: Peer: permanent_uuid: "b51b6a19e83a4292a5c3de35d5f31485" member_type: VOTER last_known_addr { host: "127.23.234.2" port: 32811 }, Status: LMP_MISMATCH, Last received: 0.0, Next index: 1, Last known committed idx: 0, Time since last communication: 0.000s
I20260608 10:00:20.245146 26453 raft_consensus.cc:993] T 311cd1759939485d89ffe3ef19084f08 P 7ae9c8d5a00f42e58f1d634ee1abc71a: : Instructing follower b51b6a19e83a4292a5c3de35d5f31485 to start an election
I20260608 10:00:20.246253 26453 raft_consensus.cc:1081] T 311cd1759939485d89ffe3ef19084f08 P 7ae9c8d5a00f42e58f1d634ee1abc71a [term 1 LEADER]: Signalling peer b51b6a19e83a4292a5c3de35d5f31485 to start an election
I20260608 10:00:20.249171 26324 tablet_service.cc:2044] Received Run Leader Election RPC: tablet_id: "311cd1759939485d89ffe3ef19084f08"
dest_uuid: "b51b6a19e83a4292a5c3de35d5f31485"
 from {username='slave'} at 127.0.0.1:50628
I20260608 10:00:20.249855 26324 raft_consensus.cc:493] T 311cd1759939485d89ffe3ef19084f08 P b51b6a19e83a4292a5c3de35d5f31485 [term 1 FOLLOWER]: Starting forced leader election (received explicit request)
I20260608 10:00:20.250275 26324 raft_consensus.cc:3060] T 311cd1759939485d89ffe3ef19084f08 P b51b6a19e83a4292a5c3de35d5f31485 [term 1 FOLLOWER]: Advancing to term 2
I20260608 10:00:20.251518 26458 consensus_queue.cc:1048] T 311cd1759939485d89ffe3ef19084f08 P 7ae9c8d5a00f42e58f1d634ee1abc71a [LEADER]: Connected to new peer: Peer: permanent_uuid: "4b70c74f96584362904f17264e625164" member_type: VOTER last_known_addr { host: "127.23.234.3" port: 33635 }, Status: LMP_MISMATCH, Last received: 0.0, Next index: 1, Last known committed idx: 0, Time since last communication: 0.000s
I20260608 10:00:20.257731 26324 raft_consensus.cc:515] T 311cd1759939485d89ffe3ef19084f08 P b51b6a19e83a4292a5c3de35d5f31485 [term 2 FOLLOWER]: Starting forced leader election with config: opid_index: -1 OBSOLETE_local: false peers { permanent_uuid: "7ae9c8d5a00f42e58f1d634ee1abc71a" member_type: VOTER last_known_addr { host: "127.23.234.1" port: 45979 } } peers { permanent_uuid: "b51b6a19e83a4292a5c3de35d5f31485" member_type: VOTER last_known_addr { host: "127.23.234.2" port: 32811 } } peers { permanent_uuid: "4b70c74f96584362904f17264e625164" member_type: VOTER last_known_addr { host: "127.23.234.3" port: 33635 } }
I20260608 10:00:20.266424 26324 leader_election.cc:290] T 311cd1759939485d89ffe3ef19084f08 P b51b6a19e83a4292a5c3de35d5f31485 [CANDIDATE]: Term 2 election: Requested vote from peers 7ae9c8d5a00f42e58f1d634ee1abc71a (127.23.234.1:45979), 4b70c74f96584362904f17264e625164 (127.23.234.3:33635)
I20260608 10:00:20.272315 26250 tablet_service.cc:1917] Received RequestConsensusVote() RPC: tablet_id: "311cd1759939485d89ffe3ef19084f08" candidate_uuid: "b51b6a19e83a4292a5c3de35d5f31485" candidate_term: 2 candidate_status { last_received { term: 1 index: 1 } } ignore_live_leader: true dest_uuid: "7ae9c8d5a00f42e58f1d634ee1abc71a"
I20260608 10:00:20.272814 26250 raft_consensus.cc:3055] T 311cd1759939485d89ffe3ef19084f08 P 7ae9c8d5a00f42e58f1d634ee1abc71a [term 1 LEADER]: Stepping down as leader of term 1
I20260608 10:00:20.273105 26250 raft_consensus.cc:740] T 311cd1759939485d89ffe3ef19084f08 P 7ae9c8d5a00f42e58f1d634ee1abc71a [term 1 LEADER]: Becoming Follower/Learner. State: Replica: 7ae9c8d5a00f42e58f1d634ee1abc71a, State: Running, Role: LEADER
I20260608 10:00:20.273914 26250 consensus_queue.cc:260] T 311cd1759939485d89ffe3ef19084f08 P 7ae9c8d5a00f42e58f1d634ee1abc71a [NON_LEADER]: Queue going to NON_LEADER mode. State: All replicated index: 0, Majority replicated index: 1, Committed index: 1, Last appended: 1.1, Last appended by leader: 1, Current term: 1, Majority size: -1, State: 0, Mode: NON_LEADER, active raft config: opid_index: -1 OBSOLETE_local: false peers { permanent_uuid: "7ae9c8d5a00f42e58f1d634ee1abc71a" member_type: VOTER last_known_addr { host: "127.23.234.1" port: 45979 } } peers { permanent_uuid: "b51b6a19e83a4292a5c3de35d5f31485" member_type: VOTER last_known_addr { host: "127.23.234.2" port: 32811 } } peers { permanent_uuid: "4b70c74f96584362904f17264e625164" member_type: VOTER last_known_addr { host: "127.23.234.3" port: 33635 } }
I20260608 10:00:20.274981 26250 raft_consensus.cc:3060] T 311cd1759939485d89ffe3ef19084f08 P 7ae9c8d5a00f42e58f1d634ee1abc71a [term 1 FOLLOWER]: Advancing to term 2
I20260608 10:00:20.276134 26399 tablet_service.cc:1917] Received RequestConsensusVote() RPC: tablet_id: "311cd1759939485d89ffe3ef19084f08" candidate_uuid: "b51b6a19e83a4292a5c3de35d5f31485" candidate_term: 2 candidate_status { last_received { term: 1 index: 1 } } ignore_live_leader: true dest_uuid: "4b70c74f96584362904f17264e625164"
I20260608 10:00:20.276733 26399 raft_consensus.cc:3060] T 311cd1759939485d89ffe3ef19084f08 P 4b70c74f96584362904f17264e625164 [term 1 FOLLOWER]: Advancing to term 2
I20260608 10:00:20.281162 26250 raft_consensus.cc:2468] T 311cd1759939485d89ffe3ef19084f08 P 7ae9c8d5a00f42e58f1d634ee1abc71a [term 2 FOLLOWER]: Leader election vote request: Granting yes vote for candidate b51b6a19e83a4292a5c3de35d5f31485 in term 2.
I20260608 10:00:20.281719 26399 raft_consensus.cc:2468] T 311cd1759939485d89ffe3ef19084f08 P 4b70c74f96584362904f17264e625164 [term 2 FOLLOWER]: Leader election vote request: Granting yes vote for candidate b51b6a19e83a4292a5c3de35d5f31485 in term 2.
I20260608 10:00:20.282387 26290 leader_election.cc:304] T 311cd1759939485d89ffe3ef19084f08 P b51b6a19e83a4292a5c3de35d5f31485 [CANDIDATE]: Term 2 election: Election decided. Result: candidate won. Election summary: received 2 responses out of 3 voters: 2 yes votes; 0 no votes. yes voters: 7ae9c8d5a00f42e58f1d634ee1abc71a, b51b6a19e83a4292a5c3de35d5f31485; no voters: 
I20260608 10:00:20.283363 26467 raft_consensus.cc:2804] T 311cd1759939485d89ffe3ef19084f08 P b51b6a19e83a4292a5c3de35d5f31485 [term 2 FOLLOWER]: Leader election won for term 2
I20260608 10:00:20.284492 26467 raft_consensus.cc:697] T 311cd1759939485d89ffe3ef19084f08 P b51b6a19e83a4292a5c3de35d5f31485 [term 2 LEADER]: Becoming Leader. State: Replica: b51b6a19e83a4292a5c3de35d5f31485, State: Running, Role: LEADER
I20260608 10:00:20.285167 26467 consensus_queue.cc:237] T 311cd1759939485d89ffe3ef19084f08 P b51b6a19e83a4292a5c3de35d5f31485 [LEADER]: Queue going to LEADER mode. State: All replicated index: 0, Majority replicated index: 1, Committed index: 1, Last appended: 1.1, Last appended by leader: 1, Current term: 2, Majority size: 2, State: 0, Mode: LEADER, active raft config: opid_index: -1 OBSOLETE_local: false peers { permanent_uuid: "7ae9c8d5a00f42e58f1d634ee1abc71a" member_type: VOTER last_known_addr { host: "127.23.234.1" port: 45979 } } peers { permanent_uuid: "b51b6a19e83a4292a5c3de35d5f31485" member_type: VOTER last_known_addr { host: "127.23.234.2" port: 32811 } } peers { permanent_uuid: "4b70c74f96584362904f17264e625164" member_type: VOTER last_known_addr { host: "127.23.234.3" port: 33635 } }
I20260608 10:00:20.290735 26148 catalog_manager.cc:5696] T 311cd1759939485d89ffe3ef19084f08 P b51b6a19e83a4292a5c3de35d5f31485 reported cstate change: term changed from 1 to 2, leader changed from 7ae9c8d5a00f42e58f1d634ee1abc71a (127.23.234.1) to b51b6a19e83a4292a5c3de35d5f31485 (127.23.234.2). New cstate: current_term: 2 leader_uuid: "b51b6a19e83a4292a5c3de35d5f31485" committed_config { opid_index: -1 OBSOLETE_local: false peers { permanent_uuid: "7ae9c8d5a00f42e58f1d634ee1abc71a" member_type: VOTER last_known_addr { host: "127.23.234.1" port: 45979 } health_report { overall_health: UNKNOWN } } peers { permanent_uuid: "b51b6a19e83a4292a5c3de35d5f31485" member_type: VOTER last_known_addr { host: "127.23.234.2" port: 32811 } health_report { overall_health: HEALTHY } } peers { permanent_uuid: "4b70c74f96584362904f17264e625164" member_type: VOTER last_known_addr { host: "127.23.234.3" port: 33635 } health_report { overall_health: UNKNOWN } } }
I20260608 10:00:20.724314 26250 raft_consensus.cc:1275] T 311cd1759939485d89ffe3ef19084f08 P 7ae9c8d5a00f42e58f1d634ee1abc71a [term 2 FOLLOWER]: Refusing update from remote peer b51b6a19e83a4292a5c3de35d5f31485: Log matching property violated. Preceding OpId in replica: term: 1 index: 1. Preceding OpId from leader: term: 2 index: 2. (index mismatch)
I20260608 10:00:20.725703 26467 consensus_queue.cc:1048] T 311cd1759939485d89ffe3ef19084f08 P b51b6a19e83a4292a5c3de35d5f31485 [LEADER]: Connected to new peer: Peer: permanent_uuid: "7ae9c8d5a00f42e58f1d634ee1abc71a" member_type: VOTER last_known_addr { host: "127.23.234.1" port: 45979 }, Status: LMP_MISMATCH, Last received: 0.0, Next index: 2, Last known committed idx: 1, Time since last communication: 0.000s
I20260608 10:00:20.733915 26399 raft_consensus.cc:1275] T 311cd1759939485d89ffe3ef19084f08 P 4b70c74f96584362904f17264e625164 [term 2 FOLLOWER]: Refusing update from remote peer b51b6a19e83a4292a5c3de35d5f31485: Log matching property violated. Preceding OpId in replica: term: 1 index: 1. Preceding OpId from leader: term: 2 index: 2. (index mismatch)
I20260608 10:00:20.738724 26467 consensus_queue.cc:1048] T 311cd1759939485d89ffe3ef19084f08 P b51b6a19e83a4292a5c3de35d5f31485 [LEADER]: Connected to new peer: Peer: permanent_uuid: "4b70c74f96584362904f17264e625164" member_type: VOTER last_known_addr { host: "127.23.234.3" port: 33635 }, Status: LMP_MISMATCH, Last received: 0.0, Next index: 2, Last known committed idx: 1, Time since last communication: 0.000s
I20260608 10:00:21.945878 26201 auto_leader_rebalancer.cc:140] leader rebalance for table test-workload
I20260608 10:00:21.947817 26201 auto_leader_rebalancer.cc:388] table: test-workload, leader rebalance finish, leader transfer count: 0
I20260608 10:00:21.948153 26201 auto_leader_rebalancer.cc:451] All tables' leader rebalancing finished this round
I20260608 10:00:23.949087 26201 auto_leader_rebalancer.cc:140] leader rebalance for table test-workload
I20260608 10:00:23.951259 26201 auto_leader_rebalancer.cc:388] table: test-workload, leader rebalance finish, leader transfer count: 0
I20260608 10:00:23.951545 26201 auto_leader_rebalancer.cc:451] All tables' leader rebalancing finished this round
I20260608 10:00:25.952560 26201 auto_leader_rebalancer.cc:140] leader rebalance for table test-workload
I20260608 10:00:25.955243 26201 auto_leader_rebalancer.cc:388] table: test-workload, leader rebalance finish, leader transfer count: 0
I20260608 10:00:25.955709 26201 auto_leader_rebalancer.cc:451] All tables' leader rebalancing finished this round
I20260608 10:00:27.956712 26201 auto_leader_rebalancer.cc:140] leader rebalance for table test-workload
I20260608 10:00:27.958508 26201 auto_leader_rebalancer.cc:388] table: test-workload, leader rebalance finish, leader transfer count: 0
I20260608 10:00:27.958757 26201 auto_leader_rebalancer.cc:451] All tables' leader rebalancing finished this round
I20260608 10:00:29.959512 26201 auto_leader_rebalancer.cc:140] leader rebalance for table test-workload
I20260608 10:00:29.961696 26201 auto_leader_rebalancer.cc:388] table: test-workload, leader rebalance finish, leader transfer count: 0
I20260608 10:00:29.961979 26201 auto_leader_rebalancer.cc:451] All tables' leader rebalancing finished this round
I20260608 10:00:30.860478 24488 file_cache.cc:492] Constructed file cache file cache with capacity 419430
W20260608 10:00:30.867345 26485 instance_detector.cc:116] could not retrieve AWS instance metadata: Network error: curl error: HTTP response code said error: The requested URL returned error: 404
W20260608 10:00:30.867863 26486 instance_detector.cc:116] could not retrieve Azure instance metadata: Network error: curl error: HTTP response code said error: The requested URL returned error: 404
W20260608 10:00:30.869493 26488 instance_detector.cc:116] could not retrieve OpenStack instance metadata: Network error: curl error: HTTP response code said error: The requested URL returned error: 404
I20260608 10:00:30.871268 24488 server_base.cc:1061] running on GCE node
I20260608 10:00:30.872582 24488 hybrid_clock.cc:584] initializing the hybrid clock with 'system_unsync' time source
W20260608 10:00:30.872821 24488 system_unsync_time.cc:38] NTP support is disabled. Clock error bounds will not be accurate. This configuration is not suitable for distributed clusters.
I20260608 10:00:30.873004 24488 hybrid_clock.cc:648] HybridClock initialized: now 1780912830872988 us; error 0 us; skew 500 ppm
I20260608 10:00:30.873556 24488 server_base.cc:861] Flag tcmalloc_max_total_thread_cache_bytes is not working since tcmalloc is not enabled.
I20260608 10:00:30.875943 24488 webserver.cc:533] Webserver started at http://127.23.234.4:33699/ using document root <none> and password file <none>
I20260608 10:00:30.876436 24488 fs_manager.cc:362] Metadata directory not provided
I20260608 10:00:30.876637 24488 fs_manager.cc:368] Using write-ahead log directory (fs_wal_dir) as metadata directory
I20260608 10:00:30.876921 24488 server_base.cc:909] This appears to be a new deployment of Kudu; creating new FS layout
I20260608 10:00:30.878281 24488 fs_manager.cc:1068] Generated new instance metadata in path /tmp/dist-test-tasknsX1O7/test-tmp/auto_rebalancer-test.0.AutoRebalancerTest.MovesScheduledIfAddTserver.1780912795361411-24488-0/minicluster-data/ts-3-root/instance:
uuid: "9e1d9949023849f6a6fcbeab121283a2"
format_stamp: "Formatted at 2026-06-08 10:00:30 on dist-test-slave-01nm"
I20260608 10:00:30.882881 24488 fs_manager.cc:696] Time spent creating directory manager: real 0.004s	user 0.004s	sys 0.000s
I20260608 10:00:30.886863 26493 log_block_manager.cc:4031] Time spent loading block containers with low live blocks: real 0.000s	user 0.000s	sys 0.000s
I20260608 10:00:30.887771 24488 fs_manager.cc:730] Time spent opening block manager: real 0.003s	user 0.002s	sys 0.001s
I20260608 10:00:30.888113 24488 fs_manager.cc:647] Opened local filesystem: /tmp/dist-test-tasknsX1O7/test-tmp/auto_rebalancer-test.0.AutoRebalancerTest.MovesScheduledIfAddTserver.1780912795361411-24488-0/minicluster-data/ts-3-root
uuid: "9e1d9949023849f6a6fcbeab121283a2"
format_stamp: "Formatted at 2026-06-08 10:00:30 on dist-test-slave-01nm"
I20260608 10:00:30.888479 24488 fs_report.cc:389] FS layout report
--------------------
wal directory: /tmp/dist-test-tasknsX1O7/test-tmp/auto_rebalancer-test.0.AutoRebalancerTest.MovesScheduledIfAddTserver.1780912795361411-24488-0/minicluster-data/ts-3-root
metadata directory: /tmp/dist-test-tasknsX1O7/test-tmp/auto_rebalancer-test.0.AutoRebalancerTest.MovesScheduledIfAddTserver.1780912795361411-24488-0/minicluster-data/ts-3-root
1 data directories: /tmp/dist-test-tasknsX1O7/test-tmp/auto_rebalancer-test.0.AutoRebalancerTest.MovesScheduledIfAddTserver.1780912795361411-24488-0/minicluster-data/ts-3-root/data
Total live blocks: 0
Total live bytes: 0
