I20260608 09:48:40.308233 22446 consensus_queue.cc:1048] T 07f146e9a0df4073b4cde97e8a4b4526 P 432f4e8295c34f3399ccf9aff6a3c5d6 [LEADER]: Connected to new peer: Peer: permanent_uuid: "9c3ed81432534ccdab019787431f050d" member_type: VOTER last_known_addr { host: "127.18.166.132" port: 42455 } attrs { promote: false }, Status: LMP_MISMATCH, Last received: 0.0, Next index: 3, Last known committed idx: 2, Time since last communication: 0.000s
I20260608 09:48:40.315506 22446 consensus_queue.cc:1048] T 07f146e9a0df4073b4cde97e8a4b4526 P 432f4e8295c34f3399ccf9aff6a3c5d6 [LEADER]: Connected to new peer: Peer: permanent_uuid: "c028ca2be8e44a3ca83b5fb555aae288" member_type: VOTER last_known_addr { host: "127.18.166.131" port: 41573 } attrs { replace: true }, Status: LMP_MISMATCH, Last received: 0.0, Next index: 3, Last known committed idx: 2, Time since last communication: 0.001s
I20260608 09:48:40.327684 22129 raft_consensus.cc:1275] T 07f146e9a0df4073b4cde97e8a4b4526 P 513f842c66114964b3fd89f2d11275e4 [term 1 FOLLOWER]: Refusing update from remote peer 432f4e8295c34f3399ccf9aff6a3c5d6: Log matching property violated. Preceding OpId in replica: term: 1 index: 2. Preceding OpId from leader: term: 1 index: 3. (index mismatch)
I20260608 09:48:40.331260 22448 consensus_queue.cc:1048] T 07f146e9a0df4073b4cde97e8a4b4526 P 432f4e8295c34f3399ccf9aff6a3c5d6 [LEADER]: Connected to new peer: Peer: permanent_uuid: "513f842c66114964b3fd89f2d11275e4" member_type: VOTER last_known_addr { host: "127.18.166.130" port: 34109 }, Status: LMP_MISMATCH, Last received: 0.0, Next index: 3, Last known committed idx: 2, Time since last communication: 0.001s
I20260608 09:48:40.338596 22448 raft_consensus.cc:1064] T e2e751f998474b5facf97d2b1c1f32fc P 432f4e8295c34f3399ccf9aff6a3c5d6: attempting to promote NON_VOTER 9c3ed81432534ccdab019787431f050d to VOTER
I20260608 09:48:40.348834 22448 consensus_queue.cc:237] T e2e751f998474b5facf97d2b1c1f32fc P 432f4e8295c34f3399ccf9aff6a3c5d6 [LEADER]: Queue going to LEADER mode. State: All replicated index: 0, Majority replicated index: 2, Committed index: 2, Last appended: 1.2, Last appended by leader: 0, Current term: 1, Majority size: 3, State: 0, Mode: LEADER, active raft config: opid_index: 3 OBSOLETE_local: false peers { permanent_uuid: "432f4e8295c34f3399ccf9aff6a3c5d6" member_type: VOTER last_known_addr { host: "127.18.166.129" port: 33375 } } peers { permanent_uuid: "513f842c66114964b3fd89f2d11275e4" member_type: VOTER last_known_addr { host: "127.18.166.130" port: 34109 } attrs { replace: true } } peers { permanent_uuid: "c028ca2be8e44a3ca83b5fb555aae288" member_type: VOTER last_known_addr { host: "127.18.166.131" port: 41573 } } peers { permanent_uuid: "9c3ed81432534ccdab019787431f050d" member_type: VOTER last_known_addr { host: "127.18.166.132" port: 42455 } attrs { promote: false } }
I20260608 09:48:40.397981 22446 raft_consensus.cc:2955] T 07f146e9a0df4073b4cde97e8a4b4526 P 432f4e8295c34f3399ccf9aff6a3c5d6 [term 1 LEADER]: Committing config change with OpId 1.3: config changed from index 2 to 3, 9c3ed81432534ccdab019787431f050d (127.18.166.132) changed from NON_VOTER to VOTER. New config: { opid_index: 3 OBSOLETE_local: false peers { permanent_uuid: "432f4e8295c34f3399ccf9aff6a3c5d6" member_type: VOTER last_known_addr { host: "127.18.166.129" port: 33375 } } peers { permanent_uuid: "513f842c66114964b3fd89f2d11275e4" member_type: VOTER last_known_addr { host: "127.18.166.130" port: 34109 } } peers { permanent_uuid: "c028ca2be8e44a3ca83b5fb555aae288" member_type: VOTER last_known_addr { host: "127.18.166.131" port: 41573 } attrs { replace: true } } peers { permanent_uuid: "9c3ed81432534ccdab019787431f050d" member_type: VOTER last_known_addr { host: "127.18.166.132" port: 42455 } attrs { promote: false } } }
I20260608 09:48:40.441648 22204 raft_consensus.cc:2955] T 07f146e9a0df4073b4cde97e8a4b4526 P c028ca2be8e44a3ca83b5fb555aae288 [term 1 FOLLOWER]: Committing config change with OpId 1.3: config changed from index 2 to 3, 9c3ed81432534ccdab019787431f050d (127.18.166.132) changed from NON_VOTER to VOTER. New config: { opid_index: 3 OBSOLETE_local: false peers { permanent_uuid: "432f4e8295c34f3399ccf9aff6a3c5d6" member_type: VOTER last_known_addr { host: "127.18.166.129" port: 33375 } } peers { permanent_uuid: "513f842c66114964b3fd89f2d11275e4" member_type: VOTER last_known_addr { host: "127.18.166.130" port: 34109 } } peers { permanent_uuid: "c028ca2be8e44a3ca83b5fb555aae288" member_type: VOTER last_known_addr { host: "127.18.166.131" port: 41573 } attrs { replace: true } } peers { permanent_uuid: "9c3ed81432534ccdab019787431f050d" member_type: VOTER last_known_addr { host: "127.18.166.132" port: 42455 } attrs { promote: false } } }
I20260608 09:48:40.454941 22357 raft_consensus.cc:1275] T e2e751f998474b5facf97d2b1c1f32fc P 9c3ed81432534ccdab019787431f050d [term 1 LEARNER]: Refusing update from remote peer 432f4e8295c34f3399ccf9aff6a3c5d6: Log matching property violated. Preceding OpId in replica: term: 1 index: 2. Preceding OpId from leader: term: 1 index: 3. (index mismatch)
I20260608 09:48:40.455250 22203 raft_consensus.cc:1275] T e2e751f998474b5facf97d2b1c1f32fc P c028ca2be8e44a3ca83b5fb555aae288 [term 1 FOLLOWER]: Refusing update from remote peer 432f4e8295c34f3399ccf9aff6a3c5d6: Log matching property violated. Preceding OpId in replica: term: 1 index: 2. Preceding OpId from leader: term: 1 index: 3. (index mismatch)
I20260608 09:48:40.457157 22524 consensus_queue.cc:1048] T e2e751f998474b5facf97d2b1c1f32fc P 432f4e8295c34f3399ccf9aff6a3c5d6 [LEADER]: Connected to new peer: Peer: permanent_uuid: "9c3ed81432534ccdab019787431f050d" member_type: VOTER last_known_addr { host: "127.18.166.132" port: 42455 } attrs { promote: false }, Status: LMP_MISMATCH, Last received: 0.0, Next index: 3, Last known committed idx: 2, Time since last communication: 0.001s
I20260608 09:48:40.459524 22524 consensus_queue.cc:1048] T e2e751f998474b5facf97d2b1c1f32fc P 432f4e8295c34f3399ccf9aff6a3c5d6 [LEADER]: Connected to new peer: Peer: permanent_uuid: "c028ca2be8e44a3ca83b5fb555aae288" member_type: VOTER last_known_addr { host: "127.18.166.131" port: 41573 }, Status: LMP_MISMATCH, Last received: 0.0, Next index: 3, Last known committed idx: 2, Time since last communication: 0.000s
I20260608 09:48:40.466424 22129 raft_consensus.cc:1275] T e2e751f998474b5facf97d2b1c1f32fc P 513f842c66114964b3fd89f2d11275e4 [term 1 FOLLOWER]: Refusing update from remote peer 432f4e8295c34f3399ccf9aff6a3c5d6: Log matching property violated. Preceding OpId in replica: term: 1 index: 2. Preceding OpId from leader: term: 1 index: 3. (index mismatch)
I20260608 09:48:40.469218 22275 consensus_queue.cc:1048] T e2e751f998474b5facf97d2b1c1f32fc P 432f4e8295c34f3399ccf9aff6a3c5d6 [LEADER]: Connected to new peer: Peer: permanent_uuid: "513f842c66114964b3fd89f2d11275e4" member_type: VOTER last_known_addr { host: "127.18.166.130" port: 34109 } attrs { replace: true }, Status: LMP_MISMATCH, Last received: 0.0, Next index: 3, Last known committed idx: 2, Time since last communication: 0.001s
I20260608 09:48:40.494761 22415 raft_consensus.cc:1064] T 563fed3147a94bf9ac86ba8740430953 P c028ca2be8e44a3ca83b5fb555aae288: attempting to promote NON_VOTER 9c3ed81432534ccdab019787431f050d to VOTER
I20260608 09:48:40.501761 22415 consensus_queue.cc:237] T 563fed3147a94bf9ac86ba8740430953 P c028ca2be8e44a3ca83b5fb555aae288 [LEADER]: Queue going to LEADER mode. State: All replicated index: 0, Majority replicated index: 2, Committed index: 2, Last appended: 1.2, Last appended by leader: 0, Current term: 1, Majority size: 3, State: 0, Mode: LEADER, active raft config: opid_index: 3 OBSOLETE_local: false peers { permanent_uuid: "432f4e8295c34f3399ccf9aff6a3c5d6" member_type: VOTER last_known_addr { host: "127.18.166.129" port: 33375 } attrs { replace: true } } peers { permanent_uuid: "513f842c66114964b3fd89f2d11275e4" member_type: VOTER last_known_addr { host: "127.18.166.130" port: 34109 } } peers { permanent_uuid: "c028ca2be8e44a3ca83b5fb555aae288" member_type: VOTER last_known_addr { host: "127.18.166.131" port: 41573 } } peers { permanent_uuid: "9c3ed81432534ccdab019787431f050d" member_type: VOTER last_known_addr { host: "127.18.166.132" port: 42455 } attrs { promote: false } }
I20260608 09:48:40.510648 22007 auto_leader_rebalancer.cc:140] leader rebalance for table range_aware_rebalance_new_range
W20260608 09:48:40.523754 22020 outbound_call.cc:321] RPC callback for RPC call kudu.consensus.ConsensusService.UpdateConsensus -> {remote=127.18.166.131:41573, user_credentials={real_user=slave}} blocked reactor thread for 66517.4us
I20260608 09:48:40.528486 22524 raft_consensus.cc:2955] T e2e751f998474b5facf97d2b1c1f32fc P 432f4e8295c34f3399ccf9aff6a3c5d6 [term 1 LEADER]: Committing config change with OpId 1.3: config changed from index 2 to 3, 9c3ed81432534ccdab019787431f050d (127.18.166.132) changed from NON_VOTER to VOTER. New config: { opid_index: 3 OBSOLETE_local: false peers { permanent_uuid: "432f4e8295c34f3399ccf9aff6a3c5d6" member_type: VOTER last_known_addr { host: "127.18.166.129" port: 33375 } } peers { permanent_uuid: "513f842c66114964b3fd89f2d11275e4" member_type: VOTER last_known_addr { host: "127.18.166.130" port: 34109 } attrs { replace: true } } peers { permanent_uuid: "c028ca2be8e44a3ca83b5fb555aae288" member_type: VOTER last_known_addr { host: "127.18.166.131" port: 41573 } } peers { permanent_uuid: "9c3ed81432534ccdab019787431f050d" member_type: VOTER last_known_addr { host: "127.18.166.132" port: 42455 } attrs { promote: false } } }
I20260608 09:48:40.529654 22131 raft_consensus.cc:2955] T e2e751f998474b5facf97d2b1c1f32fc P 513f842c66114964b3fd89f2d11275e4 [term 1 FOLLOWER]: Committing config change with OpId 1.3: config changed from index 2 to 3, 9c3ed81432534ccdab019787431f050d (127.18.166.132) changed from NON_VOTER to VOTER. New config: { opid_index: 3 OBSOLETE_local: false peers { permanent_uuid: "432f4e8295c34f3399ccf9aff6a3c5d6" member_type: VOTER last_known_addr { host: "127.18.166.129" port: 33375 } } peers { permanent_uuid: "513f842c66114964b3fd89f2d11275e4" member_type: VOTER last_known_addr { host: "127.18.166.130" port: 34109 } attrs { replace: true } } peers { permanent_uuid: "c028ca2be8e44a3ca83b5fb555aae288" member_type: VOTER last_known_addr { host: "127.18.166.131" port: 41573 } } peers { permanent_uuid: "9c3ed81432534ccdab019787431f050d" member_type: VOTER last_known_addr { host: "127.18.166.132" port: 42455 } attrs { promote: false } } }
I20260608 09:48:40.547025 21954 catalog_manager.cc:5696] T 07f146e9a0df4073b4cde97e8a4b4526 P c028ca2be8e44a3ca83b5fb555aae288 reported cstate change: config changed from index 2 to 3, 9c3ed81432534ccdab019787431f050d (127.18.166.132) changed from NON_VOTER to VOTER. New cstate: current_term: 1 leader_uuid: "432f4e8295c34f3399ccf9aff6a3c5d6" committed_config { opid_index: 3 OBSOLETE_local: false peers { permanent_uuid: "432f4e8295c34f3399ccf9aff6a3c5d6" member_type: VOTER last_known_addr { host: "127.18.166.129" port: 33375 } } peers { permanent_uuid: "513f842c66114964b3fd89f2d11275e4" member_type: VOTER last_known_addr { host: "127.18.166.130" port: 34109 } } peers { permanent_uuid: "c028ca2be8e44a3ca83b5fb555aae288" member_type: VOTER last_known_addr { host: "127.18.166.131" port: 41573 } attrs { replace: true } } peers { permanent_uuid: "9c3ed81432534ccdab019787431f050d" member_type: VOTER last_known_addr { host: "127.18.166.132" port: 42455 } attrs { promote: false } } }
I20260608 09:48:40.548967 22357 raft_consensus.cc:2955] T e2e751f998474b5facf97d2b1c1f32fc P 9c3ed81432534ccdab019787431f050d [term 1 FOLLOWER]: Committing config change with OpId 1.3: config changed from index 2 to 3, 9c3ed81432534ccdab019787431f050d (127.18.166.132) changed from NON_VOTER to VOTER. New config: { opid_index: 3 OBSOLETE_local: false peers { permanent_uuid: "432f4e8295c34f3399ccf9aff6a3c5d6" member_type: VOTER last_known_addr { host: "127.18.166.129" port: 33375 } } peers { permanent_uuid: "513f842c66114964b3fd89f2d11275e4" member_type: VOTER last_known_addr { host: "127.18.166.130" port: 34109 } attrs { replace: true } } peers { permanent_uuid: "c028ca2be8e44a3ca83b5fb555aae288" member_type: VOTER last_known_addr { host: "127.18.166.131" port: 41573 } } peers { permanent_uuid: "9c3ed81432534ccdab019787431f050d" member_type: VOTER last_known_addr { host: "127.18.166.132" port: 42455 } attrs { promote: false } } }
I20260608 09:48:40.553272 21953 catalog_manager.cc:5696] T e2e751f998474b5facf97d2b1c1f32fc P 432f4e8295c34f3399ccf9aff6a3c5d6 reported cstate change: config changed from index 2 to 3, 9c3ed81432534ccdab019787431f050d (127.18.166.132) changed from NON_VOTER to VOTER. New cstate: current_term: 1 leader_uuid: "432f4e8295c34f3399ccf9aff6a3c5d6" committed_config { opid_index: 3 OBSOLETE_local: false peers { permanent_uuid: "432f4e8295c34f3399ccf9aff6a3c5d6" member_type: VOTER last_known_addr { host: "127.18.166.129" port: 33375 } health_report { overall_health: HEALTHY } } peers { permanent_uuid: "513f842c66114964b3fd89f2d11275e4" member_type: VOTER last_known_addr { host: "127.18.166.130" port: 34109 } attrs { replace: true } health_report { overall_health: HEALTHY } } peers { permanent_uuid: "c028ca2be8e44a3ca83b5fb555aae288" member_type: VOTER last_known_addr { host: "127.18.166.131" port: 41573 } health_report { overall_health: UNKNOWN } } peers { permanent_uuid: "9c3ed81432534ccdab019787431f050d" member_type: VOTER last_known_addr { host: "127.18.166.132" port: 42455 } attrs { promote: false } health_report { overall_health: HEALTHY } } }
I20260608 09:48:40.586637 22053 tablet_service.cc:2072] Received LeaderStepDown RPC: tablet_id: "07f146e9a0df4073b4cde97e8a4b4526"
dest_uuid: "432f4e8295c34f3399ccf9aff6a3c5d6"
mode: GRACEFUL
new_leader_uuid: "513f842c66114964b3fd89f2d11275e4"
 from {username='slave'} at 127.0.0.1:36584
I20260608 09:48:40.593823 22359 raft_consensus.cc:1275] T 563fed3147a94bf9ac86ba8740430953 P 9c3ed81432534ccdab019787431f050d [term 1 LEARNER]: Refusing update from remote peer c028ca2be8e44a3ca83b5fb555aae288: Log matching property violated. Preceding OpId in replica: term: 1 index: 2. Preceding OpId from leader: term: 1 index: 3. (index mismatch)
I20260608 09:48:40.593700 22357 raft_consensus.cc:2955] T 07f146e9a0df4073b4cde97e8a4b4526 P 9c3ed81432534ccdab019787431f050d [term 1 FOLLOWER]: Committing config change with OpId 1.3: config changed from index 2 to 3, 9c3ed81432534ccdab019787431f050d (127.18.166.132) changed from NON_VOTER to VOTER. New config: { opid_index: 3 OBSOLETE_local: false peers { permanent_uuid: "432f4e8295c34f3399ccf9aff6a3c5d6" member_type: VOTER last_known_addr { host: "127.18.166.129" port: 33375 } } peers { permanent_uuid: "513f842c66114964b3fd89f2d11275e4" member_type: VOTER last_known_addr { host: "127.18.166.130" port: 34109 } } peers { permanent_uuid: "c028ca2be8e44a3ca83b5fb555aae288" member_type: VOTER last_known_addr { host: "127.18.166.131" port: 41573 } attrs { replace: true } } peers { permanent_uuid: "9c3ed81432534ccdab019787431f050d" member_type: VOTER last_known_addr { host: "127.18.166.132" port: 42455 } attrs { promote: false } } }
I20260608 09:48:40.595196 22056 raft_consensus.cc:1275] T 563fed3147a94bf9ac86ba8740430953 P 432f4e8295c34f3399ccf9aff6a3c5d6 [term 1 FOLLOWER]: Refusing update from remote peer c028ca2be8e44a3ca83b5fb555aae288: Log matching property violated. Preceding OpId in replica: term: 1 index: 2. Preceding OpId from leader: term: 1 index: 3. (index mismatch)
I20260608 09:48:40.595582 22465 consensus_queue.cc:1048] T 563fed3147a94bf9ac86ba8740430953 P c028ca2be8e44a3ca83b5fb555aae288 [LEADER]: Connected to new peer: Peer: permanent_uuid: "9c3ed81432534ccdab019787431f050d" member_type: VOTER last_known_addr { host: "127.18.166.132" port: 42455 } attrs { promote: false }, Status: LMP_MISMATCH, Last received: 0.0, Next index: 3, Last known committed idx: 2, Time since last communication: 0.000s
I20260608 09:48:40.596858 22466 consensus_queue.cc:1048] T 563fed3147a94bf9ac86ba8740430953 P c028ca2be8e44a3ca83b5fb555aae288 [LEADER]: Connected to new peer: Peer: permanent_uuid: "432f4e8295c34f3399ccf9aff6a3c5d6" member_type: VOTER last_known_addr { host: "127.18.166.129" port: 33375 } attrs { replace: true }, Status: LMP_MISMATCH, Last received: 0.0, Next index: 3, Last known committed idx: 2, Time since last communication: 0.000s
I20260608 09:48:40.604571 22129 raft_consensus.cc:1275] T 563fed3147a94bf9ac86ba8740430953 P 513f842c66114964b3fd89f2d11275e4 [term 1 FOLLOWER]: Refusing update from remote peer c028ca2be8e44a3ca83b5fb555aae288: Log matching property violated. Preceding OpId in replica: term: 1 index: 2. Preceding OpId from leader: term: 1 index: 3. (index mismatch)
I20260608 09:48:40.611395 22415 consensus_queue.cc:1048] T 563fed3147a94bf9ac86ba8740430953 P c028ca2be8e44a3ca83b5fb555aae288 [LEADER]: Connected to new peer: Peer: permanent_uuid: "513f842c66114964b3fd89f2d11275e4" member_type: VOTER last_known_addr { host: "127.18.166.130" port: 34109 }, Status: LMP_MISMATCH, Last received: 0.0, Next index: 3, Last known committed idx: 2, Time since last communication: 0.000s
I20260608 09:48:40.619320 22466 raft_consensus.cc:2955] T 563fed3147a94bf9ac86ba8740430953 P c028ca2be8e44a3ca83b5fb555aae288 [term 1 LEADER]: Committing config change with OpId 1.3: config changed from index 2 to 3, 9c3ed81432534ccdab019787431f050d (127.18.166.132) changed from NON_VOTER to VOTER. New config: { opid_index: 3 OBSOLETE_local: false peers { permanent_uuid: "432f4e8295c34f3399ccf9aff6a3c5d6" member_type: VOTER last_known_addr { host: "127.18.166.129" port: 33375 } attrs { replace: true } } peers { permanent_uuid: "513f842c66114964b3fd89f2d11275e4" member_type: VOTER last_known_addr { host: "127.18.166.130" port: 34109 } } peers { permanent_uuid: "c028ca2be8e44a3ca83b5fb555aae288" member_type: VOTER last_known_addr { host: "127.18.166.131" port: 41573 } } peers { permanent_uuid: "9c3ed81432534ccdab019787431f050d" member_type: VOTER last_known_addr { host: "127.18.166.132" port: 42455 } attrs { promote: false } } }
I20260608 09:48:40.621119 22359 raft_consensus.cc:2955] T 563fed3147a94bf9ac86ba8740430953 P 9c3ed81432534ccdab019787431f050d [term 1 FOLLOWER]: Committing config change with OpId 1.3: config changed from index 2 to 3, 9c3ed81432534ccdab019787431f050d (127.18.166.132) changed from NON_VOTER to VOTER. New config: { opid_index: 3 OBSOLETE_local: false peers { permanent_uuid: "432f4e8295c34f3399ccf9aff6a3c5d6" member_type: VOTER last_known_addr { host: "127.18.166.129" port: 33375 } attrs { replace: true } } peers { permanent_uuid: "513f842c66114964b3fd89f2d11275e4" member_type: VOTER last_known_addr { host: "127.18.166.130" port: 34109 } } peers { permanent_uuid: "c028ca2be8e44a3ca83b5fb555aae288" member_type: VOTER last_known_addr { host: "127.18.166.131" port: 41573 } } peers { permanent_uuid: "9c3ed81432534ccdab019787431f050d" member_type: VOTER last_known_addr { host: "127.18.166.132" port: 42455 } attrs { promote: false } } }
I20260608 09:48:40.624891 22053 raft_consensus.cc:606] T 07f146e9a0df4073b4cde97e8a4b4526 P 432f4e8295c34f3399ccf9aff6a3c5d6 [term 1 LEADER]: Received request to transfer leadership to TS 513f842c66114964b3fd89f2d11275e4
I20260608 09:48:40.621287 22205 raft_consensus.cc:2955] T e2e751f998474b5facf97d2b1c1f32fc P c028ca2be8e44a3ca83b5fb555aae288 [term 1 FOLLOWER]: Committing config change with OpId 1.3: config changed from index 2 to 3, 9c3ed81432534ccdab019787431f050d (127.18.166.132) changed from NON_VOTER to VOTER. New config: { opid_index: 3 OBSOLETE_local: false peers { permanent_uuid: "432f4e8295c34f3399ccf9aff6a3c5d6" member_type: VOTER last_known_addr { host: "127.18.166.129" port: 33375 } } peers { permanent_uuid: "513f842c66114964b3fd89f2d11275e4" member_type: VOTER last_known_addr { host: "127.18.166.130" port: 34109 } attrs { replace: true } } peers { permanent_uuid: "c028ca2be8e44a3ca83b5fb555aae288" member_type: VOTER last_known_addr { host: "127.18.166.131" port: 41573 } } peers { permanent_uuid: "9c3ed81432534ccdab019787431f050d" member_type: VOTER last_known_addr { host: "127.18.166.132" port: 42455 } attrs { promote: false } } }
I20260608 09:48:40.633729 22128 raft_consensus.cc:2955] T 07f146e9a0df4073b4cde97e8a4b4526 P 513f842c66114964b3fd89f2d11275e4 [term 1 FOLLOWER]: Committing config change with OpId 1.3: config changed from index 2 to 3, 9c3ed81432534ccdab019787431f050d (127.18.166.132) changed from NON_VOTER to VOTER. New config: { opid_index: 3 OBSOLETE_local: false peers { permanent_uuid: "432f4e8295c34f3399ccf9aff6a3c5d6" member_type: VOTER last_known_addr { host: "127.18.166.129" port: 33375 } } peers { permanent_uuid: "513f842c66114964b3fd89f2d11275e4" member_type: VOTER last_known_addr { host: "127.18.166.130" port: 34109 } } peers { permanent_uuid: "c028ca2be8e44a3ca83b5fb555aae288" member_type: VOTER last_known_addr { host: "127.18.166.131" port: 41573 } attrs { replace: true } } peers { permanent_uuid: "9c3ed81432534ccdab019787431f050d" member_type: VOTER last_known_addr { host: "127.18.166.132" port: 42455 } attrs { promote: false } } }
W20260608 09:48:40.643746 21940 proxy.cc:239] Call had error, refreshing address and retrying: Remote error: Service unavailable: leader transfer in progress
W20260608 09:48:40.651924 21940 catalog_manager.cc:4754] TS 432f4e8295c34f3399ccf9aff6a3c5d6 (127.18.166.129:33375): ChangeConfig:REMOVE_PEER RPC failed for tablet 07f146e9a0df4073b4cde97e8a4b4526: Remote error: Service unavailable: leader transfer in progress
I20260608 09:48:40.658397 22275 raft_consensus.cc:993] T 07f146e9a0df4073b4cde97e8a4b4526 P 432f4e8295c34f3399ccf9aff6a3c5d6: : Instructing follower 513f842c66114964b3fd89f2d11275e4 to start an election
I20260608 09:48:40.658915 22448 raft_consensus.cc:1081] T 07f146e9a0df4073b4cde97e8a4b4526 P 432f4e8295c34f3399ccf9aff6a3c5d6 [term 1 LEADER]: Signalling peer 513f842c66114964b3fd89f2d11275e4 to start an election
I20260608 09:48:40.661670 22128 tablet_service.cc:2044] Received Run Leader Election RPC: tablet_id: "07f146e9a0df4073b4cde97e8a4b4526"
dest_uuid: "513f842c66114964b3fd89f2d11275e4"
 from {username='slave'} at 127.0.0.1:44690
I20260608 09:48:40.662324 22128 raft_consensus.cc:493] T 07f146e9a0df4073b4cde97e8a4b4526 P 513f842c66114964b3fd89f2d11275e4 [term 1 FOLLOWER]: Starting forced leader election (received explicit request)
I20260608 09:48:40.663817 22128 raft_consensus.cc:3060] T 07f146e9a0df4073b4cde97e8a4b4526 P 513f842c66114964b3fd89f2d11275e4 [term 1 FOLLOWER]: Advancing to term 2
I20260608 09:48:40.670924 22128 raft_consensus.cc:515] T 07f146e9a0df4073b4cde97e8a4b4526 P 513f842c66114964b3fd89f2d11275e4 [term 2 FOLLOWER]: Starting forced leader election with config: opid_index: 3 OBSOLETE_local: false peers { permanent_uuid: "432f4e8295c34f3399ccf9aff6a3c5d6" member_type: VOTER last_known_addr { host: "127.18.166.129" port: 33375 } } peers { permanent_uuid: "513f842c66114964b3fd89f2d11275e4" member_type: VOTER last_known_addr { host: "127.18.166.130" port: 34109 } } peers { permanent_uuid: "c028ca2be8e44a3ca83b5fb555aae288" member_type: VOTER last_known_addr { host: "127.18.166.131" port: 41573 } attrs { replace: true } } peers { permanent_uuid: "9c3ed81432534ccdab019787431f050d" member_type: VOTER last_known_addr { host: "127.18.166.132" port: 42455 } attrs { promote: false } }
I20260608 09:48:40.675815 22053 raft_consensus.cc:2955] T 563fed3147a94bf9ac86ba8740430953 P 432f4e8295c34f3399ccf9aff6a3c5d6 [term 1 FOLLOWER]: Committing config change with OpId 1.3: config changed from index 2 to 3, 9c3ed81432534ccdab019787431f050d (127.18.166.132) changed from NON_VOTER to VOTER. New config: { opid_index: 3 OBSOLETE_local: false peers { permanent_uuid: "432f4e8295c34f3399ccf9aff6a3c5d6" member_type: VOTER last_known_addr { host: "127.18.166.129" port: 33375 } attrs { replace: true } } peers { permanent_uuid: "513f842c66114964b3fd89f2d11275e4" member_type: VOTER last_known_addr { host: "127.18.166.130" port: 34109 } } peers { permanent_uuid: "c028ca2be8e44a3ca83b5fb555aae288" member_type: VOTER last_known_addr { host: "127.18.166.131" port: 41573 } } peers { permanent_uuid: "9c3ed81432534ccdab019787431f050d" member_type: VOTER last_known_addr { host: "127.18.166.132" port: 42455 } attrs { promote: false } } }
I20260608 09:48:40.679044 22131 raft_consensus.cc:2955] T 563fed3147a94bf9ac86ba8740430953 P 513f842c66114964b3fd89f2d11275e4 [term 1 FOLLOWER]: Committing config change with OpId 1.3: config changed from index 2 to 3, 9c3ed81432534ccdab019787431f050d (127.18.166.132) changed from NON_VOTER to VOTER. New config: { opid_index: 3 OBSOLETE_local: false peers { permanent_uuid: "432f4e8295c34f3399ccf9aff6a3c5d6" member_type: VOTER last_known_addr { host: "127.18.166.129" port: 33375 } attrs { replace: true } } peers { permanent_uuid: "513f842c66114964b3fd89f2d11275e4" member_type: VOTER last_known_addr { host: "127.18.166.130" port: 34109 } } peers { permanent_uuid: "c028ca2be8e44a3ca83b5fb555aae288" member_type: VOTER last_known_addr { host: "127.18.166.131" port: 41573 } } peers { permanent_uuid: "9c3ed81432534ccdab019787431f050d" member_type: VOTER last_known_addr { host: "127.18.166.132" port: 42455 } attrs { promote: false } } }
I20260608 09:48:40.696558 22205 tablet_service.cc:1917] Received RequestConsensusVote() RPC: tablet_id: "07f146e9a0df4073b4cde97e8a4b4526" candidate_uuid: "513f842c66114964b3fd89f2d11275e4" candidate_term: 2 candidate_status { last_received { term: 1 index: 3 } } ignore_live_leader: true dest_uuid: "c028ca2be8e44a3ca83b5fb555aae288"
I20260608 09:48:40.697331 22205 raft_consensus.cc:3060] T 07f146e9a0df4073b4cde97e8a4b4526 P c028ca2be8e44a3ca83b5fb555aae288 [term 1 FOLLOWER]: Advancing to term 2
I20260608 09:48:40.700102 22128 leader_election.cc:290] T 07f146e9a0df4073b4cde97e8a4b4526 P 513f842c66114964b3fd89f2d11275e4 [CANDIDATE]: Term 2 election: Requested vote from peers 432f4e8295c34f3399ccf9aff6a3c5d6 (127.18.166.129:33375), c028ca2be8e44a3ca83b5fb555aae288 (127.18.166.131:41573), 9c3ed81432534ccdab019787431f050d (127.18.166.132:42455)
I20260608 09:48:40.710440 21953 catalog_manager.cc:5696] T 563fed3147a94bf9ac86ba8740430953 P 432f4e8295c34f3399ccf9aff6a3c5d6 reported cstate change: config changed from index 2 to 3, 9c3ed81432534ccdab019787431f050d (127.18.166.132) changed from NON_VOTER to VOTER. New cstate: current_term: 1 leader_uuid: "c028ca2be8e44a3ca83b5fb555aae288" committed_config { opid_index: 3 OBSOLETE_local: false peers { permanent_uuid: "432f4e8295c34f3399ccf9aff6a3c5d6" member_type: VOTER last_known_addr { host: "127.18.166.129" port: 33375 } attrs { replace: true } } peers { permanent_uuid: "513f842c66114964b3fd89f2d11275e4" member_type: VOTER last_known_addr { host: "127.18.166.130" port: 34109 } } peers { permanent_uuid: "c028ca2be8e44a3ca83b5fb555aae288" member_type: VOTER last_known_addr { host: "127.18.166.131" port: 41573 } } peers { permanent_uuid: "9c3ed81432534ccdab019787431f050d" member_type: VOTER last_known_addr { host: "127.18.166.132" port: 42455 } attrs { promote: false } } }
I20260608 09:48:40.726346 22357 tablet_service.cc:1917] Received RequestConsensusVote() RPC: tablet_id: "07f146e9a0df4073b4cde97e8a4b4526" candidate_uuid: "513f842c66114964b3fd89f2d11275e4" candidate_term: 2 candidate_status { last_received { term: 1 index: 3 } } ignore_live_leader: true dest_uuid: "9c3ed81432534ccdab019787431f050d"
I20260608 09:48:40.727072 22357 raft_consensus.cc:3060] T 07f146e9a0df4073b4cde97e8a4b4526 P 9c3ed81432534ccdab019787431f050d [term 1 FOLLOWER]: Advancing to term 2
I20260608 09:48:40.729465 22205 raft_consensus.cc:2468] T 07f146e9a0df4073b4cde97e8a4b4526 P c028ca2be8e44a3ca83b5fb555aae288 [term 2 FOLLOWER]: Leader election vote request: Granting yes vote for candidate 513f842c66114964b3fd89f2d11275e4 in term 2.
I20260608 09:48:40.731566 22053 tablet_service.cc:1917] Received RequestConsensusVote() RPC: tablet_id: "07f146e9a0df4073b4cde97e8a4b4526" candidate_uuid: "513f842c66114964b3fd89f2d11275e4" candidate_term: 2 candidate_status { last_received { term: 1 index: 3 } } ignore_live_leader: true dest_uuid: "432f4e8295c34f3399ccf9aff6a3c5d6"
I20260608 09:48:40.732111 22053 raft_consensus.cc:3055] T 07f146e9a0df4073b4cde97e8a4b4526 P 432f4e8295c34f3399ccf9aff6a3c5d6 [term 1 LEADER]: Stepping down as leader of term 1
I20260608 09:48:40.732465 22053 raft_consensus.cc:740] T 07f146e9a0df4073b4cde97e8a4b4526 P 432f4e8295c34f3399ccf9aff6a3c5d6 [term 1 LEADER]: Becoming Follower/Learner. State: Replica: 432f4e8295c34f3399ccf9aff6a3c5d6, State: Running, Role: LEADER
I20260608 09:48:40.733541 22053 consensus_queue.cc:260] T 07f146e9a0df4073b4cde97e8a4b4526 P 432f4e8295c34f3399ccf9aff6a3c5d6 [NON_LEADER]: Queue going to NON_LEADER mode. State: All replicated index: 0, Majority replicated index: 3, Committed index: 3, Last appended: 1.3, Last appended by leader: 3, Current term: 1, Majority size: -1, State: 0, Mode: NON_LEADER, active raft config: opid_index: 3 OBSOLETE_local: false peers { permanent_uuid: "432f4e8295c34f3399ccf9aff6a3c5d6" member_type: VOTER last_known_addr { host: "127.18.166.129" port: 33375 } } peers { permanent_uuid: "513f842c66114964b3fd89f2d11275e4" member_type: VOTER last_known_addr { host: "127.18.166.130" port: 34109 } } peers { permanent_uuid: "c028ca2be8e44a3ca83b5fb555aae288" member_type: VOTER last_known_addr { host: "127.18.166.131" port: 41573 } attrs { replace: true } } peers { permanent_uuid: "9c3ed81432534ccdab019787431f050d" member_type: VOTER last_known_addr { host: "127.18.166.132" port: 42455 } attrs { promote: false } }
I20260608 09:48:40.741039 22053 raft_consensus.cc:3060] T 07f146e9a0df4073b4cde97e8a4b4526 P 432f4e8295c34f3399ccf9aff6a3c5d6 [term 1 FOLLOWER]: Advancing to term 2
I20260608 09:48:40.736877 22357 raft_consensus.cc:2468] T 07f146e9a0df4073b4cde97e8a4b4526 P 9c3ed81432534ccdab019787431f050d [term 2 FOLLOWER]: Leader election vote request: Granting yes vote for candidate 513f842c66114964b3fd89f2d11275e4 in term 2.
I20260608 09:48:40.748687 22094 leader_election.cc:304] T 07f146e9a0df4073b4cde97e8a4b4526 P 513f842c66114964b3fd89f2d11275e4 [CANDIDATE]: Term 2 election: Election decided. Result: candidate won. Election summary: received 3 responses out of 4 voters: 3 yes votes; 0 no votes. yes voters: 513f842c66114964b3fd89f2d11275e4, 9c3ed81432534ccdab019787431f050d, c028ca2be8e44a3ca83b5fb555aae288; no voters: 
I20260608 09:48:40.749594 22486 raft_consensus.cc:2804] T 07f146e9a0df4073b4cde97e8a4b4526 P 513f842c66114964b3fd89f2d11275e4 [term 2 FOLLOWER]: Leader election won for term 2
I20260608 09:48:40.733541 22205 tablet_service.cc:2072] Received LeaderStepDown RPC: tablet_id: "aca34f00e6984d8d85368fc343280469"
dest_uuid: "c028ca2be8e44a3ca83b5fb555aae288"
mode: GRACEFUL
new_leader_uuid: "513f842c66114964b3fd89f2d11275e4"
 from {username='slave'} at 127.0.0.1:54816
I20260608 09:48:40.750780 22205 raft_consensus.cc:606] T aca34f00e6984d8d85368fc343280469 P c028ca2be8e44a3ca83b5fb555aae288 [term 1 LEADER]: Received request to transfer leadership to TS 513f842c66114964b3fd89f2d11275e4
I20260608 09:48:40.751819 22053 raft_consensus.cc:2468] T 07f146e9a0df4073b4cde97e8a4b4526 P 432f4e8295c34f3399ccf9aff6a3c5d6 [term 2 FOLLOWER]: Leader election vote request: Granting yes vote for candidate 513f842c66114964b3fd89f2d11275e4 in term 2.
I20260608 09:48:40.752187 22204 consensus_queue.cc:237] T 563fed3147a94bf9ac86ba8740430953 P c028ca2be8e44a3ca83b5fb555aae288 [LEADER]: Queue going to LEADER mode. State: All replicated index: 0, Majority replicated index: 3, Committed index: 3, Last appended: 1.3, Last appended by leader: 0, Current term: 1, Majority size: 2, State: 0, Mode: LEADER, active raft config: opid_index: 4 OBSOLETE_local: false peers { permanent_uuid: "513f842c66114964b3fd89f2d11275e4" member_type: VOTER last_known_addr { host: "127.18.166.130" port: 34109 } } peers { permanent_uuid: "c028ca2be8e44a3ca83b5fb555aae288" member_type: VOTER last_known_addr { host: "127.18.166.131" port: 41573 } } peers { permanent_uuid: "9c3ed81432534ccdab019787431f050d" member_type: VOTER last_known_addr { host: "127.18.166.132" port: 42455 } attrs { promote: false } }
W20260608 09:48:40.757076 21940 catalog_manager.cc:5226] ChangeConfig:REMOVE_PEER RPC for tablet 07f146e9a0df4073b4cde97e8a4b4526 with cas_config_opid_index 3: ChangeConfig:REMOVE_PEER failed with leader 432f4e8295c34f3399ccf9aff6a3c5d6 (127.18.166.129:33375) due to error UNKNOWN_ERROR; will retry: Illegal state: Replica 432f4e8295c34f3399ccf9aff6a3c5d6 is not leader of this config. Role: FOLLOWER. Consensus state: current_term: 2 committed_config { opid_index: 3 OBSOLETE_local: false peers { permanent_uuid: "432f4e8295c34f3399ccf9aff6a3c5d6" member_type: VOTER last_known_addr { host: "127.18.166.129" port: 33375 } } peers { permanent_uuid: "513f842c66114964b3fd89f2d11275e4" member_type: VOTER last_known_addr { host: "127.18.166.130" port: 34109 } } peers { permanent_uuid: "c028ca2be8e44a3ca83b5fb555aae288" member_type: VOTER last_known_addr { host: "127.18.166.131" port: 41573 } attrs { replace: true } } peers { permanent_uuid: "9c3ed81432534ccdab019787431f050d" member_type: VOTER last_known_addr { host: "127.18.166.132" port: 42455 } attrs { promote: false } } }
I20260608 09:48:40.761063 22357 raft_consensus.cc:1275] T 563fed3147a94bf9ac86ba8740430953 P 9c3ed81432534ccdab019787431f050d [term 1 FOLLOWER]: Refusing update from remote peer c028ca2be8e44a3ca83b5fb555aae288: Log matching property violated. Preceding OpId in replica: term: 1 index: 3. Preceding OpId from leader: term: 1 index: 4. (index mismatch)
I20260608 09:48:40.762918 22466 consensus_queue.cc:1048] T 563fed3147a94bf9ac86ba8740430953 P c028ca2be8e44a3ca83b5fb555aae288 [LEADER]: Connected to new peer: Peer: permanent_uuid: "9c3ed81432534ccdab019787431f050d" member_type: VOTER last_known_addr { host: "127.18.166.132" port: 42455 } attrs { promote: false }, Status: LMP_MISMATCH, Last received: 0.0, Next index: 4, Last known committed idx: 3, Time since last communication: 0.000s
I20260608 09:48:40.764034 22205 tablet_service.cc:2072] Received LeaderStepDown RPC: tablet_id: "c680d8171601486eaf9d3d4cc6b35185"
dest_uuid: "c028ca2be8e44a3ca83b5fb555aae288"
mode: GRACEFUL
new_leader_uuid: "9c3ed81432534ccdab019787431f050d"
 from {username='slave'} at 127.0.0.1:54816
I20260608 09:48:40.764679 22205 raft_consensus.cc:606] T c680d8171601486eaf9d3d4cc6b35185 P c028ca2be8e44a3ca83b5fb555aae288 [term 1 LEADER]: Received request to transfer leadership to TS 9c3ed81432534ccdab019787431f050d
I20260608 09:48:40.768254 22056 tablet_service.cc:2072] Received LeaderStepDown RPC: tablet_id: "e2e751f998474b5facf97d2b1c1f32fc"
dest_uuid: "432f4e8295c34f3399ccf9aff6a3c5d6"
mode: GRACEFUL
new_leader_uuid: "513f842c66114964b3fd89f2d11275e4"
 from {username='slave'} at 127.0.0.1:36584
I20260608 09:48:40.768906 22056 raft_consensus.cc:606] T e2e751f998474b5facf97d2b1c1f32fc P 432f4e8295c34f3399ccf9aff6a3c5d6 [term 1 LEADER]: Received request to transfer leadership to TS 513f842c66114964b3fd89f2d11275e4
I20260608 09:48:40.771925 22007 auto_leader_rebalancer.cc:388] table: range_aware_rebalance_new_range, leader rebalance finish, leader transfer count: 4
I20260608 09:48:40.771342 22465 raft_consensus.cc:2955] T 563fed3147a94bf9ac86ba8740430953 P c028ca2be8e44a3ca83b5fb555aae288 [term 1 LEADER]: Committing config change with OpId 1.4: config changed from index 3 to 4, VOTER 432f4e8295c34f3399ccf9aff6a3c5d6 (127.18.166.129) evicted. New config: { opid_index: 4 OBSOLETE_local: false peers { permanent_uuid: "513f842c66114964b3fd89f2d11275e4" member_type: VOTER last_known_addr { host: "127.18.166.130" port: 34109 } } peers { permanent_uuid: "c028ca2be8e44a3ca83b5fb555aae288" member_type: VOTER last_known_addr { host: "127.18.166.131" port: 41573 } } peers { permanent_uuid: "9c3ed81432534ccdab019787431f050d" member_type: VOTER last_known_addr { host: "127.18.166.132" port: 42455 } attrs { promote: false } } }
I20260608 09:48:40.772819 22007 auto_leader_rebalancer.cc:451] All tables' leader rebalancing finished this round
I20260608 09:48:40.781121 22359 raft_consensus.cc:2955] T 563fed3147a94bf9ac86ba8740430953 P 9c3ed81432534ccdab019787431f050d [term 1 FOLLOWER]: Committing config change with OpId 1.4: config changed from index 3 to 4, VOTER 432f4e8295c34f3399ccf9aff6a3c5d6 (127.18.166.129) evicted. New config: { opid_index: 4 OBSOLETE_local: false peers { permanent_uuid: "513f842c66114964b3fd89f2d11275e4" member_type: VOTER last_known_addr { host: "127.18.166.130" port: 34109 } } peers { permanent_uuid: "c028ca2be8e44a3ca83b5fb555aae288" member_type: VOTER last_known_addr { host: "127.18.166.131" port: 41573 } } peers { permanent_uuid: "9c3ed81432534ccdab019787431f050d" member_type: VOTER last_known_addr { host: "127.18.166.132" port: 42455 } attrs { promote: false } } }
I20260608 09:48:40.785831 22486 raft_consensus.cc:697] T 07f146e9a0df4073b4cde97e8a4b4526 P 513f842c66114964b3fd89f2d11275e4 [term 2 LEADER]: Becoming Leader. State: Replica: 513f842c66114964b3fd89f2d11275e4, State: Running, Role: LEADER
I20260608 09:48:40.786896 22486 consensus_queue.cc:237] T 07f146e9a0df4073b4cde97e8a4b4526 P 513f842c66114964b3fd89f2d11275e4 [LEADER]: Queue going to LEADER mode. State: All replicated index: 0, Majority replicated index: 3, Committed index: 3, Last appended: 1.3, Last appended by leader: 3, Current term: 2, Majority size: 3, State: 0, Mode: LEADER, active raft config: opid_index: 3 OBSOLETE_local: false peers { permanent_uuid: "432f4e8295c34f3399ccf9aff6a3c5d6" member_type: VOTER last_known_addr { host: "127.18.166.129" port: 33375 } } peers { permanent_uuid: "513f842c66114964b3fd89f2d11275e4" member_type: VOTER last_known_addr { host: "127.18.166.130" port: 34109 } } peers { permanent_uuid: "c028ca2be8e44a3ca83b5fb555aae288" member_type: VOTER last_known_addr { host: "127.18.166.131" port: 41573 } attrs { replace: true } } peers { permanent_uuid: "9c3ed81432534ccdab019787431f050d" member_type: VOTER last_known_addr { host: "127.18.166.132" port: 42455 } attrs { promote: false } }
I20260608 09:48:40.799387 22128 raft_consensus.cc:1275] T 563fed3147a94bf9ac86ba8740430953 P 513f842c66114964b3fd89f2d11275e4 [term 1 FOLLOWER]: Refusing update from remote peer c028ca2be8e44a3ca83b5fb555aae288: Log matching property violated. Preceding OpId in replica: term: 1 index: 3. Preceding OpId from leader: term: 1 index: 4. (index mismatch)
I20260608 09:48:40.802182 22415 consensus_queue.cc:1048] T 563fed3147a94bf9ac86ba8740430953 P c028ca2be8e44a3ca83b5fb555aae288 [LEADER]: Connected to new peer: Peer: permanent_uuid: "513f842c66114964b3fd89f2d11275e4" member_type: VOTER last_known_addr { host: "127.18.166.130" port: 34109 }, Status: LMP_MISMATCH, Last received: 0.0, Next index: 4, Last known committed idx: 3, Time since last communication: 0.000s
I20260608 09:48:40.805431 21953 catalog_manager.cc:5696] T 07f146e9a0df4073b4cde97e8a4b4526 P 513f842c66114964b3fd89f2d11275e4 reported cstate change: term changed from 1 to 2, leader changed from 432f4e8295c34f3399ccf9aff6a3c5d6 (127.18.166.129) to 513f842c66114964b3fd89f2d11275e4 (127.18.166.130). New cstate: current_term: 2 leader_uuid: "513f842c66114964b3fd89f2d11275e4" committed_config { opid_index: 3 OBSOLETE_local: false peers { permanent_uuid: "432f4e8295c34f3399ccf9aff6a3c5d6" member_type: VOTER last_known_addr { host: "127.18.166.129" port: 33375 } health_report { overall_health: UNKNOWN } } peers { permanent_uuid: "513f842c66114964b3fd89f2d11275e4" member_type: VOTER last_known_addr { host: "127.18.166.130" port: 34109 } health_report { overall_health: HEALTHY } } peers { permanent_uuid: "c028ca2be8e44a3ca83b5fb555aae288" member_type: VOTER last_known_addr { host: "127.18.166.131" port: 41573 } attrs { replace: true } health_report { overall_health: UNKNOWN } } peers { permanent_uuid: "9c3ed81432534ccdab019787431f050d" member_type: VOTER last_known_addr { host: "127.18.166.132" port: 42455 } attrs { promote: false } health_report { overall_health: UNKNOWN } } }
I20260608 09:48:40.808070 22131 raft_consensus.cc:2955] T 563fed3147a94bf9ac86ba8740430953 P 513f842c66114964b3fd89f2d11275e4 [term 1 FOLLOWER]: Committing config change with OpId 1.4: config changed from index 3 to 4, VOTER 432f4e8295c34f3399ccf9aff6a3c5d6 (127.18.166.129) evicted. New config: { opid_index: 4 OBSOLETE_local: false peers { permanent_uuid: "513f842c66114964b3fd89f2d11275e4" member_type: VOTER last_known_addr { host: "127.18.166.130" port: 34109 } } peers { permanent_uuid: "c028ca2be8e44a3ca83b5fb555aae288" member_type: VOTER last_known_addr { host: "127.18.166.131" port: 41573 } } peers { permanent_uuid: "9c3ed81432534ccdab019787431f050d" member_type: VOTER last_known_addr { host: "127.18.166.132" port: 42455 } attrs { promote: false } } }
I20260608 09:48:40.830032 21939 catalog_manager.cc:5209] ChangeConfig:REMOVE_PEER RPC for tablet 563fed3147a94bf9ac86ba8740430953 with cas_config_opid_index 3: ChangeConfig:REMOVE_PEER succeeded (attempt 1)
I20260608 09:48:40.830570 21953 catalog_manager.cc:5696] T 563fed3147a94bf9ac86ba8740430953 P 9c3ed81432534ccdab019787431f050d reported cstate change: config changed from index 3 to 4, VOTER 432f4e8295c34f3399ccf9aff6a3c5d6 (127.18.166.129) evicted. New cstate: current_term: 1 leader_uuid: "c028ca2be8e44a3ca83b5fb555aae288" committed_config { opid_index: 4 OBSOLETE_local: false peers { permanent_uuid: "513f842c66114964b3fd89f2d11275e4" member_type: VOTER last_known_addr { host: "127.18.166.130" port: 34109 } } peers { permanent_uuid: "c028ca2be8e44a3ca83b5fb555aae288" member_type: VOTER last_known_addr { host: "127.18.166.131" port: 41573 } } peers { permanent_uuid: "9c3ed81432534ccdab019787431f050d" member_type: VOTER last_known_addr { host: "127.18.166.132" port: 42455 } attrs { promote: false } } }
I20260608 09:48:40.840391 22466 raft_consensus.cc:993] T c680d8171601486eaf9d3d4cc6b35185 P c028ca2be8e44a3ca83b5fb555aae288: : Instructing follower 9c3ed81432534ccdab019787431f050d to start an election
I20260608 09:48:40.843175 22466 raft_consensus.cc:1081] T c680d8171601486eaf9d3d4cc6b35185 P c028ca2be8e44a3ca83b5fb555aae288 [term 1 LEADER]: Signalling peer 9c3ed81432534ccdab019787431f050d to start an election
I20260608 09:48:40.845005 22359 tablet_service.cc:2044] Received Run Leader Election RPC: tablet_id: "c680d8171601486eaf9d3d4cc6b35185"
dest_uuid: "9c3ed81432534ccdab019787431f050d"
 from {username='slave'} at 127.0.0.1:39050
I20260608 09:48:40.845592 22359 raft_consensus.cc:493] T c680d8171601486eaf9d3d4cc6b35185 P 9c3ed81432534ccdab019787431f050d [term 1 FOLLOWER]: Starting forced leader election (received explicit request)
I20260608 09:48:40.845986 22359 raft_consensus.cc:3060] T c680d8171601486eaf9d3d4cc6b35185 P 9c3ed81432534ccdab019787431f050d [term 1 FOLLOWER]: Advancing to term 2
I20260608 09:48:40.858264 22359 raft_consensus.cc:515] T c680d8171601486eaf9d3d4cc6b35185 P 9c3ed81432534ccdab019787431f050d [term 2 FOLLOWER]: Starting forced leader election with config: opid_index: -1 OBSOLETE_local: false peers { permanent_uuid: "c028ca2be8e44a3ca83b5fb555aae288" member_type: VOTER last_known_addr { host: "127.18.166.131" port: 41573 } } peers { permanent_uuid: "9c3ed81432534ccdab019787431f050d" member_type: VOTER last_known_addr { host: "127.18.166.132" port: 42455 } } peers { permanent_uuid: "513f842c66114964b3fd89f2d11275e4" member_type: VOTER last_known_addr { host: "127.18.166.130" port: 34109 } }
I20260608 09:48:40.859563 22041 tablet_service.cc:1558] Processing DeleteTablet for tablet 563fed3147a94bf9ac86ba8740430953 with delete_type TABLET_DATA_TOMBSTONED (TS 432f4e8295c34f3399ccf9aff6a3c5d6 not found in new config with opid_index 4) from {username='slave'} at 127.0.0.1:53834
I20260608 09:48:40.861438 22204 tablet_service.cc:1917] Received RequestConsensusVote() RPC: tablet_id: "c680d8171601486eaf9d3d4cc6b35185" candidate_uuid: "9c3ed81432534ccdab019787431f050d" candidate_term: 2 candidate_status { last_received { term: 1 index: 1 } } ignore_live_leader: true dest_uuid: "c028ca2be8e44a3ca83b5fb555aae288"
I20260608 09:48:40.862133 22204 raft_consensus.cc:3055] T c680d8171601486eaf9d3d4cc6b35185 P c028ca2be8e44a3ca83b5fb555aae288 [term 1 LEADER]: Stepping down as leader of term 1
I20260608 09:48:40.862504 22204 raft_consensus.cc:740] T c680d8171601486eaf9d3d4cc6b35185 P c028ca2be8e44a3ca83b5fb555aae288 [term 1 LEADER]: Becoming Follower/Learner. State: Replica: c028ca2be8e44a3ca83b5fb555aae288, State: Running, Role: LEADER
I20260608 09:48:40.863381 22204 consensus_queue.cc:260] T c680d8171601486eaf9d3d4cc6b35185 P c028ca2be8e44a3ca83b5fb555aae288 [NON_LEADER]: Queue going to NON_LEADER mode. State: All replicated index: 0, Majority replicated index: 1, Committed index: 1, Last appended: 1.1, Last appended by leader: 1, Current term: 1, Majority size: -1, State: 0, Mode: NON_LEADER, active raft config: opid_index: -1 OBSOLETE_local: false peers { permanent_uuid: "c028ca2be8e44a3ca83b5fb555aae288" member_type: VOTER last_known_addr { host: "127.18.166.131" port: 41573 } } peers { permanent_uuid: "9c3ed81432534ccdab019787431f050d" member_type: VOTER last_known_addr { host: "127.18.166.132" port: 42455 } } peers { permanent_uuid: "513f842c66114964b3fd89f2d11275e4" member_type: VOTER last_known_addr { host: "127.18.166.130" port: 34109 } }
I20260608 09:48:40.864593 22204 raft_consensus.cc:3060] T c680d8171601486eaf9d3d4cc6b35185 P c028ca2be8e44a3ca83b5fb555aae288 [term 1 FOLLOWER]: Advancing to term 2
I20260608 09:48:40.875223 22359 leader_election.cc:290] T c680d8171601486eaf9d3d4cc6b35185 P 9c3ed81432534ccdab019787431f050d [CANDIDATE]: Term 2 election: Requested vote from peers c028ca2be8e44a3ca83b5fb555aae288 (127.18.166.131:41573), 513f842c66114964b3fd89f2d11275e4 (127.18.166.130:34109)
I20260608 09:48:40.876307 22131 tablet_service.cc:1917] Received RequestConsensusVote() RPC: tablet_id: "c680d8171601486eaf9d3d4cc6b35185" candidate_uuid: "9c3ed81432534ccdab019787431f050d" candidate_term: 2 candidate_status { last_received { term: 1 index: 1 } } ignore_live_leader: true dest_uuid: "513f842c66114964b3fd89f2d11275e4"
I20260608 09:48:40.877610 22131 raft_consensus.cc:3060] T c680d8171601486eaf9d3d4cc6b35185 P 513f842c66114964b3fd89f2d11275e4 [term 1 FOLLOWER]: Advancing to term 2
I20260608 09:48:40.878247 22204 raft_consensus.cc:2468] T c680d8171601486eaf9d3d4cc6b35185 P c028ca2be8e44a3ca83b5fb555aae288 [term 2 FOLLOWER]: Leader election vote request: Granting yes vote for candidate 9c3ed81432534ccdab019787431f050d in term 2.
I20260608 09:48:40.879695 22539 tablet_replica.cc:333] T 563fed3147a94bf9ac86ba8740430953 P 432f4e8295c34f3399ccf9aff6a3c5d6: stopping tablet replica
I20260608 09:48:40.879853 22317 leader_election.cc:304] T c680d8171601486eaf9d3d4cc6b35185 P 9c3ed81432534ccdab019787431f050d [CANDIDATE]: Term 2 election: Election decided. Result: candidate won. Election summary: received 2 responses out of 3 voters: 2 yes votes; 0 no votes. yes voters: 9c3ed81432534ccdab019787431f050d, c028ca2be8e44a3ca83b5fb555aae288; no voters: 
I20260608 09:48:40.880899 22459 raft_consensus.cc:2804] T c680d8171601486eaf9d3d4cc6b35185 P 9c3ed81432534ccdab019787431f050d [term 2 FOLLOWER]: Leader election won for term 2
I20260608 09:48:40.881033 22539 raft_consensus.cc:2243] T 563fed3147a94bf9ac86ba8740430953 P 432f4e8295c34f3399ccf9aff6a3c5d6 [term 1 FOLLOWER]: Raft consensus shutting down.
I20260608 09:48:40.881906 22539 raft_consensus.cc:2272] T 563fed3147a94bf9ac86ba8740430953 P 432f4e8295c34f3399ccf9aff6a3c5d6 [term 1 FOLLOWER]: Raft consensus is shut down!
I20260608 09:48:40.884925 22131 raft_consensus.cc:2468] T c680d8171601486eaf9d3d4cc6b35185 P 513f842c66114964b3fd89f2d11275e4 [term 2 FOLLOWER]: Leader election vote request: Granting yes vote for candidate 9c3ed81432534ccdab019787431f050d in term 2.
I20260608 09:48:40.887295 22459 raft_consensus.cc:697] T c680d8171601486eaf9d3d4cc6b35185 P 9c3ed81432534ccdab019787431f050d [term 2 LEADER]: Becoming Leader. State: Replica: 9c3ed81432534ccdab019787431f050d, State: Running, Role: LEADER
I20260608 09:48:40.888540 22539 ts_tablet_manager.cc:1916] T 563fed3147a94bf9ac86ba8740430953 P 432f4e8295c34f3399ccf9aff6a3c5d6: Deleting tablet data with delete state TABLET_DATA_TOMBSTONED
I20260608 09:48:40.888386 22459 consensus_queue.cc:237] T c680d8171601486eaf9d3d4cc6b35185 P 9c3ed81432534ccdab019787431f050d [LEADER]: Queue going to LEADER mode. State: All replicated index: 0, Majority replicated index: 1, Committed index: 1, Last appended: 1.1, Last appended by leader: 1, Current term: 2, Majority size: 2, State: 0, Mode: LEADER, active raft config: opid_index: -1 OBSOLETE_local: false peers { permanent_uuid: "c028ca2be8e44a3ca83b5fb555aae288" member_type: VOTER last_known_addr { host: "127.18.166.131" port: 41573 } } peers { permanent_uuid: "9c3ed81432534ccdab019787431f050d" member_type: VOTER last_known_addr { host: "127.18.166.132" port: 42455 } } peers { permanent_uuid: "513f842c66114964b3fd89f2d11275e4" member_type: VOTER last_known_addr { host: "127.18.166.130" port: 34109 } }
