I20260608 10:01:21.100029 31911 tablet_bootstrap.cc:654] T cf86feabf4a74d588d02056f9d764b3e P 532053c94031482298c5a8398038546d: Neither blocks nor log segments found. Creating new log.
I20260608 10:01:21.104825 31905 raft_consensus.cc:385] T aefd1a4689f4476b95b30a082df4b0d1 P 7cc8c0c1de024fe4a5e9a9ffc13debdc [term 0 FOLLOWER]: Consensus starting up: Expiring failure detector timer to make a prompt election more likely
I20260608 10:01:21.105198 31905 raft_consensus.cc:740] T aefd1a4689f4476b95b30a082df4b0d1 P 7cc8c0c1de024fe4a5e9a9ffc13debdc [term 0 FOLLOWER]: Becoming Follower/Learner. State: Replica: 7cc8c0c1de024fe4a5e9a9ffc13debdc, State: Initialized, Role: FOLLOWER
I20260608 10:01:21.106287 31908 tablet_bootstrap.cc:492] T cf86feabf4a74d588d02056f9d764b3e P 9a551acb4cb94f31b69ae244b77be02e: No bootstrap required, opened a new log
I20260608 10:01:21.106134 31905 consensus_queue.cc:260] T aefd1a4689f4476b95b30a082df4b0d1 P 7cc8c0c1de024fe4a5e9a9ffc13debdc [NON_LEADER]: Queue going to NON_LEADER mode. State: All replicated index: 0, Majority replicated index: 0, Committed index: 0, Last appended: 0.0, Last appended by leader: 0, Current term: 0, Majority size: -1, State: 0, Mode: NON_LEADER, active raft config: opid_index: -1 OBSOLETE_local: false peers { permanent_uuid: "532053c94031482298c5a8398038546d" member_type: VOTER last_known_addr { host: "127.27.231.196" port: 38921 } } peers { permanent_uuid: "9a551acb4cb94f31b69ae244b77be02e" member_type: VOTER last_known_addr { host: "127.27.231.195" port: 45129 } } peers { permanent_uuid: "7cc8c0c1de024fe4a5e9a9ffc13debdc" member_type: VOTER last_known_addr { host: "127.27.231.193" port: 36833 } }
I20260608 10:01:21.106946 31908 ts_tablet_manager.cc:1403] T cf86feabf4a74d588d02056f9d764b3e P 9a551acb4cb94f31b69ae244b77be02e: Time spent bootstrapping tablet: real 0.021s	user 0.013s	sys 0.004s
I20260608 10:01:21.106205 31904 tablet_bootstrap.cc:492] T eb32622578164b899e018dd0fc473d24 P 9ed95d00e3754dfea481c6e73e16915f: Bootstrap starting.
I20260608 10:01:21.108994 31905 ts_tablet_manager.cc:1434] T aefd1a4689f4476b95b30a082df4b0d1 P 7cc8c0c1de024fe4a5e9a9ffc13debdc: Time spent starting tablet: real 0.008s	user 0.007s	sys 0.000s
I20260608 10:01:21.110095 31905 tablet_bootstrap.cc:492] T eb32622578164b899e018dd0fc473d24 P 7cc8c0c1de024fe4a5e9a9ffc13debdc: Bootstrap starting.
I20260608 10:01:21.115195 31908 raft_consensus.cc:359] T cf86feabf4a74d588d02056f9d764b3e P 9a551acb4cb94f31b69ae244b77be02e [term 0 FOLLOWER]: Replica starting. Triggering 0 pending ops. Active config: opid_index: -1 OBSOLETE_local: false peers { permanent_uuid: "9ed95d00e3754dfea481c6e73e16915f" member_type: VOTER last_known_addr { host: "127.27.231.194" port: 37103 } } peers { permanent_uuid: "9a551acb4cb94f31b69ae244b77be02e" member_type: VOTER last_known_addr { host: "127.27.231.195" port: 45129 } } peers { permanent_uuid: "532053c94031482298c5a8398038546d" member_type: VOTER last_known_addr { host: "127.27.231.196" port: 38921 } }
I20260608 10:01:21.115859 31904 tablet_bootstrap.cc:654] T eb32622578164b899e018dd0fc473d24 P 9ed95d00e3754dfea481c6e73e16915f: Neither blocks nor log segments found. Creating new log.
I20260608 10:01:21.116858 31905 tablet_bootstrap.cc:654] T eb32622578164b899e018dd0fc473d24 P 7cc8c0c1de024fe4a5e9a9ffc13debdc: Neither blocks nor log segments found. Creating new log.
I20260608 10:01:21.116029 31908 raft_consensus.cc:385] T cf86feabf4a74d588d02056f9d764b3e P 9a551acb4cb94f31b69ae244b77be02e [term 0 FOLLOWER]: Consensus starting up: Expiring failure detector timer to make a prompt election more likely
I20260608 10:01:21.117839 31908 raft_consensus.cc:740] T cf86feabf4a74d588d02056f9d764b3e P 9a551acb4cb94f31b69ae244b77be02e [term 0 FOLLOWER]: Becoming Follower/Learner. State: Replica: 9a551acb4cb94f31b69ae244b77be02e, State: Initialized, Role: FOLLOWER
I20260608 10:01:21.118921 31908 consensus_queue.cc:260] T cf86feabf4a74d588d02056f9d764b3e P 9a551acb4cb94f31b69ae244b77be02e [NON_LEADER]: Queue going to NON_LEADER mode. State: All replicated index: 0, Majority replicated index: 0, Committed index: 0, Last appended: 0.0, Last appended by leader: 0, Current term: 0, Majority size: -1, State: 0, Mode: NON_LEADER, active raft config: opid_index: -1 OBSOLETE_local: false peers { permanent_uuid: "9ed95d00e3754dfea481c6e73e16915f" member_type: VOTER last_known_addr { host: "127.27.231.194" port: 37103 } } peers { permanent_uuid: "9a551acb4cb94f31b69ae244b77be02e" member_type: VOTER last_known_addr { host: "127.27.231.195" port: 45129 } } peers { permanent_uuid: "532053c94031482298c5a8398038546d" member_type: VOTER last_known_addr { host: "127.27.231.196" port: 38921 } }
I20260608 10:01:21.127652 31908 ts_tablet_manager.cc:1434] T cf86feabf4a74d588d02056f9d764b3e P 9a551acb4cb94f31b69ae244b77be02e: Time spent starting tablet: real 0.020s	user 0.007s	sys 0.003s
I20260608 10:01:21.129128 31908 tablet_bootstrap.cc:492] T a0b1fc3d54604d66bb3b3fbcbc3591f2 P 9a551acb4cb94f31b69ae244b77be02e: Bootstrap starting.
I20260608 10:01:21.135874 31911 tablet_bootstrap.cc:492] T cf86feabf4a74d588d02056f9d764b3e P 532053c94031482298c5a8398038546d: No bootstrap required, opened a new log
I20260608 10:01:21.136616 31911 ts_tablet_manager.cc:1403] T cf86feabf4a74d588d02056f9d764b3e P 532053c94031482298c5a8398038546d: Time spent bootstrapping tablet: real 0.047s	user 0.013s	sys 0.002s
I20260608 10:01:21.141722 31911 raft_consensus.cc:359] T cf86feabf4a74d588d02056f9d764b3e P 532053c94031482298c5a8398038546d [term 0 FOLLOWER]: Replica starting. Triggering 0 pending ops. Active config: opid_index: -1 OBSOLETE_local: false peers { permanent_uuid: "9ed95d00e3754dfea481c6e73e16915f" member_type: VOTER last_known_addr { host: "127.27.231.194" port: 37103 } } peers { permanent_uuid: "9a551acb4cb94f31b69ae244b77be02e" member_type: VOTER last_known_addr { host: "127.27.231.195" port: 45129 } } peers { permanent_uuid: "532053c94031482298c5a8398038546d" member_type: VOTER last_known_addr { host: "127.27.231.196" port: 38921 } }
I20260608 10:01:21.142722 31911 raft_consensus.cc:385] T cf86feabf4a74d588d02056f9d764b3e P 532053c94031482298c5a8398038546d [term 0 FOLLOWER]: Consensus starting up: Expiring failure detector timer to make a prompt election more likely
I20260608 10:01:21.143118 31911 raft_consensus.cc:740] T cf86feabf4a74d588d02056f9d764b3e P 532053c94031482298c5a8398038546d [term 0 FOLLOWER]: Becoming Follower/Learner. State: Replica: 532053c94031482298c5a8398038546d, State: Initialized, Role: FOLLOWER
I20260608 10:01:21.144146 31911 consensus_queue.cc:260] T cf86feabf4a74d588d02056f9d764b3e P 532053c94031482298c5a8398038546d [NON_LEADER]: Queue going to NON_LEADER mode. State: All replicated index: 0, Majority replicated index: 0, Committed index: 0, Last appended: 0.0, Last appended by leader: 0, Current term: 0, Majority size: -1, State: 0, Mode: NON_LEADER, active raft config: opid_index: -1 OBSOLETE_local: false peers { permanent_uuid: "9ed95d00e3754dfea481c6e73e16915f" member_type: VOTER last_known_addr { host: "127.27.231.194" port: 37103 } } peers { permanent_uuid: "9a551acb4cb94f31b69ae244b77be02e" member_type: VOTER last_known_addr { host: "127.27.231.195" port: 45129 } } peers { permanent_uuid: "532053c94031482298c5a8398038546d" member_type: VOTER last_known_addr { host: "127.27.231.196" port: 38921 } }
I20260608 10:01:21.147156 31911 ts_tablet_manager.cc:1434] T cf86feabf4a74d588d02056f9d764b3e P 532053c94031482298c5a8398038546d: Time spent starting tablet: real 0.010s	user 0.008s	sys 0.000s
I20260608 10:01:21.148480 31911 tablet_bootstrap.cc:492] T 62f36ee3adfb4630baeea57078331a34 P 532053c94031482298c5a8398038546d: Bootstrap starting.
I20260608 10:01:21.157264 31908 tablet_bootstrap.cc:654] T a0b1fc3d54604d66bb3b3fbcbc3591f2 P 9a551acb4cb94f31b69ae244b77be02e: Neither blocks nor log segments found. Creating new log.
I20260608 10:01:21.159875 31911 tablet_bootstrap.cc:654] T 62f36ee3adfb4630baeea57078331a34 P 532053c94031482298c5a8398038546d: Neither blocks nor log segments found. Creating new log.
I20260608 10:01:21.161927 31904 tablet_bootstrap.cc:492] T eb32622578164b899e018dd0fc473d24 P 9ed95d00e3754dfea481c6e73e16915f: No bootstrap required, opened a new log
I20260608 10:01:21.162228 31905 tablet_bootstrap.cc:492] T eb32622578164b899e018dd0fc473d24 P 7cc8c0c1de024fe4a5e9a9ffc13debdc: No bootstrap required, opened a new log
I20260608 10:01:21.162596 31904 ts_tablet_manager.cc:1403] T eb32622578164b899e018dd0fc473d24 P 9ed95d00e3754dfea481c6e73e16915f: Time spent bootstrapping tablet: real 0.057s	user 0.024s	sys 0.023s
I20260608 10:01:21.162792 31905 ts_tablet_manager.cc:1403] T eb32622578164b899e018dd0fc473d24 P 7cc8c0c1de024fe4a5e9a9ffc13debdc: Time spent bootstrapping tablet: real 0.053s	user 0.030s	sys 0.020s
I20260608 10:01:21.165916 31904 raft_consensus.cc:359] T eb32622578164b899e018dd0fc473d24 P 9ed95d00e3754dfea481c6e73e16915f [term 0 FOLLOWER]: Replica starting. Triggering 0 pending ops. Active config: opid_index: -1 OBSOLETE_local: false peers { permanent_uuid: "7cc8c0c1de024fe4a5e9a9ffc13debdc" member_type: VOTER last_known_addr { host: "127.27.231.193" port: 36833 } } peers { permanent_uuid: "532053c94031482298c5a8398038546d" member_type: VOTER last_known_addr { host: "127.27.231.196" port: 38921 } } peers { permanent_uuid: "9ed95d00e3754dfea481c6e73e16915f" member_type: VOTER last_known_addr { host: "127.27.231.194" port: 37103 } }
I20260608 10:01:21.166669 31916 raft_consensus.cc:493] T 23f9826091f94eaba1fd22b48f6e19b6 P 9a551acb4cb94f31b69ae244b77be02e [term 0 FOLLOWER]: Starting pre-election (no leader contacted us within the election timeout)
I20260608 10:01:21.167236 31916 raft_consensus.cc:515] T 23f9826091f94eaba1fd22b48f6e19b6 P 9a551acb4cb94f31b69ae244b77be02e [term 0 FOLLOWER]: Starting pre-election with config: opid_index: -1 OBSOLETE_local: false peers { permanent_uuid: "7cc8c0c1de024fe4a5e9a9ffc13debdc" member_type: VOTER last_known_addr { host: "127.27.231.193" port: 36833 } } peers { permanent_uuid: "9a551acb4cb94f31b69ae244b77be02e" member_type: VOTER last_known_addr { host: "127.27.231.195" port: 45129 } } peers { permanent_uuid: "532053c94031482298c5a8398038546d" member_type: VOTER last_known_addr { host: "127.27.231.196" port: 38921 } }
I20260608 10:01:21.167924 31905 raft_consensus.cc:359] T eb32622578164b899e018dd0fc473d24 P 7cc8c0c1de024fe4a5e9a9ffc13debdc [term 0 FOLLOWER]: Replica starting. Triggering 0 pending ops. Active config: opid_index: -1 OBSOLETE_local: false peers { permanent_uuid: "7cc8c0c1de024fe4a5e9a9ffc13debdc" member_type: VOTER last_known_addr { host: "127.27.231.193" port: 36833 } } peers { permanent_uuid: "532053c94031482298c5a8398038546d" member_type: VOTER last_known_addr { host: "127.27.231.196" port: 38921 } } peers { permanent_uuid: "9ed95d00e3754dfea481c6e73e16915f" member_type: VOTER last_known_addr { host: "127.27.231.194" port: 37103 } }
I20260608 10:01:21.168810 31905 raft_consensus.cc:385] T eb32622578164b899e018dd0fc473d24 P 7cc8c0c1de024fe4a5e9a9ffc13debdc [term 0 FOLLOWER]: Consensus starting up: Expiring failure detector timer to make a prompt election more likely
I20260608 10:01:21.169205 31905 raft_consensus.cc:740] T eb32622578164b899e018dd0fc473d24 P 7cc8c0c1de024fe4a5e9a9ffc13debdc [term 0 FOLLOWER]: Becoming Follower/Learner. State: Replica: 7cc8c0c1de024fe4a5e9a9ffc13debdc, State: Initialized, Role: FOLLOWER
I20260608 10:01:21.170248 31908 tablet_bootstrap.cc:492] T a0b1fc3d54604d66bb3b3fbcbc3591f2 P 9a551acb4cb94f31b69ae244b77be02e: No bootstrap required, opened a new log
I20260608 10:01:21.170418 31916 leader_election.cc:290] T 23f9826091f94eaba1fd22b48f6e19b6 P 9a551acb4cb94f31b69ae244b77be02e [CANDIDATE]: Term 1 pre-election: Requested pre-vote from peers 7cc8c0c1de024fe4a5e9a9ffc13debdc (127.27.231.193:36833), 532053c94031482298c5a8398038546d (127.27.231.196:38921)
I20260608 10:01:21.170876 31908 ts_tablet_manager.cc:1403] T a0b1fc3d54604d66bb3b3fbcbc3591f2 P 9a551acb4cb94f31b69ae244b77be02e: Time spent bootstrapping tablet: real 0.042s	user 0.013s	sys 0.008s
I20260608 10:01:21.170609 31905 consensus_queue.cc:260] T eb32622578164b899e018dd0fc473d24 P 7cc8c0c1de024fe4a5e9a9ffc13debdc [NON_LEADER]: Queue going to NON_LEADER mode. State: All replicated index: 0, Majority replicated index: 0, Committed index: 0, Last appended: 0.0, Last appended by leader: 0, Current term: 0, Majority size: -1, State: 0, Mode: NON_LEADER, active raft config: opid_index: -1 OBSOLETE_local: false peers { permanent_uuid: "7cc8c0c1de024fe4a5e9a9ffc13debdc" member_type: VOTER last_known_addr { host: "127.27.231.193" port: 36833 } } peers { permanent_uuid: "532053c94031482298c5a8398038546d" member_type: VOTER last_known_addr { host: "127.27.231.196" port: 38921 } } peers { permanent_uuid: "9ed95d00e3754dfea481c6e73e16915f" member_type: VOTER last_known_addr { host: "127.27.231.194" port: 37103 } }
I20260608 10:01:21.173048 31905 ts_tablet_manager.cc:1434] T eb32622578164b899e018dd0fc473d24 P 7cc8c0c1de024fe4a5e9a9ffc13debdc: Time spent starting tablet: real 0.010s	user 0.003s	sys 0.005s
I20260608 10:01:21.174144 31905 tablet_bootstrap.cc:492] T 23f9826091f94eaba1fd22b48f6e19b6 P 7cc8c0c1de024fe4a5e9a9ffc13debdc: Bootstrap starting.
I20260608 10:01:21.174315 31908 raft_consensus.cc:359] T a0b1fc3d54604d66bb3b3fbcbc3591f2 P 9a551acb4cb94f31b69ae244b77be02e [term 0 FOLLOWER]: Replica starting. Triggering 0 pending ops. Active config: opid_index: -1 OBSOLETE_local: false peers { permanent_uuid: "532053c94031482298c5a8398038546d" member_type: VOTER last_known_addr { host: "127.27.231.196" port: 38921 } } peers { permanent_uuid: "9a551acb4cb94f31b69ae244b77be02e" member_type: VOTER last_known_addr { host: "127.27.231.195" port: 45129 } } peers { permanent_uuid: "9ed95d00e3754dfea481c6e73e16915f" member_type: VOTER last_known_addr { host: "127.27.231.194" port: 37103 } }
I20260608 10:01:21.175204 31908 raft_consensus.cc:385] T a0b1fc3d54604d66bb3b3fbcbc3591f2 P 9a551acb4cb94f31b69ae244b77be02e [term 0 FOLLOWER]: Consensus starting up: Expiring failure detector timer to make a prompt election more likely
I20260608 10:01:21.175602 31908 raft_consensus.cc:740] T a0b1fc3d54604d66bb3b3fbcbc3591f2 P 9a551acb4cb94f31b69ae244b77be02e [term 0 FOLLOWER]: Becoming Follower/Learner. State: Replica: 9a551acb4cb94f31b69ae244b77be02e, State: Initialized, Role: FOLLOWER
I20260608 10:01:21.177429 31908 consensus_queue.cc:260] T a0b1fc3d54604d66bb3b3fbcbc3591f2 P 9a551acb4cb94f31b69ae244b77be02e [NON_LEADER]: Queue going to NON_LEADER mode. State: All replicated index: 0, Majority replicated index: 0, Committed index: 0, Last appended: 0.0, Last appended by leader: 0, Current term: 0, Majority size: -1, State: 0, Mode: NON_LEADER, active raft config: opid_index: -1 OBSOLETE_local: false peers { permanent_uuid: "532053c94031482298c5a8398038546d" member_type: VOTER last_known_addr { host: "127.27.231.196" port: 38921 } } peers { permanent_uuid: "9a551acb4cb94f31b69ae244b77be02e" member_type: VOTER last_known_addr { host: "127.27.231.195" port: 45129 } } peers { permanent_uuid: "9ed95d00e3754dfea481c6e73e16915f" member_type: VOTER last_known_addr { host: "127.27.231.194" port: 37103 } }
I20260608 10:01:21.179369 31563 tablet_service.cc:1917] Received RequestConsensusVote() RPC: tablet_id: "23f9826091f94eaba1fd22b48f6e19b6" candidate_uuid: "9a551acb4cb94f31b69ae244b77be02e" candidate_term: 1 candidate_status { last_received { term: 0 index: 0 } } ignore_live_leader: false dest_uuid: "7cc8c0c1de024fe4a5e9a9ffc13debdc" is_pre_election: true
I20260608 10:01:21.179915 31908 ts_tablet_manager.cc:1434] T a0b1fc3d54604d66bb3b3fbcbc3591f2 P 9a551acb4cb94f31b69ae244b77be02e: Time spent starting tablet: real 0.009s	user 0.006s	sys 0.001s
W20260608 10:01:21.181473 31678 leader_election.cc:343] T 23f9826091f94eaba1fd22b48f6e19b6 P 9a551acb4cb94f31b69ae244b77be02e [CANDIDATE]: Term 1 pre-election: Tablet error from VoteRequest() call to peer 7cc8c0c1de024fe4a5e9a9ffc13debdc (127.27.231.193:36833): Illegal state: must be running to vote when last-logged opid is not known
I20260608 10:01:21.181736 31905 tablet_bootstrap.cc:654] T 23f9826091f94eaba1fd22b48f6e19b6 P 7cc8c0c1de024fe4a5e9a9ffc13debdc: Neither blocks nor log segments found. Creating new log.
I20260608 10:01:21.166638 31904 raft_consensus.cc:385] T eb32622578164b899e018dd0fc473d24 P 9ed95d00e3754dfea481c6e73e16915f [term 0 FOLLOWER]: Consensus starting up: Expiring failure detector timer to make a prompt election more likely
I20260608 10:01:21.182421 31911 tablet_bootstrap.cc:492] T 62f36ee3adfb4630baeea57078331a34 P 532053c94031482298c5a8398038546d: No bootstrap required, opened a new log
I20260608 10:01:21.182801 31904 raft_consensus.cc:740] T eb32622578164b899e018dd0fc473d24 P 9ed95d00e3754dfea481c6e73e16915f [term 0 FOLLOWER]: Becoming Follower/Learner. State: Replica: 9ed95d00e3754dfea481c6e73e16915f, State: Initialized, Role: FOLLOWER
I20260608 10:01:21.183259 31911 ts_tablet_manager.cc:1403] T 62f36ee3adfb4630baeea57078331a34 P 532053c94031482298c5a8398038546d: Time spent bootstrapping tablet: real 0.035s	user 0.011s	sys 0.012s
I20260608 10:01:21.183859 31904 consensus_queue.cc:260] T eb32622578164b899e018dd0fc473d24 P 9ed95d00e3754dfea481c6e73e16915f [NON_LEADER]: Queue going to NON_LEADER mode. State: All replicated index: 0, Majority replicated index: 0, Committed index: 0, Last appended: 0.0, Last appended by leader: 0, Current term: 0, Majority size: -1, State: 0, Mode: NON_LEADER, active raft config: opid_index: -1 OBSOLETE_local: false peers { permanent_uuid: "7cc8c0c1de024fe4a5e9a9ffc13debdc" member_type: VOTER last_known_addr { host: "127.27.231.193" port: 36833 } } peers { permanent_uuid: "532053c94031482298c5a8398038546d" member_type: VOTER last_known_addr { host: "127.27.231.196" port: 38921 } } peers { permanent_uuid: "9ed95d00e3754dfea481c6e73e16915f" member_type: VOTER last_known_addr { host: "127.27.231.194" port: 37103 } }
I20260608 10:01:21.185057 31908 tablet_bootstrap.cc:492] T aefd1a4689f4476b95b30a082df4b0d1 P 9a551acb4cb94f31b69ae244b77be02e: Bootstrap starting.
I20260608 10:01:21.186229 31904 ts_tablet_manager.cc:1434] T eb32622578164b899e018dd0fc473d24 P 9ed95d00e3754dfea481c6e73e16915f: Time spent starting tablet: real 0.023s	user 0.006s	sys 0.000s
I20260608 10:01:21.195211 31904 tablet_bootstrap.cc:492] T 14537d41b02a41c6a601ef179bca5309 P 9ed95d00e3754dfea481c6e73e16915f: Bootstrap starting.
I20260608 10:01:21.197467 31905 tablet_bootstrap.cc:492] T 23f9826091f94eaba1fd22b48f6e19b6 P 7cc8c0c1de024fe4a5e9a9ffc13debdc: No bootstrap required, opened a new log
I20260608 10:01:21.198035 31905 ts_tablet_manager.cc:1403] T 23f9826091f94eaba1fd22b48f6e19b6 P 7cc8c0c1de024fe4a5e9a9ffc13debdc: Time spent bootstrapping tablet: real 0.024s	user 0.017s	sys 0.000s
I20260608 10:01:21.198295 31908 tablet_bootstrap.cc:654] T aefd1a4689f4476b95b30a082df4b0d1 P 9a551acb4cb94f31b69ae244b77be02e: Neither blocks nor log segments found. Creating new log.
I20260608 10:01:21.201457 31868 tablet_service.cc:1917] Received RequestConsensusVote() RPC: tablet_id: "23f9826091f94eaba1fd22b48f6e19b6" candidate_uuid: "9a551acb4cb94f31b69ae244b77be02e" candidate_term: 1 candidate_status { last_received { term: 0 index: 0 } } ignore_live_leader: false dest_uuid: "532053c94031482298c5a8398038546d" is_pre_election: true
I20260608 10:01:21.201664 31905 raft_consensus.cc:359] T 23f9826091f94eaba1fd22b48f6e19b6 P 7cc8c0c1de024fe4a5e9a9ffc13debdc [term 0 FOLLOWER]: Replica starting. Triggering 0 pending ops. Active config: opid_index: -1 OBSOLETE_local: false peers { permanent_uuid: "7cc8c0c1de024fe4a5e9a9ffc13debdc" member_type: VOTER last_known_addr { host: "127.27.231.193" port: 36833 } } peers { permanent_uuid: "9a551acb4cb94f31b69ae244b77be02e" member_type: VOTER last_known_addr { host: "127.27.231.195" port: 45129 } } peers { permanent_uuid: "532053c94031482298c5a8398038546d" member_type: VOTER last_known_addr { host: "127.27.231.196" port: 38921 } }
I20260608 10:01:21.202440 31905 raft_consensus.cc:385] T 23f9826091f94eaba1fd22b48f6e19b6 P 7cc8c0c1de024fe4a5e9a9ffc13debdc [term 0 FOLLOWER]: Consensus starting up: Expiring failure detector timer to make a prompt election more likely
I20260608 10:01:21.202780 31905 raft_consensus.cc:740] T 23f9826091f94eaba1fd22b48f6e19b6 P 7cc8c0c1de024fe4a5e9a9ffc13debdc [term 0 FOLLOWER]: Becoming Follower/Learner. State: Replica: 7cc8c0c1de024fe4a5e9a9ffc13debdc, State: Initialized, Role: FOLLOWER
W20260608 10:01:21.203533 31678 leader_election.cc:343] T 23f9826091f94eaba1fd22b48f6e19b6 P 9a551acb4cb94f31b69ae244b77be02e [CANDIDATE]: Term 1 pre-election: Tablet error from VoteRequest() call to peer 532053c94031482298c5a8398038546d (127.27.231.196:38921): Illegal state: must be running to vote when last-logged opid is not known
I20260608 10:01:21.203698 31905 consensus_queue.cc:260] T 23f9826091f94eaba1fd22b48f6e19b6 P 7cc8c0c1de024fe4a5e9a9ffc13debdc [NON_LEADER]: Queue going to NON_LEADER mode. State: All replicated index: 0, Majority replicated index: 0, Committed index: 0, Last appended: 0.0, Last appended by leader: 0, Current term: 0, Majority size: -1, State: 0, Mode: NON_LEADER, active raft config: opid_index: -1 OBSOLETE_local: false peers { permanent_uuid: "7cc8c0c1de024fe4a5e9a9ffc13debdc" member_type: VOTER last_known_addr { host: "127.27.231.193" port: 36833 } } peers { permanent_uuid: "9a551acb4cb94f31b69ae244b77be02e" member_type: VOTER last_known_addr { host: "127.27.231.195" port: 45129 } } peers { permanent_uuid: "532053c94031482298c5a8398038546d" member_type: VOTER last_known_addr { host: "127.27.231.196" port: 38921 } }
I20260608 10:01:21.204056 31678 leader_election.cc:304] T 23f9826091f94eaba1fd22b48f6e19b6 P 9a551acb4cb94f31b69ae244b77be02e [CANDIDATE]: Term 1 pre-election: Election decided. Result: candidate lost. Election summary: received 3 responses out of 3 voters: 1 yes votes; 2 no votes. yes voters: 9a551acb4cb94f31b69ae244b77be02e; no voters: 532053c94031482298c5a8398038546d, 7cc8c0c1de024fe4a5e9a9ffc13debdc
I20260608 10:01:21.205443 31916 raft_consensus.cc:2749] T 23f9826091f94eaba1fd22b48f6e19b6 P 9a551acb4cb94f31b69ae244b77be02e [term 0 FOLLOWER]: Leader pre-election lost for term 1. Reason: could not achieve majority
I20260608 10:01:21.206307 31921 raft_consensus.cc:493] T cf86feabf4a74d588d02056f9d764b3e P 532053c94031482298c5a8398038546d [term 0 FOLLOWER]: Starting pre-election (no leader contacted us within the election timeout)
I20260608 10:01:21.206579 31905 ts_tablet_manager.cc:1434] T 23f9826091f94eaba1fd22b48f6e19b6 P 7cc8c0c1de024fe4a5e9a9ffc13debdc: Time spent starting tablet: real 0.008s	user 0.008s	sys 0.000s
I20260608 10:01:21.206883 31921 raft_consensus.cc:515] T cf86feabf4a74d588d02056f9d764b3e P 532053c94031482298c5a8398038546d [term 0 FOLLOWER]: Starting pre-election with config: opid_index: -1 OBSOLETE_local: false peers { permanent_uuid: "9ed95d00e3754dfea481c6e73e16915f" member_type: VOTER last_known_addr { host: "127.27.231.194" port: 37103 } } peers { permanent_uuid: "9a551acb4cb94f31b69ae244b77be02e" member_type: VOTER last_known_addr { host: "127.27.231.195" port: 45129 } } peers { permanent_uuid: "532053c94031482298c5a8398038546d" member_type: VOTER last_known_addr { host: "127.27.231.196" port: 38921 } }
I20260608 10:01:21.207657 31905 tablet_bootstrap.cc:492] T 14537d41b02a41c6a601ef179bca5309 P 7cc8c0c1de024fe4a5e9a9ffc13debdc: Bootstrap starting.
I20260608 10:01:21.208163 31904 tablet_bootstrap.cc:654] T 14537d41b02a41c6a601ef179bca5309 P 9ed95d00e3754dfea481c6e73e16915f: Neither blocks nor log segments found. Creating new log.
I20260608 10:01:21.201390 31911 raft_consensus.cc:359] T 62f36ee3adfb4630baeea57078331a34 P 532053c94031482298c5a8398038546d [term 0 FOLLOWER]: Replica starting. Triggering 0 pending ops. Active config: opid_index: -1 OBSOLETE_local: false peers { permanent_uuid: "532053c94031482298c5a8398038546d" member_type: VOTER last_known_addr { host: "127.27.231.196" port: 38921 } } peers { permanent_uuid: "9a551acb4cb94f31b69ae244b77be02e" member_type: VOTER last_known_addr { host: "127.27.231.195" port: 45129 } } peers { permanent_uuid: "7cc8c0c1de024fe4a5e9a9ffc13debdc" member_type: VOTER last_known_addr { host: "127.27.231.193" port: 36833 } }
I20260608 10:01:21.217248 31921 leader_election.cc:290] T cf86feabf4a74d588d02056f9d764b3e P 532053c94031482298c5a8398038546d [CANDIDATE]: Term 1 pre-election: Requested pre-vote from peers 9ed95d00e3754dfea481c6e73e16915f (127.27.231.194:37103), 9a551acb4cb94f31b69ae244b77be02e (127.27.231.195:45129)
I20260608 10:01:21.218012 31911 raft_consensus.cc:385] T 62f36ee3adfb4630baeea57078331a34 P 532053c94031482298c5a8398038546d [term 0 FOLLOWER]: Consensus starting up: Expiring failure detector timer to make a prompt election more likely
I20260608 10:01:21.219244 31911 raft_consensus.cc:740] T 62f36ee3adfb4630baeea57078331a34 P 532053c94031482298c5a8398038546d [term 0 FOLLOWER]: Becoming Follower/Learner. State: Replica: 532053c94031482298c5a8398038546d, State: Initialized, Role: FOLLOWER
I20260608 10:01:21.224120 31911 consensus_queue.cc:260] T 62f36ee3adfb4630baeea57078331a34 P 532053c94031482298c5a8398038546d [NON_LEADER]: Queue going to NON_LEADER mode. State: All replicated index: 0, Majority replicated index: 0, Committed index: 0, Last appended: 0.0, Last appended by leader: 0, Current term: 0, Majority size: -1, State: 0, Mode: NON_LEADER, active raft config: opid_index: -1 OBSOLETE_local: false peers { permanent_uuid: "532053c94031482298c5a8398038546d" member_type: VOTER last_known_addr { host: "127.27.231.196" port: 38921 } } peers { permanent_uuid: "9a551acb4cb94f31b69ae244b77be02e" member_type: VOTER last_known_addr { host: "127.27.231.195" port: 45129 } } peers { permanent_uuid: "7cc8c0c1de024fe4a5e9a9ffc13debdc" member_type: VOTER last_known_addr { host: "127.27.231.193" port: 36833 } }
I20260608 10:01:21.241901 31911 ts_tablet_manager.cc:1434] T 62f36ee3adfb4630baeea57078331a34 P 532053c94031482298c5a8398038546d: Time spent starting tablet: real 0.058s	user 0.008s	sys 0.001s
I20260608 10:01:21.282122 31911 tablet_bootstrap.cc:492] T aefd1a4689f4476b95b30a082df4b0d1 P 532053c94031482298c5a8398038546d: Bootstrap starting.
I20260608 10:01:21.281064 31904 tablet_bootstrap.cc:492] T 14537d41b02a41c6a601ef179bca5309 P 9ed95d00e3754dfea481c6e73e16915f: No bootstrap required, opened a new log
I20260608 10:01:21.266993 31921 raft_consensus.cc:493] T ba0fe7509f3043f19ca35c6cfada20fa P 532053c94031482298c5a8398038546d [term 0 FOLLOWER]: Starting pre-election (no leader contacted us within the election timeout)
I20260608 10:01:21.285012 31921 raft_consensus.cc:515] T ba0fe7509f3043f19ca35c6cfada20fa P 532053c94031482298c5a8398038546d [term 0 FOLLOWER]: Starting pre-election with config: opid_index: -1 OBSOLETE_local: false peers { permanent_uuid: "532053c94031482298c5a8398038546d" member_type: VOTER last_known_addr { host: "127.27.231.196" port: 38921 } } peers { permanent_uuid: "9ed95d00e3754dfea481c6e73e16915f" member_type: VOTER last_known_addr { host: "127.27.231.194" port: 37103 } } peers { permanent_uuid: "7cc8c0c1de024fe4a5e9a9ffc13debdc" member_type: VOTER last_known_addr { host: "127.27.231.193" port: 36833 } }
I20260608 10:01:21.286794 31904 ts_tablet_manager.cc:1403] T 14537d41b02a41c6a601ef179bca5309 P 9ed95d00e3754dfea481c6e73e16915f: Time spent bootstrapping tablet: real 0.093s	user 0.015s	sys 0.007s
I20260608 10:01:21.292657 31921 leader_election.cc:290] T ba0fe7509f3043f19ca35c6cfada20fa P 532053c94031482298c5a8398038546d [CANDIDATE]: Term 1 pre-election: Requested pre-vote from peers 9ed95d00e3754dfea481c6e73e16915f (127.27.231.194:37103), 7cc8c0c1de024fe4a5e9a9ffc13debdc (127.27.231.193:36833)
I20260608 10:01:21.300947 31764 raft_consensus.cc:493] T eb32622578164b899e018dd0fc473d24 P 7cc8c0c1de024fe4a5e9a9ffc13debdc [term 0 FOLLOWER]: Starting pre-election (no leader contacted us within the election timeout)
I20260608 10:01:21.302449 31764 raft_consensus.cc:515] T eb32622578164b899e018dd0fc473d24 P 7cc8c0c1de024fe4a5e9a9ffc13debdc [term 0 FOLLOWER]: Starting pre-election with config: opid_index: -1 OBSOLETE_local: false peers { permanent_uuid: "7cc8c0c1de024fe4a5e9a9ffc13debdc" member_type: VOTER last_known_addr { host: "127.27.231.193" port: 36833 } } peers { permanent_uuid: "532053c94031482298c5a8398038546d" member_type: VOTER last_known_addr { host: "127.27.231.196" port: 38921 } } peers { permanent_uuid: "9ed95d00e3754dfea481c6e73e16915f" member_type: VOTER last_known_addr { host: "127.27.231.194" port: 37103 } }
I20260608 10:01:21.303934 31905 tablet_bootstrap.cc:654] T 14537d41b02a41c6a601ef179bca5309 P 7cc8c0c1de024fe4a5e9a9ffc13debdc: Neither blocks nor log segments found. Creating new log.
I20260608 10:01:21.303547 31904 raft_consensus.cc:359] T 14537d41b02a41c6a601ef179bca5309 P 9ed95d00e3754dfea481c6e73e16915f [term 0 FOLLOWER]: Replica starting. Triggering 0 pending ops. Active config: opid_index: -1 OBSOLETE_local: false peers { permanent_uuid: "532053c94031482298c5a8398038546d" member_type: VOTER last_known_addr { host: "127.27.231.196" port: 38921 } } peers { permanent_uuid: "7cc8c0c1de024fe4a5e9a9ffc13debdc" member_type: VOTER last_known_addr { host: "127.27.231.193" port: 36833 } } peers { permanent_uuid: "9ed95d00e3754dfea481c6e73e16915f" member_type: VOTER last_known_addr { host: "127.27.231.194" port: 37103 } }
I20260608 10:01:21.304355 31904 raft_consensus.cc:385] T 14537d41b02a41c6a601ef179bca5309 P 9ed95d00e3754dfea481c6e73e16915f [term 0 FOLLOWER]: Consensus starting up: Expiring failure detector timer to make a prompt election more likely
I20260608 10:01:21.304713 31904 raft_consensus.cc:740] T 14537d41b02a41c6a601ef179bca5309 P 9ed95d00e3754dfea481c6e73e16915f [term 0 FOLLOWER]: Becoming Follower/Learner. State: Replica: 9ed95d00e3754dfea481c6e73e16915f, State: Initialized, Role: FOLLOWER
I20260608 10:01:21.305546 31904 consensus_queue.cc:260] T 14537d41b02a41c6a601ef179bca5309 P 9ed95d00e3754dfea481c6e73e16915f [NON_LEADER]: Queue going to NON_LEADER mode. State: All replicated index: 0, Majority replicated index: 0, Committed index: 0, Last appended: 0.0, Last appended by leader: 0, Current term: 0, Majority size: -1, State: 0, Mode: NON_LEADER, active raft config: opid_index: -1 OBSOLETE_local: false peers { permanent_uuid: "532053c94031482298c5a8398038546d" member_type: VOTER last_known_addr { host: "127.27.231.196" port: 38921 } } peers { permanent_uuid: "7cc8c0c1de024fe4a5e9a9ffc13debdc" member_type: VOTER last_known_addr { host: "127.27.231.193" port: 36833 } } peers { permanent_uuid: "9ed95d00e3754dfea481c6e73e16915f" member_type: VOTER last_known_addr { host: "127.27.231.194" port: 37103 } }
I20260608 10:01:21.306938 31638 tablet_service.cc:1917] Received RequestConsensusVote() RPC: tablet_id: "eb32622578164b899e018dd0fc473d24" candidate_uuid: "7cc8c0c1de024fe4a5e9a9ffc13debdc" candidate_term: 1 candidate_status { last_received { term: 0 index: 0 } } ignore_live_leader: false dest_uuid: "9ed95d00e3754dfea481c6e73e16915f" is_pre_election: true
I20260608 10:01:21.308789 31638 raft_consensus.cc:2468] T eb32622578164b899e018dd0fc473d24 P 9ed95d00e3754dfea481c6e73e16915f [term 0 FOLLOWER]: Leader pre-election vote request: Granting yes vote for candidate 7cc8c0c1de024fe4a5e9a9ffc13debdc in term 0.
I20260608 10:01:21.309087 31908 tablet_bootstrap.cc:492] T aefd1a4689f4476b95b30a082df4b0d1 P 9a551acb4cb94f31b69ae244b77be02e: No bootstrap required, opened a new log
I20260608 10:01:21.309825 31908 ts_tablet_manager.cc:1403] T aefd1a4689f4476b95b30a082df4b0d1 P 9a551acb4cb94f31b69ae244b77be02e: Time spent bootstrapping tablet: real 0.125s	user 0.024s	sys 0.014s
I20260608 10:01:21.313910 31908 raft_consensus.cc:359] T aefd1a4689f4476b95b30a082df4b0d1 P 9a551acb4cb94f31b69ae244b77be02e [term 0 FOLLOWER]: Replica starting. Triggering 0 pending ops. Active config: opid_index: -1 OBSOLETE_local: false peers { permanent_uuid: "532053c94031482298c5a8398038546d" member_type: VOTER last_known_addr { host: "127.27.231.196" port: 38921 } } peers { permanent_uuid: "9a551acb4cb94f31b69ae244b77be02e" member_type: VOTER last_known_addr { host: "127.27.231.195" port: 45129 } } peers { permanent_uuid: "7cc8c0c1de024fe4a5e9a9ffc13debdc" member_type: VOTER last_known_addr { host: "127.27.231.193" port: 36833 } }
I20260608 10:01:21.314649 31908 raft_consensus.cc:385] T aefd1a4689f4476b95b30a082df4b0d1 P 9a551acb4cb94f31b69ae244b77be02e [term 0 FOLLOWER]: Consensus starting up: Expiring failure detector timer to make a prompt election more likely
I20260608 10:01:21.314980 31908 raft_consensus.cc:740] T aefd1a4689f4476b95b30a082df4b0d1 P 9a551acb4cb94f31b69ae244b77be02e [term 0 FOLLOWER]: Becoming Follower/Learner. State: Replica: 9a551acb4cb94f31b69ae244b77be02e, State: Initialized, Role: FOLLOWER
I20260608 10:01:21.315910 31908 consensus_queue.cc:260] T aefd1a4689f4476b95b30a082df4b0d1 P 9a551acb4cb94f31b69ae244b77be02e [NON_LEADER]: Queue going to NON_LEADER mode. State: All replicated index: 0, Majority replicated index: 0, Committed index: 0, Last appended: 0.0, Last appended by leader: 0, Current term: 0, Majority size: -1, State: 0, Mode: NON_LEADER, active raft config: opid_index: -1 OBSOLETE_local: false peers { permanent_uuid: "532053c94031482298c5a8398038546d" member_type: VOTER last_known_addr { host: "127.27.231.196" port: 38921 } } peers { permanent_uuid: "9a551acb4cb94f31b69ae244b77be02e" member_type: VOTER last_known_addr { host: "127.27.231.195" port: 45129 } } peers { permanent_uuid: "7cc8c0c1de024fe4a5e9a9ffc13debdc" member_type: VOTER last_known_addr { host: "127.27.231.193" port: 36833 } }
I20260608 10:01:21.316169 31459 catalog_manager.cc:6241] T 00000000000000000000000000000000 P e3b86a23ef344febb2130248848736ea: range_aware_rebalance_new_range [id=5400c72e94bb48209dbb2ba1ddb31b97] alter complete (version 0)
I20260608 10:01:21.307668 31764 leader_election.cc:290] T eb32622578164b899e018dd0fc473d24 P 7cc8c0c1de024fe4a5e9a9ffc13debdc [CANDIDATE]: Term 1 pre-election: Requested pre-vote from peers 532053c94031482298c5a8398038546d (127.27.231.196:38921), 9ed95d00e3754dfea481c6e73e16915f (127.27.231.194:37103)
I20260608 10:01:21.316527 31527 leader_election.cc:304] T eb32622578164b899e018dd0fc473d24 P 7cc8c0c1de024fe4a5e9a9ffc13debdc [CANDIDATE]: Term 1 pre-election: Election decided. Result: candidate won. Election summary: received 2 responses out of 3 voters: 2 yes votes; 0 no votes. yes voters: 7cc8c0c1de024fe4a5e9a9ffc13debdc, 9ed95d00e3754dfea481c6e73e16915f; no voters: 
I20260608 10:01:21.319866 31764 raft_consensus.cc:2804] T eb32622578164b899e018dd0fc473d24 P 7cc8c0c1de024fe4a5e9a9ffc13debdc [term 0 FOLLOWER]: Leader pre-election won for term 1
I20260608 10:01:21.335740 31904 ts_tablet_manager.cc:1434] T 14537d41b02a41c6a601ef179bca5309 P 9ed95d00e3754dfea481c6e73e16915f: Time spent starting tablet: real 0.044s	user 0.004s	sys 0.004s
I20260608 10:01:21.335848 31639 tablet_service.cc:1917] Received RequestConsensusVote() RPC: tablet_id: "ba0fe7509f3043f19ca35c6cfada20fa" candidate_uuid: "532053c94031482298c5a8398038546d" candidate_term: 1 candidate_status { last_received { term: 0 index: 0 } } ignore_live_leader: false dest_uuid: "9ed95d00e3754dfea481c6e73e16915f" is_pre_election: true
I20260608 10:01:21.337134 31904 tablet_bootstrap.cc:492] T a0b1fc3d54604d66bb3b3fbcbc3591f2 P 9ed95d00e3754dfea481c6e73e16915f: Bootstrap starting.
I20260608 10:01:21.337648 31813 raft_consensus.cc:493] T ba0fe7509f3043f19ca35c6cfada20fa P 7cc8c0c1de024fe4a5e9a9ffc13debdc [term 0 FOLLOWER]: Starting pre-election (no leader contacted us within the election timeout)
I20260608 10:01:21.338198 31813 raft_consensus.cc:515] T ba0fe7509f3043f19ca35c6cfada20fa P 7cc8c0c1de024fe4a5e9a9ffc13debdc [term 0 FOLLOWER]: Starting pre-election with config: opid_index: -1 OBSOLETE_local: false peers { permanent_uuid: "532053c94031482298c5a8398038546d" member_type: VOTER last_known_addr { host: "127.27.231.196" port: 38921 } } peers { permanent_uuid: "9ed95d00e3754dfea481c6e73e16915f" member_type: VOTER last_known_addr { host: "127.27.231.194" port: 37103 } } peers { permanent_uuid: "7cc8c0c1de024fe4a5e9a9ffc13debdc" member_type: VOTER last_known_addr { host: "127.27.231.193" port: 36833 } }
I20260608 10:01:21.340668 31639 raft_consensus.cc:2468] T ba0fe7509f3043f19ca35c6cfada20fa P 9ed95d00e3754dfea481c6e73e16915f [term 0 FOLLOWER]: Leader pre-election vote request: Granting yes vote for candidate 532053c94031482298c5a8398038546d in term 0.
I20260608 10:01:21.326530 31764 raft_consensus.cc:493] T eb32622578164b899e018dd0fc473d24 P 7cc8c0c1de024fe4a5e9a9ffc13debdc [term 0 FOLLOWER]: Starting leader election (no leader contacted us within the election timeout)
I20260608 10:01:21.342576 31764 raft_consensus.cc:3060] T eb32622578164b899e018dd0fc473d24 P 7cc8c0c1de024fe4a5e9a9ffc13debdc [term 0 FOLLOWER]: Advancing to term 1
I20260608 10:01:21.345584 31826 leader_election.cc:304] T ba0fe7509f3043f19ca35c6cfada20fa P 532053c94031482298c5a8398038546d [CANDIDATE]: Term 1 pre-election: Election decided. Result: candidate won. Election summary: received 2 responses out of 3 voters: 2 yes votes; 0 no votes. yes voters: 532053c94031482298c5a8398038546d, 9ed95d00e3754dfea481c6e73e16915f; no voters: 
I20260608 10:01:21.349509 31638 tablet_service.cc:1917] Received RequestConsensusVote() RPC: tablet_id: "cf86feabf4a74d588d02056f9d764b3e" candidate_uuid: "532053c94031482298c5a8398038546d" candidate_term: 1 candidate_status { last_received { term: 0 index: 0 } } ignore_live_leader: false dest_uuid: "9ed95d00e3754dfea481c6e73e16915f" is_pre_election: true
I20260608 10:01:21.348973 31908 ts_tablet_manager.cc:1434] T aefd1a4689f4476b95b30a082df4b0d1 P 9a551acb4cb94f31b69ae244b77be02e: Time spent starting tablet: real 0.039s	user 0.009s	sys 0.000s
I20260608 10:01:21.354591 31638 raft_consensus.cc:2468] T cf86feabf4a74d588d02056f9d764b3e P 9ed95d00e3754dfea481c6e73e16915f [term 0 FOLLOWER]: Leader pre-election vote request: Granting yes vote for candidate 532053c94031482298c5a8398038546d in term 0.
I20260608 10:01:21.355028 31921 raft_consensus.cc:2804] T ba0fe7509f3043f19ca35c6cfada20fa P 532053c94031482298c5a8398038546d [term 0 FOLLOWER]: Leader pre-election won for term 1
I20260608 10:01:21.362898 31921 raft_consensus.cc:493] T ba0fe7509f3043f19ca35c6cfada20fa P 532053c94031482298c5a8398038546d [term 0 FOLLOWER]: Starting leader election (no leader contacted us within the election timeout)
I20260608 10:01:21.363967 31913 raft_consensus.cc:493] T 14537d41b02a41c6a601ef179bca5309 P 9ed95d00e3754dfea481c6e73e16915f [term 0 FOLLOWER]: Starting pre-election (no leader contacted us within the election timeout)
I20260608 10:01:21.364599 31913 raft_consensus.cc:515] T 14537d41b02a41c6a601ef179bca5309 P 9ed95d00e3754dfea481c6e73e16915f [term 0 FOLLOWER]: Starting pre-election with config: opid_index: -1 OBSOLETE_local: false peers { permanent_uuid: "532053c94031482298c5a8398038546d" member_type: VOTER last_known_addr { host: "127.27.231.196" port: 38921 } } peers { permanent_uuid: "7cc8c0c1de024fe4a5e9a9ffc13debdc" member_type: VOTER last_known_addr { host: "127.27.231.193" port: 36833 } } peers { permanent_uuid: "9ed95d00e3754dfea481c6e73e16915f" member_type: VOTER last_known_addr { host: "127.27.231.194" port: 37103 } }
I20260608 10:01:21.360947 31916 raft_consensus.cc:493] T cf86feabf4a74d588d02056f9d764b3e P 9a551acb4cb94f31b69ae244b77be02e [term 0 FOLLOWER]: Starting pre-election (no leader contacted us within the election timeout)
I20260608 10:01:21.364300 31921 raft_consensus.cc:3060] T ba0fe7509f3043f19ca35c6cfada20fa P 532053c94031482298c5a8398038546d [term 0 FOLLOWER]: Advancing to term 1
I20260608 10:01:21.366195 31908 tablet_bootstrap.cc:492] T 62f36ee3adfb4630baeea57078331a34 P 9a551acb4cb94f31b69ae244b77be02e: Bootstrap starting.
I20260608 10:01:21.371301 31766 raft_consensus.cc:493] T a0b1fc3d54604d66bb3b3fbcbc3591f2 P 9a551acb4cb94f31b69ae244b77be02e [term 0 FOLLOWER]: Starting pre-election (no leader contacted us within the election timeout)
I20260608 10:01:21.369756 31916 raft_consensus.cc:515] T cf86feabf4a74d588d02056f9d764b3e P 9a551acb4cb94f31b69ae244b77be02e [term 0 FOLLOWER]: Starting pre-election with config: opid_index: -1 OBSOLETE_local: false peers { permanent_uuid: "9ed95d00e3754dfea481c6e73e16915f" member_type: VOTER last_known_addr { host: "127.27.231.194" port: 37103 } } peers { permanent_uuid: "9a551acb4cb94f31b69ae244b77be02e" member_type: VOTER last_known_addr { host: "127.27.231.195" port: 45129 } } peers { permanent_uuid: "532053c94031482298c5a8398038546d" member_type: VOTER last_known_addr { host: "127.27.231.196" port: 38921 } }
I20260608 10:01:21.379235 31911 tablet_bootstrap.cc:654] T aefd1a4689f4476b95b30a082df4b0d1 P 532053c94031482298c5a8398038546d: Neither blocks nor log segments found. Creating new log.
I20260608 10:01:21.379432 31766 raft_consensus.cc:515] T a0b1fc3d54604d66bb3b3fbcbc3591f2 P 9a551acb4cb94f31b69ae244b77be02e [term 0 FOLLOWER]: Starting pre-election with config: opid_index: -1 OBSOLETE_local: false peers { permanent_uuid: "532053c94031482298c5a8398038546d" member_type: VOTER last_known_addr { host: "127.27.231.196" port: 38921 } } peers { permanent_uuid: "9a551acb4cb94f31b69ae244b77be02e" member_type: VOTER last_known_addr { host: "127.27.231.195" port: 45129 } } peers { permanent_uuid: "9ed95d00e3754dfea481c6e73e16915f" member_type: VOTER last_known_addr { host: "127.27.231.194" port: 37103 } }
I20260608 10:01:21.390350 31813 leader_election.cc:290] T ba0fe7509f3043f19ca35c6cfada20fa P 7cc8c0c1de024fe4a5e9a9ffc13debdc [CANDIDATE]: Term 1 pre-election: Requested pre-vote from peers 532053c94031482298c5a8398038546d (127.27.231.196:38921), 9ed95d00e3754dfea481c6e73e16915f (127.27.231.194:37103)
I20260608 10:01:21.382561 31826 leader_election.cc:304] T cf86feabf4a74d588d02056f9d764b3e P 532053c94031482298c5a8398038546d [CANDIDATE]: Term 1 pre-election: Election decided. Result: candidate won. Election summary: received 2 responses out of 3 voters: 2 yes votes; 0 no votes. yes voters: 532053c94031482298c5a8398038546d, 9ed95d00e3754dfea481c6e73e16915f; no voters: 
I20260608 10:01:21.415302 31639 tablet_service.cc:1917] Received RequestConsensusVote() RPC: tablet_id: "ba0fe7509f3043f19ca35c6cfada20fa" candidate_uuid: "7cc8c0c1de024fe4a5e9a9ffc13debdc" candidate_term: 1 candidate_status { last_received { term: 0 index: 0 } } ignore_live_leader: false dest_uuid: "9ed95d00e3754dfea481c6e73e16915f" is_pre_election: true
I20260608 10:01:21.421172 31913 leader_election.cc:290] T 14537d41b02a41c6a601ef179bca5309 P 9ed95d00e3754dfea481c6e73e16915f [CANDIDATE]: Term 1 pre-election: Requested pre-vote from peers 532053c94031482298c5a8398038546d (127.27.231.196:38921), 7cc8c0c1de024fe4a5e9a9ffc13debdc (127.27.231.193:36833)
I20260608 10:01:21.424499 31868 tablet_service.cc:1917] Received RequestConsensusVote() RPC: tablet_id: "a0b1fc3d54604d66bb3b3fbcbc3591f2" candidate_uuid: "9a551acb4cb94f31b69ae244b77be02e" candidate_term: 1 candidate_status { last_received { term: 0 index: 0 } } ignore_live_leader: false dest_uuid: "532053c94031482298c5a8398038546d" is_pre_election: true
W20260608 10:01:21.426546 31678 leader_election.cc:343] T a0b1fc3d54604d66bb3b3fbcbc3591f2 P 9a551acb4cb94f31b69ae244b77be02e [CANDIDATE]: Term 1 pre-election: Tablet error from VoteRequest() call to peer 532053c94031482298c5a8398038546d (127.27.231.196:38921): Illegal state: must be running to vote when last-logged opid is not known
I20260608 10:01:21.416615 31766 leader_election.cc:290] T a0b1fc3d54604d66bb3b3fbcbc3591f2 P 9a551acb4cb94f31b69ae244b77be02e [CANDIDATE]: Term 1 pre-election: Requested pre-vote from peers 532053c94031482298c5a8398038546d (127.27.231.196:38921), 9ed95d00e3754dfea481c6e73e16915f (127.27.231.194:37103)
I20260608 10:01:21.416271 31639 raft_consensus.cc:2468] T ba0fe7509f3043f19ca35c6cfada20fa P 9ed95d00e3754dfea481c6e73e16915f [term 0 FOLLOWER]: Leader pre-election vote request: Granting yes vote for candidate 7cc8c0c1de024fe4a5e9a9ffc13debdc in term 0.
I20260608 10:01:21.430913 31527 leader_election.cc:304] T ba0fe7509f3043f19ca35c6cfada20fa P 7cc8c0c1de024fe4a5e9a9ffc13debdc [CANDIDATE]: Term 1 pre-election: Election decided. Result: candidate won. Election summary: received 2 responses out of 3 voters: 2 yes votes; 0 no votes. yes voters: 7cc8c0c1de024fe4a5e9a9ffc13debdc, 9ed95d00e3754dfea481c6e73e16915f; no voters: 
I20260608 10:01:21.431178 31916 leader_election.cc:290] T cf86feabf4a74d588d02056f9d764b3e P 9a551acb4cb94f31b69ae244b77be02e [CANDIDATE]: Term 1 pre-election: Requested pre-vote from peers 9ed95d00e3754dfea481c6e73e16915f (127.27.231.194:37103), 532053c94031482298c5a8398038546d (127.27.231.196:38921)
I20260608 10:01:21.428077 31638 tablet_service.cc:1917] Received RequestConsensusVote() RPC: tablet_id: "a0b1fc3d54604d66bb3b3fbcbc3591f2" candidate_uuid: "9a551acb4cb94f31b69ae244b77be02e" candidate_term: 1 candidate_status { last_received { term: 0 index: 0 } } ignore_live_leader: false dest_uuid: "9ed95d00e3754dfea481c6e73e16915f" is_pre_election: true
W20260608 10:01:21.430269 31826 outbound_call.cc:321] RPC callback for RPC call kudu.consensus.ConsensusService.RequestConsensusVote -> {remote=127.27.231.194:37103, user_credentials={real_user=slave}} blocked reactor thread for 51868.4us
I20260608 10:01:21.438447 31813 raft_consensus.cc:2804] T ba0fe7509f3043f19ca35c6cfada20fa P 7cc8c0c1de024fe4a5e9a9ffc13debdc [term 0 FOLLOWER]: Leader pre-election won for term 1
I20260608 10:01:21.454771 31868 tablet_service.cc:1917] Received RequestConsensusVote() RPC: tablet_id: "cf86feabf4a74d588d02056f9d764b3e" candidate_uuid: "9a551acb4cb94f31b69ae244b77be02e" candidate_term: 1 candidate_status { last_received { term: 0 index: 0 } } ignore_live_leader: false dest_uuid: "532053c94031482298c5a8398038546d" is_pre_election: true
I20260608 10:01:21.455721 31868 raft_consensus.cc:2468] T cf86feabf4a74d588d02056f9d764b3e P 532053c94031482298c5a8398038546d [term 0 FOLLOWER]: Leader pre-election vote request: Granting yes vote for candidate 9a551acb4cb94f31b69ae244b77be02e in term 0.
I20260608 10:01:21.451392 31905 tablet_bootstrap.cc:492] T 14537d41b02a41c6a601ef179bca5309 P 7cc8c0c1de024fe4a5e9a9ffc13debdc: No bootstrap required, opened a new log
I20260608 10:01:21.457840 31813 raft_consensus.cc:493] T ba0fe7509f3043f19ca35c6cfada20fa P 7cc8c0c1de024fe4a5e9a9ffc13debdc [term 0 FOLLOWER]: Starting leader election (no leader contacted us within the election timeout)
I20260608 10:01:21.465018 31905 ts_tablet_manager.cc:1403] T 14537d41b02a41c6a601ef179bca5309 P 7cc8c0c1de024fe4a5e9a9ffc13debdc: Time spent bootstrapping tablet: real 0.258s	user 0.024s	sys 0.002s
I20260608 10:01:21.464970 31563 tablet_service.cc:1917] Received RequestConsensusVote() RPC: tablet_id: "ba0fe7509f3043f19ca35c6cfada20fa" candidate_uuid: "532053c94031482298c5a8398038546d" candidate_term: 1 candidate_status { last_received { term: 0 index: 0 } } ignore_live_leader: false dest_uuid: "7cc8c0c1de024fe4a5e9a9ffc13debdc" is_pre_election: true
I20260608 10:01:21.470191 31711 tablet_service.cc:1917] Received RequestConsensusVote() RPC: tablet_id: "cf86feabf4a74d588d02056f9d764b3e" candidate_uuid: "532053c94031482298c5a8398038546d" candidate_term: 1 candidate_status { last_received { term: 0 index: 0 } } ignore_live_leader: false dest_uuid: "9a551acb4cb94f31b69ae244b77be02e" is_pre_election: true
W20260608 10:01:21.470269 31676 leader_election.cc:343] T a0b1fc3d54604d66bb3b3fbcbc3591f2 P 9a551acb4cb94f31b69ae244b77be02e [CANDIDATE]: Term 1 pre-election: Tablet error from VoteRequest() call to peer 9ed95d00e3754dfea481c6e73e16915f (127.27.231.194:37103): Illegal state: must be running to vote when last-logged opid is not known
I20260608 10:01:21.470320 31564 tablet_service.cc:1917] Received RequestConsensusVote() RPC: tablet_id: "14537d41b02a41c6a601ef179bca5309" candidate_uuid: "9ed95d00e3754dfea481c6e73e16915f" candidate_term: 1 candidate_status { last_received { term: 0 index: 0 } } ignore_live_leader: false dest_uuid: "7cc8c0c1de024fe4a5e9a9ffc13debdc" is_pre_election: true
I20260608 10:01:21.466681 31678 leader_election.cc:304] T cf86feabf4a74d588d02056f9d764b3e P 9a551acb4cb94f31b69ae244b77be02e [CANDIDATE]: Term 1 pre-election: Election decided. Result: candidate won. Election summary: received 2 responses out of 3 voters: 2 yes votes; 0 no votes. yes voters: 532053c94031482298c5a8398038546d, 9a551acb4cb94f31b69ae244b77be02e; no voters: 
I20260608 10:01:21.470997 31711 raft_consensus.cc:2468] T cf86feabf4a74d588d02056f9d764b3e P 9a551acb4cb94f31b69ae244b77be02e [term 0 FOLLOWER]: Leader pre-election vote request: Granting yes vote for candidate 532053c94031482298c5a8398038546d in term 0.
I20260608 10:01:21.471624 31916 raft_consensus.cc:2804] T cf86feabf4a74d588d02056f9d764b3e P 9a551acb4cb94f31b69ae244b77be02e [term 0 FOLLOWER]: Leader pre-election won for term 1
I20260608 10:01:21.470934 31676 leader_election.cc:304] T a0b1fc3d54604d66bb3b3fbcbc3591f2 P 9a551acb4cb94f31b69ae244b77be02e [CANDIDATE]: Term 1 pre-election: Election decided. Result: candidate lost. Election summary: received 3 responses out of 3 voters: 1 yes votes; 2 no votes. yes voters: 9a551acb4cb94f31b69ae244b77be02e; no voters: 532053c94031482298c5a8398038546d, 9ed95d00e3754dfea481c6e73e16915f
I20260608 10:01:21.473201 31916 raft_consensus.cc:493] T cf86feabf4a74d588d02056f9d764b3e P 9a551acb4cb94f31b69ae244b77be02e [term 0 FOLLOWER]: Starting leader election (no leader contacted us within the election timeout)
I20260608 10:01:21.474469 31916 raft_consensus.cc:3060] T cf86feabf4a74d588d02056f9d764b3e P 9a551acb4cb94f31b69ae244b77be02e [term 0 FOLLOWER]: Advancing to term 1
