[==========] Running 24 tests from 2 test suites.
[----------] Global test environment set-up.
[----------] 22 tests from AutoRebalancerTest
[ RUN      ] AutoRebalancerTest.OnlyLeaderDoesAutoRebalancing
WARNING: Logging before InitGoogleLogging() is written to STDERR
I20260608 09:59:54.091811 28575 internal_mini_cluster.cc:156] Creating distributed mini masters. Addrs: 127.27.231.254:46613,127.27.231.253:46461,127.27.231.252:38937
I20260608 09:59:54.093783 28575 env_posix.cc:2267] Not raising this process' open files per process limit of 1048576; it is already as high as it can go
I20260608 09:59:54.094908 28575 file_cache.cc:492] Constructed file cache file cache with capacity 419430
W20260608 09:59:54.113204 28582 instance_detector.cc:116] could not retrieve Azure instance metadata: Network error: curl error: HTTP response code said error: The requested URL returned error: 404
W20260608 09:59:54.113269 28581 instance_detector.cc:116] could not retrieve AWS instance metadata: Network error: curl error: HTTP response code said error: The requested URL returned error: 404
W20260608 09:59:54.113282 28584 instance_detector.cc:116] could not retrieve OpenStack instance metadata: Network error: curl error: HTTP response code said error: The requested URL returned error: 404
I20260608 09:59:54.114490 28575 server_base.cc:1061] running on GCE node
I20260608 09:59:55.330520 28575 hybrid_clock.cc:584] initializing the hybrid clock with 'system_unsync' time source
W20260608 09:59:55.330770 28575 system_unsync_time.cc:38] NTP support is disabled. Clock error bounds will not be accurate. This configuration is not suitable for distributed clusters.
I20260608 09:59:55.331002 28575 hybrid_clock.cc:648] HybridClock initialized: now 1780912795330984 us; error 0 us; skew 500 ppm
I20260608 09:59:55.331997 28575 server_base.cc:861] Flag tcmalloc_max_total_thread_cache_bytes is not working since tcmalloc is not enabled.
I20260608 09:59:55.337527 28575 webserver.cc:533] Webserver started at http://127.27.231.254:35251/ using document root <none> and password file <none>
I20260608 09:59:55.338472 28575 fs_manager.cc:362] Metadata directory not provided
I20260608 09:59:55.338732 28575 fs_manager.cc:368] Using write-ahead log directory (fs_wal_dir) as metadata directory
I20260608 09:59:55.339219 28575 server_base.cc:909] This appears to be a new deployment of Kudu; creating new FS layout
I20260608 09:59:55.345374 28575 fs_manager.cc:1068] Generated new instance metadata in path /tmp/dist-test-taskwQyvPi/test-tmp/auto_rebalancer-test.0.AutoRebalancerTest.OnlyLeaderDoesAutoRebalancing.1780912793918674-28575-0/minicluster-data/master-0-root/instance:
uuid: "eeb96d3ca9f04dbebff155d79504fcf4"
format_stamp: "Formatted at 2026-06-08 09:59:55 on dist-test-slave-m491"
I20260608 09:59:55.353551 28575 fs_manager.cc:696] Time spent creating directory manager: real 0.007s	user 0.007s	sys 0.001s
I20260608 09:59:55.358991 28590 log_block_manager.cc:4031] Time spent loading block containers with low live blocks: real 0.000s	user 0.000s	sys 0.000s
I20260608 09:59:55.360253 28575 fs_manager.cc:730] Time spent opening block manager: real 0.004s	user 0.001s	sys 0.004s
I20260608 09:59:55.360687 28575 fs_manager.cc:647] Opened local filesystem: /tmp/dist-test-taskwQyvPi/test-tmp/auto_rebalancer-test.0.AutoRebalancerTest.OnlyLeaderDoesAutoRebalancing.1780912793918674-28575-0/minicluster-data/master-0-root
uuid: "eeb96d3ca9f04dbebff155d79504fcf4"
format_stamp: "Formatted at 2026-06-08 09:59:55 on dist-test-slave-m491"
I20260608 09:59:55.360996 28575 fs_report.cc:389] FS layout report
--------------------
wal directory: /tmp/dist-test-taskwQyvPi/test-tmp/auto_rebalancer-test.0.AutoRebalancerTest.OnlyLeaderDoesAutoRebalancing.1780912793918674-28575-0/minicluster-data/master-0-root
metadata directory: /tmp/dist-test-taskwQyvPi/test-tmp/auto_rebalancer-test.0.AutoRebalancerTest.OnlyLeaderDoesAutoRebalancing.1780912793918674-28575-0/minicluster-data/master-0-root
1 data directories: /tmp/dist-test-taskwQyvPi/test-tmp/auto_rebalancer-test.0.AutoRebalancerTest.OnlyLeaderDoesAutoRebalancing.1780912793918674-28575-0/minicluster-data/master-0-root/data
Total live blocks: 0
Total live bytes: 0
Total live bytes (after alignment): 0
Total number of LBM containers: 0 (0 full)
Did not check for missing blocks
Did not check for orphaned blocks
Total full LBM containers with extra space: 0 (0 repaired)
Total full LBM container extra space in bytes: 0 (0 repaired)
Total incomplete LBM containers: 0 (0 repaired)
Total LBM partial records: 0 (0 repaired)
Total corrupted LBM metadata records in RocksDB: 0 (0 repaired)
I20260608 09:59:55.421447 28575 rpc_server.cc:225] running with OpenSSL 1.1.1  11 Sep 2018
I20260608 09:59:55.423139 28575 env_posix.cc:2267] Not raising this process' running threads per effective uid limit of 18446744073709551615; it is already as high as it can go
I20260608 09:59:55.423657 28575 kserver.cc:163] Server-wide thread pool size limit: 3276
I20260608 09:59:55.498888 28575 rpc_server.cc:307] RPC server started. Bound to: 127.27.231.254:46613
I20260608 09:59:55.498984 28642 acceptor_pool.cc:272] collecting diagnostics on the listening RPC socket 127.27.231.254:46613 every 8 connection(s)
I20260608 09:59:55.505484 28575 file_cache.cc:492] Constructed file cache file cache with capacity 419430
I20260608 09:59:55.508024 28643 data_dirs.cc:400] Could only allocate 1 dirs of requested 3 for tablet 00000000000000000000000000000000. 1 dirs total, 0 dirs full, 0 dirs failed
W20260608 09:59:55.512956 28645 instance_detector.cc:116] could not retrieve AWS instance metadata: Network error: curl error: HTTP response code said error: The requested URL returned error: 404
W20260608 09:59:55.516342 28646 instance_detector.cc:116] could not retrieve Azure instance metadata: Network error: curl error: HTTP response code said error: The requested URL returned error: 404
W20260608 09:59:55.518224 28648 instance_detector.cc:116] could not retrieve OpenStack instance metadata: Network error: curl error: HTTP response code said error: The requested URL returned error: 404
I20260608 09:59:55.519567 28575 server_base.cc:1061] running on GCE node
I20260608 09:59:55.520280 28575 hybrid_clock.cc:584] initializing the hybrid clock with 'system_unsync' time source
W20260608 09:59:55.520509 28575 system_unsync_time.cc:38] NTP support is disabled. Clock error bounds will not be accurate. This configuration is not suitable for distributed clusters.
I20260608 09:59:55.520768 28575 hybrid_clock.cc:648] HybridClock initialized: now 1780912795520740 us; error 0 us; skew 500 ppm
I20260608 09:59:55.521399 28575 server_base.cc:861] Flag tcmalloc_max_total_thread_cache_bytes is not working since tcmalloc is not enabled.
I20260608 09:59:55.525512 28575 webserver.cc:533] Webserver started at http://127.27.231.253:36403/ using document root <none> and password file <none>
I20260608 09:59:55.526104 28575 fs_manager.cc:362] Metadata directory not provided
I20260608 09:59:55.526336 28575 fs_manager.cc:368] Using write-ahead log directory (fs_wal_dir) as metadata directory
I20260608 09:59:55.526628 28575 server_base.cc:909] This appears to be a new deployment of Kudu; creating new FS layout
I20260608 09:59:55.527733 28575 fs_manager.cc:1068] Generated new instance metadata in path /tmp/dist-test-taskwQyvPi/test-tmp/auto_rebalancer-test.0.AutoRebalancerTest.OnlyLeaderDoesAutoRebalancing.1780912793918674-28575-0/minicluster-data/master-1-root/instance:
uuid: "a4ab5e4751ae44aca7938e549f22041e"
format_stamp: "Formatted at 2026-06-08 09:59:55 on dist-test-slave-m491"
I20260608 09:59:55.530479 28643 sys_catalog.cc:422] member_type: VOTER last_known_addr { host: "127.27.231.254" port: 46613 } has no permanent_uuid. Determining permanent_uuid...
I20260608 09:59:55.533632 28575 fs_manager.cc:696] Time spent creating directory manager: real 0.005s	user 0.005s	sys 0.002s
I20260608 09:59:55.540274 28655 log_block_manager.cc:4031] Time spent loading block containers with low live blocks: real 0.000s	user 0.000s	sys 0.000s
I20260608 09:59:55.541293 28575 fs_manager.cc:730] Time spent opening block manager: real 0.005s	user 0.004s	sys 0.001s
I20260608 09:59:55.541672 28575 fs_manager.cc:647] Opened local filesystem: /tmp/dist-test-taskwQyvPi/test-tmp/auto_rebalancer-test.0.AutoRebalancerTest.OnlyLeaderDoesAutoRebalancing.1780912793918674-28575-0/minicluster-data/master-1-root
uuid: "a4ab5e4751ae44aca7938e549f22041e"
format_stamp: "Formatted at 2026-06-08 09:59:55 on dist-test-slave-m491"
I20260608 09:59:55.541996 28575 fs_report.cc:389] FS layout report
--------------------
wal directory: /tmp/dist-test-taskwQyvPi/test-tmp/auto_rebalancer-test.0.AutoRebalancerTest.OnlyLeaderDoesAutoRebalancing.1780912793918674-28575-0/minicluster-data/master-1-root
metadata directory: /tmp/dist-test-taskwQyvPi/test-tmp/auto_rebalancer-test.0.AutoRebalancerTest.OnlyLeaderDoesAutoRebalancing.1780912793918674-28575-0/minicluster-data/master-1-root
1 data directories: /tmp/dist-test-taskwQyvPi/test-tmp/auto_rebalancer-test.0.AutoRebalancerTest.OnlyLeaderDoesAutoRebalancing.1780912793918674-28575-0/minicluster-data/master-1-root/data
Total live blocks: 0
Total live bytes: 0
Total live bytes (after alignment): 0
Total number of LBM containers: 0 (0 full)
Did not check for missing blocks
Did not check for orphaned blocks
Total full LBM containers with extra space: 0 (0 repaired)
Total full LBM container extra space in bytes: 0 (0 repaired)
Total incomplete LBM containers: 0 (0 repaired)
Total LBM partial records: 0 (0 repaired)
Total corrupted LBM metadata records in RocksDB: 0 (0 repaired)
I20260608 09:59:55.561177 28643 sys_catalog.cc:422] member_type: VOTER last_known_addr { host: "127.27.231.253" port: 46461 } has no permanent_uuid. Determining permanent_uuid...
W20260608 09:59:55.564664 28593 proxy.cc:239] Call had error, refreshing address and retrying: Network error: Client connection negotiation failed: client connection to 127.27.231.253:46461: connect: Connection refused (error 111)
W20260608 09:59:55.570271 28643 consensus_peers.cc:760] Error getting permanent uuid from config peer 127.27.231.253:46461: Network error: Client connection negotiation failed: client connection to 127.27.231.253:46461: connect: Connection refused (error 111)
I20260608 09:59:55.571799 28575 rpc_server.cc:225] running with OpenSSL 1.1.1  11 Sep 2018
I20260608 09:59:55.573256 28575 kserver.cc:163] Server-wide thread pool size limit: 3276
I20260608 09:59:55.620116 28643 consensus_peers.cc:770] Retrying to get permanent uuid for remote peer: member_type: VOTER last_known_addr { host: "127.27.231.253" port: 46461 } attempt: 1
W20260608 09:59:55.626410 28643 consensus_peers.cc:760] Error getting permanent uuid from config peer 127.27.231.253:46461: Network error: Client connection negotiation failed: client connection to 127.27.231.253:46461: connect: Connection refused (error 111)
I20260608 09:59:55.644412 28575 rpc_server.cc:307] RPC server started. Bound to: 127.27.231.253:46461
I20260608 09:59:55.644667 28707 acceptor_pool.cc:272] collecting diagnostics on the listening RPC socket 127.27.231.253:46461 every 8 connection(s)
I20260608 09:59:55.649626 28708 data_dirs.cc:400] Could only allocate 1 dirs of requested 3 for tablet 00000000000000000000000000000000. 1 dirs total, 0 dirs full, 0 dirs failed
I20260608 09:59:55.650583 28575 file_cache.cc:492] Constructed file cache file cache with capacity 419430
I20260608 09:59:55.655180 28708 sys_catalog.cc:422] member_type: VOTER last_known_addr { host: "127.27.231.254" port: 46613 } has no permanent_uuid. Determining permanent_uuid...
W20260608 09:59:55.659323 28710 instance_detector.cc:116] could not retrieve AWS instance metadata: Network error: curl error: HTTP response code said error: The requested URL returned error: 404
W20260608 09:59:55.666899 28713 instance_detector.cc:116] could not retrieve OpenStack instance metadata: Network error: curl error: HTTP response code said error: The requested URL returned error: 404
W20260608 09:59:55.667814 28711 instance_detector.cc:116] could not retrieve Azure instance metadata: Network error: curl error: HTTP response code said error: The requested URL returned error: 404
I20260608 09:59:55.670044 28575 server_base.cc:1061] running on GCE node
I20260608 09:59:55.670899 28575 hybrid_clock.cc:584] initializing the hybrid clock with 'system_unsync' time source
W20260608 09:59:55.671183 28575 system_unsync_time.cc:38] NTP support is disabled. Clock error bounds will not be accurate. This configuration is not suitable for distributed clusters.
I20260608 09:59:55.671396 28575 hybrid_clock.cc:648] HybridClock initialized: now 1780912795671377 us; error 0 us; skew 500 ppm
I20260608 09:59:55.672279 28575 server_base.cc:861] Flag tcmalloc_max_total_thread_cache_bytes is not working since tcmalloc is not enabled.
I20260608 09:59:55.676131 28575 webserver.cc:533] Webserver started at http://127.27.231.252:35045/ using document root <none> and password file <none>
I20260608 09:59:55.676849 28575 fs_manager.cc:362] Metadata directory not provided
I20260608 09:59:55.677126 28575 fs_manager.cc:368] Using write-ahead log directory (fs_wal_dir) as metadata directory
I20260608 09:59:55.677477 28575 server_base.cc:909] This appears to be a new deployment of Kudu; creating new FS layout
I20260608 09:59:55.677918 28708 sys_catalog.cc:422] member_type: VOTER last_known_addr { host: "127.27.231.253" port: 46461 } has no permanent_uuid. Determining permanent_uuid...
I20260608 09:59:55.678905 28575 fs_manager.cc:1068] Generated new instance metadata in path /tmp/dist-test-taskwQyvPi/test-tmp/auto_rebalancer-test.0.AutoRebalancerTest.OnlyLeaderDoesAutoRebalancing.1780912793918674-28575-0/minicluster-data/master-2-root/instance:
uuid: "3119f1c7d36947b6a032e36a01e41db2"
format_stamp: "Formatted at 2026-06-08 09:59:55 on dist-test-slave-m491"
I20260608 09:59:55.685297 28575 fs_manager.cc:696] Time spent creating directory manager: real 0.006s	user 0.007s	sys 0.001s
I20260608 09:59:55.691220 28720 log_block_manager.cc:4031] Time spent loading block containers with low live blocks: real 0.000s	user 0.000s	sys 0.000s
I20260608 09:59:55.692163 28575 fs_manager.cc:730] Time spent opening block manager: real 0.004s	user 0.004s	sys 0.002s
I20260608 09:59:55.692452 28575 fs_manager.cc:647] Opened local filesystem: /tmp/dist-test-taskwQyvPi/test-tmp/auto_rebalancer-test.0.AutoRebalancerTest.OnlyLeaderDoesAutoRebalancing.1780912793918674-28575-0/minicluster-data/master-2-root
uuid: "3119f1c7d36947b6a032e36a01e41db2"
format_stamp: "Formatted at 2026-06-08 09:59:55 on dist-test-slave-m491"
I20260608 09:59:55.692791 28575 fs_report.cc:389] FS layout report
--------------------
wal directory: /tmp/dist-test-taskwQyvPi/test-tmp/auto_rebalancer-test.0.AutoRebalancerTest.OnlyLeaderDoesAutoRebalancing.1780912793918674-28575-0/minicluster-data/master-2-root
metadata directory: /tmp/dist-test-taskwQyvPi/test-tmp/auto_rebalancer-test.0.AutoRebalancerTest.OnlyLeaderDoesAutoRebalancing.1780912793918674-28575-0/minicluster-data/master-2-root
1 data directories: /tmp/dist-test-taskwQyvPi/test-tmp/auto_rebalancer-test.0.AutoRebalancerTest.OnlyLeaderDoesAutoRebalancing.1780912793918674-28575-0/minicluster-data/master-2-root/data
Total live blocks: 0
Total live bytes: 0
Total live bytes (after alignment): 0
Total number of LBM containers: 0 (0 full)
Did not check for missing blocks
Did not check for orphaned blocks
Total full LBM containers with extra space: 0 (0 repaired)
Total full LBM container extra space in bytes: 0 (0 repaired)
Total incomplete LBM containers: 0 (0 repaired)
Total LBM partial records: 0 (0 repaired)
Total corrupted LBM metadata records in RocksDB: 0 (0 repaired)
I20260608 09:59:55.694881 28643 consensus_peers.cc:770] Retrying to get permanent uuid for remote peer: member_type: VOTER last_known_addr { host: "127.27.231.253" port: 46461 } attempt: 2
I20260608 09:59:55.698608 28708 sys_catalog.cc:422] member_type: VOTER last_known_addr { host: "127.27.231.252" port: 38937 } has no permanent_uuid. Determining permanent_uuid...
W20260608 09:59:55.708204 28708 consensus_peers.cc:760] Error getting permanent uuid from config peer 127.27.231.252:38937: Network error: Client connection negotiation failed: client connection to 127.27.231.252:38937: connect: Connection refused (error 111)
I20260608 09:59:55.709232 28643 sys_catalog.cc:422] member_type: VOTER last_known_addr { host: "127.27.231.252" port: 38937 } has no permanent_uuid. Determining permanent_uuid...
W20260608 09:59:55.714354 28643 consensus_peers.cc:760] Error getting permanent uuid from config peer 127.27.231.252:38937: Network error: Client connection negotiation failed: client connection to 127.27.231.252:38937: connect: Connection refused (error 111)
I20260608 09:59:55.724516 28575 rpc_server.cc:225] running with OpenSSL 1.1.1  11 Sep 2018
I20260608 09:59:55.725878 28575 kserver.cc:163] Server-wide thread pool size limit: 3276
I20260608 09:59:55.745893 28643 consensus_peers.cc:770] Retrying to get permanent uuid for remote peer: member_type: VOTER last_known_addr { host: "127.27.231.252" port: 38937 } attempt: 1
I20260608 09:59:55.751670 28708 consensus_peers.cc:770] Retrying to get permanent uuid for remote peer: member_type: VOTER last_known_addr { host: "127.27.231.252" port: 38937 } attempt: 1
W20260608 09:59:55.753003 28643 consensus_peers.cc:760] Error getting permanent uuid from config peer 127.27.231.252:38937: Network error: Client connection negotiation failed: client connection to 127.27.231.252:38937: connect: Connection refused (error 111)
W20260608 09:59:55.757828 28708 consensus_peers.cc:760] Error getting permanent uuid from config peer 127.27.231.252:38937: Network error: Client connection negotiation failed: client connection to 127.27.231.252:38937: connect: Connection refused (error 111)
I20260608 09:59:55.798754 28575 rpc_server.cc:307] RPC server started. Bound to: 127.27.231.252:38937
I20260608 09:59:55.798918 28774 acceptor_pool.cc:272] collecting diagnostics on the listening RPC socket 127.27.231.252:38937 every 8 connection(s)
I20260608 09:59:55.803404 28575 internal_mini_cluster.cc:184] Waiting to initialize catalog manager on master 0
I20260608 09:59:55.804396 28775 data_dirs.cc:400] Could only allocate 1 dirs of requested 3 for tablet 00000000000000000000000000000000. 1 dirs total, 0 dirs full, 0 dirs failed
I20260608 09:59:55.809818 28775 sys_catalog.cc:422] member_type: VOTER last_known_addr { host: "127.27.231.254" port: 46613 } has no permanent_uuid. Determining permanent_uuid...
I20260608 09:59:55.822589 28775 sys_catalog.cc:422] member_type: VOTER last_known_addr { host: "127.27.231.253" port: 46461 } has no permanent_uuid. Determining permanent_uuid...
I20260608 09:59:55.825419 28708 consensus_peers.cc:770] Retrying to get permanent uuid for remote peer: member_type: VOTER last_known_addr { host: "127.27.231.252" port: 38937 } attempt: 2
I20260608 09:59:55.828752 28643 consensus_peers.cc:770] Retrying to get permanent uuid for remote peer: member_type: VOTER last_known_addr { host: "127.27.231.252" port: 38937 } attempt: 2
I20260608 09:59:55.836160 28775 sys_catalog.cc:422] member_type: VOTER last_known_addr { host: "127.27.231.252" port: 38937 } has no permanent_uuid. Determining permanent_uuid...
I20260608 09:59:55.851927 28708 tablet_bootstrap.cc:492] T 00000000000000000000000000000000 P a4ab5e4751ae44aca7938e549f22041e: Bootstrap starting.
I20260608 09:59:55.851917 28643 tablet_bootstrap.cc:492] T 00000000000000000000000000000000 P eeb96d3ca9f04dbebff155d79504fcf4: Bootstrap starting.
I20260608 09:59:55.859336 28643 tablet_bootstrap.cc:654] T 00000000000000000000000000000000 P eeb96d3ca9f04dbebff155d79504fcf4: Neither blocks nor log segments found. Creating new log.
I20260608 09:59:55.860074 28708 tablet_bootstrap.cc:654] T 00000000000000000000000000000000 P a4ab5e4751ae44aca7938e549f22041e: Neither blocks nor log segments found. Creating new log.
I20260608 09:59:55.860787 28775 tablet_bootstrap.cc:492] T 00000000000000000000000000000000 P 3119f1c7d36947b6a032e36a01e41db2: Bootstrap starting.
I20260608 09:59:55.861490 28643 log.cc:826] T 00000000000000000000000000000000 P eeb96d3ca9f04dbebff155d79504fcf4: Log is configured to *not* fsync() on all Append() calls
I20260608 09:59:55.866915 28643 tablet_bootstrap.cc:492] T 00000000000000000000000000000000 P eeb96d3ca9f04dbebff155d79504fcf4: No bootstrap required, opened a new log
I20260608 09:59:55.867622 28708 tablet_bootstrap.cc:492] T 00000000000000000000000000000000 P a4ab5e4751ae44aca7938e549f22041e: No bootstrap required, opened a new log
I20260608 09:59:55.870915 28775 tablet_bootstrap.cc:654] T 00000000000000000000000000000000 P 3119f1c7d36947b6a032e36a01e41db2: Neither blocks nor log segments found. Creating new log.
I20260608 09:59:55.876995 28775 tablet_bootstrap.cc:492] T 00000000000000000000000000000000 P 3119f1c7d36947b6a032e36a01e41db2: No bootstrap required, opened a new log
I20260608 09:59:55.887444 28775 raft_consensus.cc:359] T 00000000000000000000000000000000 P 3119f1c7d36947b6a032e36a01e41db2 [term 0 FOLLOWER]: Replica starting. Triggering 0 pending ops. Active config: opid_index: -1 OBSOLETE_local: false peers { permanent_uuid: "eeb96d3ca9f04dbebff155d79504fcf4" member_type: VOTER last_known_addr { host: "127.27.231.254" port: 46613 } } peers { permanent_uuid: "a4ab5e4751ae44aca7938e549f22041e" member_type: VOTER last_known_addr { host: "127.27.231.253" port: 46461 } } peers { permanent_uuid: "3119f1c7d36947b6a032e36a01e41db2" member_type: VOTER last_known_addr { host: "127.27.231.252" port: 38937 } }
I20260608 09:59:55.887461 28643 raft_consensus.cc:359] T 00000000000000000000000000000000 P eeb96d3ca9f04dbebff155d79504fcf4 [term 0 FOLLOWER]: Replica starting. Triggering 0 pending ops. Active config: opid_index: -1 OBSOLETE_local: false peers { permanent_uuid: "eeb96d3ca9f04dbebff155d79504fcf4" member_type: VOTER last_known_addr { host: "127.27.231.254" port: 46613 } } peers { permanent_uuid: "a4ab5e4751ae44aca7938e549f22041e" member_type: VOTER last_known_addr { host: "127.27.231.253" port: 46461 } } peers { permanent_uuid: "3119f1c7d36947b6a032e36a01e41db2" member_type: VOTER last_known_addr { host: "127.27.231.252" port: 38937 } }
I20260608 09:59:55.887458 28708 raft_consensus.cc:359] T 00000000000000000000000000000000 P a4ab5e4751ae44aca7938e549f22041e [term 0 FOLLOWER]: Replica starting. Triggering 0 pending ops. Active config: opid_index: -1 OBSOLETE_local: false peers { permanent_uuid: "eeb96d3ca9f04dbebff155d79504fcf4" member_type: VOTER last_known_addr { host: "127.27.231.254" port: 46613 } } peers { permanent_uuid: "a4ab5e4751ae44aca7938e549f22041e" member_type: VOTER last_known_addr { host: "127.27.231.253" port: 46461 } } peers { permanent_uuid: "3119f1c7d36947b6a032e36a01e41db2" member_type: VOTER last_known_addr { host: "127.27.231.252" port: 38937 } }
I20260608 09:59:55.888296 28775 raft_consensus.cc:385] T 00000000000000000000000000000000 P 3119f1c7d36947b6a032e36a01e41db2 [term 0 FOLLOWER]: Consensus starting up: Expiring failure detector timer to make a prompt election more likely
I20260608 09:59:55.888504 28643 raft_consensus.cc:385] T 00000000000000000000000000000000 P eeb96d3ca9f04dbebff155d79504fcf4 [term 0 FOLLOWER]: Consensus starting up: Expiring failure detector timer to make a prompt election more likely
I20260608 09:59:55.888530 28708 raft_consensus.cc:385] T 00000000000000000000000000000000 P a4ab5e4751ae44aca7938e549f22041e [term 0 FOLLOWER]: Consensus starting up: Expiring failure detector timer to make a prompt election more likely
I20260608 09:59:55.888722 28775 raft_consensus.cc:740] T 00000000000000000000000000000000 P 3119f1c7d36947b6a032e36a01e41db2 [term 0 FOLLOWER]: Becoming Follower/Learner. State: Replica: 3119f1c7d36947b6a032e36a01e41db2, State: Initialized, Role: FOLLOWER
I20260608 09:59:55.888954 28643 raft_consensus.cc:740] T 00000000000000000000000000000000 P eeb96d3ca9f04dbebff155d79504fcf4 [term 0 FOLLOWER]: Becoming Follower/Learner. State: Replica: eeb96d3ca9f04dbebff155d79504fcf4, State: Initialized, Role: FOLLOWER
I20260608 09:59:55.888991 28708 raft_consensus.cc:740] T 00000000000000000000000000000000 P a4ab5e4751ae44aca7938e549f22041e [term 0 FOLLOWER]: Becoming Follower/Learner. State: Replica: a4ab5e4751ae44aca7938e549f22041e, State: Initialized, Role: FOLLOWER
I20260608 09:59:55.890025 28775 consensus_queue.cc:260] T 00000000000000000000000000000000 P 3119f1c7d36947b6a032e36a01e41db2 [NON_LEADER]: Queue going to NON_LEADER mode. State: All replicated index: 0, Majority replicated index: 0, Committed index: 0, Last appended: 0.0, Last appended by leader: 0, Current term: 0, Majority size: -1, State: 0, Mode: NON_LEADER, active raft config: opid_index: -1 OBSOLETE_local: false peers { permanent_uuid: "eeb96d3ca9f04dbebff155d79504fcf4" member_type: VOTER last_known_addr { host: "127.27.231.254" port: 46613 } } peers { permanent_uuid: "a4ab5e4751ae44aca7938e549f22041e" member_type: VOTER last_known_addr { host: "127.27.231.253" port: 46461 } } peers { permanent_uuid: "3119f1c7d36947b6a032e36a01e41db2" member_type: VOTER last_known_addr { host: "127.27.231.252" port: 38937 } }
I20260608 09:59:55.890033 28643 consensus_queue.cc:260] T 00000000000000000000000000000000 P eeb96d3ca9f04dbebff155d79504fcf4 [NON_LEADER]: Queue going to NON_LEADER mode. State: All replicated index: 0, Majority replicated index: 0, Committed index: 0, Last appended: 0.0, Last appended by leader: 0, Current term: 0, Majority size: -1, State: 0, Mode: NON_LEADER, active raft config: opid_index: -1 OBSOLETE_local: false peers { permanent_uuid: "eeb96d3ca9f04dbebff155d79504fcf4" member_type: VOTER last_known_addr { host: "127.27.231.254" port: 46613 } } peers { permanent_uuid: "a4ab5e4751ae44aca7938e549f22041e" member_type: VOTER last_known_addr { host: "127.27.231.253" port: 46461 } } peers { permanent_uuid: "3119f1c7d36947b6a032e36a01e41db2" member_type: VOTER last_known_addr { host: "127.27.231.252" port: 38937 } }
I20260608 09:59:55.890033 28708 consensus_queue.cc:260] T 00000000000000000000000000000000 P a4ab5e4751ae44aca7938e549f22041e [NON_LEADER]: Queue going to NON_LEADER mode. State: All replicated index: 0, Majority replicated index: 0, Committed index: 0, Last appended: 0.0, Last appended by leader: 0, Current term: 0, Majority size: -1, State: 0, Mode: NON_LEADER, active raft config: opid_index: -1 OBSOLETE_local: false peers { permanent_uuid: "eeb96d3ca9f04dbebff155d79504fcf4" member_type: VOTER last_known_addr { host: "127.27.231.254" port: 46613 } } peers { permanent_uuid: "a4ab5e4751ae44aca7938e549f22041e" member_type: VOTER last_known_addr { host: "127.27.231.253" port: 46461 } } peers { permanent_uuid: "3119f1c7d36947b6a032e36a01e41db2" member_type: VOTER last_known_addr { host: "127.27.231.252" port: 38937 } }
I20260608 09:59:55.894718 28784 sys_catalog.cc:455] T 00000000000000000000000000000000 P 3119f1c7d36947b6a032e36a01e41db2 [sys.catalog]: SysCatalogTable state changed. Reason: RaftConsensus started. Latest consensus state: current_term: 0 committed_config { opid_index: -1 OBSOLETE_local: false peers { permanent_uuid: "eeb96d3ca9f04dbebff155d79504fcf4" member_type: VOTER last_known_addr { host: "127.27.231.254" port: 46613 } } peers { permanent_uuid: "a4ab5e4751ae44aca7938e549f22041e" member_type: VOTER last_known_addr { host: "127.27.231.253" port: 46461 } } peers { permanent_uuid: "3119f1c7d36947b6a032e36a01e41db2" member_type: VOTER last_known_addr { host: "127.27.231.252" port: 38937 } } }
I20260608 09:59:55.895606 28784 sys_catalog.cc:458] T 00000000000000000000000000000000 P 3119f1c7d36947b6a032e36a01e41db2 [sys.catalog]: This master's current role is: FOLLOWER
I20260608 09:59:55.897265 28775 sys_catalog.cc:565] T 00000000000000000000000000000000 P 3119f1c7d36947b6a032e36a01e41db2 [sys.catalog]: configured and running, proceeding with master startup.
I20260608 09:59:55.901414 28786 sys_catalog.cc:455] T 00000000000000000000000000000000 P a4ab5e4751ae44aca7938e549f22041e [sys.catalog]: SysCatalogTable state changed. Reason: RaftConsensus started. Latest consensus state: current_term: 0 committed_config { opid_index: -1 OBSOLETE_local: false peers { permanent_uuid: "eeb96d3ca9f04dbebff155d79504fcf4" member_type: VOTER last_known_addr { host: "127.27.231.254" port: 46613 } } peers { permanent_uuid: "a4ab5e4751ae44aca7938e549f22041e" member_type: VOTER last_known_addr { host: "127.27.231.253" port: 46461 } } peers { permanent_uuid: "3119f1c7d36947b6a032e36a01e41db2" member_type: VOTER last_known_addr { host: "127.27.231.252" port: 38937 } } }
I20260608 09:59:55.902211 28786 sys_catalog.cc:458] T 00000000000000000000000000000000 P a4ab5e4751ae44aca7938e549f22041e [sys.catalog]: This master's current role is: FOLLOWER
I20260608 09:59:55.901948 28785 sys_catalog.cc:455] T 00000000000000000000000000000000 P eeb96d3ca9f04dbebff155d79504fcf4 [sys.catalog]: SysCatalogTable state changed. Reason: RaftConsensus started. Latest consensus state: current_term: 0 committed_config { opid_index: -1 OBSOLETE_local: false peers { permanent_uuid: "eeb96d3ca9f04dbebff155d79504fcf4" member_type: VOTER last_known_addr { host: "127.27.231.254" port: 46613 } } peers { permanent_uuid: "a4ab5e4751ae44aca7938e549f22041e" member_type: VOTER last_known_addr { host: "127.27.231.253" port: 46461 } } peers { permanent_uuid: "3119f1c7d36947b6a032e36a01e41db2" member_type: VOTER last_known_addr { host: "127.27.231.252" port: 38937 } } }
I20260608 09:59:55.902957 28785 sys_catalog.cc:458] T 00000000000000000000000000000000 P eeb96d3ca9f04dbebff155d79504fcf4 [sys.catalog]: This master's current role is: FOLLOWER
I20260608 09:59:55.903576 28643 sys_catalog.cc:565] T 00000000000000000000000000000000 P eeb96d3ca9f04dbebff155d79504fcf4 [sys.catalog]: configured and running, proceeding with master startup.
I20260608 09:59:55.904734 28708 sys_catalog.cc:565] T 00000000000000000000000000000000 P a4ab5e4751ae44aca7938e549f22041e [sys.catalog]: configured and running, proceeding with master startup.
W20260608 09:59:55.929680 28597 tablet.cc:2404] T 00000000000000000000000000000000 P eeb96d3ca9f04dbebff155d79504fcf4: Can't schedule compaction. Clean time has not been advanced past its initial value.
W20260608 09:59:55.959988 28815 catalog_manager.cc:1593] T 00000000000000000000000000000000 P 3119f1c7d36947b6a032e36a01e41db2: loading cluster ID for follower catalog manager: Not found: cluster ID entry not found
W20260608 09:59:55.960402 28815 catalog_manager.cc:883] Not found: cluster ID entry not found: failed to prepare follower catalog manager, will retry
I20260608 09:59:55.962862 28575 internal_mini_cluster.cc:184] Waiting to initialize catalog manager on master 1
W20260608 09:59:55.962949 28817 catalog_manager.cc:1593] T 00000000000000000000000000000000 P a4ab5e4751ae44aca7938e549f22041e: loading cluster ID for follower catalog manager: Not found: cluster ID entry not found
I20260608 09:59:55.963235 28575 internal_mini_cluster.cc:184] Waiting to initialize catalog manager on master 2
W20260608 09:59:55.963387 28817 catalog_manager.cc:883] Not found: cluster ID entry not found: failed to prepare follower catalog manager, will retry
I20260608 09:59:55.965436 28575 file_cache.cc:492] Constructed file cache file cache with capacity 419430
W20260608 09:59:55.968156 28820 catalog_manager.cc:1593] T 00000000000000000000000000000000 P eeb96d3ca9f04dbebff155d79504fcf4: loading cluster ID for follower catalog manager: Not found: cluster ID entry not found
W20260608 09:59:55.968482 28820 catalog_manager.cc:883] Not found: cluster ID entry not found: failed to prepare follower catalog manager, will retry
W20260608 09:59:55.975180 28821 instance_detector.cc:116] could not retrieve AWS instance metadata: Network error: curl error: HTTP response code said error: The requested URL returned error: 404
W20260608 09:59:55.976986 28822 instance_detector.cc:116] could not retrieve Azure instance metadata: Network error: curl error: HTTP response code said error: The requested URL returned error: 404
W20260608 09:59:55.981976 28824 instance_detector.cc:116] could not retrieve OpenStack instance metadata: Network error: curl error: HTTP response code said error: The requested URL returned error: 404
I20260608 09:59:55.982844 28575 server_base.cc:1061] running on GCE node
I20260608 09:59:55.983742 28575 hybrid_clock.cc:584] initializing the hybrid clock with 'system_unsync' time source
W20260608 09:59:55.983973 28575 system_unsync_time.cc:38] NTP support is disabled. Clock error bounds will not be accurate. This configuration is not suitable for distributed clusters.
I20260608 09:59:55.984172 28575 hybrid_clock.cc:648] HybridClock initialized: now 1780912795984135 us; error 0 us; skew 500 ppm
I20260608 09:59:55.984871 28575 server_base.cc:861] Flag tcmalloc_max_total_thread_cache_bytes is not working since tcmalloc is not enabled.
I20260608 09:59:55.987798 28575 webserver.cc:533] Webserver started at http://127.27.231.193:33995/ using document root <none> and password file <none>
I20260608 09:59:55.988350 28575 fs_manager.cc:362] Metadata directory not provided
I20260608 09:59:55.988548 28575 fs_manager.cc:368] Using write-ahead log directory (fs_wal_dir) as metadata directory
I20260608 09:59:55.988868 28575 server_base.cc:909] This appears to be a new deployment of Kudu; creating new FS layout
I20260608 09:59:55.990109 28575 fs_manager.cc:1068] Generated new instance metadata in path /tmp/dist-test-taskwQyvPi/test-tmp/auto_rebalancer-test.0.AutoRebalancerTest.OnlyLeaderDoesAutoRebalancing.1780912793918674-28575-0/minicluster-data/ts-0-root/instance:
uuid: "6d1b1ce439874271b6352ac9a712a3ff"
format_stamp: "Formatted at 2026-06-08 09:59:55 on dist-test-slave-m491"
I20260608 09:59:55.995384 28784 raft_consensus.cc:493] T 00000000000000000000000000000000 P 3119f1c7d36947b6a032e36a01e41db2 [term 0 FOLLOWER]: Starting pre-election (no leader contacted us within the election timeout)
I20260608 09:59:55.995513 28575 fs_manager.cc:696] Time spent creating directory manager: real 0.005s	user 0.000s	sys 0.006s
I20260608 09:59:55.995966 28784 raft_consensus.cc:515] T 00000000000000000000000000000000 P 3119f1c7d36947b6a032e36a01e41db2 [term 0 FOLLOWER]: Starting pre-election with config: opid_index: -1 OBSOLETE_local: false peers { permanent_uuid: "eeb96d3ca9f04dbebff155d79504fcf4" member_type: VOTER last_known_addr { host: "127.27.231.254" port: 46613 } } peers { permanent_uuid: "a4ab5e4751ae44aca7938e549f22041e" member_type: VOTER last_known_addr { host: "127.27.231.253" port: 46461 } } peers { permanent_uuid: "3119f1c7d36947b6a032e36a01e41db2" member_type: VOTER last_known_addr { host: "127.27.231.252" port: 38937 } }
I20260608 09:59:55.999298 28784 leader_election.cc:290] T 00000000000000000000000000000000 P 3119f1c7d36947b6a032e36a01e41db2 [CANDIDATE]: Term 1 pre-election: Requested pre-vote from peers eeb96d3ca9f04dbebff155d79504fcf4 (127.27.231.254:46613), a4ab5e4751ae44aca7938e549f22041e (127.27.231.253:46461)
I20260608 09:59:56.000356 28683 tablet_service.cc:1917] Received RequestConsensusVote() RPC: tablet_id: "00000000000000000000000000000000" candidate_uuid: "3119f1c7d36947b6a032e36a01e41db2" candidate_term: 1 candidate_status { last_received { term: 0 index: 0 } } ignore_live_leader: false dest_uuid: "a4ab5e4751ae44aca7938e549f22041e" is_pre_election: true
I20260608 09:59:56.001129 28618 tablet_service.cc:1917] Received RequestConsensusVote() RPC: tablet_id: "00000000000000000000000000000000" candidate_uuid: "3119f1c7d36947b6a032e36a01e41db2" candidate_term: 1 candidate_status { last_received { term: 0 index: 0 } } ignore_live_leader: false dest_uuid: "eeb96d3ca9f04dbebff155d79504fcf4" is_pre_election: true
I20260608 09:59:56.001603 28829 log_block_manager.cc:4031] Time spent loading block containers with low live blocks: real 0.000s	user 0.000s	sys 0.000s
I20260608 09:59:56.001466 28683 raft_consensus.cc:2468] T 00000000000000000000000000000000 P a4ab5e4751ae44aca7938e549f22041e [term 0 FOLLOWER]: Leader pre-election vote request: Granting yes vote for candidate 3119f1c7d36947b6a032e36a01e41db2 in term 0.
I20260608 09:59:56.001933 28618 raft_consensus.cc:2468] T 00000000000000000000000000000000 P eeb96d3ca9f04dbebff155d79504fcf4 [term 0 FOLLOWER]: Leader pre-election vote request: Granting yes vote for candidate 3119f1c7d36947b6a032e36a01e41db2 in term 0.
I20260608 09:59:56.002784 28575 fs_manager.cc:730] Time spent opening block manager: real 0.004s	user 0.002s	sys 0.002s
I20260608 09:59:56.003165 28723 leader_election.cc:304] T 00000000000000000000000000000000 P 3119f1c7d36947b6a032e36a01e41db2 [CANDIDATE]: Term 1 pre-election: Election decided. Result: candidate won. Election summary: received 2 responses out of 3 voters: 2 yes votes; 0 no votes. yes voters: 3119f1c7d36947b6a032e36a01e41db2, a4ab5e4751ae44aca7938e549f22041e; no voters: 
I20260608 09:59:56.003160 28575 fs_manager.cc:647] Opened local filesystem: /tmp/dist-test-taskwQyvPi/test-tmp/auto_rebalancer-test.0.AutoRebalancerTest.OnlyLeaderDoesAutoRebalancing.1780912793918674-28575-0/minicluster-data/ts-0-root
uuid: "6d1b1ce439874271b6352ac9a712a3ff"
format_stamp: "Formatted at 2026-06-08 09:59:55 on dist-test-slave-m491"
I20260608 09:59:56.004204 28784 raft_consensus.cc:2804] T 00000000000000000000000000000000 P 3119f1c7d36947b6a032e36a01e41db2 [term 0 FOLLOWER]: Leader pre-election won for term 1
I20260608 09:59:56.004136 28575 fs_report.cc:389] FS layout report
--------------------
wal directory: /tmp/dist-test-taskwQyvPi/test-tmp/auto_rebalancer-test.0.AutoRebalancerTest.OnlyLeaderDoesAutoRebalancing.1780912793918674-28575-0/minicluster-data/ts-0-root
metadata directory: /tmp/dist-test-taskwQyvPi/test-tmp/auto_rebalancer-test.0.AutoRebalancerTest.OnlyLeaderDoesAutoRebalancing.1780912793918674-28575-0/minicluster-data/ts-0-root
1 data directories: /tmp/dist-test-taskwQyvPi/test-tmp/auto_rebalancer-test.0.AutoRebalancerTest.OnlyLeaderDoesAutoRebalancing.1780912793918674-28575-0/minicluster-data/ts-0-root/data
Total live blocks: 0
Total live bytes: 0
Total live bytes (after alignment): 0
Total number of LBM containers: 0 (0 full)
Did not check for missing blocks
Did not check for orphaned blocks
Total full LBM containers with extra space: 0 (0 repaired)
Total full LBM container extra space in bytes: 0 (0 repaired)
Total incomplete LBM containers: 0 (0 repaired)
Total LBM partial records: 0 (0 repaired)
Total corrupted LBM metadata records in RocksDB: 0 (0 repaired)
I20260608 09:59:56.004657 28784 raft_consensus.cc:493] T 00000000000000000000000000000000 P 3119f1c7d36947b6a032e36a01e41db2 [term 0 FOLLOWER]: Starting leader election (no leader contacted us within the election timeout)
I20260608 09:59:56.005066 28784 raft_consensus.cc:3060] T 00000000000000000000000000000000 P 3119f1c7d36947b6a032e36a01e41db2 [term 0 FOLLOWER]: Advancing to term 1
I20260608 09:59:56.013551 28784 raft_consensus.cc:515] T 00000000000000000000000000000000 P 3119f1c7d36947b6a032e36a01e41db2 [term 1 FOLLOWER]: Starting leader election with config: opid_index: -1 OBSOLETE_local: false peers { permanent_uuid: "eeb96d3ca9f04dbebff155d79504fcf4" member_type: VOTER last_known_addr { host: "127.27.231.254" port: 46613 } } peers { permanent_uuid: "a4ab5e4751ae44aca7938e549f22041e" member_type: VOTER last_known_addr { host: "127.27.231.253" port: 46461 } } peers { permanent_uuid: "3119f1c7d36947b6a032e36a01e41db2" member_type: VOTER last_known_addr { host: "127.27.231.252" port: 38937 } }
I20260608 09:59:56.019207 28618 tablet_service.cc:1917] Received RequestConsensusVote() RPC: tablet_id: "00000000000000000000000000000000" candidate_uuid: "3119f1c7d36947b6a032e36a01e41db2" candidate_term: 1 candidate_status { last_received { term: 0 index: 0 } } ignore_live_leader: false dest_uuid: "eeb96d3ca9f04dbebff155d79504fcf4"
I20260608 09:59:56.019397 28683 tablet_service.cc:1917] Received RequestConsensusVote() RPC: tablet_id: "00000000000000000000000000000000" candidate_uuid: "3119f1c7d36947b6a032e36a01e41db2" candidate_term: 1 candidate_status { last_received { term: 0 index: 0 } } ignore_live_leader: false dest_uuid: "a4ab5e4751ae44aca7938e549f22041e"
I20260608 09:59:56.019768 28618 raft_consensus.cc:3060] T 00000000000000000000000000000000 P eeb96d3ca9f04dbebff155d79504fcf4 [term 0 FOLLOWER]: Advancing to term 1
I20260608 09:59:56.019974 28683 raft_consensus.cc:3060] T 00000000000000000000000000000000 P a4ab5e4751ae44aca7938e549f22041e [term 0 FOLLOWER]: Advancing to term 1
I20260608 09:59:56.022542 28784 leader_election.cc:290] T 00000000000000000000000000000000 P 3119f1c7d36947b6a032e36a01e41db2 [CANDIDATE]: Term 1 election: Requested vote from peers eeb96d3ca9f04dbebff155d79504fcf4 (127.27.231.254:46613), a4ab5e4751ae44aca7938e549f22041e (127.27.231.253:46461)
I20260608 09:59:56.028617 28683 raft_consensus.cc:2468] T 00000000000000000000000000000000 P a4ab5e4751ae44aca7938e549f22041e [term 1 FOLLOWER]: Leader election vote request: Granting yes vote for candidate 3119f1c7d36947b6a032e36a01e41db2 in term 1.
I20260608 09:59:56.030160 28723 leader_election.cc:304] T 00000000000000000000000000000000 P 3119f1c7d36947b6a032e36a01e41db2 [CANDIDATE]: Term 1 election: Election decided. Result: candidate won. Election summary: received 2 responses out of 3 voters: 2 yes votes; 0 no votes. yes voters: 3119f1c7d36947b6a032e36a01e41db2, a4ab5e4751ae44aca7938e549f22041e; no voters: 
I20260608 09:59:56.031461 28784 raft_consensus.cc:2804] T 00000000000000000000000000000000 P 3119f1c7d36947b6a032e36a01e41db2 [term 1 FOLLOWER]: Leader election won for term 1
I20260608 09:59:56.033298 28618 raft_consensus.cc:2468] T 00000000000000000000000000000000 P eeb96d3ca9f04dbebff155d79504fcf4 [term 1 FOLLOWER]: Leader election vote request: Granting yes vote for candidate 3119f1c7d36947b6a032e36a01e41db2 in term 1.
I20260608 09:59:56.038096 28575 rpc_server.cc:225] running with OpenSSL 1.1.1  11 Sep 2018
I20260608 09:59:56.039513 28575 kserver.cc:163] Server-wide thread pool size limit: 3276
I20260608 09:59:56.040169 28784 raft_consensus.cc:697] T 00000000000000000000000000000000 P 3119f1c7d36947b6a032e36a01e41db2 [term 1 LEADER]: Becoming Leader. State: Replica: 3119f1c7d36947b6a032e36a01e41db2, State: Running, Role: LEADER
I20260608 09:59:56.041431 28575 txn_system_client.cc:432] TxnSystemClient initialization is disabled...
I20260608 09:59:56.041319 28784 consensus_queue.cc:237] T 00000000000000000000000000000000 P 3119f1c7d36947b6a032e36a01e41db2 [LEADER]: Queue going to LEADER mode. State: All replicated index: 0, Majority replicated index: 0, Committed index: 0, Last appended: 0.0, Last appended by leader: 0, Current term: 1, Majority size: 2, State: 0, Mode: LEADER, active raft config: opid_index: -1 OBSOLETE_local: false peers { permanent_uuid: "eeb96d3ca9f04dbebff155d79504fcf4" member_type: VOTER last_known_addr { host: "127.27.231.254" port: 46613 } } peers { permanent_uuid: "a4ab5e4751ae44aca7938e549f22041e" member_type: VOTER last_known_addr { host: "127.27.231.253" port: 46461 } } peers { permanent_uuid: "3119f1c7d36947b6a032e36a01e41db2" member_type: VOTER last_known_addr { host: "127.27.231.252" port: 38937 } }
I20260608 09:59:56.046497 28575 ts_tablet_manager.cc:585] Loaded tablet metadata (0 total tablets, 0 live tablets)
I20260608 09:59:56.046852 28575 ts_tablet_manager.cc:531] Time spent load tablet metadata: real 0.000s	user 0.000s	sys 0.000s
I20260608 09:59:56.047127 28575 ts_tablet_manager.cc:616] Registered 0 tablets
I20260608 09:59:56.047312 28575 ts_tablet_manager.cc:595] Time spent register tablets: real 0.000s	user 0.000s	sys 0.000s
I20260608 09:59:56.060436 28834 sys_catalog.cc:455] T 00000000000000000000000000000000 P 3119f1c7d36947b6a032e36a01e41db2 [sys.catalog]: SysCatalogTable state changed. Reason: New leader 3119f1c7d36947b6a032e36a01e41db2. Latest consensus state: current_term: 1 leader_uuid: "3119f1c7d36947b6a032e36a01e41db2" committed_config { opid_index: -1 OBSOLETE_local: false peers { permanent_uuid: "eeb96d3ca9f04dbebff155d79504fcf4" member_type: VOTER last_known_addr { host: "127.27.231.254" port: 46613 } } peers { permanent_uuid: "a4ab5e4751ae44aca7938e549f22041e" member_type: VOTER last_known_addr { host: "127.27.231.253" port: 46461 } } peers { permanent_uuid: "3119f1c7d36947b6a032e36a01e41db2" member_type: VOTER last_known_addr { host: "127.27.231.252" port: 38937 } } }
I20260608 09:59:56.061740 28834 sys_catalog.cc:458] T 00000000000000000000000000000000 P 3119f1c7d36947b6a032e36a01e41db2 [sys.catalog]: This master's current role is: LEADER
I20260608 09:59:56.065701 28840 catalog_manager.cc:1510] Loading table and tablet metadata into memory...
I20260608 09:59:56.074615 28840 catalog_manager.cc:1519] Initializing Kudu cluster ID...
I20260608 09:59:56.102294 28683 raft_consensus.cc:1275] T 00000000000000000000000000000000 P a4ab5e4751ae44aca7938e549f22041e [term 1 FOLLOWER]: Refusing update from remote peer 3119f1c7d36947b6a032e36a01e41db2: Log matching property violated. Preceding OpId in replica: term: 0 index: 0. Preceding OpId from leader: term: 1 index: 2. (index mismatch)
I20260608 09:59:56.103389 28618 raft_consensus.cc:1275] T 00000000000000000000000000000000 P eeb96d3ca9f04dbebff155d79504fcf4 [term 1 FOLLOWER]: Refusing update from remote peer 3119f1c7d36947b6a032e36a01e41db2: Log matching property violated. Preceding OpId in replica: term: 0 index: 0. Preceding OpId from leader: term: 1 index: 2. (index mismatch)
I20260608 09:59:56.104460 28834 consensus_queue.cc:1048] T 00000000000000000000000000000000 P 3119f1c7d36947b6a032e36a01e41db2 [LEADER]: Connected to new peer: Peer: permanent_uuid: "a4ab5e4751ae44aca7938e549f22041e" member_type: VOTER last_known_addr { host: "127.27.231.253" port: 46461 }, Status: LMP_MISMATCH, Last received: 0.0, Next index: 1, Last known committed idx: 0, Time since last communication: 0.000s
I20260608 09:59:56.105926 28784 consensus_queue.cc:1048] T 00000000000000000000000000000000 P 3119f1c7d36947b6a032e36a01e41db2 [LEADER]: Connected to new peer: Peer: permanent_uuid: "eeb96d3ca9f04dbebff155d79504fcf4" member_type: VOTER last_known_addr { host: "127.27.231.254" port: 46613 }, Status: LMP_MISMATCH, Last received: 0.0, Next index: 1, Last known committed idx: 0, Time since last communication: 0.000s
I20260608 09:59:56.142501 28786 sys_catalog.cc:455] T 00000000000000000000000000000000 P a4ab5e4751ae44aca7938e549f22041e [sys.catalog]: SysCatalogTable state changed. Reason: New leader 3119f1c7d36947b6a032e36a01e41db2. Latest consensus state: current_term: 1 leader_uuid: "3119f1c7d36947b6a032e36a01e41db2" committed_config { opid_index: -1 OBSOLETE_local: false peers { permanent_uuid: "eeb96d3ca9f04dbebff155d79504fcf4" member_type: VOTER last_known_addr { host: "127.27.231.254" port: 46613 } } peers { permanent_uuid: "a4ab5e4751ae44aca7938e549f22041e" member_type: VOTER last_known_addr { host: "127.27.231.253" port: 46461 } } peers { permanent_uuid: "3119f1c7d36947b6a032e36a01e41db2" member_type: VOTER last_known_addr { host: "127.27.231.252" port: 38937 } } }
I20260608 09:59:56.143343 28786 sys_catalog.cc:458] T 00000000000000000000000000000000 P a4ab5e4751ae44aca7938e549f22041e [sys.catalog]: This master's current role is: FOLLOWER
I20260608 09:59:56.148656 28853 mvcc.cc:204] Tried to move back new op lower bound from 7294618812809072640 to 7294618812597526528. Current Snapshot: MvccSnapshot[applied={T|T < 7294618812809072640}]
I20260608 09:59:56.157984 28785 sys_catalog.cc:455] T 00000000000000000000000000000000 P eeb96d3ca9f04dbebff155d79504fcf4 [sys.catalog]: SysCatalogTable state changed. Reason: New leader 3119f1c7d36947b6a032e36a01e41db2. Latest consensus state: current_term: 1 leader_uuid: "3119f1c7d36947b6a032e36a01e41db2" committed_config { opid_index: -1 OBSOLETE_local: false peers { permanent_uuid: "eeb96d3ca9f04dbebff155d79504fcf4" member_type: VOTER last_known_addr { host: "127.27.231.254" port: 46613 } } peers { permanent_uuid: "a4ab5e4751ae44aca7938e549f22041e" member_type: VOTER last_known_addr { host: "127.27.231.253" port: 46461 } } peers { permanent_uuid: "3119f1c7d36947b6a032e36a01e41db2" member_type: VOTER last_known_addr { host: "127.27.231.252" port: 38937 } } }
I20260608 09:59:56.159083 28785 sys_catalog.cc:458] T 00000000000000000000000000000000 P eeb96d3ca9f04dbebff155d79504fcf4 [sys.catalog]: This master's current role is: FOLLOWER
I20260608 09:59:56.173378 28786 sys_catalog.cc:455] T 00000000000000000000000000000000 P a4ab5e4751ae44aca7938e549f22041e [sys.catalog]: SysCatalogTable state changed. Reason: Replicated consensus-only round. Latest consensus state: current_term: 1 leader_uuid: "3119f1c7d36947b6a032e36a01e41db2" committed_config { opid_index: -1 OBSOLETE_local: false peers { permanent_uuid: "eeb96d3ca9f04dbebff155d79504fcf4" member_type: VOTER last_known_addr { host: "127.27.231.254" port: 46613 } } peers { permanent_uuid: "a4ab5e4751ae44aca7938e549f22041e" member_type: VOTER last_known_addr { host: "127.27.231.253" port: 46461 } } peers { permanent_uuid: "3119f1c7d36947b6a032e36a01e41db2" member_type: VOTER last_known_addr { host: "127.27.231.252" port: 38937 } } }
I20260608 09:59:56.174165 28786 sys_catalog.cc:458] T 00000000000000000000000000000000 P a4ab5e4751ae44aca7938e549f22041e [sys.catalog]: This master's current role is: FOLLOWER
