I20260608 10:01:09.263557 30909 acceptor_pool.cc:272] collecting diagnostics on the listening RPC socket 127.27.153.193:42665 every 8 connection(s)
I20260608 10:01:09.269604 28263 file_cache.cc:492] Constructed file cache file cache with capacity 419430
W20260608 10:01:09.279878 30914 instance_detector.cc:116] could not retrieve AWS instance metadata: Network error: curl error: HTTP response code said error: The requested URL returned error: 404
W20260608 10:01:09.280457 30915 instance_detector.cc:116] could not retrieve Azure instance metadata: Network error: curl error: HTTP response code said error: The requested URL returned error: 404
W20260608 10:01:09.282364 30917 instance_detector.cc:116] could not retrieve OpenStack instance metadata: Network error: curl error: HTTP response code said error: The requested URL returned error: 404
I20260608 10:01:09.286141 28263 server_base.cc:1061] running on GCE node
I20260608 10:01:09.287914 28263 hybrid_clock.cc:584] initializing the hybrid clock with 'system_unsync' time source
I20260608 10:01:09.288448 30910 heartbeater.cc:344] Connected to a master server at 127.27.153.254:33275
W20260608 10:01:09.288434 28263 system_unsync_time.cc:38] NTP support is disabled. Clock error bounds will not be accurate. This configuration is not suitable for distributed clusters.
I20260608 10:01:09.289134 30910 heartbeater.cc:461] Registering TS with master...
I20260608 10:01:09.289134 28263 hybrid_clock.cc:648] HybridClock initialized: now 1780912869289090 us; error 0 us; skew 500 ppm
I20260608 10:01:09.290406 30910 heartbeater.cc:507] Master 127.27.153.254:33275 requested a full tablet report, sending...
I20260608 10:01:09.290670 28263 server_base.cc:861] Flag tcmalloc_max_total_thread_cache_bytes is not working since tcmalloc is not enabled.
I20260608 10:01:09.294147 30783 ts_manager.cc:194] Registered new tserver with Master: 0831832613974276b38b2341dc68b943 (127.27.153.193:42665)
I20260608 10:01:09.295854 28263 webserver.cc:533] Webserver started at http://127.27.153.194:44461/ using document root <none> and password file <none>
I20260608 10:01:09.296818 28263 fs_manager.cc:362] Metadata directory not provided
I20260608 10:01:09.297098 28263 fs_manager.cc:368] Using write-ahead log directory (fs_wal_dir) as metadata directory
I20260608 10:01:09.297480 28263 server_base.cc:909] This appears to be a new deployment of Kudu; creating new FS layout
I20260608 10:01:09.297478 30783 master_service.cc:502] Signed X509 certificate for tserver {username='slave'} at 127.0.0.1:54314
I20260608 10:01:09.299681 28263 fs_manager.cc:1068] Generated new instance metadata in path /tmp/dist-test-taskSe0e0g/test-tmp/auto_rebalancer-test.0.AutoRebalancerTest.RangeAwareBuildClusterInfoGroupsByRange.1780912794447150-28263-0/minicluster-data/ts-1-root/instance:
uuid: "edaf1d4744bc488c951def82d4fdcbf6"
format_stamp: "Formatted at 2026-06-08 10:01:09 on dist-test-slave-v2sh"
I20260608 10:01:09.305773 28263 fs_manager.cc:696] Time spent creating directory manager: real 0.005s	user 0.007s	sys 0.000s
I20260608 10:01:09.311578 30922 log_block_manager.cc:4031] Time spent loading block containers with low live blocks: real 0.000s	user 0.000s	sys 0.000s
I20260608 10:01:09.313133 28263 fs_manager.cc:730] Time spent opening block manager: real 0.004s	user 0.002s	sys 0.000s
I20260608 10:01:09.313552 28263 fs_manager.cc:647] Opened local filesystem: /tmp/dist-test-taskSe0e0g/test-tmp/auto_rebalancer-test.0.AutoRebalancerTest.RangeAwareBuildClusterInfoGroupsByRange.1780912794447150-28263-0/minicluster-data/ts-1-root
uuid: "edaf1d4744bc488c951def82d4fdcbf6"
format_stamp: "Formatted at 2026-06-08 10:01:09 on dist-test-slave-v2sh"
I20260608 10:01:09.313913 28263 fs_report.cc:389] FS layout report
--------------------
wal directory: /tmp/dist-test-taskSe0e0g/test-tmp/auto_rebalancer-test.0.AutoRebalancerTest.RangeAwareBuildClusterInfoGroupsByRange.1780912794447150-28263-0/minicluster-data/ts-1-root
metadata directory: /tmp/dist-test-taskSe0e0g/test-tmp/auto_rebalancer-test.0.AutoRebalancerTest.RangeAwareBuildClusterInfoGroupsByRange.1780912794447150-28263-0/minicluster-data/ts-1-root
1 data directories: /tmp/dist-test-taskSe0e0g/test-tmp/auto_rebalancer-test.0.AutoRebalancerTest.RangeAwareBuildClusterInfoGroupsByRange.1780912794447150-28263-0/minicluster-data/ts-1-root/data
Total live blocks: 0
Total live bytes: 0
Total live bytes (after alignment): 0
Total number of LBM containers: 0 (0 full)
Did not check for missing blocks
Did not check for orphaned blocks
Total full LBM containers with extra space: 0 (0 repaired)
Total full LBM container extra space in bytes: 0 (0 repaired)
Total incomplete LBM containers: 0 (0 repaired)
Total LBM partial records: 0 (0 repaired)
Total corrupted LBM metadata records in RocksDB: 0 (0 repaired)
I20260608 10:01:09.337565 28263 rpc_server.cc:225] running with OpenSSL 1.1.1  11 Sep 2018
I20260608 10:01:09.339331 28263 kserver.cc:163] Server-wide thread pool size limit: 3276
I20260608 10:01:09.341213 28263 txn_system_client.cc:432] TxnSystemClient initialization is disabled...
I20260608 10:01:09.344236 28263 ts_tablet_manager.cc:585] Loaded tablet metadata (0 total tablets, 0 live tablets)
I20260608 10:01:09.344537 28263 ts_tablet_manager.cc:531] Time spent load tablet metadata: real 0.000s	user 0.000s	sys 0.000s
I20260608 10:01:09.344843 28263 ts_tablet_manager.cc:616] Registered 0 tablets
I20260608 10:01:09.344988 28263 ts_tablet_manager.cc:595] Time spent register tablets: real 0.000s	user 0.000s	sys 0.000s
I20260608 10:01:09.401837 28263 rpc_server.cc:307] RPC server started. Bound to: 127.27.153.194:38329
I20260608 10:01:09.402055 30984 acceptor_pool.cc:272] collecting diagnostics on the listening RPC socket 127.27.153.194:38329 every 8 connection(s)
I20260608 10:01:09.407447 28263 file_cache.cc:492] Constructed file cache file cache with capacity 419430
W20260608 10:01:09.415980 30988 instance_detector.cc:116] could not retrieve AWS instance metadata: Network error: curl error: HTTP response code said error: The requested URL returned error: 404
W20260608 10:01:09.416433 30989 instance_detector.cc:116] could not retrieve Azure instance metadata: Network error: curl error: HTTP response code said error: The requested URL returned error: 404
I20260608 10:01:09.424252 30985 heartbeater.cc:344] Connected to a master server at 127.27.153.254:33275
W20260608 10:01:09.425132 30991 instance_detector.cc:116] could not retrieve OpenStack instance metadata: Network error: curl error: HTTP response code said error: The requested URL returned error: 404
I20260608 10:01:09.425289 30985 heartbeater.cc:461] Registering TS with master...
I20260608 10:01:09.426680 30985 heartbeater.cc:507] Master 127.27.153.254:33275 requested a full tablet report, sending...
I20260608 10:01:09.427217 28263 server_base.cc:1061] running on GCE node
I20260608 10:01:09.428277 28263 hybrid_clock.cc:584] initializing the hybrid clock with 'system_unsync' time source
W20260608 10:01:09.428580 28263 system_unsync_time.cc:38] NTP support is disabled. Clock error bounds will not be accurate. This configuration is not suitable for distributed clusters.
I20260608 10:01:09.428822 28263 hybrid_clock.cc:648] HybridClock initialized: now 1780912869428804 us; error 0 us; skew 500 ppm
I20260608 10:01:09.429669 28263 server_base.cc:861] Flag tcmalloc_max_total_thread_cache_bytes is not working since tcmalloc is not enabled.
I20260608 10:01:09.429665 30783 ts_manager.cc:194] Registered new tserver with Master: edaf1d4744bc488c951def82d4fdcbf6 (127.27.153.194:38329)
I20260608 10:01:09.432246 30783 master_service.cc:502] Signed X509 certificate for tserver {username='slave'} at 127.0.0.1:54318
I20260608 10:01:09.433507 28263 webserver.cc:533] Webserver started at http://127.27.153.195:37223/ using document root <none> and password file <none>
I20260608 10:01:09.434291 28263 fs_manager.cc:362] Metadata directory not provided
I20260608 10:01:09.434491 28263 fs_manager.cc:368] Using write-ahead log directory (fs_wal_dir) as metadata directory
I20260608 10:01:09.435061 28263 server_base.cc:909] This appears to be a new deployment of Kudu; creating new FS layout
I20260608 10:01:09.436336 28263 fs_manager.cc:1068] Generated new instance metadata in path /tmp/dist-test-taskSe0e0g/test-tmp/auto_rebalancer-test.0.AutoRebalancerTest.RangeAwareBuildClusterInfoGroupsByRange.1780912794447150-28263-0/minicluster-data/ts-2-root/instance:
uuid: "7589169b028d46e5a5cc574814909e30"
format_stamp: "Formatted at 2026-06-08 10:01:09 on dist-test-slave-v2sh"
I20260608 10:01:09.441634 28263 fs_manager.cc:696] Time spent creating directory manager: real 0.005s	user 0.003s	sys 0.001s
I20260608 10:01:09.446035 30996 log_block_manager.cc:4031] Time spent loading block containers with low live blocks: real 0.000s	user 0.000s	sys 0.000s
I20260608 10:01:09.447027 28263 fs_manager.cc:730] Time spent opening block manager: real 0.003s	user 0.003s	sys 0.001s
I20260608 10:01:09.447350 28263 fs_manager.cc:647] Opened local filesystem: /tmp/dist-test-taskSe0e0g/test-tmp/auto_rebalancer-test.0.AutoRebalancerTest.RangeAwareBuildClusterInfoGroupsByRange.1780912794447150-28263-0/minicluster-data/ts-2-root
uuid: "7589169b028d46e5a5cc574814909e30"
format_stamp: "Formatted at 2026-06-08 10:01:09 on dist-test-slave-v2sh"
I20260608 10:01:09.447714 28263 fs_report.cc:389] FS layout report
--------------------
wal directory: /tmp/dist-test-taskSe0e0g/test-tmp/auto_rebalancer-test.0.AutoRebalancerTest.RangeAwareBuildClusterInfoGroupsByRange.1780912794447150-28263-0/minicluster-data/ts-2-root
metadata directory: /tmp/dist-test-taskSe0e0g/test-tmp/auto_rebalancer-test.0.AutoRebalancerTest.RangeAwareBuildClusterInfoGroupsByRange.1780912794447150-28263-0/minicluster-data/ts-2-root
1 data directories: /tmp/dist-test-taskSe0e0g/test-tmp/auto_rebalancer-test.0.AutoRebalancerTest.RangeAwareBuildClusterInfoGroupsByRange.1780912794447150-28263-0/minicluster-data/ts-2-root/data
Total live blocks: 0
Total live bytes: 0
Total live bytes (after alignment): 0
Total number of LBM containers: 0 (0 full)
Did not check for missing blocks
Did not check for orphaned blocks
Total full LBM containers with extra space: 0 (0 repaired)
Total full LBM container extra space in bytes: 0 (0 repaired)
Total incomplete LBM containers: 0 (0 repaired)
Total LBM partial records: 0 (0 repaired)
Total corrupted LBM metadata records in RocksDB: 0 (0 repaired)
I20260608 10:01:09.468731 28263 rpc_server.cc:225] running with OpenSSL 1.1.1  11 Sep 2018
I20260608 10:01:09.470528 28263 kserver.cc:163] Server-wide thread pool size limit: 3276
I20260608 10:01:09.472522 28263 txn_system_client.cc:432] TxnSystemClient initialization is disabled...
I20260608 10:01:09.475284 28263 ts_tablet_manager.cc:585] Loaded tablet metadata (0 total tablets, 0 live tablets)
I20260608 10:01:09.475553 28263 ts_tablet_manager.cc:531] Time spent load tablet metadata: real 0.000s	user 0.000s	sys 0.000s
I20260608 10:01:09.475906 28263 ts_tablet_manager.cc:616] Registered 0 tablets
I20260608 10:01:09.476140 28263 ts_tablet_manager.cc:595] Time spent register tablets: real 0.000s	user 0.000s	sys 0.000s
I20260608 10:01:09.529663 28263 rpc_server.cc:307] RPC server started. Bound to: 127.27.153.195:33589
I20260608 10:01:09.529882 31058 acceptor_pool.cc:272] collecting diagnostics on the listening RPC socket 127.27.153.195:33589 every 8 connection(s)
I20260608 10:01:09.546214 31059 heartbeater.cc:344] Connected to a master server at 127.27.153.254:33275
I20260608 10:01:09.546703 31059 heartbeater.cc:461] Registering TS with master...
I20260608 10:01:09.547552 31059 heartbeater.cc:507] Master 127.27.153.254:33275 requested a full tablet report, sending...
I20260608 10:01:09.550312 30783 ts_manager.cc:194] Registered new tserver with Master: 7589169b028d46e5a5cc574814909e30 (127.27.153.195:33589)
I20260608 10:01:09.551070 28263 internal_mini_cluster.cc:371] 3 TS(s) registered with all masters after 0.017725116s
I20260608 10:01:09.552078 30783 master_service.cc:502] Signed X509 certificate for tserver {username='slave'} at 127.0.0.1:54324
I20260608 10:01:10.107223 30783 catalog_manager.cc:2282] Servicing CreateTable request from {username='slave'} at 127.0.0.1:54326:
name: "range_aware_auto_rebalancer_test"
schema {
  columns {
    name: "key"
    type: INT32
    is_key: true
    is_nullable: false
    encoding: AUTO_ENCODING
    compression: DEFAULT_COMPRESSION
    cfile_block_size: 0
    immutable: false
  }
}
num_replicas: 3
split_rows_range_bounds {
  rows: "\006\001\000\000\000\000\007\001\n\000\000\000\006\001\n\000\000\000\007\001\024\000\000\000""\006\001\000\000\000\000\007\001\n\000\000\000\006\001\n\000\000\000\007\001\024\000\000\000"
  indirect_data: """"
}
partition_schema {
  hash_schema {
    columns {
      name: "key"
    }
    num_buckets: 2
    seed: 0
  }
  range_schema {
    columns {
      name: "key"
    }
  }
}
W20260608 10:01:10.111443 30783 catalog_manager.cc:7076] The number of live tablet servers is not enough to re-replicate a tablet replica of the newly created table range_aware_auto_rebalancer_test in case of a server failure: 4 tablet servers would be needed, 3 are available. Consider bringing up more tablet servers.
I20260608 10:01:10.198671 31024 tablet_service.cc:1511] Processing CreateTablet for tablet 7853fe615e834c1ebdd5f60b42fc9a56 (DEFAULT_TABLE table=range_aware_auto_rebalancer_test [id=0f52b11b87e242c7a6179627a7e76478]), partition=HASH (key) PARTITION 0, RANGE (key) PARTITION 0 <= VALUES < 10
I20260608 10:01:10.206290 30873 tablet_service.cc:1511] Processing CreateTablet for tablet 354b911c7f7847a08f1ef6bea7313823 (DEFAULT_TABLE table=range_aware_auto_rebalancer_test [id=0f52b11b87e242c7a6179627a7e76478]), partition=HASH (key) PARTITION 1, RANGE (key) PARTITION 0 <= VALUES < 10
I20260608 10:01:10.206435 31022 tablet_service.cc:1511] Processing CreateTablet for tablet 354b911c7f7847a08f1ef6bea7313823 (DEFAULT_TABLE table=range_aware_auto_rebalancer_test [id=0f52b11b87e242c7a6179627a7e76478]), partition=HASH (key) PARTITION 1, RANGE (key) PARTITION 0 <= VALUES < 10
I20260608 10:01:10.208323 30873 data_dirs.cc:400] Could only allocate 1 dirs of requested 3 for tablet 354b911c7f7847a08f1ef6bea7313823. 1 dirs total, 0 dirs full, 0 dirs failed
I20260608 10:01:10.202064 31023 tablet_service.cc:1511] Processing CreateTablet for tablet dc1a2160535c4a2da90a3e0959d68b7c (DEFAULT_TABLE table=range_aware_auto_rebalancer_test [id=0f52b11b87e242c7a6179627a7e76478]), partition=HASH (key) PARTITION 0, RANGE (key) PARTITION 10 <= VALUES < 20
I20260608 10:01:10.202183 30874 tablet_service.cc:1511] Processing CreateTablet for tablet dc1a2160535c4a2da90a3e0959d68b7c (DEFAULT_TABLE table=range_aware_auto_rebalancer_test [id=0f52b11b87e242c7a6179627a7e76478]), partition=HASH (key) PARTITION 0, RANGE (key) PARTITION 10 <= VALUES < 20
I20260608 10:01:10.200371 30875 tablet_service.cc:1511] Processing CreateTablet for tablet 7853fe615e834c1ebdd5f60b42fc9a56 (DEFAULT_TABLE table=range_aware_auto_rebalancer_test [id=0f52b11b87e242c7a6179627a7e76478]), partition=HASH (key) PARTITION 0, RANGE (key) PARTITION 0 <= VALUES < 10
I20260608 10:01:10.214260 30872 tablet_service.cc:1511] Processing CreateTablet for tablet 04418586756a4fbb9ba12cd57d0d03dc (DEFAULT_TABLE table=range_aware_auto_rebalancer_test [id=0f52b11b87e242c7a6179627a7e76478]), partition=HASH (key) PARTITION 1, RANGE (key) PARTITION 10 <= VALUES < 20
I20260608 10:01:10.215847 31021 tablet_service.cc:1511] Processing CreateTablet for tablet 04418586756a4fbb9ba12cd57d0d03dc (DEFAULT_TABLE table=range_aware_auto_rebalancer_test [id=0f52b11b87e242c7a6179627a7e76478]), partition=HASH (key) PARTITION 1, RANGE (key) PARTITION 10 <= VALUES < 20
I20260608 10:01:10.203907 31024 data_dirs.cc:400] Could only allocate 1 dirs of requested 3 for tablet 7853fe615e834c1ebdd5f60b42fc9a56. 1 dirs total, 0 dirs full, 0 dirs failed
I20260608 10:01:10.218907 31021 data_dirs.cc:400] Could only allocate 1 dirs of requested 3 for tablet 04418586756a4fbb9ba12cd57d0d03dc. 1 dirs total, 0 dirs full, 0 dirs failed
I20260608 10:01:10.219694 31023 data_dirs.cc:400] Could only allocate 1 dirs of requested 3 for tablet dc1a2160535c4a2da90a3e0959d68b7c. 1 dirs total, 0 dirs full, 0 dirs failed
I20260608 10:01:10.221462 30949 tablet_service.cc:1511] Processing CreateTablet for tablet dc1a2160535c4a2da90a3e0959d68b7c (DEFAULT_TABLE table=range_aware_auto_rebalancer_test [id=0f52b11b87e242c7a6179627a7e76478]), partition=HASH (key) PARTITION 0, RANGE (key) PARTITION 10 <= VALUES < 20
I20260608 10:01:10.222096 30947 tablet_service.cc:1511] Processing CreateTablet for tablet 04418586756a4fbb9ba12cd57d0d03dc (DEFAULT_TABLE table=range_aware_auto_rebalancer_test [id=0f52b11b87e242c7a6179627a7e76478]), partition=HASH (key) PARTITION 1, RANGE (key) PARTITION 10 <= VALUES < 20
I20260608 10:01:10.223295 30949 data_dirs.cc:400] Could only allocate 1 dirs of requested 3 for tablet dc1a2160535c4a2da90a3e0959d68b7c. 1 dirs total, 0 dirs full, 0 dirs failed
I20260608 10:01:10.225996 30948 tablet_service.cc:1511] Processing CreateTablet for tablet 354b911c7f7847a08f1ef6bea7313823 (DEFAULT_TABLE table=range_aware_auto_rebalancer_test [id=0f52b11b87e242c7a6179627a7e76478]), partition=HASH (key) PARTITION 1, RANGE (key) PARTITION 0 <= VALUES < 10
I20260608 10:01:10.228294 30948 data_dirs.cc:400] Could only allocate 1 dirs of requested 3 for tablet 354b911c7f7847a08f1ef6bea7313823. 1 dirs total, 0 dirs full, 0 dirs failed
I20260608 10:01:10.219167 30950 tablet_service.cc:1511] Processing CreateTablet for tablet 7853fe615e834c1ebdd5f60b42fc9a56 (DEFAULT_TABLE table=range_aware_auto_rebalancer_test [id=0f52b11b87e242c7a6179627a7e76478]), partition=HASH (key) PARTITION 0, RANGE (key) PARTITION 0 <= VALUES < 10
I20260608 10:01:10.234102 30950 data_dirs.cc:400] Could only allocate 1 dirs of requested 3 for tablet 7853fe615e834c1ebdd5f60b42fc9a56. 1 dirs total, 0 dirs full, 0 dirs failed
I20260608 10:01:10.237136 30947 data_dirs.cc:400] Could only allocate 1 dirs of requested 3 for tablet 04418586756a4fbb9ba12cd57d0d03dc. 1 dirs total, 0 dirs full, 0 dirs failed
I20260608 10:01:10.241165 31022 data_dirs.cc:400] Could only allocate 1 dirs of requested 3 for tablet 354b911c7f7847a08f1ef6bea7313823. 1 dirs total, 0 dirs full, 0 dirs failed
I20260608 10:01:10.216418 30872 data_dirs.cc:400] Could only allocate 1 dirs of requested 3 for tablet 04418586756a4fbb9ba12cd57d0d03dc. 1 dirs total, 0 dirs full, 0 dirs failed
I20260608 10:01:10.248682 30874 data_dirs.cc:400] Could only allocate 1 dirs of requested 3 for tablet dc1a2160535c4a2da90a3e0959d68b7c. 1 dirs total, 0 dirs full, 0 dirs failed
I20260608 10:01:10.250131 30875 data_dirs.cc:400] Could only allocate 1 dirs of requested 3 for tablet 7853fe615e834c1ebdd5f60b42fc9a56. 1 dirs total, 0 dirs full, 0 dirs failed
I20260608 10:01:10.302062 30910 heartbeater.cc:499] Master 127.27.153.254:33275 was elected leader, sending a full tablet report...
I20260608 10:01:10.371850 31079 tablet_bootstrap.cc:492] T 354b911c7f7847a08f1ef6bea7313823 P 0831832613974276b38b2341dc68b943: Bootstrap starting.
I20260608 10:01:10.374467 31080 tablet_bootstrap.cc:492] T dc1a2160535c4a2da90a3e0959d68b7c P edaf1d4744bc488c951def82d4fdcbf6: Bootstrap starting.
I20260608 10:01:10.377295 31081 tablet_bootstrap.cc:492] T 04418586756a4fbb9ba12cd57d0d03dc P 7589169b028d46e5a5cc574814909e30: Bootstrap starting.
I20260608 10:01:10.394158 31079 tablet_bootstrap.cc:654] T 354b911c7f7847a08f1ef6bea7313823 P 0831832613974276b38b2341dc68b943: Neither blocks nor log segments found. Creating new log.
I20260608 10:01:10.394847 31080 tablet_bootstrap.cc:654] T dc1a2160535c4a2da90a3e0959d68b7c P edaf1d4744bc488c951def82d4fdcbf6: Neither blocks nor log segments found. Creating new log.
I20260608 10:01:10.419678 31079 tablet_bootstrap.cc:492] T 354b911c7f7847a08f1ef6bea7313823 P 0831832613974276b38b2341dc68b943: No bootstrap required, opened a new log
I20260608 10:01:10.420401 31079 ts_tablet_manager.cc:1403] T 354b911c7f7847a08f1ef6bea7313823 P 0831832613974276b38b2341dc68b943: Time spent bootstrapping tablet: real 0.050s	user 0.022s	sys 0.005s
I20260608 10:01:10.420689 31080 tablet_bootstrap.cc:492] T dc1a2160535c4a2da90a3e0959d68b7c P edaf1d4744bc488c951def82d4fdcbf6: No bootstrap required, opened a new log
I20260608 10:01:10.420720 31081 tablet_bootstrap.cc:654] T 04418586756a4fbb9ba12cd57d0d03dc P 7589169b028d46e5a5cc574814909e30: Neither blocks nor log segments found. Creating new log.
I20260608 10:01:10.421381 31080 ts_tablet_manager.cc:1403] T dc1a2160535c4a2da90a3e0959d68b7c P edaf1d4744bc488c951def82d4fdcbf6: Time spent bootstrapping tablet: real 0.047s	user 0.024s	sys 0.011s
I20260608 10:01:10.423259 31079 raft_consensus.cc:359] T 354b911c7f7847a08f1ef6bea7313823 P 0831832613974276b38b2341dc68b943 [term 0 FOLLOWER]: Replica starting. Triggering 0 pending ops. Active config: opid_index: -1 OBSOLETE_local: false peers { permanent_uuid: "0831832613974276b38b2341dc68b943" member_type: VOTER last_known_addr { host: "127.27.153.193" port: 42665 } } peers { permanent_uuid: "edaf1d4744bc488c951def82d4fdcbf6" member_type: VOTER last_known_addr { host: "127.27.153.194" port: 38329 } } peers { permanent_uuid: "7589169b028d46e5a5cc574814909e30" member_type: VOTER last_known_addr { host: "127.27.153.195" port: 33589 } }
I20260608 10:01:10.424021 31079 raft_consensus.cc:385] T 354b911c7f7847a08f1ef6bea7313823 P 0831832613974276b38b2341dc68b943 [term 0 FOLLOWER]: Consensus starting up: Expiring failure detector timer to make a prompt election more likely
I20260608 10:01:10.424671 31079 raft_consensus.cc:740] T 354b911c7f7847a08f1ef6bea7313823 P 0831832613974276b38b2341dc68b943 [term 0 FOLLOWER]: Becoming Follower/Learner. State: Replica: 0831832613974276b38b2341dc68b943, State: Initialized, Role: FOLLOWER
I20260608 10:01:10.425882 31080 raft_consensus.cc:359] T dc1a2160535c4a2da90a3e0959d68b7c P edaf1d4744bc488c951def82d4fdcbf6 [term 0 FOLLOWER]: Replica starting. Triggering 0 pending ops. Active config: opid_index: -1 OBSOLETE_local: false peers { permanent_uuid: "0831832613974276b38b2341dc68b943" member_type: VOTER last_known_addr { host: "127.27.153.193" port: 42665 } } peers { permanent_uuid: "edaf1d4744bc488c951def82d4fdcbf6" member_type: VOTER last_known_addr { host: "127.27.153.194" port: 38329 } } peers { permanent_uuid: "7589169b028d46e5a5cc574814909e30" member_type: VOTER last_known_addr { host: "127.27.153.195" port: 33589 } }
I20260608 10:01:10.426055 31079 consensus_queue.cc:260] T 354b911c7f7847a08f1ef6bea7313823 P 0831832613974276b38b2341dc68b943 [NON_LEADER]: Queue going to NON_LEADER mode. State: All replicated index: 0, Majority replicated index: 0, Committed index: 0, Last appended: 0.0, Last appended by leader: 0, Current term: 0, Majority size: -1, State: 0, Mode: NON_LEADER, active raft config: opid_index: -1 OBSOLETE_local: false peers { permanent_uuid: "0831832613974276b38b2341dc68b943" member_type: VOTER last_known_addr { host: "127.27.153.193" port: 42665 } } peers { permanent_uuid: "edaf1d4744bc488c951def82d4fdcbf6" member_type: VOTER last_known_addr { host: "127.27.153.194" port: 38329 } } peers { permanent_uuid: "7589169b028d46e5a5cc574814909e30" member_type: VOTER last_known_addr { host: "127.27.153.195" port: 33589 } }
I20260608 10:01:10.426715 31080 raft_consensus.cc:385] T dc1a2160535c4a2da90a3e0959d68b7c P edaf1d4744bc488c951def82d4fdcbf6 [term 0 FOLLOWER]: Consensus starting up: Expiring failure detector timer to make a prompt election more likely
I20260608 10:01:10.427284 31080 raft_consensus.cc:740] T dc1a2160535c4a2da90a3e0959d68b7c P edaf1d4744bc488c951def82d4fdcbf6 [term 0 FOLLOWER]: Becoming Follower/Learner. State: Replica: edaf1d4744bc488c951def82d4fdcbf6, State: Initialized, Role: FOLLOWER
I20260608 10:01:10.428800 31081 tablet_bootstrap.cc:492] T 04418586756a4fbb9ba12cd57d0d03dc P 7589169b028d46e5a5cc574814909e30: No bootstrap required, opened a new log
I20260608 10:01:10.429456 31081 ts_tablet_manager.cc:1403] T 04418586756a4fbb9ba12cd57d0d03dc P 7589169b028d46e5a5cc574814909e30: Time spent bootstrapping tablet: real 0.053s	user 0.014s	sys 0.007s
I20260608 10:01:10.429176 31080 consensus_queue.cc:260] T dc1a2160535c4a2da90a3e0959d68b7c P edaf1d4744bc488c951def82d4fdcbf6 [NON_LEADER]: Queue going to NON_LEADER mode. State: All replicated index: 0, Majority replicated index: 0, Committed index: 0, Last appended: 0.0, Last appended by leader: 0, Current term: 0, Majority size: -1, State: 0, Mode: NON_LEADER, active raft config: opid_index: -1 OBSOLETE_local: false peers { permanent_uuid: "0831832613974276b38b2341dc68b943" member_type: VOTER last_known_addr { host: "127.27.153.193" port: 42665 } } peers { permanent_uuid: "edaf1d4744bc488c951def82d4fdcbf6" member_type: VOTER last_known_addr { host: "127.27.153.194" port: 38329 } } peers { permanent_uuid: "7589169b028d46e5a5cc574814909e30" member_type: VOTER last_known_addr { host: "127.27.153.195" port: 33589 } }
I20260608 10:01:10.429965 31079 ts_tablet_manager.cc:1434] T 354b911c7f7847a08f1ef6bea7313823 P 0831832613974276b38b2341dc68b943: Time spent starting tablet: real 0.009s	user 0.007s	sys 0.000s
I20260608 10:01:10.431757 31079 tablet_bootstrap.cc:492] T 7853fe615e834c1ebdd5f60b42fc9a56 P 0831832613974276b38b2341dc68b943: Bootstrap starting.
I20260608 10:01:10.433931 31081 raft_consensus.cc:359] T 04418586756a4fbb9ba12cd57d0d03dc P 7589169b028d46e5a5cc574814909e30 [term 0 FOLLOWER]: Replica starting. Triggering 0 pending ops. Active config: opid_index: -1 OBSOLETE_local: false peers { permanent_uuid: "0831832613974276b38b2341dc68b943" member_type: VOTER last_known_addr { host: "127.27.153.193" port: 42665 } } peers { permanent_uuid: "edaf1d4744bc488c951def82d4fdcbf6" member_type: VOTER last_known_addr { host: "127.27.153.194" port: 38329 } } peers { permanent_uuid: "7589169b028d46e5a5cc574814909e30" member_type: VOTER last_known_addr { host: "127.27.153.195" port: 33589 } }
I20260608 10:01:10.435093 31081 raft_consensus.cc:385] T 04418586756a4fbb9ba12cd57d0d03dc P 7589169b028d46e5a5cc574814909e30 [term 0 FOLLOWER]: Consensus starting up: Expiring failure detector timer to make a prompt election more likely
I20260608 10:01:10.436019 30985 heartbeater.cc:499] Master 127.27.153.254:33275 was elected leader, sending a full tablet report...
I20260608 10:01:10.435995 31081 raft_consensus.cc:740] T 04418586756a4fbb9ba12cd57d0d03dc P 7589169b028d46e5a5cc574814909e30 [term 0 FOLLOWER]: Becoming Follower/Learner. State: Replica: 7589169b028d46e5a5cc574814909e30, State: Initialized, Role: FOLLOWER
I20260608 10:01:10.441110 31079 tablet_bootstrap.cc:654] T 7853fe615e834c1ebdd5f60b42fc9a56 P 0831832613974276b38b2341dc68b943: Neither blocks nor log segments found. Creating new log.
I20260608 10:01:10.440743 31081 consensus_queue.cc:260] T 04418586756a4fbb9ba12cd57d0d03dc P 7589169b028d46e5a5cc574814909e30 [NON_LEADER]: Queue going to NON_LEADER mode. State: All replicated index: 0, Majority replicated index: 0, Committed index: 0, Last appended: 0.0, Last appended by leader: 0, Current term: 0, Majority size: -1, State: 0, Mode: NON_LEADER, active raft config: opid_index: -1 OBSOLETE_local: false peers { permanent_uuid: "0831832613974276b38b2341dc68b943" member_type: VOTER last_known_addr { host: "127.27.153.193" port: 42665 } } peers { permanent_uuid: "edaf1d4744bc488c951def82d4fdcbf6" member_type: VOTER last_known_addr { host: "127.27.153.194" port: 38329 } } peers { permanent_uuid: "7589169b028d46e5a5cc574814909e30" member_type: VOTER last_known_addr { host: "127.27.153.195" port: 33589 } }
I20260608 10:01:10.482695 31080 ts_tablet_manager.cc:1434] T dc1a2160535c4a2da90a3e0959d68b7c P edaf1d4744bc488c951def82d4fdcbf6: Time spent starting tablet: real 0.061s	user 0.015s	sys 0.045s
I20260608 10:01:10.484321 31079 tablet_bootstrap.cc:492] T 7853fe615e834c1ebdd5f60b42fc9a56 P 0831832613974276b38b2341dc68b943: No bootstrap required, opened a new log
I20260608 10:01:10.484766 31080 tablet_bootstrap.cc:492] T 354b911c7f7847a08f1ef6bea7313823 P edaf1d4744bc488c951def82d4fdcbf6: Bootstrap starting.
I20260608 10:01:10.486035 31079 ts_tablet_manager.cc:1403] T 7853fe615e834c1ebdd5f60b42fc9a56 P 0831832613974276b38b2341dc68b943: Time spent bootstrapping tablet: real 0.055s	user 0.012s	sys 0.037s
I20260608 10:01:10.493449 31079 raft_consensus.cc:359] T 7853fe615e834c1ebdd5f60b42fc9a56 P 0831832613974276b38b2341dc68b943 [term 0 FOLLOWER]: Replica starting. Triggering 0 pending ops. Active config: opid_index: -1 OBSOLETE_local: false peers { permanent_uuid: "0831832613974276b38b2341dc68b943" member_type: VOTER last_known_addr { host: "127.27.153.193" port: 42665 } } peers { permanent_uuid: "7589169b028d46e5a5cc574814909e30" member_type: VOTER last_known_addr { host: "127.27.153.195" port: 33589 } } peers { permanent_uuid: "edaf1d4744bc488c951def82d4fdcbf6" member_type: VOTER last_known_addr { host: "127.27.153.194" port: 38329 } }
I20260608 10:01:10.495451 31079 raft_consensus.cc:385] T 7853fe615e834c1ebdd5f60b42fc9a56 P 0831832613974276b38b2341dc68b943 [term 0 FOLLOWER]: Consensus starting up: Expiring failure detector timer to make a prompt election more likely
I20260608 10:01:10.496214 31079 raft_consensus.cc:740] T 7853fe615e834c1ebdd5f60b42fc9a56 P 0831832613974276b38b2341dc68b943 [term 0 FOLLOWER]: Becoming Follower/Learner. State: Replica: 0831832613974276b38b2341dc68b943, State: Initialized, Role: FOLLOWER
I20260608 10:01:10.496522 31080 tablet_bootstrap.cc:654] T 354b911c7f7847a08f1ef6bea7313823 P edaf1d4744bc488c951def82d4fdcbf6: Neither blocks nor log segments found. Creating new log.
I20260608 10:01:10.497560 31079 consensus_queue.cc:260] T 7853fe615e834c1ebdd5f60b42fc9a56 P 0831832613974276b38b2341dc68b943 [NON_LEADER]: Queue going to NON_LEADER mode. State: All replicated index: 0, Majority replicated index: 0, Committed index: 0, Last appended: 0.0, Last appended by leader: 0, Current term: 0, Majority size: -1, State: 0, Mode: NON_LEADER, active raft config: opid_index: -1 OBSOLETE_local: false peers { permanent_uuid: "0831832613974276b38b2341dc68b943" member_type: VOTER last_known_addr { host: "127.27.153.193" port: 42665 } } peers { permanent_uuid: "7589169b028d46e5a5cc574814909e30" member_type: VOTER last_known_addr { host: "127.27.153.195" port: 33589 } } peers { permanent_uuid: "edaf1d4744bc488c951def82d4fdcbf6" member_type: VOTER last_known_addr { host: "127.27.153.194" port: 38329 } }
I20260608 10:01:10.500173 31079 ts_tablet_manager.cc:1434] T 7853fe615e834c1ebdd5f60b42fc9a56 P 0831832613974276b38b2341dc68b943: Time spent starting tablet: real 0.013s	user 0.007s	sys 0.004s
I20260608 10:01:10.504009 31079 tablet_bootstrap.cc:492] T dc1a2160535c4a2da90a3e0959d68b7c P 0831832613974276b38b2341dc68b943: Bootstrap starting.
I20260608 10:01:10.511677 31081 ts_tablet_manager.cc:1434] T 04418586756a4fbb9ba12cd57d0d03dc P 7589169b028d46e5a5cc574814909e30: Time spent starting tablet: real 0.082s	user 0.030s	sys 0.033s
I20260608 10:01:10.513365 31059 heartbeater.cc:499] Master 127.27.153.254:33275 was elected leader, sending a full tablet report...
I20260608 10:01:10.517009 31081 tablet_bootstrap.cc:492] T 354b911c7f7847a08f1ef6bea7313823 P 7589169b028d46e5a5cc574814909e30: Bootstrap starting.
I20260608 10:01:10.517392 31080 tablet_bootstrap.cc:492] T 354b911c7f7847a08f1ef6bea7313823 P edaf1d4744bc488c951def82d4fdcbf6: No bootstrap required, opened a new log
I20260608 10:01:10.518939 31080 ts_tablet_manager.cc:1403] T 354b911c7f7847a08f1ef6bea7313823 P edaf1d4744bc488c951def82d4fdcbf6: Time spent bootstrapping tablet: real 0.035s	user 0.022s	sys 0.011s
W20260608 10:01:10.519937 30911 tablet.cc:2404] T 354b911c7f7847a08f1ef6bea7313823 P 0831832613974276b38b2341dc68b943: Can't schedule compaction. Clean time has not been advanced past its initial value.
I20260608 10:01:10.517856 31079 tablet_bootstrap.cc:654] T dc1a2160535c4a2da90a3e0959d68b7c P 0831832613974276b38b2341dc68b943: Neither blocks nor log segments found. Creating new log.
I20260608 10:01:10.527536 31081 tablet_bootstrap.cc:654] T 354b911c7f7847a08f1ef6bea7313823 P 7589169b028d46e5a5cc574814909e30: Neither blocks nor log segments found. Creating new log.
I20260608 10:01:10.527698 31080 raft_consensus.cc:359] T 354b911c7f7847a08f1ef6bea7313823 P edaf1d4744bc488c951def82d4fdcbf6 [term 0 FOLLOWER]: Replica starting. Triggering 0 pending ops. Active config: opid_index: -1 OBSOLETE_local: false peers { permanent_uuid: "0831832613974276b38b2341dc68b943" member_type: VOTER last_known_addr { host: "127.27.153.193" port: 42665 } } peers { permanent_uuid: "edaf1d4744bc488c951def82d4fdcbf6" member_type: VOTER last_known_addr { host: "127.27.153.194" port: 38329 } } peers { permanent_uuid: "7589169b028d46e5a5cc574814909e30" member_type: VOTER last_known_addr { host: "127.27.153.195" port: 33589 } }
I20260608 10:01:10.528719 31080 raft_consensus.cc:385] T 354b911c7f7847a08f1ef6bea7313823 P edaf1d4744bc488c951def82d4fdcbf6 [term 0 FOLLOWER]: Consensus starting up: Expiring failure detector timer to make a prompt election more likely
I20260608 10:01:10.529122 31080 raft_consensus.cc:740] T 354b911c7f7847a08f1ef6bea7313823 P edaf1d4744bc488c951def82d4fdcbf6 [term 0 FOLLOWER]: Becoming Follower/Learner. State: Replica: edaf1d4744bc488c951def82d4fdcbf6, State: Initialized, Role: FOLLOWER
I20260608 10:01:10.530256 31080 consensus_queue.cc:260] T 354b911c7f7847a08f1ef6bea7313823 P edaf1d4744bc488c951def82d4fdcbf6 [NON_LEADER]: Queue going to NON_LEADER mode. State: All replicated index: 0, Majority replicated index: 0, Committed index: 0, Last appended: 0.0, Last appended by leader: 0, Current term: 0, Majority size: -1, State: 0, Mode: NON_LEADER, active raft config: opid_index: -1 OBSOLETE_local: false peers { permanent_uuid: "0831832613974276b38b2341dc68b943" member_type: VOTER last_known_addr { host: "127.27.153.193" port: 42665 } } peers { permanent_uuid: "edaf1d4744bc488c951def82d4fdcbf6" member_type: VOTER last_known_addr { host: "127.27.153.194" port: 38329 } } peers { permanent_uuid: "7589169b028d46e5a5cc574814909e30" member_type: VOTER last_known_addr { host: "127.27.153.195" port: 33589 } }
I20260608 10:01:10.533250 31080 ts_tablet_manager.cc:1434] T 354b911c7f7847a08f1ef6bea7313823 P edaf1d4744bc488c951def82d4fdcbf6: Time spent starting tablet: real 0.014s	user 0.009s	sys 0.000s
I20260608 10:01:10.535259 31080 tablet_bootstrap.cc:492] T 04418586756a4fbb9ba12cd57d0d03dc P edaf1d4744bc488c951def82d4fdcbf6: Bootstrap starting.
I20260608 10:01:10.537603 31079 tablet_bootstrap.cc:492] T dc1a2160535c4a2da90a3e0959d68b7c P 0831832613974276b38b2341dc68b943: No bootstrap required, opened a new log
I20260608 10:01:10.538378 31079 ts_tablet_manager.cc:1403] T dc1a2160535c4a2da90a3e0959d68b7c P 0831832613974276b38b2341dc68b943: Time spent bootstrapping tablet: real 0.035s	user 0.017s	sys 0.001s
I20260608 10:01:10.543227 31080 tablet_bootstrap.cc:654] T 04418586756a4fbb9ba12cd57d0d03dc P edaf1d4744bc488c951def82d4fdcbf6: Neither blocks nor log segments found. Creating new log.
I20260608 10:01:10.542991 31079 raft_consensus.cc:359] T dc1a2160535c4a2da90a3e0959d68b7c P 0831832613974276b38b2341dc68b943 [term 0 FOLLOWER]: Replica starting. Triggering 0 pending ops. Active config: opid_index: -1 OBSOLETE_local: false peers { permanent_uuid: "0831832613974276b38b2341dc68b943" member_type: VOTER last_known_addr { host: "127.27.153.193" port: 42665 } } peers { permanent_uuid: "edaf1d4744bc488c951def82d4fdcbf6" member_type: VOTER last_known_addr { host: "127.27.153.194" port: 38329 } } peers { permanent_uuid: "7589169b028d46e5a5cc574814909e30" member_type: VOTER last_known_addr { host: "127.27.153.195" port: 33589 } }
I20260608 10:01:10.544050 31081 tablet_bootstrap.cc:492] T 354b911c7f7847a08f1ef6bea7313823 P 7589169b028d46e5a5cc574814909e30: No bootstrap required, opened a new log
I20260608 10:01:10.544137 31079 raft_consensus.cc:385] T dc1a2160535c4a2da90a3e0959d68b7c P 0831832613974276b38b2341dc68b943 [term 0 FOLLOWER]: Consensus starting up: Expiring failure detector timer to make a prompt election more likely
I20260608 10:01:10.544826 31079 raft_consensus.cc:740] T dc1a2160535c4a2da90a3e0959d68b7c P 0831832613974276b38b2341dc68b943 [term 0 FOLLOWER]: Becoming Follower/Learner. State: Replica: 0831832613974276b38b2341dc68b943, State: Initialized, Role: FOLLOWER
I20260608 10:01:10.545245 31081 ts_tablet_manager.cc:1403] T 354b911c7f7847a08f1ef6bea7313823 P 7589169b028d46e5a5cc574814909e30: Time spent bootstrapping tablet: real 0.028s	user 0.014s	sys 0.011s
I20260608 10:01:10.546490 31079 consensus_queue.cc:260] T dc1a2160535c4a2da90a3e0959d68b7c P 0831832613974276b38b2341dc68b943 [NON_LEADER]: Queue going to NON_LEADER mode. State: All replicated index: 0, Majority replicated index: 0, Committed index: 0, Last appended: 0.0, Last appended by leader: 0, Current term: 0, Majority size: -1, State: 0, Mode: NON_LEADER, active raft config: opid_index: -1 OBSOLETE_local: false peers { permanent_uuid: "0831832613974276b38b2341dc68b943" member_type: VOTER last_known_addr { host: "127.27.153.193" port: 42665 } } peers { permanent_uuid: "edaf1d4744bc488c951def82d4fdcbf6" member_type: VOTER last_known_addr { host: "127.27.153.194" port: 38329 } } peers { permanent_uuid: "7589169b028d46e5a5cc574814909e30" member_type: VOTER last_known_addr { host: "127.27.153.195" port: 33589 } }
I20260608 10:01:10.549957 31079 ts_tablet_manager.cc:1434] T dc1a2160535c4a2da90a3e0959d68b7c P 0831832613974276b38b2341dc68b943: Time spent starting tablet: real 0.011s	user 0.004s	sys 0.008s
I20260608 10:01:10.550539 31081 raft_consensus.cc:359] T 354b911c7f7847a08f1ef6bea7313823 P 7589169b028d46e5a5cc574814909e30 [term 0 FOLLOWER]: Replica starting. Triggering 0 pending ops. Active config: opid_index: -1 OBSOLETE_local: false peers { permanent_uuid: "0831832613974276b38b2341dc68b943" member_type: VOTER last_known_addr { host: "127.27.153.193" port: 42665 } } peers { permanent_uuid: "edaf1d4744bc488c951def82d4fdcbf6" member_type: VOTER last_known_addr { host: "127.27.153.194" port: 38329 } } peers { permanent_uuid: "7589169b028d46e5a5cc574814909e30" member_type: VOTER last_known_addr { host: "127.27.153.195" port: 33589 } }
I20260608 10:01:10.551429 31081 raft_consensus.cc:385] T 354b911c7f7847a08f1ef6bea7313823 P 7589169b028d46e5a5cc574814909e30 [term 0 FOLLOWER]: Consensus starting up: Expiring failure detector timer to make a prompt election more likely
I20260608 10:01:10.551916 31081 raft_consensus.cc:740] T 354b911c7f7847a08f1ef6bea7313823 P 7589169b028d46e5a5cc574814909e30 [term 0 FOLLOWER]: Becoming Follower/Learner. State: Replica: 7589169b028d46e5a5cc574814909e30, State: Initialized, Role: FOLLOWER
I20260608 10:01:10.552956 31081 consensus_queue.cc:260] T 354b911c7f7847a08f1ef6bea7313823 P 7589169b028d46e5a5cc574814909e30 [NON_LEADER]: Queue going to NON_LEADER mode. State: All replicated index: 0, Majority replicated index: 0, Committed index: 0, Last appended: 0.0, Last appended by leader: 0, Current term: 0, Majority size: -1, State: 0, Mode: NON_LEADER, active raft config: opid_index: -1 OBSOLETE_local: false peers { permanent_uuid: "0831832613974276b38b2341dc68b943" member_type: VOTER last_known_addr { host: "127.27.153.193" port: 42665 } } peers { permanent_uuid: "edaf1d4744bc488c951def82d4fdcbf6" member_type: VOTER last_known_addr { host: "127.27.153.194" port: 38329 } } peers { permanent_uuid: "7589169b028d46e5a5cc574814909e30" member_type: VOTER last_known_addr { host: "127.27.153.195" port: 33589 } }
I20260608 10:01:10.554829 31079 tablet_bootstrap.cc:492] T 04418586756a4fbb9ba12cd57d0d03dc P 0831832613974276b38b2341dc68b943: Bootstrap starting.
I20260608 10:01:10.555663 31081 ts_tablet_manager.cc:1434] T 354b911c7f7847a08f1ef6bea7313823 P 7589169b028d46e5a5cc574814909e30: Time spent starting tablet: real 0.010s	user 0.009s	sys 0.000s
I20260608 10:01:10.557282 31081 tablet_bootstrap.cc:492] T 7853fe615e834c1ebdd5f60b42fc9a56 P 7589169b028d46e5a5cc574814909e30: Bootstrap starting.
I20260608 10:01:10.556070 31080 tablet_bootstrap.cc:492] T 04418586756a4fbb9ba12cd57d0d03dc P edaf1d4744bc488c951def82d4fdcbf6: No bootstrap required, opened a new log
I20260608 10:01:10.561153 31080 ts_tablet_manager.cc:1403] T 04418586756a4fbb9ba12cd57d0d03dc P edaf1d4744bc488c951def82d4fdcbf6: Time spent bootstrapping tablet: real 0.026s	user 0.007s	sys 0.009s
I20260608 10:01:10.564972 31081 tablet_bootstrap.cc:654] T 7853fe615e834c1ebdd5f60b42fc9a56 P 7589169b028d46e5a5cc574814909e30: Neither blocks nor log segments found. Creating new log.
I20260608 10:01:10.564883 31080 raft_consensus.cc:359] T 04418586756a4fbb9ba12cd57d0d03dc P edaf1d4744bc488c951def82d4fdcbf6 [term 0 FOLLOWER]: Replica starting. Triggering 0 pending ops. Active config: opid_index: -1 OBSOLETE_local: false peers { permanent_uuid: "0831832613974276b38b2341dc68b943" member_type: VOTER last_known_addr { host: "127.27.153.193" port: 42665 } } peers { permanent_uuid: "edaf1d4744bc488c951def82d4fdcbf6" member_type: VOTER last_known_addr { host: "127.27.153.194" port: 38329 } } peers { permanent_uuid: "7589169b028d46e5a5cc574814909e30" member_type: VOTER last_known_addr { host: "127.27.153.195" port: 33589 } }
I20260608 10:01:10.566257 31080 raft_consensus.cc:385] T 04418586756a4fbb9ba12cd57d0d03dc P edaf1d4744bc488c951def82d4fdcbf6 [term 0 FOLLOWER]: Consensus starting up: Expiring failure detector timer to make a prompt election more likely
I20260608 10:01:10.566627 31080 raft_consensus.cc:740] T 04418586756a4fbb9ba12cd57d0d03dc P edaf1d4744bc488c951def82d4fdcbf6 [term 0 FOLLOWER]: Becoming Follower/Learner. State: Replica: edaf1d4744bc488c951def82d4fdcbf6, State: Initialized, Role: FOLLOWER
I20260608 10:01:10.567462 31080 consensus_queue.cc:260] T 04418586756a4fbb9ba12cd57d0d03dc P edaf1d4744bc488c951def82d4fdcbf6 [NON_LEADER]: Queue going to NON_LEADER mode. State: All replicated index: 0, Majority replicated index: 0, Committed index: 0, Last appended: 0.0, Last appended by leader: 0, Current term: 0, Majority size: -1, State: 0, Mode: NON_LEADER, active raft config: opid_index: -1 OBSOLETE_local: false peers { permanent_uuid: "0831832613974276b38b2341dc68b943" member_type: VOTER last_known_addr { host: "127.27.153.193" port: 42665 } } peers { permanent_uuid: "edaf1d4744bc488c951def82d4fdcbf6" member_type: VOTER last_known_addr { host: "127.27.153.194" port: 38329 } } peers { permanent_uuid: "7589169b028d46e5a5cc574814909e30" member_type: VOTER last_known_addr { host: "127.27.153.195" port: 33589 } }
I20260608 10:01:10.571835 31081 tablet_bootstrap.cc:492] T 7853fe615e834c1ebdd5f60b42fc9a56 P 7589169b028d46e5a5cc574814909e30: No bootstrap required, opened a new log
I20260608 10:01:10.572928 31081 ts_tablet_manager.cc:1403] T 7853fe615e834c1ebdd5f60b42fc9a56 P 7589169b028d46e5a5cc574814909e30: Time spent bootstrapping tablet: real 0.016s	user 0.010s	sys 0.005s
I20260608 10:01:10.576710 31081 raft_consensus.cc:359] T 7853fe615e834c1ebdd5f60b42fc9a56 P 7589169b028d46e5a5cc574814909e30 [term 0 FOLLOWER]: Replica starting. Triggering 0 pending ops. Active config: opid_index: -1 OBSOLETE_local: false peers { permanent_uuid: "0831832613974276b38b2341dc68b943" member_type: VOTER last_known_addr { host: "127.27.153.193" port: 42665 } } peers { permanent_uuid: "7589169b028d46e5a5cc574814909e30" member_type: VOTER last_known_addr { host: "127.27.153.195" port: 33589 } } peers { permanent_uuid: "edaf1d4744bc488c951def82d4fdcbf6" member_type: VOTER last_known_addr { host: "127.27.153.194" port: 38329 } }
I20260608 10:01:10.577509 31081 raft_consensus.cc:385] T 7853fe615e834c1ebdd5f60b42fc9a56 P 7589169b028d46e5a5cc574814909e30 [term 0 FOLLOWER]: Consensus starting up: Expiring failure detector timer to make a prompt election more likely
I20260608 10:01:10.577791 31081 raft_consensus.cc:740] T 7853fe615e834c1ebdd5f60b42fc9a56 P 7589169b028d46e5a5cc574814909e30 [term 0 FOLLOWER]: Becoming Follower/Learner. State: Replica: 7589169b028d46e5a5cc574814909e30, State: Initialized, Role: FOLLOWER
I20260608 10:01:10.578025 31079 tablet_bootstrap.cc:654] T 04418586756a4fbb9ba12cd57d0d03dc P 0831832613974276b38b2341dc68b943: Neither blocks nor log segments found. Creating new log.
I20260608 10:01:10.578153 31080 ts_tablet_manager.cc:1434] T 04418586756a4fbb9ba12cd57d0d03dc P edaf1d4744bc488c951def82d4fdcbf6: Time spent starting tablet: real 0.017s	user 0.002s	sys 0.006s
I20260608 10:01:10.578624 31081 consensus_queue.cc:260] T 7853fe615e834c1ebdd5f60b42fc9a56 P 7589169b028d46e5a5cc574814909e30 [NON_LEADER]: Queue going to NON_LEADER mode. State: All replicated index: 0, Majority replicated index: 0, Committed index: 0, Last appended: 0.0, Last appended by leader: 0, Current term: 0, Majority size: -1, State: 0, Mode: NON_LEADER, active raft config: opid_index: -1 OBSOLETE_local: false peers { permanent_uuid: "0831832613974276b38b2341dc68b943" member_type: VOTER last_known_addr { host: "127.27.153.193" port: 42665 } } peers { permanent_uuid: "7589169b028d46e5a5cc574814909e30" member_type: VOTER last_known_addr { host: "127.27.153.195" port: 33589 } } peers { permanent_uuid: "edaf1d4744bc488c951def82d4fdcbf6" member_type: VOTER last_known_addr { host: "127.27.153.194" port: 38329 } }
I20260608 10:01:10.579731 31080 tablet_bootstrap.cc:492] T 7853fe615e834c1ebdd5f60b42fc9a56 P edaf1d4744bc488c951def82d4fdcbf6: Bootstrap starting.
I20260608 10:01:10.581523 31081 ts_tablet_manager.cc:1434] T 7853fe615e834c1ebdd5f60b42fc9a56 P 7589169b028d46e5a5cc574814909e30: Time spent starting tablet: real 0.008s	user 0.006s	sys 0.002s
I20260608 10:01:10.582715 31081 tablet_bootstrap.cc:492] T dc1a2160535c4a2da90a3e0959d68b7c P 7589169b028d46e5a5cc574814909e30: Bootstrap starting.
I20260608 10:01:10.589674 31081 tablet_bootstrap.cc:654] T dc1a2160535c4a2da90a3e0959d68b7c P 7589169b028d46e5a5cc574814909e30: Neither blocks nor log segments found. Creating new log.
I20260608 10:01:10.590204 31080 tablet_bootstrap.cc:654] T 7853fe615e834c1ebdd5f60b42fc9a56 P edaf1d4744bc488c951def82d4fdcbf6: Neither blocks nor log segments found. Creating new log.
I20260608 10:01:10.603193 31087 raft_consensus.cc:493] T 04418586756a4fbb9ba12cd57d0d03dc P 7589169b028d46e5a5cc574814909e30 [term 0 FOLLOWER]: Starting pre-election (no leader contacted us within the election timeout)
I20260608 10:01:10.603695 31079 tablet_bootstrap.cc:492] T 04418586756a4fbb9ba12cd57d0d03dc P 0831832613974276b38b2341dc68b943: No bootstrap required, opened a new log
I20260608 10:01:10.605024 31079 ts_tablet_manager.cc:1403] T 04418586756a4fbb9ba12cd57d0d03dc P 0831832613974276b38b2341dc68b943: Time spent bootstrapping tablet: real 0.050s	user 0.028s	sys 0.005s
I20260608 10:01:10.604415 31087 raft_consensus.cc:515] T 04418586756a4fbb9ba12cd57d0d03dc P 7589169b028d46e5a5cc574814909e30 [term 0 FOLLOWER]: Starting pre-election with config: opid_index: -1 OBSOLETE_local: false peers { permanent_uuid: "0831832613974276b38b2341dc68b943" member_type: VOTER last_known_addr { host: "127.27.153.193" port: 42665 } } peers { permanent_uuid: "edaf1d4744bc488c951def82d4fdcbf6" member_type: VOTER last_known_addr { host: "127.27.153.194" port: 38329 } } peers { permanent_uuid: "7589169b028d46e5a5cc574814909e30" member_type: VOTER last_known_addr { host: "127.27.153.195" port: 33589 } }
I20260608 10:01:10.611424 31079 raft_consensus.cc:359] T 04418586756a4fbb9ba12cd57d0d03dc P 0831832613974276b38b2341dc68b943 [term 0 FOLLOWER]: Replica starting. Triggering 0 pending ops. Active config: opid_index: -1 OBSOLETE_local: false peers { permanent_uuid: "0831832613974276b38b2341dc68b943" member_type: VOTER last_known_addr { host: "127.27.153.193" port: 42665 } } peers { permanent_uuid: "edaf1d4744bc488c951def82d4fdcbf6" member_type: VOTER last_known_addr { host: "127.27.153.194" port: 38329 } } peers { permanent_uuid: "7589169b028d46e5a5cc574814909e30" member_type: VOTER last_known_addr { host: "127.27.153.195" port: 33589 } }
I20260608 10:01:10.612257 31079 raft_consensus.cc:385] T 04418586756a4fbb9ba12cd57d0d03dc P 0831832613974276b38b2341dc68b943 [term 0 FOLLOWER]: Consensus starting up: Expiring failure detector timer to make a prompt election more likely
I20260608 10:01:10.613080 31079 raft_consensus.cc:740] T 04418586756a4fbb9ba12cd57d0d03dc P 0831832613974276b38b2341dc68b943 [term 0 FOLLOWER]: Becoming Follower/Learner. State: Replica: 0831832613974276b38b2341dc68b943, State: Initialized, Role: FOLLOWER
I20260608 10:01:10.614221 31087 leader_election.cc:290] T 04418586756a4fbb9ba12cd57d0d03dc P 7589169b028d46e5a5cc574814909e30 [CANDIDATE]: Term 1 pre-election: Requested pre-vote from peers 0831832613974276b38b2341dc68b943 (127.27.153.193:42665), edaf1d4744bc488c951def82d4fdcbf6 (127.27.153.194:38329)
I20260608 10:01:10.614697 31079 consensus_queue.cc:260] T 04418586756a4fbb9ba12cd57d0d03dc P 0831832613974276b38b2341dc68b943 [NON_LEADER]: Queue going to NON_LEADER mode. State: All replicated index: 0, Majority replicated index: 0, Committed index: 0, Last appended: 0.0, Last appended by leader: 0, Current term: 0, Majority size: -1, State: 0, Mode: NON_LEADER, active raft config: opid_index: -1 OBSOLETE_local: false peers { permanent_uuid: "0831832613974276b38b2341dc68b943" member_type: VOTER last_known_addr { host: "127.27.153.193" port: 42665 } } peers { permanent_uuid: "edaf1d4744bc488c951def82d4fdcbf6" member_type: VOTER last_known_addr { host: "127.27.153.194" port: 38329 } } peers { permanent_uuid: "7589169b028d46e5a5cc574814909e30" member_type: VOTER last_known_addr { host: "127.27.153.195" port: 33589 } }
I20260608 10:01:10.617043 31081 tablet_bootstrap.cc:492] T dc1a2160535c4a2da90a3e0959d68b7c P 7589169b028d46e5a5cc574814909e30: No bootstrap required, opened a new log
