I20260608 10:01:46.112223 21223 leader_election.cc:304] T 383c5c1728e4452db5816d72b934db55 P ba819badcf10495789cb4aefeb3af3e9 [CANDIDATE]: Term 1 election: Election decided. Result: candidate won. Election summary: received 2 responses out of 3 voters: 2 yes votes; 0 no votes. yes voters: 71d8b10d831945eeb5b56faa2287f19e, ba819badcf10495789cb4aefeb3af3e9; no voters: 
I20260608 10:01:46.113621 21323 raft_consensus.cc:2804] T 383c5c1728e4452db5816d72b934db55 P ba819badcf10495789cb4aefeb3af3e9 [term 1 FOLLOWER]: Leader election won for term 1
I20260608 10:01:46.113899 21307 tablet_bootstrap.cc:492] T fe7c40c007f94f8d87819d9cf27a3f06 P ba819badcf10495789cb4aefeb3af3e9: No bootstrap required, opened a new log
I20260608 10:01:46.114332 21323 raft_consensus.cc:697] T 383c5c1728e4452db5816d72b934db55 P ba819badcf10495789cb4aefeb3af3e9 [term 1 LEADER]: Becoming Leader. State: Replica: ba819badcf10495789cb4aefeb3af3e9, State: Running, Role: LEADER
I20260608 10:01:46.114591 21307 ts_tablet_manager.cc:1403] T fe7c40c007f94f8d87819d9cf27a3f06 P ba819badcf10495789cb4aefeb3af3e9: Time spent bootstrapping tablet: real 0.208s	user 0.032s	sys 0.010s
I20260608 10:01:46.115589 21323 consensus_queue.cc:237] T 383c5c1728e4452db5816d72b934db55 P ba819badcf10495789cb4aefeb3af3e9 [LEADER]: Queue going to LEADER mode. State: All replicated index: 0, Majority replicated index: 0, Committed index: 0, Last appended: 0.0, Last appended by leader: 0, Current term: 1, Majority size: 2, State: 0, Mode: LEADER, active raft config: opid_index: -1 OBSOLETE_local: false peers { permanent_uuid: "71d8b10d831945eeb5b56faa2287f19e" member_type: VOTER last_known_addr { host: "127.16.59.193" port: 34707 } } peers { permanent_uuid: "762a1139e07c4d7da3589ff4f6492098" member_type: VOTER last_known_addr { host: "127.16.59.194" port: 42461 } } peers { permanent_uuid: "ba819badcf10495789cb4aefeb3af3e9" member_type: VOTER last_known_addr { host: "127.16.59.195" port: 38339 } }
I20260608 10:01:46.109700 21009 catalog_manager.cc:5696] T 9480e78239d24903a2480b62d2e99899 P ba819badcf10495789cb4aefeb3af3e9 reported cstate change: term changed from 0 to 1, leader changed from <none> to ba819badcf10495789cb4aefeb3af3e9 (127.16.59.195). New cstate: current_term: 1 leader_uuid: "ba819badcf10495789cb4aefeb3af3e9" committed_config { opid_index: -1 OBSOLETE_local: false peers { permanent_uuid: "71d8b10d831945eeb5b56faa2287f19e" member_type: VOTER last_known_addr { host: "127.16.59.193" port: 34707 } health_report { overall_health: UNKNOWN } } peers { permanent_uuid: "762a1139e07c4d7da3589ff4f6492098" member_type: VOTER last_known_addr { host: "127.16.59.194" port: 42461 } health_report { overall_health: UNKNOWN } } peers { permanent_uuid: "ba819badcf10495789cb4aefeb3af3e9" member_type: VOTER last_known_addr { host: "127.16.59.195" port: 38339 } health_report { overall_health: HEALTHY } } }
I20260608 10:01:46.122958 21185 raft_consensus.cc:2468] T 383c5c1728e4452db5816d72b934db55 P 762a1139e07c4d7da3589ff4f6492098 [term 1 FOLLOWER]: Leader election vote request: Granting yes vote for candidate ba819badcf10495789cb4aefeb3af3e9 in term 1.
I20260608 10:01:46.132481 21305 tablet_bootstrap.cc:654] T 3c09fc66e3eb4ee1a7c549d693eb68c8 P 762a1139e07c4d7da3589ff4f6492098: Neither blocks nor log segments found. Creating new log.
I20260608 10:01:46.135483 21307 raft_consensus.cc:359] T fe7c40c007f94f8d87819d9cf27a3f06 P ba819badcf10495789cb4aefeb3af3e9 [term 0 FOLLOWER]: Replica starting. Triggering 0 pending ops. Active config: opid_index: -1 OBSOLETE_local: false peers { permanent_uuid: "71d8b10d831945eeb5b56faa2287f19e" member_type: VOTER last_known_addr { host: "127.16.59.193" port: 34707 } } peers { permanent_uuid: "762a1139e07c4d7da3589ff4f6492098" member_type: VOTER last_known_addr { host: "127.16.59.194" port: 42461 } } peers { permanent_uuid: "ba819badcf10495789cb4aefeb3af3e9" member_type: VOTER last_known_addr { host: "127.16.59.195" port: 38339 } }
I20260608 10:01:46.146126 21307 raft_consensus.cc:385] T fe7c40c007f94f8d87819d9cf27a3f06 P ba819badcf10495789cb4aefeb3af3e9 [term 0 FOLLOWER]: Consensus starting up: Expiring failure detector timer to make a prompt election more likely
I20260608 10:01:46.146656 21307 raft_consensus.cc:740] T fe7c40c007f94f8d87819d9cf27a3f06 P ba819badcf10495789cb4aefeb3af3e9 [term 0 FOLLOWER]: Becoming Follower/Learner. State: Replica: ba819badcf10495789cb4aefeb3af3e9, State: Initialized, Role: FOLLOWER
I20260608 10:01:46.147917 21307 consensus_queue.cc:260] T fe7c40c007f94f8d87819d9cf27a3f06 P ba819badcf10495789cb4aefeb3af3e9 [NON_LEADER]: Queue going to NON_LEADER mode. State: All replicated index: 0, Majority replicated index: 0, Committed index: 0, Last appended: 0.0, Last appended by leader: 0, Current term: 0, Majority size: -1, State: 0, Mode: NON_LEADER, active raft config: opid_index: -1 OBSOLETE_local: false peers { permanent_uuid: "71d8b10d831945eeb5b56faa2287f19e" member_type: VOTER last_known_addr { host: "127.16.59.193" port: 34707 } } peers { permanent_uuid: "762a1139e07c4d7da3589ff4f6492098" member_type: VOTER last_known_addr { host: "127.16.59.194" port: 42461 } } peers { permanent_uuid: "ba819badcf10495789cb4aefeb3af3e9" member_type: VOTER last_known_addr { host: "127.16.59.195" port: 38339 } }
I20260608 10:01:46.151902 21307 ts_tablet_manager.cc:1434] T fe7c40c007f94f8d87819d9cf27a3f06 P ba819badcf10495789cb4aefeb3af3e9: Time spent starting tablet: real 0.037s	user 0.012s	sys 0.000s
I20260608 10:01:46.153541 21307 tablet_bootstrap.cc:492] T ff29cbbc96f242a481821810702d4506 P ba819badcf10495789cb4aefeb3af3e9: Bootstrap starting.
I20260608 10:01:46.163410 21307 tablet_bootstrap.cc:654] T ff29cbbc96f242a481821810702d4506 P ba819badcf10495789cb4aefeb3af3e9: Neither blocks nor log segments found. Creating new log.
I20260608 10:01:46.163298 21009 catalog_manager.cc:5696] T 383c5c1728e4452db5816d72b934db55 P ba819badcf10495789cb4aefeb3af3e9 reported cstate change: term changed from 0 to 1, leader changed from <none> to ba819badcf10495789cb4aefeb3af3e9 (127.16.59.195). New cstate: current_term: 1 leader_uuid: "ba819badcf10495789cb4aefeb3af3e9" committed_config { opid_index: -1 OBSOLETE_local: false peers { permanent_uuid: "71d8b10d831945eeb5b56faa2287f19e" member_type: VOTER last_known_addr { host: "127.16.59.193" port: 34707 } health_report { overall_health: UNKNOWN } } peers { permanent_uuid: "762a1139e07c4d7da3589ff4f6492098" member_type: VOTER last_known_addr { host: "127.16.59.194" port: 42461 } health_report { overall_health: UNKNOWN } } peers { permanent_uuid: "ba819badcf10495789cb4aefeb3af3e9" member_type: VOTER last_known_addr { host: "127.16.59.195" port: 38339 } health_report { overall_health: HEALTHY } } }
I20260608 10:01:46.137178 21357 raft_consensus.cc:515] T ff29cbbc96f242a481821810702d4506 P 762a1139e07c4d7da3589ff4f6492098 [term 1 FOLLOWER]: Starting leader election with config: opid_index: -1 OBSOLETE_local: false peers { permanent_uuid: "71d8b10d831945eeb5b56faa2287f19e" member_type: VOTER last_known_addr { host: "127.16.59.193" port: 34707 } } peers { permanent_uuid: "762a1139e07c4d7da3589ff4f6492098" member_type: VOTER last_known_addr { host: "127.16.59.194" port: 42461 } } peers { permanent_uuid: "ba819badcf10495789cb4aefeb3af3e9" member_type: VOTER last_known_addr { host: "127.16.59.195" port: 38339 } }
I20260608 10:01:46.179363 21306 tablet_bootstrap.cc:492] T 8a5dced6e2334c8e812ec3d07b297300 P 71d8b10d831945eeb5b56faa2287f19e: No bootstrap required, opened a new log
I20260608 10:01:46.180258 21306 ts_tablet_manager.cc:1403] T 8a5dced6e2334c8e812ec3d07b297300 P 71d8b10d831945eeb5b56faa2287f19e: Time spent bootstrapping tablet: real 0.098s	user 0.018s	sys 0.030s
I20260608 10:01:46.183990 21306 raft_consensus.cc:359] T 8a5dced6e2334c8e812ec3d07b297300 P 71d8b10d831945eeb5b56faa2287f19e [term 0 FOLLOWER]: Replica starting. Triggering 0 pending ops. Active config: opid_index: -1 OBSOLETE_local: false peers { permanent_uuid: "762a1139e07c4d7da3589ff4f6492098" member_type: VOTER last_known_addr { host: "127.16.59.194" port: 42461 } } peers { permanent_uuid: "71d8b10d831945eeb5b56faa2287f19e" member_type: VOTER last_known_addr { host: "127.16.59.193" port: 34707 } } peers { permanent_uuid: "ba819badcf10495789cb4aefeb3af3e9" member_type: VOTER last_known_addr { host: "127.16.59.195" port: 38339 } }
I20260608 10:01:46.184810 21306 raft_consensus.cc:385] T 8a5dced6e2334c8e812ec3d07b297300 P 71d8b10d831945eeb5b56faa2287f19e [term 0 FOLLOWER]: Consensus starting up: Expiring failure detector timer to make a prompt election more likely
I20260608 10:01:46.185189 21306 raft_consensus.cc:740] T 8a5dced6e2334c8e812ec3d07b297300 P 71d8b10d831945eeb5b56faa2287f19e [term 0 FOLLOWER]: Becoming Follower/Learner. State: Replica: 71d8b10d831945eeb5b56faa2287f19e, State: Initialized, Role: FOLLOWER
I20260608 10:01:46.186297 21336 consensus_queue.cc:1048] T 8a5dced6e2334c8e812ec3d07b297300 P 762a1139e07c4d7da3589ff4f6492098 [LEADER]: Connected to new peer: Peer: permanent_uuid: "ba819badcf10495789cb4aefeb3af3e9" member_type: VOTER last_known_addr { host: "127.16.59.195" port: 38339 }, Status: LMP_MISMATCH, Last received: 0.0, Next index: 1, Last known committed idx: 0, Time since last communication: 0.001s
I20260608 10:01:46.186252 21306 consensus_queue.cc:260] T 8a5dced6e2334c8e812ec3d07b297300 P 71d8b10d831945eeb5b56faa2287f19e [NON_LEADER]: Queue going to NON_LEADER mode. State: All replicated index: 0, Majority replicated index: 0, Committed index: 0, Last appended: 0.0, Last appended by leader: 0, Current term: 0, Majority size: -1, State: 0, Mode: NON_LEADER, active raft config: opid_index: -1 OBSOLETE_local: false peers { permanent_uuid: "762a1139e07c4d7da3589ff4f6492098" member_type: VOTER last_known_addr { host: "127.16.59.194" port: 42461 } } peers { permanent_uuid: "71d8b10d831945eeb5b56faa2287f19e" member_type: VOTER last_known_addr { host: "127.16.59.193" port: 34707 } } peers { permanent_uuid: "ba819badcf10495789cb4aefeb3af3e9" member_type: VOTER last_known_addr { host: "127.16.59.195" port: 38339 } }
I20260608 10:01:46.191087 21111 tablet_service.cc:1917] Received RequestConsensusVote() RPC: tablet_id: "ff29cbbc96f242a481821810702d4506" candidate_uuid: "762a1139e07c4d7da3589ff4f6492098" candidate_term: 1 candidate_status { last_received { term: 0 index: 0 } } ignore_live_leader: false dest_uuid: "71d8b10d831945eeb5b56faa2287f19e"
I20260608 10:01:46.191927 21111 raft_consensus.cc:3060] T ff29cbbc96f242a481821810702d4506 P 71d8b10d831945eeb5b56faa2287f19e [term 0 FOLLOWER]: Advancing to term 1
I20260608 10:01:46.198316 21357 leader_election.cc:290] T ff29cbbc96f242a481821810702d4506 P 762a1139e07c4d7da3589ff4f6492098 [CANDIDATE]: Term 1 election: Requested vote from peers 71d8b10d831945eeb5b56faa2287f19e (127.16.59.193:34707), ba819badcf10495789cb4aefeb3af3e9 (127.16.59.195:38339)
I20260608 10:01:46.198623 21260 tablet_service.cc:1917] Received RequestConsensusVote() RPC: tablet_id: "ff29cbbc96f242a481821810702d4506" candidate_uuid: "762a1139e07c4d7da3589ff4f6492098" candidate_term: 1 candidate_status { last_received { term: 0 index: 0 } } ignore_live_leader: false dest_uuid: "ba819badcf10495789cb4aefeb3af3e9"
W20260608 10:01:46.205063 21151 leader_election.cc:343] T ff29cbbc96f242a481821810702d4506 P 762a1139e07c4d7da3589ff4f6492098 [CANDIDATE]: Term 1 election: Tablet error from VoteRequest() call to peer ba819badcf10495789cb4aefeb3af3e9 (127.16.59.195:38339): Illegal state: must be running to vote when last-logged opid is not known
I20260608 10:01:46.206252 21306 ts_tablet_manager.cc:1434] T 8a5dced6e2334c8e812ec3d07b297300 P 71d8b10d831945eeb5b56faa2287f19e: Time spent starting tablet: real 0.026s	user 0.005s	sys 0.004s
I20260608 10:01:46.207695 21306 tablet_bootstrap.cc:492] T fe08350d0c5644f6ab3647a03a410962 P 71d8b10d831945eeb5b56faa2287f19e: Bootstrap starting.
I20260608 10:01:46.216570 21306 tablet_bootstrap.cc:654] T fe08350d0c5644f6ab3647a03a410962 P 71d8b10d831945eeb5b56faa2287f19e: Neither blocks nor log segments found. Creating new log.
I20260608 10:01:46.224277 21305 tablet_bootstrap.cc:492] T 3c09fc66e3eb4ee1a7c549d693eb68c8 P 762a1139e07c4d7da3589ff4f6492098: No bootstrap required, opened a new log
I20260608 10:01:46.224437 21333 raft_consensus.cc:493] T 5dd9a35d25f340b3a0b5e3491ed113e4 P 71d8b10d831945eeb5b56faa2287f19e [term 0 FOLLOWER]: Starting pre-election (no leader contacted us within the election timeout)
I20260608 10:01:46.225010 21305 ts_tablet_manager.cc:1403] T 3c09fc66e3eb4ee1a7c549d693eb68c8 P 762a1139e07c4d7da3589ff4f6492098: Time spent bootstrapping tablet: real 0.186s	user 0.020s	sys 0.003s
I20260608 10:01:46.225165 21333 raft_consensus.cc:515] T 5dd9a35d25f340b3a0b5e3491ed113e4 P 71d8b10d831945eeb5b56faa2287f19e [term 0 FOLLOWER]: Starting pre-election with config: opid_index: -1 OBSOLETE_local: false peers { permanent_uuid: "71d8b10d831945eeb5b56faa2287f19e" member_type: VOTER last_known_addr { host: "127.16.59.193" port: 34707 } } peers { permanent_uuid: "762a1139e07c4d7da3589ff4f6492098" member_type: VOTER last_known_addr { host: "127.16.59.194" port: 42461 } } peers { permanent_uuid: "ba819badcf10495789cb4aefeb3af3e9" member_type: VOTER last_known_addr { host: "127.16.59.195" port: 38339 } }
I20260608 10:01:46.229055 21333 leader_election.cc:290] T 5dd9a35d25f340b3a0b5e3491ed113e4 P 71d8b10d831945eeb5b56faa2287f19e [CANDIDATE]: Term 1 pre-election: Requested pre-vote from peers 762a1139e07c4d7da3589ff4f6492098 (127.16.59.194:42461), ba819badcf10495789cb4aefeb3af3e9 (127.16.59.195:38339)
I20260608 10:01:46.229629 21184 tablet_service.cc:1917] Received RequestConsensusVote() RPC: tablet_id: "5dd9a35d25f340b3a0b5e3491ed113e4" candidate_uuid: "71d8b10d831945eeb5b56faa2287f19e" candidate_term: 1 candidate_status { last_received { term: 0 index: 0 } } ignore_live_leader: false dest_uuid: "762a1139e07c4d7da3589ff4f6492098" is_pre_election: true
I20260608 10:01:46.229803 21305 raft_consensus.cc:359] T 3c09fc66e3eb4ee1a7c549d693eb68c8 P 762a1139e07c4d7da3589ff4f6492098 [term 0 FOLLOWER]: Replica starting. Triggering 0 pending ops. Active config: opid_index: -1 OBSOLETE_local: false peers { permanent_uuid: "71d8b10d831945eeb5b56faa2287f19e" member_type: VOTER last_known_addr { host: "127.16.59.193" port: 34707 } } peers { permanent_uuid: "762a1139e07c4d7da3589ff4f6492098" member_type: VOTER last_known_addr { host: "127.16.59.194" port: 42461 } } peers { permanent_uuid: "ba819badcf10495789cb4aefeb3af3e9" member_type: VOTER last_known_addr { host: "127.16.59.195" port: 38339 } }
I20260608 10:01:46.230700 21305 raft_consensus.cc:385] T 3c09fc66e3eb4ee1a7c549d693eb68c8 P 762a1139e07c4d7da3589ff4f6492098 [term 0 FOLLOWER]: Consensus starting up: Expiring failure detector timer to make a prompt election more likely
I20260608 10:01:46.231051 21305 raft_consensus.cc:740] T 3c09fc66e3eb4ee1a7c549d693eb68c8 P 762a1139e07c4d7da3589ff4f6492098 [term 0 FOLLOWER]: Becoming Follower/Learner. State: Replica: 762a1139e07c4d7da3589ff4f6492098, State: Initialized, Role: FOLLOWER
I20260608 10:01:46.229686 21260 tablet_service.cc:1917] Received RequestConsensusVote() RPC: tablet_id: "5dd9a35d25f340b3a0b5e3491ed113e4" candidate_uuid: "71d8b10d831945eeb5b56faa2287f19e" candidate_term: 1 candidate_status { last_received { term: 0 index: 0 } } ignore_live_leader: false dest_uuid: "ba819badcf10495789cb4aefeb3af3e9" is_pre_election: true
I20260608 10:01:46.231696 21111 raft_consensus.cc:2468] T ff29cbbc96f242a481821810702d4506 P 71d8b10d831945eeb5b56faa2287f19e [term 1 FOLLOWER]: Leader election vote request: Granting yes vote for candidate 762a1139e07c4d7da3589ff4f6492098 in term 1.
I20260608 10:01:46.234289 21149 leader_election.cc:304] T ff29cbbc96f242a481821810702d4506 P 762a1139e07c4d7da3589ff4f6492098 [CANDIDATE]: Term 1 election: Election decided. Result: candidate won. Election summary: received 3 responses out of 3 voters: 2 yes votes; 1 no votes. yes voters: 71d8b10d831945eeb5b56faa2287f19e, 762a1139e07c4d7da3589ff4f6492098; no voters: ba819badcf10495789cb4aefeb3af3e9
I20260608 10:01:46.236382 21336 raft_consensus.cc:2804] T ff29cbbc96f242a481821810702d4506 P 762a1139e07c4d7da3589ff4f6492098 [term 1 FOLLOWER]: Leader election won for term 1
I20260608 10:01:46.236858 21075 leader_election.cc:304] T 5dd9a35d25f340b3a0b5e3491ed113e4 P 71d8b10d831945eeb5b56faa2287f19e [CANDIDATE]: Term 1 pre-election: Election decided. Result: candidate lost. Election summary: received 3 responses out of 3 voters: 1 yes votes; 2 no votes. yes voters: 71d8b10d831945eeb5b56faa2287f19e; no voters: 762a1139e07c4d7da3589ff4f6492098, ba819badcf10495789cb4aefeb3af3e9
I20260608 10:01:46.234777 21305 consensus_queue.cc:260] T 3c09fc66e3eb4ee1a7c549d693eb68c8 P 762a1139e07c4d7da3589ff4f6492098 [NON_LEADER]: Queue going to NON_LEADER mode. State: All replicated index: 0, Majority replicated index: 0, Committed index: 0, Last appended: 0.0, Last appended by leader: 0, Current term: 0, Majority size: -1, State: 0, Mode: NON_LEADER, active raft config: opid_index: -1 OBSOLETE_local: false peers { permanent_uuid: "71d8b10d831945eeb5b56faa2287f19e" member_type: VOTER last_known_addr { host: "127.16.59.193" port: 34707 } } peers { permanent_uuid: "762a1139e07c4d7da3589ff4f6492098" member_type: VOTER last_known_addr { host: "127.16.59.194" port: 42461 } } peers { permanent_uuid: "ba819badcf10495789cb4aefeb3af3e9" member_type: VOTER last_known_addr { host: "127.16.59.195" port: 38339 } }
I20260608 10:01:46.237053 21336 raft_consensus.cc:697] T ff29cbbc96f242a481821810702d4506 P 762a1139e07c4d7da3589ff4f6492098 [term 1 LEADER]: Becoming Leader. State: Replica: 762a1139e07c4d7da3589ff4f6492098, State: Running, Role: LEADER
I20260608 10:01:46.239266 21333 raft_consensus.cc:2749] T 5dd9a35d25f340b3a0b5e3491ed113e4 P 71d8b10d831945eeb5b56faa2287f19e [term 0 FOLLOWER]: Leader pre-election lost for term 1. Reason: could not achieve majority
I20260608 10:01:46.239084 21336 consensus_queue.cc:237] T ff29cbbc96f242a481821810702d4506 P 762a1139e07c4d7da3589ff4f6492098 [LEADER]: Queue going to LEADER mode. State: All replicated index: 0, Majority replicated index: 0, Committed index: 0, Last appended: 0.0, Last appended by leader: 0, Current term: 1, Majority size: 2, State: 0, Mode: LEADER, active raft config: opid_index: -1 OBSOLETE_local: false peers { permanent_uuid: "71d8b10d831945eeb5b56faa2287f19e" member_type: VOTER last_known_addr { host: "127.16.59.193" port: 34707 } } peers { permanent_uuid: "762a1139e07c4d7da3589ff4f6492098" member_type: VOTER last_known_addr { host: "127.16.59.194" port: 42461 } } peers { permanent_uuid: "ba819badcf10495789cb4aefeb3af3e9" member_type: VOTER last_known_addr { host: "127.16.59.195" port: 38339 } }
I20260608 10:01:46.240113 21111 raft_consensus.cc:3060] T 5dd9a35d25f340b3a0b5e3491ed113e4 P 71d8b10d831945eeb5b56faa2287f19e [term 0 FOLLOWER]: Advancing to term 1
I20260608 10:01:46.243067 21110 raft_consensus.cc:3060] T 8a5dced6e2334c8e812ec3d07b297300 P 71d8b10d831945eeb5b56faa2287f19e [term 0 FOLLOWER]: Advancing to term 1
W20260608 10:01:46.248852 21057 auto_rebalancer.cc:259] Could not retrieve cluster info: Service unavailable: Tablet not running
I20260608 10:01:46.252671 21363 raft_consensus.cc:493] T 8fbd303ca5584fa8bb431f8c34f16e8c P ba819badcf10495789cb4aefeb3af3e9 [term 0 FOLLOWER]: Starting pre-election (no leader contacted us within the election timeout)
I20260608 10:01:46.253466 21363 raft_consensus.cc:515] T 8fbd303ca5584fa8bb431f8c34f16e8c P ba819badcf10495789cb4aefeb3af3e9 [term 0 FOLLOWER]: Starting pre-election with config: opid_index: -1 OBSOLETE_local: false peers { permanent_uuid: "71d8b10d831945eeb5b56faa2287f19e" member_type: VOTER last_known_addr { host: "127.16.59.193" port: 34707 } } peers { permanent_uuid: "762a1139e07c4d7da3589ff4f6492098" member_type: VOTER last_known_addr { host: "127.16.59.194" port: 42461 } } peers { permanent_uuid: "ba819badcf10495789cb4aefeb3af3e9" member_type: VOTER last_known_addr { host: "127.16.59.195" port: 38339 } }
I20260608 10:01:46.258193 21109 tablet_service.cc:1917] Received RequestConsensusVote() RPC: tablet_id: "8fbd303ca5584fa8bb431f8c34f16e8c" candidate_uuid: "ba819badcf10495789cb4aefeb3af3e9" candidate_term: 1 candidate_status { last_received { term: 0 index: 0 } } ignore_live_leader: false dest_uuid: "71d8b10d831945eeb5b56faa2287f19e" is_pre_election: true
I20260608 10:01:46.259323 21109 raft_consensus.cc:2393] T 8fbd303ca5584fa8bb431f8c34f16e8c P 71d8b10d831945eeb5b56faa2287f19e [term 1 FOLLOWER]: Leader pre-election vote request: Denying vote to candidate ba819badcf10495789cb4aefeb3af3e9 in current term 1: Already voted for candidate 762a1139e07c4d7da3589ff4f6492098 in this term.
I20260608 10:01:46.263275 21363 leader_election.cc:290] T 8fbd303ca5584fa8bb431f8c34f16e8c P ba819badcf10495789cb4aefeb3af3e9 [CANDIDATE]: Term 1 pre-election: Requested pre-vote from peers 71d8b10d831945eeb5b56faa2287f19e (127.16.59.193:34707), 762a1139e07c4d7da3589ff4f6492098 (127.16.59.194:42461)
I20260608 10:01:46.264957 21184 tablet_service.cc:1917] Received RequestConsensusVote() RPC: tablet_id: "8fbd303ca5584fa8bb431f8c34f16e8c" candidate_uuid: "ba819badcf10495789cb4aefeb3af3e9" candidate_term: 1 candidate_status { last_received { term: 0 index: 0 } } ignore_live_leader: false dest_uuid: "762a1139e07c4d7da3589ff4f6492098" is_pre_election: true
I20260608 10:01:46.267529 21224 leader_election.cc:304] T 8fbd303ca5584fa8bb431f8c34f16e8c P ba819badcf10495789cb4aefeb3af3e9 [CANDIDATE]: Term 1 pre-election: Election decided. Result: candidate lost. Election summary: received 3 responses out of 3 voters: 1 yes votes; 2 no votes. yes voters: ba819badcf10495789cb4aefeb3af3e9; no voters: 71d8b10d831945eeb5b56faa2287f19e, 762a1139e07c4d7da3589ff4f6492098
I20260608 10:01:46.271116 21363 raft_consensus.cc:3060] T 8fbd303ca5584fa8bb431f8c34f16e8c P ba819badcf10495789cb4aefeb3af3e9 [term 0 FOLLOWER]: Advancing to term 1
I20260608 10:01:46.280866 21305 ts_tablet_manager.cc:1434] T 3c09fc66e3eb4ee1a7c549d693eb68c8 P 762a1139e07c4d7da3589ff4f6492098: Time spent starting tablet: real 0.055s	user 0.008s	sys 0.001s
I20260608 10:01:46.304394 21009 catalog_manager.cc:5696] T ff29cbbc96f242a481821810702d4506 P 762a1139e07c4d7da3589ff4f6492098 reported cstate change: term changed from 0 to 1, leader changed from <none> to 762a1139e07c4d7da3589ff4f6492098 (127.16.59.194). New cstate: current_term: 1 leader_uuid: "762a1139e07c4d7da3589ff4f6492098" committed_config { opid_index: -1 OBSOLETE_local: false peers { permanent_uuid: "71d8b10d831945eeb5b56faa2287f19e" member_type: VOTER last_known_addr { host: "127.16.59.193" port: 34707 } health_report { overall_health: UNKNOWN } } peers { permanent_uuid: "762a1139e07c4d7da3589ff4f6492098" member_type: VOTER last_known_addr { host: "127.16.59.194" port: 42461 } health_report { overall_health: HEALTHY } } peers { permanent_uuid: "ba819badcf10495789cb4aefeb3af3e9" member_type: VOTER last_known_addr { host: "127.16.59.195" port: 38339 } health_report { overall_health: UNKNOWN } } }
I20260608 10:01:46.318583 21307 tablet_bootstrap.cc:492] T ff29cbbc96f242a481821810702d4506 P ba819badcf10495789cb4aefeb3af3e9: No bootstrap required, opened a new log
I20260608 10:01:46.319422 21307 ts_tablet_manager.cc:1403] T ff29cbbc96f242a481821810702d4506 P ba819badcf10495789cb4aefeb3af3e9: Time spent bootstrapping tablet: real 0.166s	user 0.020s	sys 0.004s
I20260608 10:01:46.323206 21307 raft_consensus.cc:359] T ff29cbbc96f242a481821810702d4506 P ba819badcf10495789cb4aefeb3af3e9 [term 0 FOLLOWER]: Replica starting. Triggering 0 pending ops. Active config: opid_index: -1 OBSOLETE_local: false peers { permanent_uuid: "71d8b10d831945eeb5b56faa2287f19e" member_type: VOTER last_known_addr { host: "127.16.59.193" port: 34707 } } peers { permanent_uuid: "762a1139e07c4d7da3589ff4f6492098" member_type: VOTER last_known_addr { host: "127.16.59.194" port: 42461 } } peers { permanent_uuid: "ba819badcf10495789cb4aefeb3af3e9" member_type: VOTER last_known_addr { host: "127.16.59.195" port: 38339 } }
I20260608 10:01:46.324164 21307 raft_consensus.cc:385] T ff29cbbc96f242a481821810702d4506 P ba819badcf10495789cb4aefeb3af3e9 [term 0 FOLLOWER]: Consensus starting up: Expiring failure detector timer to make a prompt election more likely
I20260608 10:01:46.324970 21307 raft_consensus.cc:740] T ff29cbbc96f242a481821810702d4506 P ba819badcf10495789cb4aefeb3af3e9 [term 0 FOLLOWER]: Becoming Follower/Learner. State: Replica: ba819badcf10495789cb4aefeb3af3e9, State: Initialized, Role: FOLLOWER
I20260608 10:01:46.326053 21307 consensus_queue.cc:260] T ff29cbbc96f242a481821810702d4506 P ba819badcf10495789cb4aefeb3af3e9 [NON_LEADER]: Queue going to NON_LEADER mode. State: All replicated index: 0, Majority replicated index: 0, Committed index: 0, Last appended: 0.0, Last appended by leader: 0, Current term: 0, Majority size: -1, State: 0, Mode: NON_LEADER, active raft config: opid_index: -1 OBSOLETE_local: false peers { permanent_uuid: "71d8b10d831945eeb5b56faa2287f19e" member_type: VOTER last_known_addr { host: "127.16.59.193" port: 34707 } } peers { permanent_uuid: "762a1139e07c4d7da3589ff4f6492098" member_type: VOTER last_known_addr { host: "127.16.59.194" port: 42461 } } peers { permanent_uuid: "ba819badcf10495789cb4aefeb3af3e9" member_type: VOTER last_known_addr { host: "127.16.59.195" port: 38339 } }
I20260608 10:01:46.328701 21307 ts_tablet_manager.cc:1434] T ff29cbbc96f242a481821810702d4506 P ba819badcf10495789cb4aefeb3af3e9: Time spent starting tablet: real 0.009s	user 0.007s	sys 0.000s
I20260608 10:01:46.330313 21307 tablet_bootstrap.cc:492] T 3c09fc66e3eb4ee1a7c549d693eb68c8 P ba819badcf10495789cb4aefeb3af3e9: Bootstrap starting.
I20260608 10:01:46.324102 21357 consensus_queue.cc:1048] T 8a5dced6e2334c8e812ec3d07b297300 P 762a1139e07c4d7da3589ff4f6492098 [LEADER]: Connected to new peer: Peer: permanent_uuid: "71d8b10d831945eeb5b56faa2287f19e" member_type: VOTER last_known_addr { host: "127.16.59.193" port: 34707 }, Status: LMP_MISMATCH, Last received: 0.0, Next index: 1, Last known committed idx: 0, Time since last communication: 0.001s
I20260608 10:01:46.340060 21363 raft_consensus.cc:2749] T 8fbd303ca5584fa8bb431f8c34f16e8c P ba819badcf10495789cb4aefeb3af3e9 [term 1 FOLLOWER]: Leader pre-election lost for term 1. Reason: could not achieve majority
I20260608 10:01:46.347748 21307 tablet_bootstrap.cc:654] T 3c09fc66e3eb4ee1a7c549d693eb68c8 P ba819badcf10495789cb4aefeb3af3e9: Neither blocks nor log segments found. Creating new log.
I20260608 10:01:46.354183 21306 tablet_bootstrap.cc:492] T fe08350d0c5644f6ab3647a03a410962 P 71d8b10d831945eeb5b56faa2287f19e: No bootstrap required, opened a new log
I20260608 10:01:46.354977 21306 ts_tablet_manager.cc:1403] T fe08350d0c5644f6ab3647a03a410962 P 71d8b10d831945eeb5b56faa2287f19e: Time spent bootstrapping tablet: real 0.148s	user 0.017s	sys 0.031s
I20260608 10:01:46.360080 21306 raft_consensus.cc:359] T fe08350d0c5644f6ab3647a03a410962 P 71d8b10d831945eeb5b56faa2287f19e [term 0 FOLLOWER]: Replica starting. Triggering 0 pending ops. Active config: opid_index: -1 OBSOLETE_local: false peers { permanent_uuid: "71d8b10d831945eeb5b56faa2287f19e" member_type: VOTER last_known_addr { host: "127.16.59.193" port: 34707 } } peers { permanent_uuid: "762a1139e07c4d7da3589ff4f6492098" member_type: VOTER last_known_addr { host: "127.16.59.194" port: 42461 } } peers { permanent_uuid: "ba819badcf10495789cb4aefeb3af3e9" member_type: VOTER last_known_addr { host: "127.16.59.195" port: 38339 } }
I20260608 10:01:46.360982 21306 raft_consensus.cc:385] T fe08350d0c5644f6ab3647a03a410962 P 71d8b10d831945eeb5b56faa2287f19e [term 0 FOLLOWER]: Consensus starting up: Expiring failure detector timer to make a prompt election more likely
I20260608 10:01:46.344659 21336 consensus_queue.cc:1048] T 8fbd303ca5584fa8bb431f8c34f16e8c P 762a1139e07c4d7da3589ff4f6492098 [LEADER]: Connected to new peer: Peer: permanent_uuid: "ba819badcf10495789cb4aefeb3af3e9" member_type: VOTER last_known_addr { host: "127.16.59.195" port: 38339 }, Status: LMP_MISMATCH, Last received: 0.0, Next index: 1, Last known committed idx: 0, Time since last communication: 0.001s
I20260608 10:01:46.383445 21334 consensus_queue.cc:1048] T 8fbd303ca5584fa8bb431f8c34f16e8c P 762a1139e07c4d7da3589ff4f6492098 [LEADER]: Connected to new peer: Peer: permanent_uuid: "71d8b10d831945eeb5b56faa2287f19e" member_type: VOTER last_known_addr { host: "127.16.59.193" port: 34707 }, Status: LMP_MISMATCH, Last received: 0.0, Next index: 1, Last known committed idx: 0, Time since last communication: 0.001s
I20260608 10:01:46.361352 21306 raft_consensus.cc:740] T fe08350d0c5644f6ab3647a03a410962 P 71d8b10d831945eeb5b56faa2287f19e [term 0 FOLLOWER]: Becoming Follower/Learner. State: Replica: 71d8b10d831945eeb5b56faa2287f19e, State: Initialized, Role: FOLLOWER
I20260608 10:01:46.387882 21306 consensus_queue.cc:260] T fe08350d0c5644f6ab3647a03a410962 P 71d8b10d831945eeb5b56faa2287f19e [NON_LEADER]: Queue going to NON_LEADER mode. State: All replicated index: 0, Majority replicated index: 0, Committed index: 0, Last appended: 0.0, Last appended by leader: 0, Current term: 0, Majority size: -1, State: 0, Mode: NON_LEADER, active raft config: opid_index: -1 OBSOLETE_local: false peers { permanent_uuid: "71d8b10d831945eeb5b56faa2287f19e" member_type: VOTER last_known_addr { host: "127.16.59.193" port: 34707 } } peers { permanent_uuid: "762a1139e07c4d7da3589ff4f6492098" member_type: VOTER last_known_addr { host: "127.16.59.194" port: 42461 } } peers { permanent_uuid: "ba819badcf10495789cb4aefeb3af3e9" member_type: VOTER last_known_addr { host: "127.16.59.195" port: 38339 } }
I20260608 10:01:46.369743 21357 consensus_queue.cc:1048] T 0b109faad596496fb86f88f903fe412e P 762a1139e07c4d7da3589ff4f6492098 [LEADER]: Connected to new peer: Peer: permanent_uuid: "ba819badcf10495789cb4aefeb3af3e9" member_type: VOTER last_known_addr { host: "127.16.59.195" port: 38339 }, Status: LMP_MISMATCH, Last received: 0.0, Next index: 1, Last known committed idx: 0, Time since last communication: 0.001s
I20260608 10:01:46.393357 21306 ts_tablet_manager.cc:1434] T fe08350d0c5644f6ab3647a03a410962 P 71d8b10d831945eeb5b56faa2287f19e: Time spent starting tablet: real 0.038s	user 0.010s	sys 0.000s
I20260608 10:01:46.394757 21306 tablet_bootstrap.cc:492] T bb81f049a4f84b63954b48e25b5aab0a P 71d8b10d831945eeb5b56faa2287f19e: Bootstrap starting.
I20260608 10:01:46.408833 21336 consensus_queue.cc:1048] T 0b109faad596496fb86f88f903fe412e P 762a1139e07c4d7da3589ff4f6492098 [LEADER]: Connected to new peer: Peer: permanent_uuid: "71d8b10d831945eeb5b56faa2287f19e" member_type: VOTER last_known_addr { host: "127.16.59.193" port: 34707 }, Status: LMP_MISMATCH, Last received: 0.0, Next index: 1, Last known committed idx: 0, Time since last communication: 0.001s
I20260608 10:01:46.410857 21306 tablet_bootstrap.cc:654] T bb81f049a4f84b63954b48e25b5aab0a P 71d8b10d831945eeb5b56faa2287f19e: Neither blocks nor log segments found. Creating new log.
I20260608 10:01:46.415313 21307 tablet_bootstrap.cc:492] T 3c09fc66e3eb4ee1a7c549d693eb68c8 P ba819badcf10495789cb4aefeb3af3e9: No bootstrap required, opened a new log
I20260608 10:01:46.416090 21307 ts_tablet_manager.cc:1403] T 3c09fc66e3eb4ee1a7c549d693eb68c8 P ba819badcf10495789cb4aefeb3af3e9: Time spent bootstrapping tablet: real 0.086s	user 0.020s	sys 0.011s
I20260608 10:01:46.420308 21307 raft_consensus.cc:359] T 3c09fc66e3eb4ee1a7c549d693eb68c8 P ba819badcf10495789cb4aefeb3af3e9 [term 0 FOLLOWER]: Replica starting. Triggering 0 pending ops. Active config: opid_index: -1 OBSOLETE_local: false peers { permanent_uuid: "71d8b10d831945eeb5b56faa2287f19e" member_type: VOTER last_known_addr { host: "127.16.59.193" port: 34707 } } peers { permanent_uuid: "762a1139e07c4d7da3589ff4f6492098" member_type: VOTER last_known_addr { host: "127.16.59.194" port: 42461 } } peers { permanent_uuid: "ba819badcf10495789cb4aefeb3af3e9" member_type: VOTER last_known_addr { host: "127.16.59.195" port: 38339 } }
I20260608 10:01:46.425590 21307 raft_consensus.cc:385] T 3c09fc66e3eb4ee1a7c549d693eb68c8 P ba819badcf10495789cb4aefeb3af3e9 [term 0 FOLLOWER]: Consensus starting up: Expiring failure detector timer to make a prompt election more likely
I20260608 10:01:46.426041 21307 raft_consensus.cc:740] T 3c09fc66e3eb4ee1a7c549d693eb68c8 P ba819badcf10495789cb4aefeb3af3e9 [term 0 FOLLOWER]: Becoming Follower/Learner. State: Replica: ba819badcf10495789cb4aefeb3af3e9, State: Initialized, Role: FOLLOWER
I20260608 10:01:46.428807 21307 consensus_queue.cc:260] T 3c09fc66e3eb4ee1a7c549d693eb68c8 P ba819badcf10495789cb4aefeb3af3e9 [NON_LEADER]: Queue going to NON_LEADER mode. State: All replicated index: 0, Majority replicated index: 0, Committed index: 0, Last appended: 0.0, Last appended by leader: 0, Current term: 0, Majority size: -1, State: 0, Mode: NON_LEADER, active raft config: opid_index: -1 OBSOLETE_local: false peers { permanent_uuid: "71d8b10d831945eeb5b56faa2287f19e" member_type: VOTER last_known_addr { host: "127.16.59.193" port: 34707 } } peers { permanent_uuid: "762a1139e07c4d7da3589ff4f6492098" member_type: VOTER last_known_addr { host: "127.16.59.194" port: 42461 } } peers { permanent_uuid: "ba819badcf10495789cb4aefeb3af3e9" member_type: VOTER last_known_addr { host: "127.16.59.195" port: 38339 } }
I20260608 10:01:46.435050 21307 ts_tablet_manager.cc:1434] T 3c09fc66e3eb4ee1a7c549d693eb68c8 P ba819badcf10495789cb4aefeb3af3e9: Time spent starting tablet: real 0.019s	user 0.009s	sys 0.004s
I20260608 10:01:46.436568 21307 tablet_bootstrap.cc:492] T fe08350d0c5644f6ab3647a03a410962 P ba819badcf10495789cb4aefeb3af3e9: Bootstrap starting.
I20260608 10:01:46.437395 21333 raft_consensus.cc:493] T fe08350d0c5644f6ab3647a03a410962 P 71d8b10d831945eeb5b56faa2287f19e [term 0 FOLLOWER]: Starting pre-election (no leader contacted us within the election timeout)
I20260608 10:01:46.440924 21333 raft_consensus.cc:515] T fe08350d0c5644f6ab3647a03a410962 P 71d8b10d831945eeb5b56faa2287f19e [term 0 FOLLOWER]: Starting pre-election with config: opid_index: -1 OBSOLETE_local: false peers { permanent_uuid: "71d8b10d831945eeb5b56faa2287f19e" member_type: VOTER last_known_addr { host: "127.16.59.193" port: 34707 } } peers { permanent_uuid: "762a1139e07c4d7da3589ff4f6492098" member_type: VOTER last_known_addr { host: "127.16.59.194" port: 42461 } } peers { permanent_uuid: "ba819badcf10495789cb4aefeb3af3e9" member_type: VOTER last_known_addr { host: "127.16.59.195" port: 38339 } }
I20260608 10:01:46.445217 21184 tablet_service.cc:1917] Received RequestConsensusVote() RPC: tablet_id: "fe08350d0c5644f6ab3647a03a410962" candidate_uuid: "71d8b10d831945eeb5b56faa2287f19e" candidate_term: 1 candidate_status { last_received { term: 0 index: 0 } } ignore_live_leader: false dest_uuid: "762a1139e07c4d7da3589ff4f6492098" is_pre_election: true
I20260608 10:01:46.446296 21258 tablet_service.cc:1917] Received RequestConsensusVote() RPC: tablet_id: "fe08350d0c5644f6ab3647a03a410962" candidate_uuid: "71d8b10d831945eeb5b56faa2287f19e" candidate_term: 1 candidate_status { last_received { term: 0 index: 0 } } ignore_live_leader: false dest_uuid: "ba819badcf10495789cb4aefeb3af3e9" is_pre_election: true
I20260608 10:01:46.447628 21184 raft_consensus.cc:2468] T fe08350d0c5644f6ab3647a03a410962 P 762a1139e07c4d7da3589ff4f6492098 [term 0 FOLLOWER]: Leader pre-election vote request: Granting yes vote for candidate 71d8b10d831945eeb5b56faa2287f19e in term 0.
W20260608 10:01:46.448261 21076 leader_election.cc:343] T fe08350d0c5644f6ab3647a03a410962 P 71d8b10d831945eeb5b56faa2287f19e [CANDIDATE]: Term 1 pre-election: Tablet error from VoteRequest() call to peer ba819badcf10495789cb4aefeb3af3e9 (127.16.59.195:38339): Illegal state: must be running to vote when last-logged opid is not known
I20260608 10:01:46.449020 21333 leader_election.cc:290] T fe08350d0c5644f6ab3647a03a410962 P 71d8b10d831945eeb5b56faa2287f19e [CANDIDATE]: Term 1 pre-election: Requested pre-vote from peers 762a1139e07c4d7da3589ff4f6492098 (127.16.59.194:42461), ba819badcf10495789cb4aefeb3af3e9 (127.16.59.195:38339)
I20260608 10:01:46.440297 21306 tablet_bootstrap.cc:492] T bb81f049a4f84b63954b48e25b5aab0a P 71d8b10d831945eeb5b56faa2287f19e: No bootstrap required, opened a new log
I20260608 10:01:46.449963 21306 ts_tablet_manager.cc:1403] T bb81f049a4f84b63954b48e25b5aab0a P 71d8b10d831945eeb5b56faa2287f19e: Time spent bootstrapping tablet: real 0.056s	user 0.021s	sys 0.000s
I20260608 10:01:46.449810 21334 raft_consensus.cc:493] T fe7c40c007f94f8d87819d9cf27a3f06 P 762a1139e07c4d7da3589ff4f6492098 [term 0 FOLLOWER]: Starting pre-election (no leader contacted us within the election timeout)
I20260608 10:01:46.450927 21334 raft_consensus.cc:515] T fe7c40c007f94f8d87819d9cf27a3f06 P 762a1139e07c4d7da3589ff4f6492098 [term 0 FOLLOWER]: Starting pre-election with config: opid_index: -1 OBSOLETE_local: false peers { permanent_uuid: "71d8b10d831945eeb5b56faa2287f19e" member_type: VOTER last_known_addr { host: "127.16.59.193" port: 34707 } } peers { permanent_uuid: "762a1139e07c4d7da3589ff4f6492098" member_type: VOTER last_known_addr { host: "127.16.59.194" port: 42461 } } peers { permanent_uuid: "ba819badcf10495789cb4aefeb3af3e9" member_type: VOTER last_known_addr { host: "127.16.59.195" port: 38339 } }
I20260608 10:01:46.453747 21075 leader_election.cc:304] T fe08350d0c5644f6ab3647a03a410962 P 71d8b10d831945eeb5b56faa2287f19e [CANDIDATE]: Term 1 pre-election: Election decided. Result: candidate won. Election summary: received 3 responses out of 3 voters: 2 yes votes; 1 no votes. yes voters: 71d8b10d831945eeb5b56faa2287f19e, 762a1139e07c4d7da3589ff4f6492098; no voters: ba819badcf10495789cb4aefeb3af3e9
I20260608 10:01:46.455389 21333 raft_consensus.cc:2804] T fe08350d0c5644f6ab3647a03a410962 P 71d8b10d831945eeb5b56faa2287f19e [term 0 FOLLOWER]: Leader pre-election won for term 1
I20260608 10:01:46.456193 21334 leader_election.cc:290] T fe7c40c007f94f8d87819d9cf27a3f06 P 762a1139e07c4d7da3589ff4f6492098 [CANDIDATE]: Term 1 pre-election: Requested pre-vote from peers 71d8b10d831945eeb5b56faa2287f19e (127.16.59.193:34707), ba819badcf10495789cb4aefeb3af3e9 (127.16.59.195:38339)
I20260608 10:01:46.456976 21258 tablet_service.cc:1917] Received RequestConsensusVote() RPC: tablet_id: "fe7c40c007f94f8d87819d9cf27a3f06" candidate_uuid: "762a1139e07c4d7da3589ff4f6492098" candidate_term: 1 candidate_status { last_received { term: 0 index: 0 } } ignore_live_leader: false dest_uuid: "ba819badcf10495789cb4aefeb3af3e9" is_pre_election: true
I20260608 10:01:46.457913 21258 raft_consensus.cc:2468] T fe7c40c007f94f8d87819d9cf27a3f06 P ba819badcf10495789cb4aefeb3af3e9 [term 0 FOLLOWER]: Leader pre-election vote request: Granting yes vote for candidate 762a1139e07c4d7da3589ff4f6492098 in term 0.
I20260608 10:01:46.458894 21111 tablet_service.cc:1917] Received RequestConsensusVote() RPC: tablet_id: "fe7c40c007f94f8d87819d9cf27a3f06" candidate_uuid: "762a1139e07c4d7da3589ff4f6492098" candidate_term: 1 candidate_status { last_received { term: 0 index: 0 } } ignore_live_leader: false dest_uuid: "71d8b10d831945eeb5b56faa2287f19e" is_pre_election: true
I20260608 10:01:46.459431 21151 leader_election.cc:304] T fe7c40c007f94f8d87819d9cf27a3f06 P 762a1139e07c4d7da3589ff4f6492098 [CANDIDATE]: Term 1 pre-election: Election decided. Result: candidate won. Election summary: received 2 responses out of 3 voters: 2 yes votes; 0 no votes. yes voters: 762a1139e07c4d7da3589ff4f6492098, ba819badcf10495789cb4aefeb3af3e9; no voters: 
I20260608 10:01:46.459666 21111 raft_consensus.cc:2468] T fe7c40c007f94f8d87819d9cf27a3f06 P 71d8b10d831945eeb5b56faa2287f19e [term 0 FOLLOWER]: Leader pre-election vote request: Granting yes vote for candidate 762a1139e07c4d7da3589ff4f6492098 in term 0.
I20260608 10:01:46.460826 21333 raft_consensus.cc:493] T fe08350d0c5644f6ab3647a03a410962 P 71d8b10d831945eeb5b56faa2287f19e [term 0 FOLLOWER]: Starting leader election (no leader contacted us within the election timeout)
I20260608 10:01:46.461376 21333 raft_consensus.cc:3060] T fe08350d0c5644f6ab3647a03a410962 P 71d8b10d831945eeb5b56faa2287f19e [term 0 FOLLOWER]: Advancing to term 1
I20260608 10:01:46.464408 21357 raft_consensus.cc:2804] T fe7c40c007f94f8d87819d9cf27a3f06 P 762a1139e07c4d7da3589ff4f6492098 [term 0 FOLLOWER]: Leader pre-election won for term 1
I20260608 10:01:46.465142 21357 raft_consensus.cc:493] T fe7c40c007f94f8d87819d9cf27a3f06 P 762a1139e07c4d7da3589ff4f6492098 [term 0 FOLLOWER]: Starting leader election (no leader contacted us within the election timeout)
I20260608 10:01:46.465684 21357 raft_consensus.cc:3060] T fe7c40c007f94f8d87819d9cf27a3f06 P 762a1139e07c4d7da3589ff4f6492098 [term 0 FOLLOWER]: Advancing to term 1
I20260608 10:01:46.466125 21306 raft_consensus.cc:359] T bb81f049a4f84b63954b48e25b5aab0a P 71d8b10d831945eeb5b56faa2287f19e [term 0 FOLLOWER]: Replica starting. Triggering 0 pending ops. Active config: opid_index: -1 OBSOLETE_local: false peers { permanent_uuid: "71d8b10d831945eeb5b56faa2287f19e" member_type: VOTER last_known_addr { host: "127.16.59.193" port: 34707 } } peers { permanent_uuid: "762a1139e07c4d7da3589ff4f6492098" member_type: VOTER last_known_addr { host: "127.16.59.194" port: 42461 } } peers { permanent_uuid: "ba819badcf10495789cb4aefeb3af3e9" member_type: VOTER last_known_addr { host: "127.16.59.195" port: 38339 } }
I20260608 10:01:46.472930 21363 consensus_queue.cc:1048] T 9480e78239d24903a2480b62d2e99899 P ba819badcf10495789cb4aefeb3af3e9 [LEADER]: Connected to new peer: Peer: permanent_uuid: "71d8b10d831945eeb5b56faa2287f19e" member_type: VOTER last_known_addr { host: "127.16.59.193" port: 34707 }, Status: LMP_MISMATCH, Last received: 0.0, Next index: 1, Last known committed idx: 0, Time since last communication: 0.001s
I20260608 10:01:46.493427 21357 raft_consensus.cc:515] T fe7c40c007f94f8d87819d9cf27a3f06 P 762a1139e07c4d7da3589ff4f6492098 [term 1 FOLLOWER]: Starting leader election with config: opid_index: -1 OBSOLETE_local: false peers { permanent_uuid: "71d8b10d831945eeb5b56faa2287f19e" member_type: VOTER last_known_addr { host: "127.16.59.193" port: 34707 } } peers { permanent_uuid: "762a1139e07c4d7da3589ff4f6492098" member_type: VOTER last_known_addr { host: "127.16.59.194" port: 42461 } } peers { permanent_uuid: "ba819badcf10495789cb4aefeb3af3e9" member_type: VOTER last_known_addr { host: "127.16.59.195" port: 38339 } }
I20260608 10:01:46.499694 21333 raft_consensus.cc:515] T fe08350d0c5644f6ab3647a03a410962 P 71d8b10d831945eeb5b56faa2287f19e [term 1 FOLLOWER]: Starting leader election with config: opid_index: -1 OBSOLETE_local: false peers { permanent_uuid: "71d8b10d831945eeb5b56faa2287f19e" member_type: VOTER last_known_addr { host: "127.16.59.193" port: 34707 } } peers { permanent_uuid: "762a1139e07c4d7da3589ff4f6492098" member_type: VOTER last_known_addr { host: "127.16.59.194" port: 42461 } } peers { permanent_uuid: "ba819badcf10495789cb4aefeb3af3e9" member_type: VOTER last_known_addr { host: "127.16.59.195" port: 38339 } }
I20260608 10:01:46.502100 21258 tablet_service.cc:1917] Received RequestConsensusVote() RPC: tablet_id: "fe7c40c007f94f8d87819d9cf27a3f06" candidate_uuid: "762a1139e07c4d7da3589ff4f6492098" candidate_term: 1 candidate_status { last_received { term: 0 index: 0 } } ignore_live_leader: false dest_uuid: "ba819badcf10495789cb4aefeb3af3e9"
I20260608 10:01:46.502787 21258 raft_consensus.cc:3060] T fe7c40c007f94f8d87819d9cf27a3f06 P ba819badcf10495789cb4aefeb3af3e9 [term 0 FOLLOWER]: Advancing to term 1
I20260608 10:01:46.496490 21357 leader_election.cc:290] T fe7c40c007f94f8d87819d9cf27a3f06 P 762a1139e07c4d7da3589ff4f6492098 [CANDIDATE]: Term 1 election: Requested vote from peers 71d8b10d831945eeb5b56faa2287f19e (127.16.59.193:34707), ba819badcf10495789cb4aefeb3af3e9 (127.16.59.195:38339)
I20260608 10:01:46.521679 21110 tablet_service.cc:1917] Received RequestConsensusVote() RPC: tablet_id: "fe7c40c007f94f8d87819d9cf27a3f06" candidate_uuid: "762a1139e07c4d7da3589ff4f6492098" candidate_term: 1 candidate_status { last_received { term: 0 index: 0 } } ignore_live_leader: false dest_uuid: "71d8b10d831945eeb5b56faa2287f19e"
I20260608 10:01:46.522600 21110 raft_consensus.cc:3060] T fe7c40c007f94f8d87819d9cf27a3f06 P 71d8b10d831945eeb5b56faa2287f19e [term 0 FOLLOWER]: Advancing to term 1
I20260608 10:01:46.523561 21184 tablet_service.cc:1917] Received RequestConsensusVote() RPC: tablet_id: "fe08350d0c5644f6ab3647a03a410962" candidate_uuid: "71d8b10d831945eeb5b56faa2287f19e" candidate_term: 1 candidate_status { last_received { term: 0 index: 0 } } ignore_live_leader: false dest_uuid: "762a1139e07c4d7da3589ff4f6492098"
I20260608 10:01:46.524351 21184 raft_consensus.cc:3060] T fe08350d0c5644f6ab3647a03a410962 P 762a1139e07c4d7da3589ff4f6492098 [term 0 FOLLOWER]: Advancing to term 1
I20260608 10:01:46.489096 21306 raft_consensus.cc:385] T bb81f049a4f84b63954b48e25b5aab0a P 71d8b10d831945eeb5b56faa2287f19e [term 0 FOLLOWER]: Consensus starting up: Expiring failure detector timer to make a prompt election more likely
I20260608 10:01:46.525666 21306 raft_consensus.cc:740] T bb81f049a4f84b63954b48e25b5aab0a P 71d8b10d831945eeb5b56faa2287f19e [term 0 FOLLOWER]: Becoming Follower/Learner. State: Replica: 71d8b10d831945eeb5b56faa2287f19e, State: Initialized, Role: FOLLOWER
I20260608 10:01:46.526731 21306 consensus_queue.cc:260] T bb81f049a4f84b63954b48e25b5aab0a P 71d8b10d831945eeb5b56faa2287f19e [NON_LEADER]: Queue going to NON_LEADER mode. State: All replicated index: 0, Majority replicated index: 0, Committed index: 0, Last appended: 0.0, Last appended by leader: 0, Current term: 0, Majority size: -1, State: 0, Mode: NON_LEADER, active raft config: opid_index: -1 OBSOLETE_local: false peers { permanent_uuid: "71d8b10d831945eeb5b56faa2287f19e" member_type: VOTER last_known_addr { host: "127.16.59.193" port: 34707 } } peers { permanent_uuid: "762a1139e07c4d7da3589ff4f6492098" member_type: VOTER last_known_addr { host: "127.16.59.194" port: 42461 } } peers { permanent_uuid: "ba819badcf10495789cb4aefeb3af3e9" member_type: VOTER last_known_addr { host: "127.16.59.195" port: 38339 } }
I20260608 10:01:46.532280 21306 ts_tablet_manager.cc:1434] T bb81f049a4f84b63954b48e25b5aab0a P 71d8b10d831945eeb5b56faa2287f19e: Time spent starting tablet: real 0.082s	user 0.008s	sys 0.000s
I20260608 10:01:46.534993 21307 tablet_bootstrap.cc:654] T fe08350d0c5644f6ab3647a03a410962 P ba819badcf10495789cb4aefeb3af3e9: Neither blocks nor log segments found. Creating new log.
I20260608 10:01:46.535915 21306 tablet_bootstrap.cc:492] T 3c09fc66e3eb4ee1a7c549d693eb68c8 P 71d8b10d831945eeb5b56faa2287f19e: Bootstrap starting.
I20260608 10:01:46.542994 21258 raft_consensus.cc:2468] T fe7c40c007f94f8d87819d9cf27a3f06 P ba819badcf10495789cb4aefeb3af3e9 [term 1 FOLLOWER]: Leader election vote request: Granting yes vote for candidate 762a1139e07c4d7da3589ff4f6492098 in term 1.
I20260608 10:01:46.544713 21151 leader_election.cc:304] T fe7c40c007f94f8d87819d9cf27a3f06 P 762a1139e07c4d7da3589ff4f6492098 [CANDIDATE]: Term 1 election: Election decided. Result: candidate won. Election summary: received 2 responses out of 3 voters: 2 yes votes; 0 no votes. yes voters: 762a1139e07c4d7da3589ff4f6492098, ba819badcf10495789cb4aefeb3af3e9; no voters: 
I20260608 10:01:46.546176 21336 raft_consensus.cc:2804] T fe7c40c007f94f8d87819d9cf27a3f06 P 762a1139e07c4d7da3589ff4f6492098 [term 1 FOLLOWER]: Leader election won for term 1
I20260608 10:01:46.546849 21363 consensus_queue.cc:1048] T 9480e78239d24903a2480b62d2e99899 P ba819badcf10495789cb4aefeb3af3e9 [LEADER]: Connected to new peer: Peer: permanent_uuid: "762a1139e07c4d7da3589ff4f6492098" member_type: VOTER last_known_addr { host: "127.16.59.194" port: 42461 }, Status: LMP_MISMATCH, Last received: 0.0, Next index: 1, Last known committed idx: 0, Time since last communication: 0.001s
I20260608 10:01:46.546792 21336 raft_consensus.cc:697] T fe7c40c007f94f8d87819d9cf27a3f06 P 762a1139e07c4d7da3589ff4f6492098 [term 1 LEADER]: Becoming Leader. State: Replica: 762a1139e07c4d7da3589ff4f6492098, State: Running, Role: LEADER
I20260608 10:01:46.548444 21110 raft_consensus.cc:2468] T fe7c40c007f94f8d87819d9cf27a3f06 P 71d8b10d831945eeb5b56faa2287f19e [term 1 FOLLOWER]: Leader election vote request: Granting yes vote for candidate 762a1139e07c4d7da3589ff4f6492098 in term 1.
I20260608 10:01:46.548332 21336 consensus_queue.cc:237] T fe7c40c007f94f8d87819d9cf27a3f06 P 762a1139e07c4d7da3589ff4f6492098 [LEADER]: Queue going to LEADER mode. State: All replicated index: 0, Majority replicated index: 0, Committed index: 0, Last appended: 0.0, Last appended by leader: 0, Current term: 1, Majority size: 2, State: 0, Mode: LEADER, active raft config: opid_index: -1 OBSOLETE_local: false peers { permanent_uuid: "71d8b10d831945eeb5b56faa2287f19e" member_type: VOTER last_known_addr { host: "127.16.59.193" port: 34707 } } peers { permanent_uuid: "762a1139e07c4d7da3589ff4f6492098" member_type: VOTER last_known_addr { host: "127.16.59.194" port: 42461 } } peers { permanent_uuid: "ba819badcf10495789cb4aefeb3af3e9" member_type: VOTER last_known_addr { host: "127.16.59.195" port: 38339 } }
I20260608 10:01:46.559300 21333 leader_election.cc:290] T fe08350d0c5644f6ab3647a03a410962 P 71d8b10d831945eeb5b56faa2287f19e [CANDIDATE]: Term 1 election: Requested vote from peers 762a1139e07c4d7da3589ff4f6492098 (127.16.59.194:42461), ba819badcf10495789cb4aefeb3af3e9 (127.16.59.195:38339)
I20260608 10:01:46.562573 21184 raft_consensus.cc:2468] T fe08350d0c5644f6ab3647a03a410962 P 762a1139e07c4d7da3589ff4f6492098 [term 1 FOLLOWER]: Leader election vote request: Granting yes vote for candidate 71d8b10d831945eeb5b56faa2287f19e in term 1.
