W20260608 10:00:04.137457  5747 leader_election.cc:343] T 7385e4fef30d4bfda1d0977b96020115 P 346aeaf0ddeb48e1835db5c9c86893c3 [CANDIDATE]: Term 1 pre-election: Tablet error from VoteRequest() call to peer 2f28dd2e4c014bb0b9e08c1064cb8447 (127.4.230.129:45395): Illegal state: must be running to vote when last-logged opid is not known
W20260608 10:00:04.138899  5674 leader_election.cc:343] T 00319f3c59684a199911305ca4a84813 P 2f28dd2e4c014bb0b9e08c1064cb8447 [CANDIDATE]: Term 1 pre-election: Tablet error from VoteRequest() call to peer 346aeaf0ddeb48e1835db5c9c86893c3 (127.4.230.130:34557): Illegal state: must be running to vote when last-logged opid is not known
I20260608 10:00:04.138892  5911 raft_consensus.cc:515] T 3fa70d86dc4649b9bf032c4c65b5789d P b36e678cef774f1c99ded696347f742c [term 1 FOLLOWER]: Starting leader election with config: opid_index: -1 OBSOLETE_local: false peers { permanent_uuid: "2f28dd2e4c014bb0b9e08c1064cb8447" member_type: VOTER last_known_addr { host: "127.4.230.129" port: 45395 } } peers { permanent_uuid: "346aeaf0ddeb48e1835db5c9c86893c3" member_type: VOTER last_known_addr { host: "127.4.230.130" port: 34557 } } peers { permanent_uuid: "b36e678cef774f1c99ded696347f742c" member_type: VOTER last_known_addr { host: "127.4.230.131" port: 36899 } }
I20260608 10:00:04.141909  5911 leader_election.cc:290] T 3fa70d86dc4649b9bf032c4c65b5789d P b36e678cef774f1c99ded696347f742c [CANDIDATE]: Term 1 election: Requested vote from peers 2f28dd2e4c014bb0b9e08c1064cb8447 (127.4.230.129:45395), 346aeaf0ddeb48e1835db5c9c86893c3 (127.4.230.130:34557)
I20260608 10:00:04.141985  5709 raft_consensus.cc:2468] T e636d30788bd4f6696a3d6d0add7ea59 P 2f28dd2e4c014bb0b9e08c1064cb8447 [term 0 FOLLOWER]: Leader pre-election vote request: Granting yes vote for candidate 346aeaf0ddeb48e1835db5c9c86893c3 in term 0.
I20260608 10:00:04.142735  5708 tablet_service.cc:1917] Received RequestConsensusVote() RPC: tablet_id: "3fa70d86dc4649b9bf032c4c65b5789d" candidate_uuid: "b36e678cef774f1c99ded696347f742c" candidate_term: 1 candidate_status { last_received { term: 0 index: 0 } } ignore_live_leader: false dest_uuid: "2f28dd2e4c014bb0b9e08c1064cb8447"
I20260608 10:00:04.143038  5783 tablet_service.cc:1917] Received RequestConsensusVote() RPC: tablet_id: "3fa70d86dc4649b9bf032c4c65b5789d" candidate_uuid: "b36e678cef774f1c99ded696347f742c" candidate_term: 1 candidate_status { last_received { term: 0 index: 0 } } ignore_live_leader: false dest_uuid: "346aeaf0ddeb48e1835db5c9c86893c3"
I20260608 10:00:04.143419  5708 raft_consensus.cc:3060] T 3fa70d86dc4649b9bf032c4c65b5789d P 2f28dd2e4c014bb0b9e08c1064cb8447 [term 0 FOLLOWER]: Advancing to term 1
W20260608 10:00:04.145560  5823 leader_election.cc:343] T 3fa70d86dc4649b9bf032c4c65b5789d P b36e678cef774f1c99ded696347f742c [CANDIDATE]: Term 1 election: Tablet error from VoteRequest() call to peer 346aeaf0ddeb48e1835db5c9c86893c3 (127.4.230.130:34557): Illegal state: must be running to vote when last-logged opid is not known
I20260608 10:00:04.147804  5747 leader_election.cc:304] T e636d30788bd4f6696a3d6d0add7ea59 P 346aeaf0ddeb48e1835db5c9c86893c3 [CANDIDATE]: Term 1 pre-election: Election decided. Result: candidate won. Election summary: received 2 responses out of 3 voters: 2 yes votes; 0 no votes. yes voters: 2f28dd2e4c014bb0b9e08c1064cb8447, 346aeaf0ddeb48e1835db5c9c86893c3; no voters: 
I20260608 10:00:04.150053  5905 tablet_bootstrap.cc:492] T 2942920517cd48de977f5ae942d58fc6 P b36e678cef774f1c99ded696347f742c: No bootstrap required, opened a new log
I20260608 10:00:04.151127  5931 leader_election.cc:290] T e636d30788bd4f6696a3d6d0add7ea59 P 2f28dd2e4c014bb0b9e08c1064cb8447 [CANDIDATE]: Term 1 pre-election: Requested pre-vote from peers 346aeaf0ddeb48e1835db5c9c86893c3 (127.4.230.130:34557), b36e678cef774f1c99ded696347f742c (127.4.230.131:36899)
I20260608 10:00:04.150965  5905 ts_tablet_manager.cc:1403] T 2942920517cd48de977f5ae942d58fc6 P b36e678cef774f1c99ded696347f742c: Time spent bootstrapping tablet: real 0.110s	user 0.022s	sys 0.007s
I20260608 10:00:04.152125  5783 tablet_service.cc:1917] Received RequestConsensusVote() RPC: tablet_id: "e636d30788bd4f6696a3d6d0add7ea59" candidate_uuid: "2f28dd2e4c014bb0b9e08c1064cb8447" candidate_term: 1 candidate_status { last_received { term: 0 index: 0 } } ignore_live_leader: false dest_uuid: "346aeaf0ddeb48e1835db5c9c86893c3" is_pre_election: true
I20260608 10:00:04.153005  5783 raft_consensus.cc:2468] T e636d30788bd4f6696a3d6d0add7ea59 P 346aeaf0ddeb48e1835db5c9c86893c3 [term 0 FOLLOWER]: Leader pre-election vote request: Granting yes vote for candidate 2f28dd2e4c014bb0b9e08c1064cb8447 in term 0.
I20260608 10:00:04.153458  5903 tablet_bootstrap.cc:654] T d03611b2a24344b3bb5e0f60aaf0872b P 346aeaf0ddeb48e1835db5c9c86893c3: Neither blocks nor log segments found. Creating new log.
I20260608 10:00:04.157058  5674 leader_election.cc:304] T e636d30788bd4f6696a3d6d0add7ea59 P 2f28dd2e4c014bb0b9e08c1064cb8447 [CANDIDATE]: Term 1 pre-election: Election decided. Result: candidate won. Election summary: received 2 responses out of 3 voters: 2 yes votes; 0 no votes. yes voters: 2f28dd2e4c014bb0b9e08c1064cb8447, 346aeaf0ddeb48e1835db5c9c86893c3; no voters: 
I20260608 10:00:04.158114  5924 raft_consensus.cc:2804] T e636d30788bd4f6696a3d6d0add7ea59 P 346aeaf0ddeb48e1835db5c9c86893c3 [term 0 FOLLOWER]: Leader pre-election won for term 1
I20260608 10:00:04.158653  5924 raft_consensus.cc:493] T e636d30788bd4f6696a3d6d0add7ea59 P 346aeaf0ddeb48e1835db5c9c86893c3 [term 0 FOLLOWER]: Starting leader election (no leader contacted us within the election timeout)
I20260608 10:00:04.159044  5924 raft_consensus.cc:3060] T e636d30788bd4f6696a3d6d0add7ea59 P 346aeaf0ddeb48e1835db5c9c86893c3 [term 0 FOLLOWER]: Advancing to term 1
I20260608 10:00:04.159482  5904 tablet_bootstrap.cc:654] T a886272be5804a69a357fe33ca415cb6 P 2f28dd2e4c014bb0b9e08c1064cb8447: Neither blocks nor log segments found. Creating new log.
I20260608 10:00:04.163326  5905 raft_consensus.cc:359] T 2942920517cd48de977f5ae942d58fc6 P b36e678cef774f1c99ded696347f742c [term 0 FOLLOWER]: Replica starting. Triggering 0 pending ops. Active config: opid_index: -1 OBSOLETE_local: false peers { permanent_uuid: "2f28dd2e4c014bb0b9e08c1064cb8447" member_type: VOTER last_known_addr { host: "127.4.230.129" port: 45395 } } peers { permanent_uuid: "346aeaf0ddeb48e1835db5c9c86893c3" member_type: VOTER last_known_addr { host: "127.4.230.130" port: 34557 } } peers { permanent_uuid: "b36e678cef774f1c99ded696347f742c" member_type: VOTER last_known_addr { host: "127.4.230.131" port: 36899 } }
I20260608 10:00:04.164142  5905 raft_consensus.cc:385] T 2942920517cd48de977f5ae942d58fc6 P b36e678cef774f1c99ded696347f742c [term 0 FOLLOWER]: Consensus starting up: Expiring failure detector timer to make a prompt election more likely
I20260608 10:00:04.161317  5931 raft_consensus.cc:2804] T e636d30788bd4f6696a3d6d0add7ea59 P 2f28dd2e4c014bb0b9e08c1064cb8447 [term 0 FOLLOWER]: Leader pre-election won for term 1
I20260608 10:00:04.164516  5905 raft_consensus.cc:740] T 2942920517cd48de977f5ae942d58fc6 P b36e678cef774f1c99ded696347f742c [term 0 FOLLOWER]: Becoming Follower/Learner. State: Replica: b36e678cef774f1c99ded696347f742c, State: Initialized, Role: FOLLOWER
I20260608 10:00:04.165102  5858 tablet_service.cc:1917] Received RequestConsensusVote() RPC: tablet_id: "e636d30788bd4f6696a3d6d0add7ea59" candidate_uuid: "346aeaf0ddeb48e1835db5c9c86893c3" candidate_term: 1 candidate_status { last_received { term: 0 index: 0 } } ignore_live_leader: false dest_uuid: "b36e678cef774f1c99ded696347f742c" is_pre_election: true
I20260608 10:00:04.166369  5910 raft_consensus.cc:493] T d03611b2a24344b3bb5e0f60aaf0872b P 2f28dd2e4c014bb0b9e08c1064cb8447 [term 0 FOLLOWER]: Starting pre-election (no leader contacted us within the election timeout)
I20260608 10:00:04.166067  5931 raft_consensus.cc:493] T e636d30788bd4f6696a3d6d0add7ea59 P 2f28dd2e4c014bb0b9e08c1064cb8447 [term 0 FOLLOWER]: Starting leader election (no leader contacted us within the election timeout)
I20260608 10:00:04.165933  5857 tablet_service.cc:1917] Received RequestConsensusVote() RPC: tablet_id: "7385e4fef30d4bfda1d0977b96020115" candidate_uuid: "346aeaf0ddeb48e1835db5c9c86893c3" candidate_term: 1 candidate_status { last_received { term: 0 index: 0 } } ignore_live_leader: false dest_uuid: "b36e678cef774f1c99ded696347f742c" is_pre_election: true
I20260608 10:00:04.167471  5910 raft_consensus.cc:515] T d03611b2a24344b3bb5e0f60aaf0872b P 2f28dd2e4c014bb0b9e08c1064cb8447 [term 0 FOLLOWER]: Starting pre-election with config: opid_index: -1 OBSOLETE_local: false peers { permanent_uuid: "2f28dd2e4c014bb0b9e08c1064cb8447" member_type: VOTER last_known_addr { host: "127.4.230.129" port: 45395 } } peers { permanent_uuid: "346aeaf0ddeb48e1835db5c9c86893c3" member_type: VOTER last_known_addr { host: "127.4.230.130" port: 34557 } } peers { permanent_uuid: "b36e678cef774f1c99ded696347f742c" member_type: VOTER last_known_addr { host: "127.4.230.131" port: 36899 } }
I20260608 10:00:04.169386  5857 raft_consensus.cc:2468] T 7385e4fef30d4bfda1d0977b96020115 P b36e678cef774f1c99ded696347f742c [term 0 FOLLOWER]: Leader pre-election vote request: Granting yes vote for candidate 346aeaf0ddeb48e1835db5c9c86893c3 in term 0.
I20260608 10:00:04.168823  5931 raft_consensus.cc:3060] T e636d30788bd4f6696a3d6d0add7ea59 P 2f28dd2e4c014bb0b9e08c1064cb8447 [term 0 FOLLOWER]: Advancing to term 1
I20260608 10:00:04.169996  5924 raft_consensus.cc:515] T e636d30788bd4f6696a3d6d0add7ea59 P 346aeaf0ddeb48e1835db5c9c86893c3 [term 1 FOLLOWER]: Starting leader election with config: opid_index: -1 OBSOLETE_local: false peers { permanent_uuid: "346aeaf0ddeb48e1835db5c9c86893c3" member_type: VOTER last_known_addr { host: "127.4.230.130" port: 34557 } } peers { permanent_uuid: "2f28dd2e4c014bb0b9e08c1064cb8447" member_type: VOTER last_known_addr { host: "127.4.230.129" port: 45395 } } peers { permanent_uuid: "b36e678cef774f1c99ded696347f742c" member_type: VOTER last_known_addr { host: "127.4.230.131" port: 36899 } }
I20260608 10:00:04.167490  5858 raft_consensus.cc:2468] T e636d30788bd4f6696a3d6d0add7ea59 P b36e678cef774f1c99ded696347f742c [term 0 FOLLOWER]: Leader pre-election vote request: Granting yes vote for candidate 346aeaf0ddeb48e1835db5c9c86893c3 in term 0.
I20260608 10:00:04.171449  5747 leader_election.cc:304] T 7385e4fef30d4bfda1d0977b96020115 P 346aeaf0ddeb48e1835db5c9c86893c3 [CANDIDATE]: Term 1 pre-election: Election decided. Result: candidate won. Election summary: received 3 responses out of 3 voters: 2 yes votes; 1 no votes. yes voters: 346aeaf0ddeb48e1835db5c9c86893c3, b36e678cef774f1c99ded696347f742c; no voters: 2f28dd2e4c014bb0b9e08c1064cb8447
I20260608 10:00:04.173053  5924 leader_election.cc:290] T e636d30788bd4f6696a3d6d0add7ea59 P 346aeaf0ddeb48e1835db5c9c86893c3 [CANDIDATE]: Term 1 election: Requested vote from peers 2f28dd2e4c014bb0b9e08c1064cb8447 (127.4.230.129:45395), b36e678cef774f1c99ded696347f742c (127.4.230.131:36899)
I20260608 10:00:04.173159  5909 raft_consensus.cc:2804] T 7385e4fef30d4bfda1d0977b96020115 P 346aeaf0ddeb48e1835db5c9c86893c3 [term 0 FOLLOWER]: Leader pre-election won for term 1
I20260608 10:00:04.173556  5909 raft_consensus.cc:493] T 7385e4fef30d4bfda1d0977b96020115 P 346aeaf0ddeb48e1835db5c9c86893c3 [term 0 FOLLOWER]: Starting leader election (no leader contacted us within the election timeout)
I20260608 10:00:04.173872  5909 raft_consensus.cc:3060] T 7385e4fef30d4bfda1d0977b96020115 P 346aeaf0ddeb48e1835db5c9c86893c3 [term 0 FOLLOWER]: Advancing to term 1
I20260608 10:00:04.174467  5709 tablet_service.cc:1917] Received RequestConsensusVote() RPC: tablet_id: "e636d30788bd4f6696a3d6d0add7ea59" candidate_uuid: "346aeaf0ddeb48e1835db5c9c86893c3" candidate_term: 1 candidate_status { last_received { term: 0 index: 0 } } ignore_live_leader: false dest_uuid: "2f28dd2e4c014bb0b9e08c1064cb8447"
I20260608 10:00:04.174978  5708 raft_consensus.cc:2468] T 3fa70d86dc4649b9bf032c4c65b5789d P 2f28dd2e4c014bb0b9e08c1064cb8447 [term 1 FOLLOWER]: Leader election vote request: Granting yes vote for candidate b36e678cef774f1c99ded696347f742c in term 1.
I20260608 10:00:04.176496  5903 tablet_bootstrap.cc:492] T d03611b2a24344b3bb5e0f60aaf0872b P 346aeaf0ddeb48e1835db5c9c86893c3: No bootstrap required, opened a new log
I20260608 10:00:04.176940  5903 ts_tablet_manager.cc:1403] T d03611b2a24344b3bb5e0f60aaf0872b P 346aeaf0ddeb48e1835db5c9c86893c3: Time spent bootstrapping tablet: real 0.049s	user 0.011s	sys 0.011s
I20260608 10:00:04.176625  5821 leader_election.cc:304] T 3fa70d86dc4649b9bf032c4c65b5789d P b36e678cef774f1c99ded696347f742c [CANDIDATE]: Term 1 election: Election decided. Result: candidate won. Election summary: received 3 responses out of 3 voters: 2 yes votes; 1 no votes. yes voters: 2f28dd2e4c014bb0b9e08c1064cb8447, b36e678cef774f1c99ded696347f742c; no voters: 346aeaf0ddeb48e1835db5c9c86893c3
I20260608 10:00:04.174775  5858 tablet_service.cc:1917] Received RequestConsensusVote() RPC: tablet_id: "e636d30788bd4f6696a3d6d0add7ea59" candidate_uuid: "346aeaf0ddeb48e1835db5c9c86893c3" candidate_term: 1 candidate_status { last_received { term: 0 index: 0 } } ignore_live_leader: false dest_uuid: "b36e678cef774f1c99ded696347f742c"
I20260608 10:00:04.177590  5910 leader_election.cc:290] T d03611b2a24344b3bb5e0f60aaf0872b P 2f28dd2e4c014bb0b9e08c1064cb8447 [CANDIDATE]: Term 1 pre-election: Requested pre-vote from peers 346aeaf0ddeb48e1835db5c9c86893c3 (127.4.230.130:34557), b36e678cef774f1c99ded696347f742c (127.4.230.131:36899)
I20260608 10:00:04.178241  5911 raft_consensus.cc:2804] T 3fa70d86dc4649b9bf032c4c65b5789d P b36e678cef774f1c99ded696347f742c [term 1 FOLLOWER]: Leader election won for term 1
I20260608 10:00:04.179430  5858 raft_consensus.cc:3060] T e636d30788bd4f6696a3d6d0add7ea59 P b36e678cef774f1c99ded696347f742c [term 0 FOLLOWER]: Advancing to term 1
I20260608 10:00:04.179498  5783 tablet_service.cc:1917] Received RequestConsensusVote() RPC: tablet_id: "d03611b2a24344b3bb5e0f60aaf0872b" candidate_uuid: "2f28dd2e4c014bb0b9e08c1064cb8447" candidate_term: 1 candidate_status { last_received { term: 0 index: 0 } } ignore_live_leader: false dest_uuid: "346aeaf0ddeb48e1835db5c9c86893c3" is_pre_election: true
I20260608 10:00:04.181625  5911 raft_consensus.cc:697] T 3fa70d86dc4649b9bf032c4c65b5789d P b36e678cef774f1c99ded696347f742c [term 1 LEADER]: Becoming Leader. State: Replica: b36e678cef774f1c99ded696347f742c, State: Running, Role: LEADER
I20260608 10:00:04.182744  5911 consensus_queue.cc:237] T 3fa70d86dc4649b9bf032c4c65b5789d P b36e678cef774f1c99ded696347f742c [LEADER]: Queue going to LEADER mode. State: All replicated index: 0, Majority replicated index: 0, Committed index: 0, Last appended: 0.0, Last appended by leader: 0, Current term: 1, Majority size: 2, State: 0, Mode: LEADER, active raft config: opid_index: -1 OBSOLETE_local: false peers { permanent_uuid: "2f28dd2e4c014bb0b9e08c1064cb8447" member_type: VOTER last_known_addr { host: "127.4.230.129" port: 45395 } } peers { permanent_uuid: "346aeaf0ddeb48e1835db5c9c86893c3" member_type: VOTER last_known_addr { host: "127.4.230.130" port: 34557 } } peers { permanent_uuid: "b36e678cef774f1c99ded696347f742c" member_type: VOTER last_known_addr { host: "127.4.230.131" port: 36899 } }
I20260608 10:00:04.185254  5909 raft_consensus.cc:515] T 7385e4fef30d4bfda1d0977b96020115 P 346aeaf0ddeb48e1835db5c9c86893c3 [term 1 FOLLOWER]: Starting leader election with config: opid_index: -1 OBSOLETE_local: false peers { permanent_uuid: "2f28dd2e4c014bb0b9e08c1064cb8447" member_type: VOTER last_known_addr { host: "127.4.230.129" port: 45395 } } peers { permanent_uuid: "346aeaf0ddeb48e1835db5c9c86893c3" member_type: VOTER last_known_addr { host: "127.4.230.130" port: 34557 } } peers { permanent_uuid: "b36e678cef774f1c99ded696347f742c" member_type: VOTER last_known_addr { host: "127.4.230.131" port: 36899 } }
I20260608 10:00:04.181243  5905 consensus_queue.cc:260] T 2942920517cd48de977f5ae942d58fc6 P b36e678cef774f1c99ded696347f742c [NON_LEADER]: Queue going to NON_LEADER mode. State: All replicated index: 0, Majority replicated index: 0, Committed index: 0, Last appended: 0.0, Last appended by leader: 0, Current term: 0, Majority size: -1, State: 0, Mode: NON_LEADER, active raft config: opid_index: -1 OBSOLETE_local: false peers { permanent_uuid: "2f28dd2e4c014bb0b9e08c1064cb8447" member_type: VOTER last_known_addr { host: "127.4.230.129" port: 45395 } } peers { permanent_uuid: "346aeaf0ddeb48e1835db5c9c86893c3" member_type: VOTER last_known_addr { host: "127.4.230.130" port: 34557 } } peers { permanent_uuid: "b36e678cef774f1c99ded696347f742c" member_type: VOTER last_known_addr { host: "127.4.230.131" port: 36899 } }
I20260608 10:00:04.190773  5910 raft_consensus.cc:493] T 8e7b9ddbc5d6406e81d5831deca779bf P 2f28dd2e4c014bb0b9e08c1064cb8447 [term 0 FOLLOWER]: Starting pre-election (no leader contacted us within the election timeout)
I20260608 10:00:04.188654  5857 tablet_service.cc:1917] Received RequestConsensusVote() RPC: tablet_id: "3fa70d86dc4649b9bf032c4c65b5789d" candidate_uuid: "2f28dd2e4c014bb0b9e08c1064cb8447" candidate_term: 1 candidate_status { last_received { term: 0 index: 0 } } ignore_live_leader: false dest_uuid: "b36e678cef774f1c99ded696347f742c" is_pre_election: true
I20260608 10:00:04.194005  5855 tablet_service.cc:1917] Received RequestConsensusVote() RPC: tablet_id: "e636d30788bd4f6696a3d6d0add7ea59" candidate_uuid: "2f28dd2e4c014bb0b9e08c1064cb8447" candidate_term: 1 candidate_status { last_received { term: 0 index: 0 } } ignore_live_leader: false dest_uuid: "b36e678cef774f1c99ded696347f742c" is_pre_election: true
I20260608 10:00:04.194834  5854 tablet_service.cc:1917] Received RequestConsensusVote() RPC: tablet_id: "d03611b2a24344b3bb5e0f60aaf0872b" candidate_uuid: "2f28dd2e4c014bb0b9e08c1064cb8447" candidate_term: 1 candidate_status { last_received { term: 0 index: 0 } } ignore_live_leader: false dest_uuid: "b36e678cef774f1c99ded696347f742c" is_pre_election: true
I20260608 10:00:04.191495  5910 raft_consensus.cc:515] T 8e7b9ddbc5d6406e81d5831deca779bf P 2f28dd2e4c014bb0b9e08c1064cb8447 [term 0 FOLLOWER]: Starting pre-election with config: opid_index: -1 OBSOLETE_local: false peers { permanent_uuid: "2f28dd2e4c014bb0b9e08c1064cb8447" member_type: VOTER last_known_addr { host: "127.4.230.129" port: 45395 } } peers { permanent_uuid: "346aeaf0ddeb48e1835db5c9c86893c3" member_type: VOTER last_known_addr { host: "127.4.230.130" port: 34557 } } peers { permanent_uuid: "b36e678cef774f1c99ded696347f742c" member_type: VOTER last_known_addr { host: "127.4.230.131" port: 36899 } }
I20260608 10:00:04.191093  5856 tablet_service.cc:1917] Received RequestConsensusVote() RPC: tablet_id: "00319f3c59684a199911305ca4a84813" candidate_uuid: "2f28dd2e4c014bb0b9e08c1064cb8447" candidate_term: 1 candidate_status { last_received { term: 0 index: 0 } } ignore_live_leader: false dest_uuid: "b36e678cef774f1c99ded696347f742c" is_pre_election: true
I20260608 10:00:04.200445  5856 raft_consensus.cc:2468] T 00319f3c59684a199911305ca4a84813 P b36e678cef774f1c99ded696347f742c [term 0 FOLLOWER]: Leader pre-election vote request: Granting yes vote for candidate 2f28dd2e4c014bb0b9e08c1064cb8447 in term 0.
I20260608 10:00:04.202399  5857 tablet_service.cc:1917] Received RequestConsensusVote() RPC: tablet_id: "8e7b9ddbc5d6406e81d5831deca779bf" candidate_uuid: "2f28dd2e4c014bb0b9e08c1064cb8447" candidate_term: 1 candidate_status { last_received { term: 0 index: 0 } } ignore_live_leader: false dest_uuid: "b36e678cef774f1c99ded696347f742c" is_pre_election: true
I20260608 10:00:04.202319  5672 leader_election.cc:304] T 3fa70d86dc4649b9bf032c4c65b5789d P 2f28dd2e4c014bb0b9e08c1064cb8447 [CANDIDATE]: Term 1 pre-election: Election decided. Result: candidate lost. Election summary: received 3 responses out of 3 voters: 1 yes votes; 2 no votes. yes voters: 2f28dd2e4c014bb0b9e08c1064cb8447; no voters: 346aeaf0ddeb48e1835db5c9c86893c3, b36e678cef774f1c99ded696347f742c
I20260608 10:00:04.203130  5857 raft_consensus.cc:2468] T 8e7b9ddbc5d6406e81d5831deca779bf P b36e678cef774f1c99ded696347f742c [term 0 FOLLOWER]: Leader pre-election vote request: Granting yes vote for candidate 2f28dd2e4c014bb0b9e08c1064cb8447 in term 0.
I20260608 10:00:04.201475  5784 tablet_service.cc:1917] Received RequestConsensusVote() RPC: tablet_id: "8e7b9ddbc5d6406e81d5831deca779bf" candidate_uuid: "2f28dd2e4c014bb0b9e08c1064cb8447" candidate_term: 1 candidate_status { last_received { term: 0 index: 0 } } ignore_live_leader: false dest_uuid: "346aeaf0ddeb48e1835db5c9c86893c3" is_pre_election: true
I20260608 10:00:04.200896  5910 leader_election.cc:290] T 8e7b9ddbc5d6406e81d5831deca779bf P 2f28dd2e4c014bb0b9e08c1064cb8447 [CANDIDATE]: Term 1 pre-election: Requested pre-vote from peers 346aeaf0ddeb48e1835db5c9c86893c3 (127.4.230.130:34557), b36e678cef774f1c99ded696347f742c (127.4.230.131:36899)
I20260608 10:00:04.204573  5910 raft_consensus.cc:2749] T 3fa70d86dc4649b9bf032c4c65b5789d P 2f28dd2e4c014bb0b9e08c1064cb8447 [term 1 FOLLOWER]: Leader pre-election lost for term 1. Reason: could not achieve majority
I20260608 10:00:04.205529  5909 leader_election.cc:290] T 7385e4fef30d4bfda1d0977b96020115 P 346aeaf0ddeb48e1835db5c9c86893c3 [CANDIDATE]: Term 1 election: Requested vote from peers 2f28dd2e4c014bb0b9e08c1064cb8447 (127.4.230.129:45395), b36e678cef774f1c99ded696347f742c (127.4.230.131:36899)
I20260608 10:00:04.206986  5708 tablet_service.cc:1917] Received RequestConsensusVote() RPC: tablet_id: "7385e4fef30d4bfda1d0977b96020115" candidate_uuid: "346aeaf0ddeb48e1835db5c9c86893c3" candidate_term: 1 candidate_status { last_received { term: 0 index: 0 } } ignore_live_leader: false dest_uuid: "2f28dd2e4c014bb0b9e08c1064cb8447"
I20260608 10:00:04.207875  5858 raft_consensus.cc:2468] T e636d30788bd4f6696a3d6d0add7ea59 P b36e678cef774f1c99ded696347f742c [term 1 FOLLOWER]: Leader election vote request: Granting yes vote for candidate 346aeaf0ddeb48e1835db5c9c86893c3 in term 1.
I20260608 10:00:04.208921  5747 leader_election.cc:304] T e636d30788bd4f6696a3d6d0add7ea59 P 346aeaf0ddeb48e1835db5c9c86893c3 [CANDIDATE]: Term 1 election: Election decided. Result: candidate won. Election summary: received 2 responses out of 3 voters: 2 yes votes; 0 no votes. yes voters: 346aeaf0ddeb48e1835db5c9c86893c3, b36e678cef774f1c99ded696347f742c; no voters: 
I20260608 10:00:04.203619  5904 tablet_bootstrap.cc:492] T a886272be5804a69a357fe33ca415cb6 P 2f28dd2e4c014bb0b9e08c1064cb8447: No bootstrap required, opened a new log
W20260608 10:00:04.209918  5747 leader_election.cc:343] T 7385e4fef30d4bfda1d0977b96020115 P 346aeaf0ddeb48e1835db5c9c86893c3 [CANDIDATE]: Term 1 election: Tablet error from VoteRequest() call to peer 2f28dd2e4c014bb0b9e08c1064cb8447 (127.4.230.129:45395): Illegal state: must be running to vote when last-logged opid is not known
I20260608 10:00:04.210691  5904 ts_tablet_manager.cc:1403] T a886272be5804a69a357fe33ca415cb6 P 2f28dd2e4c014bb0b9e08c1064cb8447: Time spent bootstrapping tablet: real 0.124s	user 0.014s	sys 0.009s
I20260608 10:00:04.210963  5924 raft_consensus.cc:2804] T e636d30788bd4f6696a3d6d0add7ea59 P 346aeaf0ddeb48e1835db5c9c86893c3 [term 1 FOLLOWER]: Leader election won for term 1
I20260608 10:00:04.204517  5784 raft_consensus.cc:2468] T 8e7b9ddbc5d6406e81d5831deca779bf P 346aeaf0ddeb48e1835db5c9c86893c3 [term 0 FOLLOWER]: Leader pre-election vote request: Granting yes vote for candidate 2f28dd2e4c014bb0b9e08c1064cb8447 in term 0.
I20260608 10:00:04.213897  5674 leader_election.cc:304] T 8e7b9ddbc5d6406e81d5831deca779bf P 2f28dd2e4c014bb0b9e08c1064cb8447 [CANDIDATE]: Term 1 pre-election: Election decided. Result: candidate won. Election summary: received 2 responses out of 3 voters: 2 yes votes; 0 no votes. yes voters: 2f28dd2e4c014bb0b9e08c1064cb8447, 346aeaf0ddeb48e1835db5c9c86893c3; no voters: 
I20260608 10:00:04.210717  5856 tablet_service.cc:1917] Received RequestConsensusVote() RPC: tablet_id: "7385e4fef30d4bfda1d0977b96020115" candidate_uuid: "346aeaf0ddeb48e1835db5c9c86893c3" candidate_term: 1 candidate_status { last_received { term: 0 index: 0 } } ignore_live_leader: false dest_uuid: "b36e678cef774f1c99ded696347f742c"
I20260608 10:00:04.215441  5904 raft_consensus.cc:359] T a886272be5804a69a357fe33ca415cb6 P 2f28dd2e4c014bb0b9e08c1064cb8447 [term 0 FOLLOWER]: Replica starting. Triggering 0 pending ops. Active config: opid_index: -1 OBSOLETE_local: false peers { permanent_uuid: "2f28dd2e4c014bb0b9e08c1064cb8447" member_type: VOTER last_known_addr { host: "127.4.230.129" port: 45395 } } peers { permanent_uuid: "346aeaf0ddeb48e1835db5c9c86893c3" member_type: VOTER last_known_addr { host: "127.4.230.130" port: 34557 } } peers { permanent_uuid: "b36e678cef774f1c99ded696347f742c" member_type: VOTER last_known_addr { host: "127.4.230.131" port: 36899 } }
I20260608 10:00:04.216176  5856 raft_consensus.cc:3060] T 7385e4fef30d4bfda1d0977b96020115 P b36e678cef774f1c99ded696347f742c [term 0 FOLLOWER]: Advancing to term 1
I20260608 10:00:04.216347  5904 raft_consensus.cc:385] T a886272be5804a69a357fe33ca415cb6 P 2f28dd2e4c014bb0b9e08c1064cb8447 [term 0 FOLLOWER]: Consensus starting up: Expiring failure detector timer to make a prompt election more likely
I20260608 10:00:04.216754  5904 raft_consensus.cc:740] T a886272be5804a69a357fe33ca415cb6 P 2f28dd2e4c014bb0b9e08c1064cb8447 [term 0 FOLLOWER]: Becoming Follower/Learner. State: Replica: 2f28dd2e4c014bb0b9e08c1064cb8447, State: Initialized, Role: FOLLOWER
W20260608 10:00:04.227980  5674 leader_election.cc:343] T d03611b2a24344b3bb5e0f60aaf0872b P 2f28dd2e4c014bb0b9e08c1064cb8447 [CANDIDATE]: Term 1 pre-election: Tablet error from VoteRequest() call to peer 346aeaf0ddeb48e1835db5c9c86893c3 (127.4.230.130:34557): Illegal state: must be running to vote when last-logged opid is not known
I20260608 10:00:04.218083  5910 raft_consensus.cc:2804] T 8e7b9ddbc5d6406e81d5831deca779bf P 2f28dd2e4c014bb0b9e08c1064cb8447 [term 0 FOLLOWER]: Leader pre-election won for term 1
I20260608 10:00:04.231201  5910 raft_consensus.cc:493] T 8e7b9ddbc5d6406e81d5831deca779bf P 2f28dd2e4c014bb0b9e08c1064cb8447 [term 0 FOLLOWER]: Starting leader election (no leader contacted us within the election timeout)
I20260608 10:00:04.232254  5910 raft_consensus.cc:3060] T 8e7b9ddbc5d6406e81d5831deca779bf P 2f28dd2e4c014bb0b9e08c1064cb8447 [term 0 FOLLOWER]: Advancing to term 1
I20260608 10:00:04.232493  5856 raft_consensus.cc:2468] T 7385e4fef30d4bfda1d0977b96020115 P b36e678cef774f1c99ded696347f742c [term 1 FOLLOWER]: Leader election vote request: Granting yes vote for candidate 346aeaf0ddeb48e1835db5c9c86893c3 in term 1.
I20260608 10:00:04.234319  5747 leader_election.cc:304] T 7385e4fef30d4bfda1d0977b96020115 P 346aeaf0ddeb48e1835db5c9c86893c3 [CANDIDATE]: Term 1 election: Election decided. Result: candidate won. Election summary: received 3 responses out of 3 voters: 2 yes votes; 1 no votes. yes voters: 346aeaf0ddeb48e1835db5c9c86893c3, b36e678cef774f1c99ded696347f742c; no voters: 2f28dd2e4c014bb0b9e08c1064cb8447
I20260608 10:00:04.236310  5909 raft_consensus.cc:2804] T 7385e4fef30d4bfda1d0977b96020115 P 346aeaf0ddeb48e1835db5c9c86893c3 [term 1 FOLLOWER]: Leader election won for term 1
I20260608 10:00:04.236788  5909 raft_consensus.cc:697] T 7385e4fef30d4bfda1d0977b96020115 P 346aeaf0ddeb48e1835db5c9c86893c3 [term 1 LEADER]: Becoming Leader. State: Replica: 346aeaf0ddeb48e1835db5c9c86893c3, State: Running, Role: LEADER
I20260608 10:00:04.237598  5909 consensus_queue.cc:237] T 7385e4fef30d4bfda1d0977b96020115 P 346aeaf0ddeb48e1835db5c9c86893c3 [LEADER]: Queue going to LEADER mode. State: All replicated index: 0, Majority replicated index: 0, Committed index: 0, Last appended: 0.0, Last appended by leader: 0, Current term: 1, Majority size: 2, State: 0, Mode: LEADER, active raft config: opid_index: -1 OBSOLETE_local: false peers { permanent_uuid: "2f28dd2e4c014bb0b9e08c1064cb8447" member_type: VOTER last_known_addr { host: "127.4.230.129" port: 45395 } } peers { permanent_uuid: "346aeaf0ddeb48e1835db5c9c86893c3" member_type: VOTER last_known_addr { host: "127.4.230.130" port: 34557 } } peers { permanent_uuid: "b36e678cef774f1c99ded696347f742c" member_type: VOTER last_known_addr { host: "127.4.230.131" port: 36899 } }
I20260608 10:00:04.238940  5904 consensus_queue.cc:260] T a886272be5804a69a357fe33ca415cb6 P 2f28dd2e4c014bb0b9e08c1064cb8447 [NON_LEADER]: Queue going to NON_LEADER mode. State: All replicated index: 0, Majority replicated index: 0, Committed index: 0, Last appended: 0.0, Last appended by leader: 0, Current term: 0, Majority size: -1, State: 0, Mode: NON_LEADER, active raft config: opid_index: -1 OBSOLETE_local: false peers { permanent_uuid: "2f28dd2e4c014bb0b9e08c1064cb8447" member_type: VOTER last_known_addr { host: "127.4.230.129" port: 45395 } } peers { permanent_uuid: "346aeaf0ddeb48e1835db5c9c86893c3" member_type: VOTER last_known_addr { host: "127.4.230.130" port: 34557 } } peers { permanent_uuid: "b36e678cef774f1c99ded696347f742c" member_type: VOTER last_known_addr { host: "127.4.230.131" port: 36899 } }
I20260608 10:00:04.243710  5931 raft_consensus.cc:515] T e636d30788bd4f6696a3d6d0add7ea59 P 2f28dd2e4c014bb0b9e08c1064cb8447 [term 1 FOLLOWER]: Starting leader election with config: opid_index: -1 OBSOLETE_local: false peers { permanent_uuid: "346aeaf0ddeb48e1835db5c9c86893c3" member_type: VOTER last_known_addr { host: "127.4.230.130" port: 34557 } } peers { permanent_uuid: "2f28dd2e4c014bb0b9e08c1064cb8447" member_type: VOTER last_known_addr { host: "127.4.230.129" port: 45395 } } peers { permanent_uuid: "b36e678cef774f1c99ded696347f742c" member_type: VOTER last_known_addr { host: "127.4.230.131" port: 36899 } }
I20260608 10:00:04.247524  5709 raft_consensus.cc:2393] T e636d30788bd4f6696a3d6d0add7ea59 P 2f28dd2e4c014bb0b9e08c1064cb8447 [term 1 FOLLOWER]: Leader election vote request: Denying vote to candidate 346aeaf0ddeb48e1835db5c9c86893c3 in current term 1: Already voted for candidate 2f28dd2e4c014bb0b9e08c1064cb8447 in this term.
I20260608 10:00:04.250393  5904 ts_tablet_manager.cc:1434] T a886272be5804a69a357fe33ca415cb6 P 2f28dd2e4c014bb0b9e08c1064cb8447: Time spent starting tablet: real 0.039s	user 0.007s	sys 0.000s
I20260608 10:00:04.238082  5903 raft_consensus.cc:359] T d03611b2a24344b3bb5e0f60aaf0872b P 346aeaf0ddeb48e1835db5c9c86893c3 [term 0 FOLLOWER]: Replica starting. Triggering 0 pending ops. Active config: opid_index: -1 OBSOLETE_local: false peers { permanent_uuid: "2f28dd2e4c014bb0b9e08c1064cb8447" member_type: VOTER last_known_addr { host: "127.4.230.129" port: 45395 } } peers { permanent_uuid: "346aeaf0ddeb48e1835db5c9c86893c3" member_type: VOTER last_known_addr { host: "127.4.230.130" port: 34557 } } peers { permanent_uuid: "b36e678cef774f1c99ded696347f742c" member_type: VOTER last_known_addr { host: "127.4.230.131" port: 36899 } }
I20260608 10:00:04.248283  5924 raft_consensus.cc:697] T e636d30788bd4f6696a3d6d0add7ea59 P 346aeaf0ddeb48e1835db5c9c86893c3 [term 1 LEADER]: Becoming Leader. State: Replica: 346aeaf0ddeb48e1835db5c9c86893c3, State: Running, Role: LEADER
I20260608 10:00:04.254835  5903 raft_consensus.cc:385] T d03611b2a24344b3bb5e0f60aaf0872b P 346aeaf0ddeb48e1835db5c9c86893c3 [term 0 FOLLOWER]: Consensus starting up: Expiring failure detector timer to make a prompt election more likely
I20260608 10:00:04.252251  5606 catalog_manager.cc:5696] T 3fa70d86dc4649b9bf032c4c65b5789d P b36e678cef774f1c99ded696347f742c reported cstate change: term changed from 0 to 1, leader changed from <none> to b36e678cef774f1c99ded696347f742c (127.4.230.131). New cstate: current_term: 1 leader_uuid: "b36e678cef774f1c99ded696347f742c" committed_config { opid_index: -1 OBSOLETE_local: false peers { permanent_uuid: "2f28dd2e4c014bb0b9e08c1064cb8447" member_type: VOTER last_known_addr { host: "127.4.230.129" port: 45395 } health_report { overall_health: UNKNOWN } } peers { permanent_uuid: "346aeaf0ddeb48e1835db5c9c86893c3" member_type: VOTER last_known_addr { host: "127.4.230.130" port: 34557 } health_report { overall_health: UNKNOWN } } peers { permanent_uuid: "b36e678cef774f1c99ded696347f742c" member_type: VOTER last_known_addr { host: "127.4.230.131" port: 36899 } health_report { overall_health: HEALTHY } } }
I20260608 10:00:04.258522  5924 consensus_queue.cc:237] T e636d30788bd4f6696a3d6d0add7ea59 P 346aeaf0ddeb48e1835db5c9c86893c3 [LEADER]: Queue going to LEADER mode. State: All replicated index: 0, Majority replicated index: 0, Committed index: 0, Last appended: 0.0, Last appended by leader: 0, Current term: 1, Majority size: 2, State: 0, Mode: LEADER, active raft config: opid_index: -1 OBSOLETE_local: false peers { permanent_uuid: "346aeaf0ddeb48e1835db5c9c86893c3" member_type: VOTER last_known_addr { host: "127.4.230.130" port: 34557 } } peers { permanent_uuid: "2f28dd2e4c014bb0b9e08c1064cb8447" member_type: VOTER last_known_addr { host: "127.4.230.129" port: 45395 } } peers { permanent_uuid: "b36e678cef774f1c99ded696347f742c" member_type: VOTER last_known_addr { host: "127.4.230.131" port: 36899 } }
I20260608 10:00:04.258558  5905 ts_tablet_manager.cc:1434] T 2942920517cd48de977f5ae942d58fc6 P b36e678cef774f1c99ded696347f742c: Time spent starting tablet: real 0.107s	user 0.010s	sys 0.004s
I20260608 10:00:04.262559  5905 tablet_bootstrap.cc:492] T a886272be5804a69a357fe33ca415cb6 P b36e678cef774f1c99ded696347f742c: Bootstrap starting.
I20260608 10:00:04.263734  5910 raft_consensus.cc:515] T 8e7b9ddbc5d6406e81d5831deca779bf P 2f28dd2e4c014bb0b9e08c1064cb8447 [term 1 FOLLOWER]: Starting leader election with config: opid_index: -1 OBSOLETE_local: false peers { permanent_uuid: "2f28dd2e4c014bb0b9e08c1064cb8447" member_type: VOTER last_known_addr { host: "127.4.230.129" port: 45395 } } peers { permanent_uuid: "346aeaf0ddeb48e1835db5c9c86893c3" member_type: VOTER last_known_addr { host: "127.4.230.130" port: 34557 } } peers { permanent_uuid: "b36e678cef774f1c99ded696347f742c" member_type: VOTER last_known_addr { host: "127.4.230.131" port: 36899 } }
I20260608 10:00:04.265372  5904 tablet_bootstrap.cc:492] T 2942920517cd48de977f5ae942d58fc6 P 2f28dd2e4c014bb0b9e08c1064cb8447: Bootstrap starting.
I20260608 10:00:04.266830  5783 tablet_service.cc:1917] Received RequestConsensusVote() RPC: tablet_id: "e636d30788bd4f6696a3d6d0add7ea59" candidate_uuid: "2f28dd2e4c014bb0b9e08c1064cb8447" candidate_term: 1 candidate_status { last_received { term: 0 index: 0 } } ignore_live_leader: false dest_uuid: "346aeaf0ddeb48e1835db5c9c86893c3"
I20260608 10:00:04.255873  5903 raft_consensus.cc:740] T d03611b2a24344b3bb5e0f60aaf0872b P 346aeaf0ddeb48e1835db5c9c86893c3 [term 0 FOLLOWER]: Becoming Follower/Learner. State: Replica: 346aeaf0ddeb48e1835db5c9c86893c3, State: Initialized, Role: FOLLOWER
I20260608 10:00:04.269599  5931 leader_election.cc:290] T e636d30788bd4f6696a3d6d0add7ea59 P 2f28dd2e4c014bb0b9e08c1064cb8447 [CANDIDATE]: Term 1 election: Requested vote from peers 346aeaf0ddeb48e1835db5c9c86893c3 (127.4.230.130:34557), b36e678cef774f1c99ded696347f742c (127.4.230.131:36899)
W20260608 10:00:04.253932  5672 outbound_call.cc:321] RPC callback for RPC call kudu.consensus.ConsensusService.RequestConsensusVote -> {remote=127.4.230.131:36899, user_credentials={real_user=slave}} blocked reactor thread for 53109.5us
I20260608 10:00:04.275815  5856 tablet_service.cc:1917] Received RequestConsensusVote() RPC: tablet_id: "e636d30788bd4f6696a3d6d0add7ea59" candidate_uuid: "2f28dd2e4c014bb0b9e08c1064cb8447" candidate_term: 1 candidate_status { last_received { term: 0 index: 0 } } ignore_live_leader: false dest_uuid: "b36e678cef774f1c99ded696347f742c"
W20260608 10:00:04.277643  5672 leader_election.cc:343] T d03611b2a24344b3bb5e0f60aaf0872b P 2f28dd2e4c014bb0b9e08c1064cb8447 [CANDIDATE]: Term 1 pre-election: Tablet error from VoteRequest() call to peer b36e678cef774f1c99ded696347f742c (127.4.230.131:36899): Illegal state: must be running to vote when last-logged opid is not known
I20260608 10:00:04.278522  5672 leader_election.cc:304] T d03611b2a24344b3bb5e0f60aaf0872b P 2f28dd2e4c014bb0b9e08c1064cb8447 [CANDIDATE]: Term 1 pre-election: Election decided. Result: candidate lost. Election summary: received 3 responses out of 3 voters: 1 yes votes; 2 no votes. yes voters: 2f28dd2e4c014bb0b9e08c1064cb8447; no voters: 346aeaf0ddeb48e1835db5c9c86893c3, b36e678cef774f1c99ded696347f742c
I20260608 10:00:04.277526  5856 raft_consensus.cc:2393] T e636d30788bd4f6696a3d6d0add7ea59 P b36e678cef774f1c99ded696347f742c [term 1 FOLLOWER]: Leader election vote request: Denying vote to candidate 2f28dd2e4c014bb0b9e08c1064cb8447 in current term 1: Already voted for candidate 346aeaf0ddeb48e1835db5c9c86893c3 in this term.
I20260608 10:00:04.281497  5672 leader_election.cc:304] T 00319f3c59684a199911305ca4a84813 P 2f28dd2e4c014bb0b9e08c1064cb8447 [CANDIDATE]: Term 1 pre-election: Election decided. Result: candidate won. Election summary: received 3 responses out of 3 voters: 2 yes votes; 1 no votes. yes voters: 2f28dd2e4c014bb0b9e08c1064cb8447, b36e678cef774f1c99ded696347f742c; no voters: 346aeaf0ddeb48e1835db5c9c86893c3
I20260608 10:00:04.283242  5937 raft_consensus.cc:2804] T 00319f3c59684a199911305ca4a84813 P 2f28dd2e4c014bb0b9e08c1064cb8447 [term 0 FOLLOWER]: Leader pre-election won for term 1
I20260608 10:00:04.283728  5937 raft_consensus.cc:493] T 00319f3c59684a199911305ca4a84813 P 2f28dd2e4c014bb0b9e08c1064cb8447 [term 0 FOLLOWER]: Starting leader election (no leader contacted us within the election timeout)
I20260608 10:00:04.284142  5937 raft_consensus.cc:3060] T 00319f3c59684a199911305ca4a84813 P 2f28dd2e4c014bb0b9e08c1064cb8447 [term 0 FOLLOWER]: Advancing to term 1
I20260608 10:00:04.280102  5931 raft_consensus.cc:2749] T d03611b2a24344b3bb5e0f60aaf0872b P 2f28dd2e4c014bb0b9e08c1064cb8447 [term 0 FOLLOWER]: Leader pre-election lost for term 1. Reason: could not achieve majority
I20260608 10:00:04.289157  5783 tablet_service.cc:1917] Received RequestConsensusVote() RPC: tablet_id: "8e7b9ddbc5d6406e81d5831deca779bf" candidate_uuid: "2f28dd2e4c014bb0b9e08c1064cb8447" candidate_term: 1 candidate_status { last_received { term: 0 index: 0 } } ignore_live_leader: false dest_uuid: "346aeaf0ddeb48e1835db5c9c86893c3"
I20260608 10:00:04.289815  5783 raft_consensus.cc:3060] T 8e7b9ddbc5d6406e81d5831deca779bf P 346aeaf0ddeb48e1835db5c9c86893c3 [term 0 FOLLOWER]: Advancing to term 1
I20260608 10:00:04.276775  5903 consensus_queue.cc:260] T d03611b2a24344b3bb5e0f60aaf0872b P 346aeaf0ddeb48e1835db5c9c86893c3 [NON_LEADER]: Queue going to NON_LEADER mode. State: All replicated index: 0, Majority replicated index: 0, Committed index: 0, Last appended: 0.0, Last appended by leader: 0, Current term: 0, Majority size: -1, State: 0, Mode: NON_LEADER, active raft config: opid_index: -1 OBSOLETE_local: false peers { permanent_uuid: "2f28dd2e4c014bb0b9e08c1064cb8447" member_type: VOTER last_known_addr { host: "127.4.230.129" port: 45395 } } peers { permanent_uuid: "346aeaf0ddeb48e1835db5c9c86893c3" member_type: VOTER last_known_addr { host: "127.4.230.130" port: 34557 } } peers { permanent_uuid: "b36e678cef774f1c99ded696347f742c" member_type: VOTER last_known_addr { host: "127.4.230.131" port: 36899 } }
I20260608 10:00:04.293033  5905 tablet_bootstrap.cc:654] T a886272be5804a69a357fe33ca415cb6 P b36e678cef774f1c99ded696347f742c: Neither blocks nor log segments found. Creating new log.
I20260608 10:00:04.297817  5904 tablet_bootstrap.cc:654] T 2942920517cd48de977f5ae942d58fc6 P 2f28dd2e4c014bb0b9e08c1064cb8447: Neither blocks nor log segments found. Creating new log.
I20260608 10:00:04.299410  5910 leader_election.cc:290] T 8e7b9ddbc5d6406e81d5831deca779bf P 2f28dd2e4c014bb0b9e08c1064cb8447 [CANDIDATE]: Term 1 election: Requested vote from peers 346aeaf0ddeb48e1835db5c9c86893c3 (127.4.230.130:34557), b36e678cef774f1c99ded696347f742c (127.4.230.131:36899)
I20260608 10:00:04.298857  5605 catalog_manager.cc:5696] T e636d30788bd4f6696a3d6d0add7ea59 P 346aeaf0ddeb48e1835db5c9c86893c3 reported cstate change: term changed from 0 to 1, leader changed from <none> to 346aeaf0ddeb48e1835db5c9c86893c3 (127.4.230.130). New cstate: current_term: 1 leader_uuid: "346aeaf0ddeb48e1835db5c9c86893c3" committed_config { opid_index: -1 OBSOLETE_local: false peers { permanent_uuid: "346aeaf0ddeb48e1835db5c9c86893c3" member_type: VOTER last_known_addr { host: "127.4.230.130" port: 34557 } health_report { overall_health: HEALTHY } } peers { permanent_uuid: "2f28dd2e4c014bb0b9e08c1064cb8447" member_type: VOTER last_known_addr { host: "127.4.230.129" port: 45395 } health_report { overall_health: UNKNOWN } } peers { permanent_uuid: "b36e678cef774f1c99ded696347f742c" member_type: VOTER last_known_addr { host: "127.4.230.131" port: 36899 } health_report { overall_health: UNKNOWN } } }
I20260608 10:00:04.293406  5672 leader_election.cc:304] T e636d30788bd4f6696a3d6d0add7ea59 P 2f28dd2e4c014bb0b9e08c1064cb8447 [CANDIDATE]: Term 1 election: Election decided. Result: candidate lost. Election summary: received 3 responses out of 3 voters: 1 yes votes; 2 no votes. yes voters: 2f28dd2e4c014bb0b9e08c1064cb8447; no voters: 346aeaf0ddeb48e1835db5c9c86893c3, b36e678cef774f1c99ded696347f742c
I20260608 10:00:04.305725  5856 tablet_service.cc:1917] Received RequestConsensusVote() RPC: tablet_id: "8e7b9ddbc5d6406e81d5831deca779bf" candidate_uuid: "2f28dd2e4c014bb0b9e08c1064cb8447" candidate_term: 1 candidate_status { last_received { term: 0 index: 0 } } ignore_live_leader: false dest_uuid: "b36e678cef774f1c99ded696347f742c"
I20260608 10:00:04.306703  5856 raft_consensus.cc:3060] T 8e7b9ddbc5d6406e81d5831deca779bf P b36e678cef774f1c99ded696347f742c [term 0 FOLLOWER]: Advancing to term 1
I20260608 10:00:04.304207  5937 raft_consensus.cc:515] T 00319f3c59684a199911305ca4a84813 P 2f28dd2e4c014bb0b9e08c1064cb8447 [term 1 FOLLOWER]: Starting leader election with config: opid_index: -1 OBSOLETE_local: false peers { permanent_uuid: "2f28dd2e4c014bb0b9e08c1064cb8447" member_type: VOTER last_known_addr { host: "127.4.230.129" port: 45395 } } peers { permanent_uuid: "346aeaf0ddeb48e1835db5c9c86893c3" member_type: VOTER last_known_addr { host: "127.4.230.130" port: 34557 } } peers { permanent_uuid: "b36e678cef774f1c99ded696347f742c" member_type: VOTER last_known_addr { host: "127.4.230.131" port: 36899 } }
I20260608 10:00:04.304754  5910 raft_consensus.cc:2749] T e636d30788bd4f6696a3d6d0add7ea59 P 2f28dd2e4c014bb0b9e08c1064cb8447 [term 1 FOLLOWER]: Leader election lost for term 1. Reason: could not achieve majority
I20260608 10:00:04.315508  5903 ts_tablet_manager.cc:1434] T d03611b2a24344b3bb5e0f60aaf0872b P 346aeaf0ddeb48e1835db5c9c86893c3: Time spent starting tablet: real 0.138s	user 0.009s	sys 0.003s
I20260608 10:00:04.315932  5856 raft_consensus.cc:2468] T 8e7b9ddbc5d6406e81d5831deca779bf P b36e678cef774f1c99ded696347f742c [term 1 FOLLOWER]: Leader election vote request: Granting yes vote for candidate 2f28dd2e4c014bb0b9e08c1064cb8447 in term 1.
I20260608 10:00:04.316601  5903 tablet_bootstrap.cc:492] T 2942920517cd48de977f5ae942d58fc6 P 346aeaf0ddeb48e1835db5c9c86893c3: Bootstrap starting.
I20260608 10:00:04.319963  5904 tablet_bootstrap.cc:492] T 2942920517cd48de977f5ae942d58fc6 P 2f28dd2e4c014bb0b9e08c1064cb8447: No bootstrap required, opened a new log
I20260608 10:00:04.320448  5904 ts_tablet_manager.cc:1403] T 2942920517cd48de977f5ae942d58fc6 P 2f28dd2e4c014bb0b9e08c1064cb8447: Time spent bootstrapping tablet: real 0.064s	user 0.017s	sys 0.007s
I20260608 10:00:04.321285  5905 tablet_bootstrap.cc:492] T a886272be5804a69a357fe33ca415cb6 P b36e678cef774f1c99ded696347f742c: No bootstrap required, opened a new log
I20260608 10:00:04.321782  5905 ts_tablet_manager.cc:1403] T a886272be5804a69a357fe33ca415cb6 P b36e678cef774f1c99ded696347f742c: Time spent bootstrapping tablet: real 0.060s	user 0.008s	sys 0.013s
I20260608 10:00:04.309019  5783 raft_consensus.cc:2468] T 8e7b9ddbc5d6406e81d5831deca779bf P 346aeaf0ddeb48e1835db5c9c86893c3 [term 1 FOLLOWER]: Leader election vote request: Granting yes vote for candidate 2f28dd2e4c014bb0b9e08c1064cb8447 in term 1.
I20260608 10:00:04.317098  5672 leader_election.cc:304] T 8e7b9ddbc5d6406e81d5831deca779bf P 2f28dd2e4c014bb0b9e08c1064cb8447 [CANDIDATE]: Term 1 election: Election decided. Result: candidate won. Election summary: received 2 responses out of 3 voters: 2 yes votes; 0 no votes. yes voters: 2f28dd2e4c014bb0b9e08c1064cb8447, b36e678cef774f1c99ded696347f742c; no voters: 
I20260608 10:00:04.323809  5910 raft_consensus.cc:2804] T 8e7b9ddbc5d6406e81d5831deca779bf P 2f28dd2e4c014bb0b9e08c1064cb8447 [term 1 FOLLOWER]: Leader election won for term 1
I20260608 10:00:04.327186  5910 raft_consensus.cc:697] T 8e7b9ddbc5d6406e81d5831deca779bf P 2f28dd2e4c014bb0b9e08c1064cb8447 [term 1 LEADER]: Becoming Leader. State: Replica: 2f28dd2e4c014bb0b9e08c1064cb8447, State: Running, Role: LEADER
I20260608 10:00:04.328049  5904 raft_consensus.cc:359] T 2942920517cd48de977f5ae942d58fc6 P 2f28dd2e4c014bb0b9e08c1064cb8447 [term 0 FOLLOWER]: Replica starting. Triggering 0 pending ops. Active config: opid_index: -1 OBSOLETE_local: false peers { permanent_uuid: "2f28dd2e4c014bb0b9e08c1064cb8447" member_type: VOTER last_known_addr { host: "127.4.230.129" port: 45395 } } peers { permanent_uuid: "346aeaf0ddeb48e1835db5c9c86893c3" member_type: VOTER last_known_addr { host: "127.4.230.130" port: 34557 } } peers { permanent_uuid: "b36e678cef774f1c99ded696347f742c" member_type: VOTER last_known_addr { host: "127.4.230.131" port: 36899 } }
I20260608 10:00:04.328672  5910 consensus_queue.cc:237] T 8e7b9ddbc5d6406e81d5831deca779bf P 2f28dd2e4c014bb0b9e08c1064cb8447 [LEADER]: Queue going to LEADER mode. State: All replicated index: 0, Majority replicated index: 0, Committed index: 0, Last appended: 0.0, Last appended by leader: 0, Current term: 1, Majority size: 2, State: 0, Mode: LEADER, active raft config: opid_index: -1 OBSOLETE_local: false peers { permanent_uuid: "2f28dd2e4c014bb0b9e08c1064cb8447" member_type: VOTER last_known_addr { host: "127.4.230.129" port: 45395 } } peers { permanent_uuid: "346aeaf0ddeb48e1835db5c9c86893c3" member_type: VOTER last_known_addr { host: "127.4.230.130" port: 34557 } } peers { permanent_uuid: "b36e678cef774f1c99ded696347f742c" member_type: VOTER last_known_addr { host: "127.4.230.131" port: 36899 } }
I20260608 10:00:04.329203  5904 raft_consensus.cc:385] T 2942920517cd48de977f5ae942d58fc6 P 2f28dd2e4c014bb0b9e08c1064cb8447 [term 0 FOLLOWER]: Consensus starting up: Expiring failure detector timer to make a prompt election more likely
I20260608 10:00:04.329520  5937 leader_election.cc:290] T 00319f3c59684a199911305ca4a84813 P 2f28dd2e4c014bb0b9e08c1064cb8447 [CANDIDATE]: Term 1 election: Requested vote from peers 346aeaf0ddeb48e1835db5c9c86893c3 (127.4.230.130:34557), b36e678cef774f1c99ded696347f742c (127.4.230.131:36899)
I20260608 10:00:04.329540  5904 raft_consensus.cc:740] T 2942920517cd48de977f5ae942d58fc6 P 2f28dd2e4c014bb0b9e08c1064cb8447 [term 0 FOLLOWER]: Becoming Follower/Learner. State: Replica: 2f28dd2e4c014bb0b9e08c1064cb8447, State: Initialized, Role: FOLLOWER
I20260608 10:00:04.331490  5904 consensus_queue.cc:260] T 2942920517cd48de977f5ae942d58fc6 P 2f28dd2e4c014bb0b9e08c1064cb8447 [NON_LEADER]: Queue going to NON_LEADER mode. State: All replicated index: 0, Majority replicated index: 0, Committed index: 0, Last appended: 0.0, Last appended by leader: 0, Current term: 0, Majority size: -1, State: 0, Mode: NON_LEADER, active raft config: opid_index: -1 OBSOLETE_local: false peers { permanent_uuid: "2f28dd2e4c014bb0b9e08c1064cb8447" member_type: VOTER last_known_addr { host: "127.4.230.129" port: 45395 } } peers { permanent_uuid: "346aeaf0ddeb48e1835db5c9c86893c3" member_type: VOTER last_known_addr { host: "127.4.230.130" port: 34557 } } peers { permanent_uuid: "b36e678cef774f1c99ded696347f742c" member_type: VOTER last_known_addr { host: "127.4.230.131" port: 36899 } }
I20260608 10:00:04.333398  5856 tablet_service.cc:1917] Received RequestConsensusVote() RPC: tablet_id: "00319f3c59684a199911305ca4a84813" candidate_uuid: "2f28dd2e4c014bb0b9e08c1064cb8447" candidate_term: 1 candidate_status { last_received { term: 0 index: 0 } } ignore_live_leader: false dest_uuid: "b36e678cef774f1c99ded696347f742c"
I20260608 10:00:04.334475  5783 tablet_service.cc:1917] Received RequestConsensusVote() RPC: tablet_id: "00319f3c59684a199911305ca4a84813" candidate_uuid: "2f28dd2e4c014bb0b9e08c1064cb8447" candidate_term: 1 candidate_status { last_received { term: 0 index: 0 } } ignore_live_leader: false dest_uuid: "346aeaf0ddeb48e1835db5c9c86893c3"
I20260608 10:00:04.334192  5905 raft_consensus.cc:359] T a886272be5804a69a357fe33ca415cb6 P b36e678cef774f1c99ded696347f742c [term 0 FOLLOWER]: Replica starting. Triggering 0 pending ops. Active config: opid_index: -1 OBSOLETE_local: false peers { permanent_uuid: "2f28dd2e4c014bb0b9e08c1064cb8447" member_type: VOTER last_known_addr { host: "127.4.230.129" port: 45395 } } peers { permanent_uuid: "346aeaf0ddeb48e1835db5c9c86893c3" member_type: VOTER last_known_addr { host: "127.4.230.130" port: 34557 } } peers { permanent_uuid: "b36e678cef774f1c99ded696347f742c" member_type: VOTER last_known_addr { host: "127.4.230.131" port: 36899 } }
I20260608 10:00:04.335266  5904 ts_tablet_manager.cc:1434] T 2942920517cd48de977f5ae942d58fc6 P 2f28dd2e4c014bb0b9e08c1064cb8447: Time spent starting tablet: real 0.015s	user 0.008s	sys 0.003s
I20260608 10:00:04.335266  5905 raft_consensus.cc:385] T a886272be5804a69a357fe33ca415cb6 P b36e678cef774f1c99ded696347f742c [term 0 FOLLOWER]: Consensus starting up: Expiring failure detector timer to make a prompt election more likely
