I20260608 10:01:20.618728  8382 raft_consensus.cc:385] T c478a2410b71443c88ab411200a80edf P 79859d2c5ebc4d718e0b59a633b88e4e [term 0 FOLLOWER]: Consensus starting up: Expiring failure detector timer to make a prompt election more likely
I20260608 10:01:20.619454  8382 raft_consensus.cc:740] T c478a2410b71443c88ab411200a80edf P 79859d2c5ebc4d718e0b59a633b88e4e [term 0 FOLLOWER]: Becoming Follower/Learner. State: Replica: 79859d2c5ebc4d718e0b59a633b88e4e, State: Initialized, Role: FOLLOWER
I20260608 10:01:20.620854  8382 consensus_queue.cc:260] T c478a2410b71443c88ab411200a80edf P 79859d2c5ebc4d718e0b59a633b88e4e [NON_LEADER]: Queue going to NON_LEADER mode. State: All replicated index: 0, Majority replicated index: 0, Committed index: 0, Last appended: 0.0, Last appended by leader: 0, Current term: 0, Majority size: -1, State: 0, Mode: NON_LEADER, active raft config: opid_index: -1 OBSOLETE_local: false peers { permanent_uuid: "ea1be38d4f2e4417bcf9676977f7592a" member_type: VOTER last_known_addr { host: "127.4.230.132" port: 44641 } } peers { permanent_uuid: "79859d2c5ebc4d718e0b59a633b88e4e" member_type: VOTER last_known_addr { host: "127.4.230.131" port: 46551 } } peers { permanent_uuid: "6a2e511d3c9c4611ab88953229e10c03" member_type: VOTER last_known_addr { host: "127.4.230.129" port: 33747 } }
I20260608 10:01:20.622020  8233 ts_tablet_manager.cc:1434] T 171588b9615c4fa4b59584b4173c120c P 159472a510ac42b696dda4bd3b58638e: Time spent starting tablet: real 0.012s	user 0.006s	sys 0.001s
I20260608 10:01:20.621381  8332 tablet_service.cc:1917] Received RequestConsensusVote() RPC: tablet_id: "ac302cd3bc464a078e7fd6c728cb29e6" candidate_uuid: "159472a510ac42b696dda4bd3b58638e" candidate_term: 1 candidate_status { last_received { term: 0 index: 0 } } ignore_live_leader: false dest_uuid: "ea1be38d4f2e4417bcf9676977f7592a" is_pre_election: true
I20260608 10:01:20.619427  8231 raft_consensus.cc:359] T 702360ee5c9c48e1b40b51f86a9e883b P 6a2e511d3c9c4611ab88953229e10c03 [term 0 FOLLOWER]: Replica starting. Triggering 0 pending ops. Active config: opid_index: -1 OBSOLETE_local: false peers { permanent_uuid: "159472a510ac42b696dda4bd3b58638e" member_type: VOTER last_known_addr { host: "127.4.230.130" port: 45707 } } peers { permanent_uuid: "ea1be38d4f2e4417bcf9676977f7592a" member_type: VOTER last_known_addr { host: "127.4.230.132" port: 44641 } } peers { permanent_uuid: "6a2e511d3c9c4611ab88953229e10c03" member_type: VOTER last_known_addr { host: "127.4.230.129" port: 33747 } }
I20260608 10:01:20.622668  8231 raft_consensus.cc:385] T 702360ee5c9c48e1b40b51f86a9e883b P 6a2e511d3c9c4611ab88953229e10c03 [term 0 FOLLOWER]: Consensus starting up: Expiring failure detector timer to make a prompt election more likely
I20260608 10:01:20.621351  8331 tablet_service.cc:1917] Received RequestConsensusVote() RPC: tablet_id: "ac302cd3bc464a078e7fd6c728cb29e6" candidate_uuid: "159472a510ac42b696dda4bd3b58638e" candidate_term: 1 candidate_status { last_received { term: 0 index: 0 } } ignore_live_leader: false dest_uuid: "ea1be38d4f2e4417bcf9676977f7592a"
I20260608 10:01:20.623781  8231 raft_consensus.cc:740] T 702360ee5c9c48e1b40b51f86a9e883b P 6a2e511d3c9c4611ab88953229e10c03 [term 0 FOLLOWER]: Becoming Follower/Learner. State: Replica: 6a2e511d3c9c4611ab88953229e10c03, State: Initialized, Role: FOLLOWER
W20260608 10:01:20.624174  8077 leader_election.cc:343] T ac302cd3bc464a078e7fd6c728cb29e6 P 159472a510ac42b696dda4bd3b58638e [CANDIDATE]: Term 1 pre-election: Tablet error from VoteRequest() call to peer ea1be38d4f2e4417bcf9676977f7592a (127.4.230.132:44641): Illegal state: must be running to vote when last-logged opid is not known
I20260608 10:01:20.625905  8231 consensus_queue.cc:260] T 702360ee5c9c48e1b40b51f86a9e883b P 6a2e511d3c9c4611ab88953229e10c03 [NON_LEADER]: Queue going to NON_LEADER mode. State: All replicated index: 0, Majority replicated index: 0, Committed index: 0, Last appended: 0.0, Last appended by leader: 0, Current term: 0, Majority size: -1, State: 0, Mode: NON_LEADER, active raft config: opid_index: -1 OBSOLETE_local: false peers { permanent_uuid: "159472a510ac42b696dda4bd3b58638e" member_type: VOTER last_known_addr { host: "127.4.230.130" port: 45707 } } peers { permanent_uuid: "ea1be38d4f2e4417bcf9676977f7592a" member_type: VOTER last_known_addr { host: "127.4.230.132" port: 44641 } } peers { permanent_uuid: "6a2e511d3c9c4611ab88953229e10c03" member_type: VOTER last_known_addr { host: "127.4.230.129" port: 33747 } }
W20260608 10:01:20.626910  8077 leader_election.cc:343] T ac302cd3bc464a078e7fd6c728cb29e6 P 159472a510ac42b696dda4bd3b58638e [CANDIDATE]: Term 1 election: Tablet error from VoteRequest() call to peer ea1be38d4f2e4417bcf9676977f7592a (127.4.230.132:44641): Illegal state: must be running to vote when last-logged opid is not known
I20260608 10:01:20.623099  8233 tablet_bootstrap.cc:492] T 2dfa842c52de4ba0a042b7ab6c338eb7 P 159472a510ac42b696dda4bd3b58638e: Bootstrap starting.
I20260608 10:01:20.628846  8231 ts_tablet_manager.cc:1434] T 702360ee5c9c48e1b40b51f86a9e883b P 6a2e511d3c9c4611ab88953229e10c03: Time spent starting tablet: real 0.012s	user 0.008s	sys 0.000s
I20260608 10:01:20.630556  8231 tablet_bootstrap.cc:492] T 997f6f46507040d9954f6025682fe003 P 6a2e511d3c9c4611ab88953229e10c03: Bootstrap starting.
I20260608 10:01:20.625041  8382 ts_tablet_manager.cc:1434] T c478a2410b71443c88ab411200a80edf P 79859d2c5ebc4d718e0b59a633b88e4e: Time spent starting tablet: real 0.041s	user 0.004s	sys 0.005s
I20260608 10:01:20.634850  8394 tablet_bootstrap.cc:492] T ac302cd3bc464a078e7fd6c728cb29e6 P ea1be38d4f2e4417bcf9676977f7592a: No bootstrap required, opened a new log
I20260608 10:01:20.635381  8394 ts_tablet_manager.cc:1403] T ac302cd3bc464a078e7fd6c728cb29e6 P ea1be38d4f2e4417bcf9676977f7592a: Time spent bootstrapping tablet: real 0.063s	user 0.009s	sys 0.010s
I20260608 10:01:20.635555  8382 tablet_bootstrap.cc:492] T c9baea8adfab4e7eb68ae81b65b23ba3 P 79859d2c5ebc4d718e0b59a633b88e4e: Bootstrap starting.
I20260608 10:01:20.636602  8231 tablet_bootstrap.cc:654] T 997f6f46507040d9954f6025682fe003 P 6a2e511d3c9c4611ab88953229e10c03: Neither blocks nor log segments found. Creating new log.
I20260608 10:01:20.638769  8394 raft_consensus.cc:359] T ac302cd3bc464a078e7fd6c728cb29e6 P ea1be38d4f2e4417bcf9676977f7592a [term 0 FOLLOWER]: Replica starting. Triggering 0 pending ops. Active config: opid_index: -1 OBSOLETE_local: false peers { permanent_uuid: "159472a510ac42b696dda4bd3b58638e" member_type: VOTER last_known_addr { host: "127.4.230.130" port: 45707 } } peers { permanent_uuid: "6a2e511d3c9c4611ab88953229e10c03" member_type: VOTER last_known_addr { host: "127.4.230.129" port: 33747 } } peers { permanent_uuid: "ea1be38d4f2e4417bcf9676977f7592a" member_type: VOTER last_known_addr { host: "127.4.230.132" port: 44641 } }
I20260608 10:01:20.639611  8394 raft_consensus.cc:385] T ac302cd3bc464a078e7fd6c728cb29e6 P ea1be38d4f2e4417bcf9676977f7592a [term 0 FOLLOWER]: Consensus starting up: Expiring failure detector timer to make a prompt election more likely
I20260608 10:01:20.641497  8394 raft_consensus.cc:740] T ac302cd3bc464a078e7fd6c728cb29e6 P ea1be38d4f2e4417bcf9676977f7592a [term 0 FOLLOWER]: Becoming Follower/Learner. State: Replica: ea1be38d4f2e4417bcf9676977f7592a, State: Initialized, Role: FOLLOWER
I20260608 10:01:20.643144  8382 tablet_bootstrap.cc:654] T c9baea8adfab4e7eb68ae81b65b23ba3 P 79859d2c5ebc4d718e0b59a633b88e4e: Neither blocks nor log segments found. Creating new log.
I20260608 10:01:20.646456  8233 tablet_bootstrap.cc:654] T 2dfa842c52de4ba0a042b7ab6c338eb7 P 159472a510ac42b696dda4bd3b58638e: Neither blocks nor log segments found. Creating new log.
I20260608 10:01:20.647490  8394 consensus_queue.cc:260] T ac302cd3bc464a078e7fd6c728cb29e6 P ea1be38d4f2e4417bcf9676977f7592a [NON_LEADER]: Queue going to NON_LEADER mode. State: All replicated index: 0, Majority replicated index: 0, Committed index: 0, Last appended: 0.0, Last appended by leader: 0, Current term: 0, Majority size: -1, State: 0, Mode: NON_LEADER, active raft config: opid_index: -1 OBSOLETE_local: false peers { permanent_uuid: "159472a510ac42b696dda4bd3b58638e" member_type: VOTER last_known_addr { host: "127.4.230.130" port: 45707 } } peers { permanent_uuid: "6a2e511d3c9c4611ab88953229e10c03" member_type: VOTER last_known_addr { host: "127.4.230.129" port: 33747 } } peers { permanent_uuid: "ea1be38d4f2e4417bcf9676977f7592a" member_type: VOTER last_known_addr { host: "127.4.230.132" port: 44641 } }
I20260608 10:01:20.666261  8233 tablet_bootstrap.cc:492] T 2dfa842c52de4ba0a042b7ab6c338eb7 P 159472a510ac42b696dda4bd3b58638e: No bootstrap required, opened a new log
I20260608 10:01:20.666807  8233 ts_tablet_manager.cc:1403] T 2dfa842c52de4ba0a042b7ab6c338eb7 P 159472a510ac42b696dda4bd3b58638e: Time spent bootstrapping tablet: real 0.044s	user 0.019s	sys 0.000s
I20260608 10:01:20.669819  8233 raft_consensus.cc:359] T 2dfa842c52de4ba0a042b7ab6c338eb7 P 159472a510ac42b696dda4bd3b58638e [term 0 FOLLOWER]: Replica starting. Triggering 0 pending ops. Active config: opid_index: -1 OBSOLETE_local: false peers { permanent_uuid: "6a2e511d3c9c4611ab88953229e10c03" member_type: VOTER last_known_addr { host: "127.4.230.129" port: 33747 } } peers { permanent_uuid: "ea1be38d4f2e4417bcf9676977f7592a" member_type: VOTER last_known_addr { host: "127.4.230.132" port: 44641 } } peers { permanent_uuid: "159472a510ac42b696dda4bd3b58638e" member_type: VOTER last_known_addr { host: "127.4.230.130" port: 45707 } }
I20260608 10:01:20.670482  8233 raft_consensus.cc:385] T 2dfa842c52de4ba0a042b7ab6c338eb7 P 159472a510ac42b696dda4bd3b58638e [term 0 FOLLOWER]: Consensus starting up: Expiring failure detector timer to make a prompt election more likely
I20260608 10:01:20.670768  8233 raft_consensus.cc:740] T 2dfa842c52de4ba0a042b7ab6c338eb7 P 159472a510ac42b696dda4bd3b58638e [term 0 FOLLOWER]: Becoming Follower/Learner. State: Replica: 159472a510ac42b696dda4bd3b58638e, State: Initialized, Role: FOLLOWER
I20260608 10:01:20.671553  8233 consensus_queue.cc:260] T 2dfa842c52de4ba0a042b7ab6c338eb7 P 159472a510ac42b696dda4bd3b58638e [NON_LEADER]: Queue going to NON_LEADER mode. State: All replicated index: 0, Majority replicated index: 0, Committed index: 0, Last appended: 0.0, Last appended by leader: 0, Current term: 0, Majority size: -1, State: 0, Mode: NON_LEADER, active raft config: opid_index: -1 OBSOLETE_local: false peers { permanent_uuid: "6a2e511d3c9c4611ab88953229e10c03" member_type: VOTER last_known_addr { host: "127.4.230.129" port: 33747 } } peers { permanent_uuid: "ea1be38d4f2e4417bcf9676977f7592a" member_type: VOTER last_known_addr { host: "127.4.230.132" port: 44641 } } peers { permanent_uuid: "159472a510ac42b696dda4bd3b58638e" member_type: VOTER last_known_addr { host: "127.4.230.130" port: 45707 } }
I20260608 10:01:20.673884  8233 ts_tablet_manager.cc:1434] T 2dfa842c52de4ba0a042b7ab6c338eb7 P 159472a510ac42b696dda4bd3b58638e: Time spent starting tablet: real 0.007s	user 0.005s	sys 0.000s
I20260608 10:01:20.674824  8233 tablet_bootstrap.cc:492] T 702360ee5c9c48e1b40b51f86a9e883b P 159472a510ac42b696dda4bd3b58638e: Bootstrap starting.
I20260608 10:01:20.686743  8233 tablet_bootstrap.cc:654] T 702360ee5c9c48e1b40b51f86a9e883b P 159472a510ac42b696dda4bd3b58638e: Neither blocks nor log segments found. Creating new log.
I20260608 10:01:20.688643  8231 tablet_bootstrap.cc:492] T 997f6f46507040d9954f6025682fe003 P 6a2e511d3c9c4611ab88953229e10c03: No bootstrap required, opened a new log
I20260608 10:01:20.689244  8231 ts_tablet_manager.cc:1403] T 997f6f46507040d9954f6025682fe003 P 6a2e511d3c9c4611ab88953229e10c03: Time spent bootstrapping tablet: real 0.059s	user 0.029s	sys 0.017s
I20260608 10:01:20.689333  8382 tablet_bootstrap.cc:492] T c9baea8adfab4e7eb68ae81b65b23ba3 P 79859d2c5ebc4d718e0b59a633b88e4e: No bootstrap required, opened a new log
I20260608 10:01:20.689978  8382 ts_tablet_manager.cc:1403] T c9baea8adfab4e7eb68ae81b65b23ba3 P 79859d2c5ebc4d718e0b59a633b88e4e: Time spent bootstrapping tablet: real 0.055s	user 0.010s	sys 0.028s
I20260608 10:01:20.691627  8357 heartbeater.cc:499] Master 127.4.230.190:32837 was elected leader, sending a full tablet report...
I20260608 10:01:20.692934  8231 raft_consensus.cc:359] T 997f6f46507040d9954f6025682fe003 P 6a2e511d3c9c4611ab88953229e10c03 [term 0 FOLLOWER]: Replica starting. Triggering 0 pending ops. Active config: opid_index: -1 OBSOLETE_local: false peers { permanent_uuid: "79859d2c5ebc4d718e0b59a633b88e4e" member_type: VOTER last_known_addr { host: "127.4.230.131" port: 46551 } } peers { permanent_uuid: "ea1be38d4f2e4417bcf9676977f7592a" member_type: VOTER last_known_addr { host: "127.4.230.132" port: 44641 } } peers { permanent_uuid: "6a2e511d3c9c4611ab88953229e10c03" member_type: VOTER last_known_addr { host: "127.4.230.129" port: 33747 } }
I20260608 10:01:20.693661  8231 raft_consensus.cc:385] T 997f6f46507040d9954f6025682fe003 P 6a2e511d3c9c4611ab88953229e10c03 [term 0 FOLLOWER]: Consensus starting up: Expiring failure detector timer to make a prompt election more likely
I20260608 10:01:20.694002  8231 raft_consensus.cc:740] T 997f6f46507040d9954f6025682fe003 P 6a2e511d3c9c4611ab88953229e10c03 [term 0 FOLLOWER]: Becoming Follower/Learner. State: Replica: 6a2e511d3c9c4611ab88953229e10c03, State: Initialized, Role: FOLLOWER
I20260608 10:01:20.693809  8382 raft_consensus.cc:359] T c9baea8adfab4e7eb68ae81b65b23ba3 P 79859d2c5ebc4d718e0b59a633b88e4e [term 0 FOLLOWER]: Replica starting. Triggering 0 pending ops. Active config: opid_index: -1 OBSOLETE_local: false peers { permanent_uuid: "159472a510ac42b696dda4bd3b58638e" member_type: VOTER last_known_addr { host: "127.4.230.130" port: 45707 } } peers { permanent_uuid: "79859d2c5ebc4d718e0b59a633b88e4e" member_type: VOTER last_known_addr { host: "127.4.230.131" port: 46551 } } peers { permanent_uuid: "ea1be38d4f2e4417bcf9676977f7592a" member_type: VOTER last_known_addr { host: "127.4.230.132" port: 44641 } }
I20260608 10:01:20.694700  8382 raft_consensus.cc:385] T c9baea8adfab4e7eb68ae81b65b23ba3 P 79859d2c5ebc4d718e0b59a633b88e4e [term 0 FOLLOWER]: Consensus starting up: Expiring failure detector timer to make a prompt election more likely
I20260608 10:01:20.695027  8382 raft_consensus.cc:740] T c9baea8adfab4e7eb68ae81b65b23ba3 P 79859d2c5ebc4d718e0b59a633b88e4e [term 0 FOLLOWER]: Becoming Follower/Learner. State: Replica: 79859d2c5ebc4d718e0b59a633b88e4e, State: Initialized, Role: FOLLOWER
I20260608 10:01:20.695820  8382 consensus_queue.cc:260] T c9baea8adfab4e7eb68ae81b65b23ba3 P 79859d2c5ebc4d718e0b59a633b88e4e [NON_LEADER]: Queue going to NON_LEADER mode. State: All replicated index: 0, Majority replicated index: 0, Committed index: 0, Last appended: 0.0, Last appended by leader: 0, Current term: 0, Majority size: -1, State: 0, Mode: NON_LEADER, active raft config: opid_index: -1 OBSOLETE_local: false peers { permanent_uuid: "159472a510ac42b696dda4bd3b58638e" member_type: VOTER last_known_addr { host: "127.4.230.130" port: 45707 } } peers { permanent_uuid: "79859d2c5ebc4d718e0b59a633b88e4e" member_type: VOTER last_known_addr { host: "127.4.230.131" port: 46551 } } peers { permanent_uuid: "ea1be38d4f2e4417bcf9676977f7592a" member_type: VOTER last_known_addr { host: "127.4.230.132" port: 44641 } }
I20260608 10:01:20.696842  8233 tablet_bootstrap.cc:492] T 702360ee5c9c48e1b40b51f86a9e883b P 159472a510ac42b696dda4bd3b58638e: No bootstrap required, opened a new log
I20260608 10:01:20.696449  8394 ts_tablet_manager.cc:1434] T ac302cd3bc464a078e7fd6c728cb29e6 P ea1be38d4f2e4417bcf9676977f7592a: Time spent starting tablet: real 0.061s	user 0.005s	sys 0.005s
I20260608 10:01:20.697429  8233 ts_tablet_manager.cc:1403] T 702360ee5c9c48e1b40b51f86a9e883b P 159472a510ac42b696dda4bd3b58638e: Time spent bootstrapping tablet: real 0.023s	user 0.013s	sys 0.001s
I20260608 10:01:20.698160  8394 tablet_bootstrap.cc:492] T 2dfa842c52de4ba0a042b7ab6c338eb7 P ea1be38d4f2e4417bcf9676977f7592a: Bootstrap starting.
I20260608 10:01:20.698307  8382 ts_tablet_manager.cc:1434] T c9baea8adfab4e7eb68ae81b65b23ba3 P 79859d2c5ebc4d718e0b59a633b88e4e: Time spent starting tablet: real 0.008s	user 0.003s	sys 0.002s
I20260608 10:01:20.695044  8231 consensus_queue.cc:260] T 997f6f46507040d9954f6025682fe003 P 6a2e511d3c9c4611ab88953229e10c03 [NON_LEADER]: Queue going to NON_LEADER mode. State: All replicated index: 0, Majority replicated index: 0, Committed index: 0, Last appended: 0.0, Last appended by leader: 0, Current term: 0, Majority size: -1, State: 0, Mode: NON_LEADER, active raft config: opid_index: -1 OBSOLETE_local: false peers { permanent_uuid: "79859d2c5ebc4d718e0b59a633b88e4e" member_type: VOTER last_known_addr { host: "127.4.230.131" port: 46551 } } peers { permanent_uuid: "ea1be38d4f2e4417bcf9676977f7592a" member_type: VOTER last_known_addr { host: "127.4.230.132" port: 44641 } } peers { permanent_uuid: "6a2e511d3c9c4611ab88953229e10c03" member_type: VOTER last_known_addr { host: "127.4.230.129" port: 33747 } }
I20260608 10:01:20.700455  8233 raft_consensus.cc:359] T 702360ee5c9c48e1b40b51f86a9e883b P 159472a510ac42b696dda4bd3b58638e [term 0 FOLLOWER]: Replica starting. Triggering 0 pending ops. Active config: opid_index: -1 OBSOLETE_local: false peers { permanent_uuid: "159472a510ac42b696dda4bd3b58638e" member_type: VOTER last_known_addr { host: "127.4.230.130" port: 45707 } } peers { permanent_uuid: "ea1be38d4f2e4417bcf9676977f7592a" member_type: VOTER last_known_addr { host: "127.4.230.132" port: 44641 } } peers { permanent_uuid: "6a2e511d3c9c4611ab88953229e10c03" member_type: VOTER last_known_addr { host: "127.4.230.129" port: 33747 } }
I20260608 10:01:20.701200  8233 raft_consensus.cc:385] T 702360ee5c9c48e1b40b51f86a9e883b P 159472a510ac42b696dda4bd3b58638e [term 0 FOLLOWER]: Consensus starting up: Expiring failure detector timer to make a prompt election more likely
I20260608 10:01:20.701458  8233 raft_consensus.cc:740] T 702360ee5c9c48e1b40b51f86a9e883b P 159472a510ac42b696dda4bd3b58638e [term 0 FOLLOWER]: Becoming Follower/Learner. State: Replica: 159472a510ac42b696dda4bd3b58638e, State: Initialized, Role: FOLLOWER
I20260608 10:01:20.700461  8382 tablet_bootstrap.cc:492] T 997f6f46507040d9954f6025682fe003 P 79859d2c5ebc4d718e0b59a633b88e4e: Bootstrap starting.
I20260608 10:01:20.703588  8233 consensus_queue.cc:260] T 702360ee5c9c48e1b40b51f86a9e883b P 159472a510ac42b696dda4bd3b58638e [NON_LEADER]: Queue going to NON_LEADER mode. State: All replicated index: 0, Majority replicated index: 0, Committed index: 0, Last appended: 0.0, Last appended by leader: 0, Current term: 0, Majority size: -1, State: 0, Mode: NON_LEADER, active raft config: opid_index: -1 OBSOLETE_local: false peers { permanent_uuid: "159472a510ac42b696dda4bd3b58638e" member_type: VOTER last_known_addr { host: "127.4.230.130" port: 45707 } } peers { permanent_uuid: "ea1be38d4f2e4417bcf9676977f7592a" member_type: VOTER last_known_addr { host: "127.4.230.132" port: 44641 } } peers { permanent_uuid: "6a2e511d3c9c4611ab88953229e10c03" member_type: VOTER last_known_addr { host: "127.4.230.129" port: 33747 } }
I20260608 10:01:20.704463  8231 ts_tablet_manager.cc:1434] T 997f6f46507040d9954f6025682fe003 P 6a2e511d3c9c4611ab88953229e10c03: Time spent starting tablet: real 0.015s	user 0.006s	sys 0.000s
I20260608 10:01:20.707366  8231 tablet_bootstrap.cc:492] T 2dfa842c52de4ba0a042b7ab6c338eb7 P 6a2e511d3c9c4611ab88953229e10c03: Bootstrap starting.
I20260608 10:01:20.708237  8233 ts_tablet_manager.cc:1434] T 702360ee5c9c48e1b40b51f86a9e883b P 159472a510ac42b696dda4bd3b58638e: Time spent starting tablet: real 0.010s	user 0.006s	sys 0.000s
I20260608 10:01:20.711555  8281 raft_consensus.cc:493] T 171588b9615c4fa4b59584b4173c120c P 159472a510ac42b696dda4bd3b58638e [term 0 FOLLOWER]: Starting pre-election (no leader contacted us within the election timeout)
I20260608 10:01:20.712083  8281 raft_consensus.cc:515] T 171588b9615c4fa4b59584b4173c120c P 159472a510ac42b696dda4bd3b58638e [term 0 FOLLOWER]: Starting pre-election with config: opid_index: -1 OBSOLETE_local: false peers { permanent_uuid: "159472a510ac42b696dda4bd3b58638e" member_type: VOTER last_known_addr { host: "127.4.230.130" port: 45707 } } peers { permanent_uuid: "ea1be38d4f2e4417bcf9676977f7592a" member_type: VOTER last_known_addr { host: "127.4.230.132" port: 44641 } } peers { permanent_uuid: "79859d2c5ebc4d718e0b59a633b88e4e" member_type: VOTER last_known_addr { host: "127.4.230.131" port: 46551 } }
I20260608 10:01:20.715459  8281 leader_election.cc:290] T 171588b9615c4fa4b59584b4173c120c P 159472a510ac42b696dda4bd3b58638e [CANDIDATE]: Term 1 pre-election: Requested pre-vote from peers ea1be38d4f2e4417bcf9676977f7592a (127.4.230.132:44641), 79859d2c5ebc4d718e0b59a633b88e4e (127.4.230.131:46551)
I20260608 10:01:20.716194  8382 tablet_bootstrap.cc:654] T 997f6f46507040d9954f6025682fe003 P 79859d2c5ebc4d718e0b59a633b88e4e: Neither blocks nor log segments found. Creating new log.
I20260608 10:01:20.716420  8331 tablet_service.cc:1917] Received RequestConsensusVote() RPC: tablet_id: "171588b9615c4fa4b59584b4173c120c" candidate_uuid: "159472a510ac42b696dda4bd3b58638e" candidate_term: 1 candidate_status { last_received { term: 0 index: 0 } } ignore_live_leader: false dest_uuid: "ea1be38d4f2e4417bcf9676977f7592a" is_pre_election: true
I20260608 10:01:20.718216  8185 tablet_service.cc:1917] Received RequestConsensusVote() RPC: tablet_id: "171588b9615c4fa4b59584b4173c120c" candidate_uuid: "159472a510ac42b696dda4bd3b58638e" candidate_term: 1 candidate_status { last_received { term: 0 index: 0 } } ignore_live_leader: false dest_uuid: "79859d2c5ebc4d718e0b59a633b88e4e" is_pre_election: true
W20260608 10:01:20.718976  8077 leader_election.cc:343] T 171588b9615c4fa4b59584b4173c120c P 159472a510ac42b696dda4bd3b58638e [CANDIDATE]: Term 1 pre-election: Tablet error from VoteRequest() call to peer ea1be38d4f2e4417bcf9676977f7592a (127.4.230.132:44641): Illegal state: must be running to vote when last-logged opid is not known
W20260608 10:01:20.719904  8076 leader_election.cc:343] T 171588b9615c4fa4b59584b4173c120c P 159472a510ac42b696dda4bd3b58638e [CANDIDATE]: Term 1 pre-election: Tablet error from VoteRequest() call to peer 79859d2c5ebc4d718e0b59a633b88e4e (127.4.230.131:46551): Illegal state: must be running to vote when last-logged opid is not known
I20260608 10:01:20.720379  8076 leader_election.cc:304] T 171588b9615c4fa4b59584b4173c120c P 159472a510ac42b696dda4bd3b58638e [CANDIDATE]: Term 1 pre-election: Election decided. Result: candidate lost. Election summary: received 3 responses out of 3 voters: 1 yes votes; 2 no votes. yes voters: 159472a510ac42b696dda4bd3b58638e; no voters: 79859d2c5ebc4d718e0b59a633b88e4e, ea1be38d4f2e4417bcf9676977f7592a
I20260608 10:01:20.721834  8231 tablet_bootstrap.cc:654] T 2dfa842c52de4ba0a042b7ab6c338eb7 P 6a2e511d3c9c4611ab88953229e10c03: Neither blocks nor log segments found. Creating new log.
I20260608 10:01:20.723894  8281 raft_consensus.cc:2749] T 171588b9615c4fa4b59584b4173c120c P 159472a510ac42b696dda4bd3b58638e [term 0 FOLLOWER]: Leader pre-election lost for term 1. Reason: could not achieve majority
I20260608 10:01:20.720028  8394 tablet_bootstrap.cc:654] T 2dfa842c52de4ba0a042b7ab6c338eb7 P ea1be38d4f2e4417bcf9676977f7592a: Neither blocks nor log segments found. Creating new log.
I20260608 10:01:20.729104  8231 tablet_bootstrap.cc:492] T 2dfa842c52de4ba0a042b7ab6c338eb7 P 6a2e511d3c9c4611ab88953229e10c03: No bootstrap required, opened a new log
I20260608 10:01:20.729687  8231 ts_tablet_manager.cc:1403] T 2dfa842c52de4ba0a042b7ab6c338eb7 P 6a2e511d3c9c4611ab88953229e10c03: Time spent bootstrapping tablet: real 0.023s	user 0.004s	sys 0.008s
I20260608 10:01:20.733580  8231 raft_consensus.cc:359] T 2dfa842c52de4ba0a042b7ab6c338eb7 P 6a2e511d3c9c4611ab88953229e10c03 [term 0 FOLLOWER]: Replica starting. Triggering 0 pending ops. Active config: opid_index: -1 OBSOLETE_local: false peers { permanent_uuid: "6a2e511d3c9c4611ab88953229e10c03" member_type: VOTER last_known_addr { host: "127.4.230.129" port: 33747 } } peers { permanent_uuid: "ea1be38d4f2e4417bcf9676977f7592a" member_type: VOTER last_known_addr { host: "127.4.230.132" port: 44641 } } peers { permanent_uuid: "159472a510ac42b696dda4bd3b58638e" member_type: VOTER last_known_addr { host: "127.4.230.130" port: 45707 } }
I20260608 10:01:20.734398  8231 raft_consensus.cc:385] T 2dfa842c52de4ba0a042b7ab6c338eb7 P 6a2e511d3c9c4611ab88953229e10c03 [term 0 FOLLOWER]: Consensus starting up: Expiring failure detector timer to make a prompt election more likely
I20260608 10:01:20.734679  8231 raft_consensus.cc:740] T 2dfa842c52de4ba0a042b7ab6c338eb7 P 6a2e511d3c9c4611ab88953229e10c03 [term 0 FOLLOWER]: Becoming Follower/Learner. State: Replica: 6a2e511d3c9c4611ab88953229e10c03, State: Initialized, Role: FOLLOWER
I20260608 10:01:20.735584  8231 consensus_queue.cc:260] T 2dfa842c52de4ba0a042b7ab6c338eb7 P 6a2e511d3c9c4611ab88953229e10c03 [NON_LEADER]: Queue going to NON_LEADER mode. State: All replicated index: 0, Majority replicated index: 0, Committed index: 0, Last appended: 0.0, Last appended by leader: 0, Current term: 0, Majority size: -1, State: 0, Mode: NON_LEADER, active raft config: opid_index: -1 OBSOLETE_local: false peers { permanent_uuid: "6a2e511d3c9c4611ab88953229e10c03" member_type: VOTER last_known_addr { host: "127.4.230.129" port: 33747 } } peers { permanent_uuid: "ea1be38d4f2e4417bcf9676977f7592a" member_type: VOTER last_known_addr { host: "127.4.230.132" port: 44641 } } peers { permanent_uuid: "159472a510ac42b696dda4bd3b58638e" member_type: VOTER last_known_addr { host: "127.4.230.130" port: 45707 } }
I20260608 10:01:20.736505  8394 tablet_bootstrap.cc:492] T 2dfa842c52de4ba0a042b7ab6c338eb7 P ea1be38d4f2e4417bcf9676977f7592a: No bootstrap required, opened a new log
I20260608 10:01:20.736677  8382 tablet_bootstrap.cc:492] T 997f6f46507040d9954f6025682fe003 P 79859d2c5ebc4d718e0b59a633b88e4e: No bootstrap required, opened a new log
I20260608 10:01:20.737144  8394 ts_tablet_manager.cc:1403] T 2dfa842c52de4ba0a042b7ab6c338eb7 P ea1be38d4f2e4417bcf9676977f7592a: Time spent bootstrapping tablet: real 0.039s	user 0.011s	sys 0.006s
I20260608 10:01:20.737232  8382 ts_tablet_manager.cc:1403] T 997f6f46507040d9954f6025682fe003 P 79859d2c5ebc4d718e0b59a633b88e4e: Time spent bootstrapping tablet: real 0.037s	user 0.014s	sys 0.006s
I20260608 10:01:20.740702  8382 raft_consensus.cc:359] T 997f6f46507040d9954f6025682fe003 P 79859d2c5ebc4d718e0b59a633b88e4e [term 0 FOLLOWER]: Replica starting. Triggering 0 pending ops. Active config: opid_index: -1 OBSOLETE_local: false peers { permanent_uuid: "79859d2c5ebc4d718e0b59a633b88e4e" member_type: VOTER last_known_addr { host: "127.4.230.131" port: 46551 } } peers { permanent_uuid: "ea1be38d4f2e4417bcf9676977f7592a" member_type: VOTER last_known_addr { host: "127.4.230.132" port: 44641 } } peers { permanent_uuid: "6a2e511d3c9c4611ab88953229e10c03" member_type: VOTER last_known_addr { host: "127.4.230.129" port: 33747 } }
I20260608 10:01:20.741335  8231 ts_tablet_manager.cc:1434] T 2dfa842c52de4ba0a042b7ab6c338eb7 P 6a2e511d3c9c4611ab88953229e10c03: Time spent starting tablet: real 0.011s	user 0.007s	sys 0.000s
I20260608 10:01:20.741446  8382 raft_consensus.cc:385] T 997f6f46507040d9954f6025682fe003 P 79859d2c5ebc4d718e0b59a633b88e4e [term 0 FOLLOWER]: Consensus starting up: Expiring failure detector timer to make a prompt election more likely
I20260608 10:01:20.741856  8382 raft_consensus.cc:740] T 997f6f46507040d9954f6025682fe003 P 79859d2c5ebc4d718e0b59a633b88e4e [term 0 FOLLOWER]: Becoming Follower/Learner. State: Replica: 79859d2c5ebc4d718e0b59a633b88e4e, State: Initialized, Role: FOLLOWER
I20260608 10:01:20.742425  8231 tablet_bootstrap.cc:492] T 4db8787ffad64edba18f6fcbfeea506a P 6a2e511d3c9c4611ab88953229e10c03: Bootstrap starting.
I20260608 10:01:20.743227  8382 consensus_queue.cc:260] T 997f6f46507040d9954f6025682fe003 P 79859d2c5ebc4d718e0b59a633b88e4e [NON_LEADER]: Queue going to NON_LEADER mode. State: All replicated index: 0, Majority replicated index: 0, Committed index: 0, Last appended: 0.0, Last appended by leader: 0, Current term: 0, Majority size: -1, State: 0, Mode: NON_LEADER, active raft config: opid_index: -1 OBSOLETE_local: false peers { permanent_uuid: "79859d2c5ebc4d718e0b59a633b88e4e" member_type: VOTER last_known_addr { host: "127.4.230.131" port: 46551 } } peers { permanent_uuid: "ea1be38d4f2e4417bcf9676977f7592a" member_type: VOTER last_known_addr { host: "127.4.230.132" port: 44641 } } peers { permanent_uuid: "6a2e511d3c9c4611ab88953229e10c03" member_type: VOTER last_known_addr { host: "127.4.230.129" port: 33747 } }
I20260608 10:01:20.743410  8394 raft_consensus.cc:359] T 2dfa842c52de4ba0a042b7ab6c338eb7 P ea1be38d4f2e4417bcf9676977f7592a [term 0 FOLLOWER]: Replica starting. Triggering 0 pending ops. Active config: opid_index: -1 OBSOLETE_local: false peers { permanent_uuid: "6a2e511d3c9c4611ab88953229e10c03" member_type: VOTER last_known_addr { host: "127.4.230.129" port: 33747 } } peers { permanent_uuid: "ea1be38d4f2e4417bcf9676977f7592a" member_type: VOTER last_known_addr { host: "127.4.230.132" port: 44641 } } peers { permanent_uuid: "159472a510ac42b696dda4bd3b58638e" member_type: VOTER last_known_addr { host: "127.4.230.130" port: 45707 } }
I20260608 10:01:20.744261  8394 raft_consensus.cc:385] T 2dfa842c52de4ba0a042b7ab6c338eb7 P ea1be38d4f2e4417bcf9676977f7592a [term 0 FOLLOWER]: Consensus starting up: Expiring failure detector timer to make a prompt election more likely
I20260608 10:01:20.744643  8394 raft_consensus.cc:740] T 2dfa842c52de4ba0a042b7ab6c338eb7 P ea1be38d4f2e4417bcf9676977f7592a [term 0 FOLLOWER]: Becoming Follower/Learner. State: Replica: ea1be38d4f2e4417bcf9676977f7592a, State: Initialized, Role: FOLLOWER
I20260608 10:01:20.745482  8394 consensus_queue.cc:260] T 2dfa842c52de4ba0a042b7ab6c338eb7 P ea1be38d4f2e4417bcf9676977f7592a [NON_LEADER]: Queue going to NON_LEADER mode. State: All replicated index: 0, Majority replicated index: 0, Committed index: 0, Last appended: 0.0, Last appended by leader: 0, Current term: 0, Majority size: -1, State: 0, Mode: NON_LEADER, active raft config: opid_index: -1 OBSOLETE_local: false peers { permanent_uuid: "6a2e511d3c9c4611ab88953229e10c03" member_type: VOTER last_known_addr { host: "127.4.230.129" port: 33747 } } peers { permanent_uuid: "ea1be38d4f2e4417bcf9676977f7592a" member_type: VOTER last_known_addr { host: "127.4.230.132" port: 44641 } } peers { permanent_uuid: "159472a510ac42b696dda4bd3b58638e" member_type: VOTER last_known_addr { host: "127.4.230.130" port: 45707 } }
I20260608 10:01:20.746889  8386 raft_consensus.cc:493] T c9baea8adfab4e7eb68ae81b65b23ba3 P 79859d2c5ebc4d718e0b59a633b88e4e [term 0 FOLLOWER]: Starting pre-election (no leader contacted us within the election timeout)
I20260608 10:01:20.747380  8386 raft_consensus.cc:515] T c9baea8adfab4e7eb68ae81b65b23ba3 P 79859d2c5ebc4d718e0b59a633b88e4e [term 0 FOLLOWER]: Starting pre-election with config: opid_index: -1 OBSOLETE_local: false peers { permanent_uuid: "159472a510ac42b696dda4bd3b58638e" member_type: VOTER last_known_addr { host: "127.4.230.130" port: 45707 } } peers { permanent_uuid: "79859d2c5ebc4d718e0b59a633b88e4e" member_type: VOTER last_known_addr { host: "127.4.230.131" port: 46551 } } peers { permanent_uuid: "ea1be38d4f2e4417bcf9676977f7592a" member_type: VOTER last_known_addr { host: "127.4.230.132" port: 44641 } }
I20260608 10:01:20.748620  8394 ts_tablet_manager.cc:1434] T 2dfa842c52de4ba0a042b7ab6c338eb7 P ea1be38d4f2e4417bcf9676977f7592a: Time spent starting tablet: real 0.011s	user 0.006s	sys 0.000s
I20260608 10:01:20.749559  8231 tablet_bootstrap.cc:654] T 4db8787ffad64edba18f6fcbfeea506a P 6a2e511d3c9c4611ab88953229e10c03: Neither blocks nor log segments found. Creating new log.
I20260608 10:01:20.749647  8394 tablet_bootstrap.cc:492] T c9baea8adfab4e7eb68ae81b65b23ba3 P ea1be38d4f2e4417bcf9676977f7592a: Bootstrap starting.
I20260608 10:01:20.749946  8386 leader_election.cc:290] T c9baea8adfab4e7eb68ae81b65b23ba3 P 79859d2c5ebc4d718e0b59a633b88e4e [CANDIDATE]: Term 1 pre-election: Requested pre-vote from peers 159472a510ac42b696dda4bd3b58638e (127.4.230.130:45707), ea1be38d4f2e4417bcf9676977f7592a (127.4.230.132:44641)
I20260608 10:01:20.751631  8110 tablet_service.cc:1917] Received RequestConsensusVote() RPC: tablet_id: "c9baea8adfab4e7eb68ae81b65b23ba3" candidate_uuid: "79859d2c5ebc4d718e0b59a633b88e4e" candidate_term: 1 candidate_status { last_received { term: 0 index: 0 } } ignore_live_leader: false dest_uuid: "159472a510ac42b696dda4bd3b58638e" is_pre_election: true
I20260608 10:01:20.752283  8110 raft_consensus.cc:2468] T c9baea8adfab4e7eb68ae81b65b23ba3 P 159472a510ac42b696dda4bd3b58638e [term 0 FOLLOWER]: Leader pre-election vote request: Granting yes vote for candidate 79859d2c5ebc4d718e0b59a633b88e4e in term 0.
I20260608 10:01:20.753325  8281 raft_consensus.cc:493] T c9baea8adfab4e7eb68ae81b65b23ba3 P 159472a510ac42b696dda4bd3b58638e [term 0 FOLLOWER]: Starting pre-election (no leader contacted us within the election timeout)
I20260608 10:01:20.754160  8281 raft_consensus.cc:515] T c9baea8adfab4e7eb68ae81b65b23ba3 P 159472a510ac42b696dda4bd3b58638e [term 0 FOLLOWER]: Starting pre-election with config: opid_index: -1 OBSOLETE_local: false peers { permanent_uuid: "159472a510ac42b696dda4bd3b58638e" member_type: VOTER last_known_addr { host: "127.4.230.130" port: 45707 } } peers { permanent_uuid: "79859d2c5ebc4d718e0b59a633b88e4e" member_type: VOTER last_known_addr { host: "127.4.230.131" port: 46551 } } peers { permanent_uuid: "ea1be38d4f2e4417bcf9676977f7592a" member_type: VOTER last_known_addr { host: "127.4.230.132" port: 44641 } }
I20260608 10:01:20.754864  8231 tablet_bootstrap.cc:492] T 4db8787ffad64edba18f6fcbfeea506a P 6a2e511d3c9c4611ab88953229e10c03: No bootstrap required, opened a new log
I20260608 10:01:20.755317  8231 ts_tablet_manager.cc:1403] T 4db8787ffad64edba18f6fcbfeea506a P 6a2e511d3c9c4611ab88953229e10c03: Time spent bootstrapping tablet: real 0.013s	user 0.008s	sys 0.003s
I20260608 10:01:20.757779  8331 tablet_service.cc:1917] Received RequestConsensusVote() RPC: tablet_id: "c9baea8adfab4e7eb68ae81b65b23ba3" candidate_uuid: "159472a510ac42b696dda4bd3b58638e" candidate_term: 1 candidate_status { last_received { term: 0 index: 0 } } ignore_live_leader: false dest_uuid: "ea1be38d4f2e4417bcf9676977f7592a" is_pre_election: true
I20260608 10:01:20.758826  8281 leader_election.cc:290] T c9baea8adfab4e7eb68ae81b65b23ba3 P 159472a510ac42b696dda4bd3b58638e [CANDIDATE]: Term 1 pre-election: Requested pre-vote from peers 79859d2c5ebc4d718e0b59a633b88e4e (127.4.230.131:46551), ea1be38d4f2e4417bcf9676977f7592a (127.4.230.132:44641)
I20260608 10:01:20.760412  8148 leader_election.cc:304] T c9baea8adfab4e7eb68ae81b65b23ba3 P 79859d2c5ebc4d718e0b59a633b88e4e [CANDIDATE]: Term 1 pre-election: Election decided. Result: candidate won. Election summary: received 2 responses out of 3 voters: 2 yes votes; 0 no votes. yes voters: 159472a510ac42b696dda4bd3b58638e, 79859d2c5ebc4d718e0b59a633b88e4e; no voters: 
W20260608 10:01:20.759830  8077 leader_election.cc:343] T c9baea8adfab4e7eb68ae81b65b23ba3 P 159472a510ac42b696dda4bd3b58638e [CANDIDATE]: Term 1 pre-election: Tablet error from VoteRequest() call to peer ea1be38d4f2e4417bcf9676977f7592a (127.4.230.132:44641): Illegal state: must be running to vote when last-logged opid is not known
I20260608 10:01:20.761338  8386 raft_consensus.cc:2804] T c9baea8adfab4e7eb68ae81b65b23ba3 P 79859d2c5ebc4d718e0b59a633b88e4e [term 0 FOLLOWER]: Leader pre-election won for term 1
I20260608 10:01:20.761735  8386 raft_consensus.cc:493] T c9baea8adfab4e7eb68ae81b65b23ba3 P 79859d2c5ebc4d718e0b59a633b88e4e [term 0 FOLLOWER]: Starting leader election (no leader contacted us within the election timeout)
I20260608 10:01:20.762082  8386 raft_consensus.cc:3060] T c9baea8adfab4e7eb68ae81b65b23ba3 P 79859d2c5ebc4d718e0b59a633b88e4e [term 0 FOLLOWER]: Advancing to term 1
I20260608 10:01:20.759871  7931 catalog_manager.cc:6241] T 00000000000000000000000000000000 P a44e28859adb420b8ab78cb6d61c1e23: range_aware_rebalance_new_range [id=766448a09ea04a66bfc26c84167e8660] alter complete (version 0)
I20260608 10:01:20.767172  8394 tablet_bootstrap.cc:654] T c9baea8adfab4e7eb68ae81b65b23ba3 P ea1be38d4f2e4417bcf9676977f7592a: Neither blocks nor log segments found. Creating new log.
I20260608 10:01:20.769446  8185 tablet_service.cc:1917] Received RequestConsensusVote() RPC: tablet_id: "c9baea8adfab4e7eb68ae81b65b23ba3" candidate_uuid: "159472a510ac42b696dda4bd3b58638e" candidate_term: 1 candidate_status { last_received { term: 0 index: 0 } } ignore_live_leader: false dest_uuid: "79859d2c5ebc4d718e0b59a633b88e4e" is_pre_election: true
I20260608 10:01:20.774788  8394 tablet_bootstrap.cc:492] T c9baea8adfab4e7eb68ae81b65b23ba3 P ea1be38d4f2e4417bcf9676977f7592a: No bootstrap required, opened a new log
I20260608 10:01:20.775408  8394 ts_tablet_manager.cc:1403] T c9baea8adfab4e7eb68ae81b65b23ba3 P ea1be38d4f2e4417bcf9676977f7592a: Time spent bootstrapping tablet: real 0.026s	user 0.007s	sys 0.005s
I20260608 10:01:20.759512  8382 ts_tablet_manager.cc:1434] T 997f6f46507040d9954f6025682fe003 P 79859d2c5ebc4d718e0b59a633b88e4e: Time spent starting tablet: real 0.022s	user 0.007s	sys 0.000s
I20260608 10:01:20.758852  8231 raft_consensus.cc:359] T 4db8787ffad64edba18f6fcbfeea506a P 6a2e511d3c9c4611ab88953229e10c03 [term 0 FOLLOWER]: Replica starting. Triggering 0 pending ops. Active config: opid_index: -1 OBSOLETE_local: false peers { permanent_uuid: "79859d2c5ebc4d718e0b59a633b88e4e" member_type: VOTER last_known_addr { host: "127.4.230.131" port: 46551 } } peers { permanent_uuid: "ea1be38d4f2e4417bcf9676977f7592a" member_type: VOTER last_known_addr { host: "127.4.230.132" port: 44641 } } peers { permanent_uuid: "6a2e511d3c9c4611ab88953229e10c03" member_type: VOTER last_known_addr { host: "127.4.230.129" port: 33747 } }
I20260608 10:01:20.776075  8231 raft_consensus.cc:385] T 4db8787ffad64edba18f6fcbfeea506a P 6a2e511d3c9c4611ab88953229e10c03 [term 0 FOLLOWER]: Consensus starting up: Expiring failure detector timer to make a prompt election more likely
I20260608 10:01:20.776367  8231 raft_consensus.cc:740] T 4db8787ffad64edba18f6fcbfeea506a P 6a2e511d3c9c4611ab88953229e10c03 [term 0 FOLLOWER]: Becoming Follower/Learner. State: Replica: 6a2e511d3c9c4611ab88953229e10c03, State: Initialized, Role: FOLLOWER
I20260608 10:01:20.777079  8231 consensus_queue.cc:260] T 4db8787ffad64edba18f6fcbfeea506a P 6a2e511d3c9c4611ab88953229e10c03 [NON_LEADER]: Queue going to NON_LEADER mode. State: All replicated index: 0, Majority replicated index: 0, Committed index: 0, Last appended: 0.0, Last appended by leader: 0, Current term: 0, Majority size: -1, State: 0, Mode: NON_LEADER, active raft config: opid_index: -1 OBSOLETE_local: false peers { permanent_uuid: "79859d2c5ebc4d718e0b59a633b88e4e" member_type: VOTER last_known_addr { host: "127.4.230.131" port: 46551 } } peers { permanent_uuid: "ea1be38d4f2e4417bcf9676977f7592a" member_type: VOTER last_known_addr { host: "127.4.230.132" port: 44641 } } peers { permanent_uuid: "6a2e511d3c9c4611ab88953229e10c03" member_type: VOTER last_known_addr { host: "127.4.230.129" port: 33747 } }
I20260608 10:01:20.779093  8382 tablet_bootstrap.cc:492] T 171588b9615c4fa4b59584b4173c120c P 79859d2c5ebc4d718e0b59a633b88e4e: Bootstrap starting.
I20260608 10:01:20.779193  8231 ts_tablet_manager.cc:1434] T 4db8787ffad64edba18f6fcbfeea506a P 6a2e511d3c9c4611ab88953229e10c03: Time spent starting tablet: real 0.024s	user 0.007s	sys 0.000s
I20260608 10:01:20.782641  8394 raft_consensus.cc:359] T c9baea8adfab4e7eb68ae81b65b23ba3 P ea1be38d4f2e4417bcf9676977f7592a [term 0 FOLLOWER]: Replica starting. Triggering 0 pending ops. Active config: opid_index: -1 OBSOLETE_local: false peers { permanent_uuid: "159472a510ac42b696dda4bd3b58638e" member_type: VOTER last_known_addr { host: "127.4.230.130" port: 45707 } } peers { permanent_uuid: "79859d2c5ebc4d718e0b59a633b88e4e" member_type: VOTER last_known_addr { host: "127.4.230.131" port: 46551 } } peers { permanent_uuid: "ea1be38d4f2e4417bcf9676977f7592a" member_type: VOTER last_known_addr { host: "127.4.230.132" port: 44641 } }
I20260608 10:01:20.783577  8394 raft_consensus.cc:385] T c9baea8adfab4e7eb68ae81b65b23ba3 P ea1be38d4f2e4417bcf9676977f7592a [term 0 FOLLOWER]: Consensus starting up: Expiring failure detector timer to make a prompt election more likely
I20260608 10:01:20.783948  8394 raft_consensus.cc:740] T c9baea8adfab4e7eb68ae81b65b23ba3 P ea1be38d4f2e4417bcf9676977f7592a [term 0 FOLLOWER]: Becoming Follower/Learner. State: Replica: ea1be38d4f2e4417bcf9676977f7592a, State: Initialized, Role: FOLLOWER
I20260608 10:01:20.784804  8267 raft_consensus.cc:493] T 2dfa842c52de4ba0a042b7ab6c338eb7 P 6a2e511d3c9c4611ab88953229e10c03 [term 0 FOLLOWER]: Starting pre-election (no leader contacted us within the election timeout)
I20260608 10:01:20.785142  8331 tablet_service.cc:1917] Received RequestConsensusVote() RPC: tablet_id: "c9baea8adfab4e7eb68ae81b65b23ba3" candidate_uuid: "79859d2c5ebc4d718e0b59a633b88e4e" candidate_term: 1 candidate_status { last_received { term: 0 index: 0 } } ignore_live_leader: false dest_uuid: "ea1be38d4f2e4417bcf9676977f7592a" is_pre_election: true
I20260608 10:01:20.784884  8394 consensus_queue.cc:260] T c9baea8adfab4e7eb68ae81b65b23ba3 P ea1be38d4f2e4417bcf9676977f7592a [NON_LEADER]: Queue going to NON_LEADER mode. State: All replicated index: 0, Majority replicated index: 0, Committed index: 0, Last appended: 0.0, Last appended by leader: 0, Current term: 0, Majority size: -1, State: 0, Mode: NON_LEADER, active raft config: opid_index: -1 OBSOLETE_local: false peers { permanent_uuid: "159472a510ac42b696dda4bd3b58638e" member_type: VOTER last_known_addr { host: "127.4.230.130" port: 45707 } } peers { permanent_uuid: "79859d2c5ebc4d718e0b59a633b88e4e" member_type: VOTER last_known_addr { host: "127.4.230.131" port: 46551 } } peers { permanent_uuid: "ea1be38d4f2e4417bcf9676977f7592a" member_type: VOTER last_known_addr { host: "127.4.230.132" port: 44641 } }
I20260608 10:01:20.785362  8267 raft_consensus.cc:515] T 2dfa842c52de4ba0a042b7ab6c338eb7 P 6a2e511d3c9c4611ab88953229e10c03 [term 0 FOLLOWER]: Starting pre-election with config: opid_index: -1 OBSOLETE_local: false peers { permanent_uuid: "6a2e511d3c9c4611ab88953229e10c03" member_type: VOTER last_known_addr { host: "127.4.230.129" port: 33747 } } peers { permanent_uuid: "ea1be38d4f2e4417bcf9676977f7592a" member_type: VOTER last_known_addr { host: "127.4.230.132" port: 44641 } } peers { permanent_uuid: "159472a510ac42b696dda4bd3b58638e" member_type: VOTER last_known_addr { host: "127.4.230.130" port: 45707 } }
I20260608 10:01:20.786271  8331 raft_consensus.cc:2468] T c9baea8adfab4e7eb68ae81b65b23ba3 P ea1be38d4f2e4417bcf9676977f7592a [term 0 FOLLOWER]: Leader pre-election vote request: Granting yes vote for candidate 79859d2c5ebc4d718e0b59a633b88e4e in term 0.
I20260608 10:01:20.787361  8382 tablet_bootstrap.cc:654] T 171588b9615c4fa4b59584b4173c120c P 79859d2c5ebc4d718e0b59a633b88e4e: Neither blocks nor log segments found. Creating new log.
I20260608 10:01:20.788018  8267 leader_election.cc:290] T 2dfa842c52de4ba0a042b7ab6c338eb7 P 6a2e511d3c9c4611ab88953229e10c03 [CANDIDATE]: Term 1 pre-election: Requested pre-vote from peers ea1be38d4f2e4417bcf9676977f7592a (127.4.230.132:44641), 159472a510ac42b696dda4bd3b58638e (127.4.230.130:45707)
I20260608 10:01:20.789255  8110 tablet_service.cc:1917] Received RequestConsensusVote() RPC: tablet_id: "2dfa842c52de4ba0a042b7ab6c338eb7" candidate_uuid: "6a2e511d3c9c4611ab88953229e10c03" candidate_term: 1 candidate_status { last_received { term: 0 index: 0 } } ignore_live_leader: false dest_uuid: "159472a510ac42b696dda4bd3b58638e" is_pre_election: true
I20260608 10:01:20.789885  8110 raft_consensus.cc:2468] T 2dfa842c52de4ba0a042b7ab6c338eb7 P 159472a510ac42b696dda4bd3b58638e [term 0 FOLLOWER]: Leader pre-election vote request: Granting yes vote for candidate 6a2e511d3c9c4611ab88953229e10c03 in term 0.
I20260608 10:01:20.791260  7999 leader_election.cc:304] T 2dfa842c52de4ba0a042b7ab6c338eb7 P 6a2e511d3c9c4611ab88953229e10c03 [CANDIDATE]: Term 1 pre-election: Election decided. Result: candidate won. Election summary: received 2 responses out of 3 voters: 2 yes votes; 0 no votes. yes voters: 159472a510ac42b696dda4bd3b58638e, 6a2e511d3c9c4611ab88953229e10c03; no voters: 
I20260608 10:01:20.787837  8394 ts_tablet_manager.cc:1434] T c9baea8adfab4e7eb68ae81b65b23ba3 P ea1be38d4f2e4417bcf9676977f7592a: Time spent starting tablet: real 0.012s	user 0.007s	sys 0.000s
I20260608 10:01:20.792984  8394 tablet_bootstrap.cc:492] T 702360ee5c9c48e1b40b51f86a9e883b P ea1be38d4f2e4417bcf9676977f7592a: Bootstrap starting.
I20260608 10:01:20.793396  8382 tablet_bootstrap.cc:492] T 171588b9615c4fa4b59584b4173c120c P 79859d2c5ebc4d718e0b59a633b88e4e: No bootstrap required, opened a new log
I20260608 10:01:20.793797  8382 ts_tablet_manager.cc:1403] T 171588b9615c4fa4b59584b4173c120c P 79859d2c5ebc4d718e0b59a633b88e4e: Time spent bootstrapping tablet: real 0.015s	user 0.012s	sys 0.000s
I20260608 10:01:20.794504  8267 raft_consensus.cc:2804] T 2dfa842c52de4ba0a042b7ab6c338eb7 P 6a2e511d3c9c4611ab88953229e10c03 [term 0 FOLLOWER]: Leader pre-election won for term 1
I20260608 10:01:20.794917  8267 raft_consensus.cc:493] T 2dfa842c52de4ba0a042b7ab6c338eb7 P 6a2e511d3c9c4611ab88953229e10c03 [term 0 FOLLOWER]: Starting leader election (no leader contacted us within the election timeout)
I20260608 10:01:20.795244  8267 raft_consensus.cc:3060] T 2dfa842c52de4ba0a042b7ab6c338eb7 P 6a2e511d3c9c4611ab88953229e10c03 [term 0 FOLLOWER]: Advancing to term 1
I20260608 10:01:20.797441  8382 raft_consensus.cc:359] T 171588b9615c4fa4b59584b4173c120c P 79859d2c5ebc4d718e0b59a633b88e4e [term 0 FOLLOWER]: Replica starting. Triggering 0 pending ops. Active config: opid_index: -1 OBSOLETE_local: false peers { permanent_uuid: "159472a510ac42b696dda4bd3b58638e" member_type: VOTER last_known_addr { host: "127.4.230.130" port: 45707 } } peers { permanent_uuid: "ea1be38d4f2e4417bcf9676977f7592a" member_type: VOTER last_known_addr { host: "127.4.230.132" port: 44641 } } peers { permanent_uuid: "79859d2c5ebc4d718e0b59a633b88e4e" member_type: VOTER last_known_addr { host: "127.4.230.131" port: 46551 } }
I20260608 10:01:20.798177  8382 raft_consensus.cc:385] T 171588b9615c4fa4b59584b4173c120c P 79859d2c5ebc4d718e0b59a633b88e4e [term 0 FOLLOWER]: Consensus starting up: Expiring failure detector timer to make a prompt election more likely
I20260608 10:01:20.798401  8382 raft_consensus.cc:740] T 171588b9615c4fa4b59584b4173c120c P 79859d2c5ebc4d718e0b59a633b88e4e [term 0 FOLLOWER]: Becoming Follower/Learner. State: Replica: 79859d2c5ebc4d718e0b59a633b88e4e, State: Initialized, Role: FOLLOWER
I20260608 10:01:20.799079  8382 consensus_queue.cc:260] T 171588b9615c4fa4b59584b4173c120c P 79859d2c5ebc4d718e0b59a633b88e4e [NON_LEADER]: Queue going to NON_LEADER mode. State: All replicated index: 0, Majority replicated index: 0, Committed index: 0, Last appended: 0.0, Last appended by leader: 0, Current term: 0, Majority size: -1, State: 0, Mode: NON_LEADER, active raft config: opid_index: -1 OBSOLETE_local: false peers { permanent_uuid: "159472a510ac42b696dda4bd3b58638e" member_type: VOTER last_known_addr { host: "127.4.230.130" port: 45707 } } peers { permanent_uuid: "ea1be38d4f2e4417bcf9676977f7592a" member_type: VOTER last_known_addr { host: "127.4.230.132" port: 44641 } } peers { permanent_uuid: "79859d2c5ebc4d718e0b59a633b88e4e" member_type: VOTER last_known_addr { host: "127.4.230.131" port: 46551 } }
I20260608 10:01:20.799494  8394 tablet_bootstrap.cc:654] T 702360ee5c9c48e1b40b51f86a9e883b P ea1be38d4f2e4417bcf9676977f7592a: Neither blocks nor log segments found. Creating new log.
I20260608 10:01:20.800964  8382 ts_tablet_manager.cc:1434] T 171588b9615c4fa4b59584b4173c120c P 79859d2c5ebc4d718e0b59a633b88e4e: Time spent starting tablet: real 0.007s	user 0.006s	sys 0.002s
I20260608 10:01:20.801759  8382 tablet_bootstrap.cc:492] T 4db8787ffad64edba18f6fcbfeea506a P 79859d2c5ebc4d718e0b59a633b88e4e: Bootstrap starting.
I20260608 10:01:20.805085  8394 tablet_bootstrap.cc:492] T 702360ee5c9c48e1b40b51f86a9e883b P ea1be38d4f2e4417bcf9676977f7592a: No bootstrap required, opened a new log
I20260608 10:01:20.805632  8394 ts_tablet_manager.cc:1403] T 702360ee5c9c48e1b40b51f86a9e883b P ea1be38d4f2e4417bcf9676977f7592a: Time spent bootstrapping tablet: real 0.013s	user 0.008s	sys 0.002s
I20260608 10:01:20.807730  8382 tablet_bootstrap.cc:654] T 4db8787ffad64edba18f6fcbfeea506a P 79859d2c5ebc4d718e0b59a633b88e4e: Neither blocks nor log segments found. Creating new log.
I20260608 10:01:20.808954  8394 raft_consensus.cc:359] T 702360ee5c9c48e1b40b51f86a9e883b P ea1be38d4f2e4417bcf9676977f7592a [term 0 FOLLOWER]: Replica starting. Triggering 0 pending ops. Active config: opid_index: -1 OBSOLETE_local: false peers { permanent_uuid: "159472a510ac42b696dda4bd3b58638e" member_type: VOTER last_known_addr { host: "127.4.230.130" port: 45707 } } peers { permanent_uuid: "ea1be38d4f2e4417bcf9676977f7592a" member_type: VOTER last_known_addr { host: "127.4.230.132" port: 44641 } } peers { permanent_uuid: "6a2e511d3c9c4611ab88953229e10c03" member_type: VOTER last_known_addr { host: "127.4.230.129" port: 33747 } }
I20260608 10:01:20.810026  8394 raft_consensus.cc:385] T 702360ee5c9c48e1b40b51f86a9e883b P ea1be38d4f2e4417bcf9676977f7592a [term 0 FOLLOWER]: Consensus starting up: Expiring failure detector timer to make a prompt election more likely
