W20260608 10:01:07.966027  5172 instance_detector.cc:116] could not retrieve Azure instance metadata: Network error: curl error: HTTP response code said error: The requested URL returned error: 404
I20260608 10:01:07.968282  2203 server_base.cc:1061] running on GCE node
W20260608 10:01:07.968163  5174 instance_detector.cc:116] could not retrieve OpenStack instance metadata: Network error: curl error: HTTP response code said error: The requested URL returned error: 404
I20260608 10:01:07.969748  2203 hybrid_clock.cc:584] initializing the hybrid clock with 'system_unsync' time source
W20260608 10:01:07.970022  2203 system_unsync_time.cc:38] NTP support is disabled. Clock error bounds will not be accurate. This configuration is not suitable for distributed clusters.
I20260608 10:01:07.970161  2203 hybrid_clock.cc:648] HybridClock initialized: now 1780912867970149 us; error 0 us; skew 500 ppm
I20260608 10:01:07.970705  2203 server_base.cc:861] Flag tcmalloc_max_total_thread_cache_bytes is not working since tcmalloc is not enabled.
I20260608 10:01:07.973572  2203 webserver.cc:533] Webserver started at http://127.2.38.193:37997/ using document root <none> and password file <none>
I20260608 10:01:07.974185  2203 fs_manager.cc:362] Metadata directory not provided
I20260608 10:01:07.974387  2203 fs_manager.cc:368] Using write-ahead log directory (fs_wal_dir) as metadata directory
I20260608 10:01:07.974606  2203 server_base.cc:909] This appears to be a new deployment of Kudu; creating new FS layout
I20260608 10:01:07.975855  2203 fs_manager.cc:1068] Generated new instance metadata in path /tmp/dist-test-taskvO0rvy/test-tmp/auto_rebalancer-test.0.AutoRebalancerTest.RangeAwareRebalancesNewRangeReplicas.1780912787141616-2203-0/minicluster-data/ts-0-root/instance:
uuid: "66dee3eda43f4218a9d4ef461f62ba28"
format_stamp: "Formatted at 2026-06-08 10:01:07 on dist-test-slave-vvcr"
I20260608 10:01:07.980993  2203 fs_manager.cc:696] Time spent creating directory manager: real 0.005s	user 0.006s	sys 0.000s
I20260608 10:01:07.985360  5179 log_block_manager.cc:4031] Time spent loading block containers with low live blocks: real 0.000s	user 0.000s	sys 0.000s
I20260608 10:01:07.986446  2203 fs_manager.cc:730] Time spent opening block manager: real 0.003s	user 0.003s	sys 0.000s
I20260608 10:01:07.986845  2203 fs_manager.cc:647] Opened local filesystem: /tmp/dist-test-taskvO0rvy/test-tmp/auto_rebalancer-test.0.AutoRebalancerTest.RangeAwareRebalancesNewRangeReplicas.1780912787141616-2203-0/minicluster-data/ts-0-root
uuid: "66dee3eda43f4218a9d4ef461f62ba28"
format_stamp: "Formatted at 2026-06-08 10:01:07 on dist-test-slave-vvcr"
I20260608 10:01:07.987130  2203 fs_report.cc:389] FS layout report
--------------------
wal directory: /tmp/dist-test-taskvO0rvy/test-tmp/auto_rebalancer-test.0.AutoRebalancerTest.RangeAwareRebalancesNewRangeReplicas.1780912787141616-2203-0/minicluster-data/ts-0-root
metadata directory: /tmp/dist-test-taskvO0rvy/test-tmp/auto_rebalancer-test.0.AutoRebalancerTest.RangeAwareRebalancesNewRangeReplicas.1780912787141616-2203-0/minicluster-data/ts-0-root
1 data directories: /tmp/dist-test-taskvO0rvy/test-tmp/auto_rebalancer-test.0.AutoRebalancerTest.RangeAwareRebalancesNewRangeReplicas.1780912787141616-2203-0/minicluster-data/ts-0-root/data
Total live blocks: 0
Total live bytes: 0
Total live bytes (after alignment): 0
Total number of LBM containers: 0 (0 full)
Did not check for missing blocks
Did not check for orphaned blocks
Total full LBM containers with extra space: 0 (0 repaired)
Total full LBM container extra space in bytes: 0 (0 repaired)
Total incomplete LBM containers: 0 (0 repaired)
Total LBM partial records: 0 (0 repaired)
Total corrupted LBM metadata records in RocksDB: 0 (0 repaired)
I20260608 10:01:08.006537  2203 rpc_server.cc:225] running with OpenSSL 1.1.1  11 Sep 2018
I20260608 10:01:08.007849  2203 kserver.cc:163] Server-wide thread pool size limit: 3276
I20260608 10:01:08.009414  2203 txn_system_client.cc:432] TxnSystemClient initialization is disabled...
I20260608 10:01:08.012079  2203 ts_tablet_manager.cc:585] Loaded tablet metadata (0 total tablets, 0 live tablets)
I20260608 10:01:08.012331  2203 ts_tablet_manager.cc:531] Time spent load tablet metadata: real 0.000s	user 0.000s	sys 0.000s
I20260608 10:01:08.012593  2203 ts_tablet_manager.cc:616] Registered 0 tablets
I20260608 10:01:08.012777  2203 ts_tablet_manager.cc:595] Time spent register tablets: real 0.000s	user 0.000s	sys 0.000s
I20260608 10:01:08.056982  2203 rpc_server.cc:307] RPC server started. Bound to: 127.2.38.193:44223
I20260608 10:01:08.057152  5241 acceptor_pool.cc:272] collecting diagnostics on the listening RPC socket 127.2.38.193:44223 every 8 connection(s)
I20260608 10:01:08.062844  2203 file_cache.cc:492] Constructed file cache file cache with capacity 419430
W20260608 10:01:08.071003  5246 instance_detector.cc:116] could not retrieve AWS instance metadata: Network error: curl error: HTTP response code said error: The requested URL returned error: 404
W20260608 10:01:08.072297  5247 instance_detector.cc:116] could not retrieve Azure instance metadata: Network error: curl error: HTTP response code said error: The requested URL returned error: 404
W20260608 10:01:08.075660  5249 instance_detector.cc:116] could not retrieve OpenStack instance metadata: Network error: curl error: HTTP response code said error: The requested URL returned error: 404
I20260608 10:01:08.078039  2203 server_base.cc:1061] running on GCE node
I20260608 10:01:08.078959  5242 heartbeater.cc:344] Connected to a master server at 127.2.38.254:37239
I20260608 10:01:08.079206  2203 hybrid_clock.cc:584] initializing the hybrid clock with 'system_unsync' time source
I20260608 10:01:08.079355  5242 heartbeater.cc:461] Registering TS with master...
W20260608 10:01:08.079475  2203 system_unsync_time.cc:38] NTP support is disabled. Clock error bounds will not be accurate. This configuration is not suitable for distributed clusters.
I20260608 10:01:08.079867  2203 hybrid_clock.cc:648] HybridClock initialized: now 1780912868079846 us; error 0 us; skew 500 ppm
I20260608 10:01:08.080546  2203 server_base.cc:861] Flag tcmalloc_max_total_thread_cache_bytes is not working since tcmalloc is not enabled.
I20260608 10:01:08.080536  5242 heartbeater.cc:507] Master 127.2.38.254:37239 requested a full tablet report, sending...
I20260608 10:01:08.083362  5115 ts_manager.cc:194] Registered new tserver with Master: 66dee3eda43f4218a9d4ef461f62ba28 (127.2.38.193:44223)
I20260608 10:01:08.083887  2203 webserver.cc:533] Webserver started at http://127.2.38.194:33637/ using document root <none> and password file <none>
I20260608 10:01:08.084470  2203 fs_manager.cc:362] Metadata directory not provided
I20260608 10:01:08.084669  2203 fs_manager.cc:368] Using write-ahead log directory (fs_wal_dir) as metadata directory
I20260608 10:01:08.085024  2203 server_base.cc:909] This appears to be a new deployment of Kudu; creating new FS layout
I20260608 10:01:08.085702  5115 master_service.cc:502] Signed X509 certificate for tserver {username='slave'} at 127.0.0.1:55822
I20260608 10:01:08.086414  2203 fs_manager.cc:1068] Generated new instance metadata in path /tmp/dist-test-taskvO0rvy/test-tmp/auto_rebalancer-test.0.AutoRebalancerTest.RangeAwareRebalancesNewRangeReplicas.1780912787141616-2203-0/minicluster-data/ts-1-root/instance:
uuid: "ce223825e7674fa2ba1ee14a52c8ae4a"
format_stamp: "Formatted at 2026-06-08 10:01:08 on dist-test-slave-vvcr"
I20260608 10:01:08.092000  2203 fs_manager.cc:696] Time spent creating directory manager: real 0.005s	user 0.005s	sys 0.000s
I20260608 10:01:08.096040  5254 log_block_manager.cc:4031] Time spent loading block containers with low live blocks: real 0.000s	user 0.000s	sys 0.000s
I20260608 10:01:08.096966  2203 fs_manager.cc:730] Time spent opening block manager: real 0.003s	user 0.002s	sys 0.000s
I20260608 10:01:08.097386  2203 fs_manager.cc:647] Opened local filesystem: /tmp/dist-test-taskvO0rvy/test-tmp/auto_rebalancer-test.0.AutoRebalancerTest.RangeAwareRebalancesNewRangeReplicas.1780912787141616-2203-0/minicluster-data/ts-1-root
uuid: "ce223825e7674fa2ba1ee14a52c8ae4a"
format_stamp: "Formatted at 2026-06-08 10:01:08 on dist-test-slave-vvcr"
I20260608 10:01:08.097657  2203 fs_report.cc:389] FS layout report
--------------------
wal directory: /tmp/dist-test-taskvO0rvy/test-tmp/auto_rebalancer-test.0.AutoRebalancerTest.RangeAwareRebalancesNewRangeReplicas.1780912787141616-2203-0/minicluster-data/ts-1-root
metadata directory: /tmp/dist-test-taskvO0rvy/test-tmp/auto_rebalancer-test.0.AutoRebalancerTest.RangeAwareRebalancesNewRangeReplicas.1780912787141616-2203-0/minicluster-data/ts-1-root
1 data directories: /tmp/dist-test-taskvO0rvy/test-tmp/auto_rebalancer-test.0.AutoRebalancerTest.RangeAwareRebalancesNewRangeReplicas.1780912787141616-2203-0/minicluster-data/ts-1-root/data
Total live blocks: 0
Total live bytes: 0
Total live bytes (after alignment): 0
Total number of LBM containers: 0 (0 full)
Did not check for missing blocks
Did not check for orphaned blocks
Total full LBM containers with extra space: 0 (0 repaired)
Total full LBM container extra space in bytes: 0 (0 repaired)
Total incomplete LBM containers: 0 (0 repaired)
Total LBM partial records: 0 (0 repaired)
Total corrupted LBM metadata records in RocksDB: 0 (0 repaired)
I20260608 10:01:08.110620  2203 rpc_server.cc:225] running with OpenSSL 1.1.1  11 Sep 2018
I20260608 10:01:08.111922  2203 kserver.cc:163] Server-wide thread pool size limit: 3276
I20260608 10:01:08.113494  2203 txn_system_client.cc:432] TxnSystemClient initialization is disabled...
I20260608 10:01:08.115979  2203 ts_tablet_manager.cc:585] Loaded tablet metadata (0 total tablets, 0 live tablets)
I20260608 10:01:08.116199  2203 ts_tablet_manager.cc:531] Time spent load tablet metadata: real 0.000s	user 0.000s	sys 0.000s
I20260608 10:01:08.116469  2203 ts_tablet_manager.cc:616] Registered 0 tablets
I20260608 10:01:08.116621  2203 ts_tablet_manager.cc:595] Time spent register tablets: real 0.000s	user 0.000s	sys 0.000s
I20260608 10:01:08.161628  2203 rpc_server.cc:307] RPC server started. Bound to: 127.2.38.194:34635
I20260608 10:01:08.161763  5316 acceptor_pool.cc:272] collecting diagnostics on the listening RPC socket 127.2.38.194:34635 every 8 connection(s)
I20260608 10:01:08.167004  2203 file_cache.cc:492] Constructed file cache file cache with capacity 419430
W20260608 10:01:08.175197  5320 instance_detector.cc:116] could not retrieve AWS instance metadata: Network error: curl error: HTTP response code said error: The requested URL returned error: 404
W20260608 10:01:08.178910  5321 instance_detector.cc:116] could not retrieve Azure instance metadata: Network error: curl error: HTTP response code said error: The requested URL returned error: 404
W20260608 10:01:08.181975  5323 instance_detector.cc:116] could not retrieve OpenStack instance metadata: Network error: curl error: HTTP response code said error: The requested URL returned error: 404
I20260608 10:01:08.183367  2203 server_base.cc:1061] running on GCE node
I20260608 10:01:08.184672  2203 hybrid_clock.cc:584] initializing the hybrid clock with 'system_unsync' time source
W20260608 10:01:08.185075  2203 system_unsync_time.cc:38] NTP support is disabled. Clock error bounds will not be accurate. This configuration is not suitable for distributed clusters.
I20260608 10:01:08.185132  5317 heartbeater.cc:344] Connected to a master server at 127.2.38.254:37239
I20260608 10:01:08.185536  2203 hybrid_clock.cc:648] HybridClock initialized: now 1780912868185514 us; error 0 us; skew 500 ppm
I20260608 10:01:08.185686  5317 heartbeater.cc:461] Registering TS with master...
I20260608 10:01:08.186646  2203 server_base.cc:861] Flag tcmalloc_max_total_thread_cache_bytes is not working since tcmalloc is not enabled.
I20260608 10:01:08.186866  5317 heartbeater.cc:507] Master 127.2.38.254:37239 requested a full tablet report, sending...
I20260608 10:01:08.190447  2203 webserver.cc:533] Webserver started at http://127.2.38.195:38593/ using document root <none> and password file <none>
I20260608 10:01:08.190666  5115 ts_manager.cc:194] Registered new tserver with Master: ce223825e7674fa2ba1ee14a52c8ae4a (127.2.38.194:34635)
I20260608 10:01:08.191241  2203 fs_manager.cc:362] Metadata directory not provided
I20260608 10:01:08.191570  2203 fs_manager.cc:368] Using write-ahead log directory (fs_wal_dir) as metadata directory
I20260608 10:01:08.191957  2203 server_base.cc:909] This appears to be a new deployment of Kudu; creating new FS layout
I20260608 10:01:08.192772  5115 master_service.cc:502] Signed X509 certificate for tserver {username='slave'} at 127.0.0.1:55824
I20260608 10:01:08.193713  2203 fs_manager.cc:1068] Generated new instance metadata in path /tmp/dist-test-taskvO0rvy/test-tmp/auto_rebalancer-test.0.AutoRebalancerTest.RangeAwareRebalancesNewRangeReplicas.1780912787141616-2203-0/minicluster-data/ts-2-root/instance:
uuid: "b4a5172a7b93446a8a170c03409ce02c"
format_stamp: "Formatted at 2026-06-08 10:01:08 on dist-test-slave-vvcr"
I20260608 10:01:08.199586  2203 fs_manager.cc:696] Time spent creating directory manager: real 0.005s	user 0.004s	sys 0.000s
I20260608 10:01:08.203588  5328 log_block_manager.cc:4031] Time spent loading block containers with low live blocks: real 0.000s	user 0.000s	sys 0.000s
I20260608 10:01:08.204556  2203 fs_manager.cc:730] Time spent opening block manager: real 0.003s	user 0.004s	sys 0.000s
I20260608 10:01:08.204909  2203 fs_manager.cc:647] Opened local filesystem: /tmp/dist-test-taskvO0rvy/test-tmp/auto_rebalancer-test.0.AutoRebalancerTest.RangeAwareRebalancesNewRangeReplicas.1780912787141616-2203-0/minicluster-data/ts-2-root
uuid: "b4a5172a7b93446a8a170c03409ce02c"
format_stamp: "Formatted at 2026-06-08 10:01:08 on dist-test-slave-vvcr"
I20260608 10:01:08.205310  2203 fs_report.cc:389] FS layout report
--------------------
wal directory: /tmp/dist-test-taskvO0rvy/test-tmp/auto_rebalancer-test.0.AutoRebalancerTest.RangeAwareRebalancesNewRangeReplicas.1780912787141616-2203-0/minicluster-data/ts-2-root
metadata directory: /tmp/dist-test-taskvO0rvy/test-tmp/auto_rebalancer-test.0.AutoRebalancerTest.RangeAwareRebalancesNewRangeReplicas.1780912787141616-2203-0/minicluster-data/ts-2-root
1 data directories: /tmp/dist-test-taskvO0rvy/test-tmp/auto_rebalancer-test.0.AutoRebalancerTest.RangeAwareRebalancesNewRangeReplicas.1780912787141616-2203-0/minicluster-data/ts-2-root/data
Total live blocks: 0
Total live bytes: 0
Total live bytes (after alignment): 0
Total number of LBM containers: 0 (0 full)
Did not check for missing blocks
Did not check for orphaned blocks
Total full LBM containers with extra space: 0 (0 repaired)
Total full LBM container extra space in bytes: 0 (0 repaired)
Total incomplete LBM containers: 0 (0 repaired)
Total LBM partial records: 0 (0 repaired)
Total corrupted LBM metadata records in RocksDB: 0 (0 repaired)
I20260608 10:01:08.219270  2203 rpc_server.cc:225] running with OpenSSL 1.1.1  11 Sep 2018
I20260608 10:01:08.220561  2203 kserver.cc:163] Server-wide thread pool size limit: 3276
I20260608 10:01:08.222219  2203 txn_system_client.cc:432] TxnSystemClient initialization is disabled...
I20260608 10:01:08.224746  2203 ts_tablet_manager.cc:585] Loaded tablet metadata (0 total tablets, 0 live tablets)
I20260608 10:01:08.224992  2203 ts_tablet_manager.cc:531] Time spent load tablet metadata: real 0.000s	user 0.000s	sys 0.000s
I20260608 10:01:08.225277  2203 ts_tablet_manager.cc:616] Registered 0 tablets
I20260608 10:01:08.225472  2203 ts_tablet_manager.cc:595] Time spent register tablets: real 0.000s	user 0.000s	sys 0.000s
I20260608 10:01:08.269999  2203 rpc_server.cc:307] RPC server started. Bound to: 127.2.38.195:35271
I20260608 10:01:08.270306  5390 acceptor_pool.cc:272] collecting diagnostics on the listening RPC socket 127.2.38.195:35271 every 8 connection(s)
I20260608 10:01:08.287113  5391 heartbeater.cc:344] Connected to a master server at 127.2.38.254:37239
I20260608 10:01:08.287568  5391 heartbeater.cc:461] Registering TS with master...
I20260608 10:01:08.288394  5391 heartbeater.cc:507] Master 127.2.38.254:37239 requested a full tablet report, sending...
I20260608 10:01:08.290823  5115 ts_manager.cc:194] Registered new tserver with Master: b4a5172a7b93446a8a170c03409ce02c (127.2.38.195:35271)
I20260608 10:01:08.291325  2203 internal_mini_cluster.cc:371] 3 TS(s) registered with all masters after 0.017681888s
I20260608 10:01:08.292855  5115 master_service.cc:502] Signed X509 certificate for tserver {username='slave'} at 127.0.0.1:55840
I20260608 10:01:09.039706  5115 catalog_manager.cc:2282] Servicing CreateTable request from {username='slave'} at 127.0.0.1:55846:
name: "range_aware_rebalance_new_range"
schema {
  columns {
    name: "key"
    type: INT32
    is_key: true
    is_nullable: false
    encoding: AUTO_ENCODING
    compression: DEFAULT_COMPRESSION
    cfile_block_size: 0
    immutable: false
  }
}
num_replicas: 3
split_rows_range_bounds {
  rows: "\006\001\000\000\000\000\007\001\n\000\000\000""\006\001\000\000\000\000\007\001\n\000\000\000"
  indirect_data: """"
}
partition_schema {
  hash_schema {
    columns {
      name: "key"
    }
    num_buckets: 8
    seed: 0
  }
  range_schema {
    columns {
      name: "key"
    }
  }
}
W20260608 10:01:09.042898  5115 catalog_manager.cc:7076] The number of live tablet servers is not enough to re-replicate a tablet replica of the newly created table range_aware_rebalance_new_range in case of a server failure: 4 tablet servers would be needed, 3 are available. Consider bringing up more tablet servers.
I20260608 10:01:09.089169  5242 heartbeater.cc:499] Master 127.2.38.254:37239 was elected leader, sending a full tablet report...
I20260608 10:01:09.114157  5282 tablet_service.cc:1511] Processing CreateTablet for tablet d5b5c577a78e409b8a081c994696affd (DEFAULT_TABLE table=range_aware_rebalance_new_range [id=cb238db4d6b74c72a471da818c4b6eaf]), partition=HASH (key) PARTITION 0, RANGE (key) PARTITION 0 <= VALUES < 10
I20260608 10:01:09.115917  5282 data_dirs.cc:400] Could only allocate 1 dirs of requested 3 for tablet d5b5c577a78e409b8a081c994696affd. 1 dirs total, 0 dirs full, 0 dirs failed
I20260608 10:01:09.118806  5281 tablet_service.cc:1511] Processing CreateTablet for tablet d19778f3f27841afa3703662e6bca853 (DEFAULT_TABLE table=range_aware_rebalance_new_range [id=cb238db4d6b74c72a471da818c4b6eaf]), partition=HASH (key) PARTITION 1, RANGE (key) PARTITION 0 <= VALUES < 10
I20260608 10:01:09.122278  5281 data_dirs.cc:400] Could only allocate 1 dirs of requested 3 for tablet d19778f3f27841afa3703662e6bca853. 1 dirs total, 0 dirs full, 0 dirs failed
I20260608 10:01:09.139374  5207 tablet_service.cc:1511] Processing CreateTablet for tablet d5b5c577a78e409b8a081c994696affd (DEFAULT_TABLE table=range_aware_rebalance_new_range [id=cb238db4d6b74c72a471da818c4b6eaf]), partition=HASH (key) PARTITION 0, RANGE (key) PARTITION 0 <= VALUES < 10
I20260608 10:01:09.140452  5205 tablet_service.cc:1511] Processing CreateTablet for tablet 31824f2580664e04930c605a13ecb45f (DEFAULT_TABLE table=range_aware_rebalance_new_range [id=cb238db4d6b74c72a471da818c4b6eaf]), partition=HASH (key) PARTITION 2, RANGE (key) PARTITION 0 <= VALUES < 10
I20260608 10:01:09.141192  5207 data_dirs.cc:400] Could only allocate 1 dirs of requested 3 for tablet d5b5c577a78e409b8a081c994696affd. 1 dirs total, 0 dirs full, 0 dirs failed
I20260608 10:01:09.140920  5356 tablet_service.cc:1511] Processing CreateTablet for tablet d5b5c577a78e409b8a081c994696affd (DEFAULT_TABLE table=range_aware_rebalance_new_range [id=cb238db4d6b74c72a471da818c4b6eaf]), partition=HASH (key) PARTITION 0, RANGE (key) PARTITION 0 <= VALUES < 10
I20260608 10:01:09.142275  5205 data_dirs.cc:400] Could only allocate 1 dirs of requested 3 for tablet 31824f2580664e04930c605a13ecb45f. 1 dirs total, 0 dirs full, 0 dirs failed
I20260608 10:01:09.142652  5356 data_dirs.cc:400] Could only allocate 1 dirs of requested 3 for tablet d5b5c577a78e409b8a081c994696affd. 1 dirs total, 0 dirs full, 0 dirs failed
I20260608 10:01:09.143473  5206 tablet_service.cc:1511] Processing CreateTablet for tablet d19778f3f27841afa3703662e6bca853 (DEFAULT_TABLE table=range_aware_rebalance_new_range [id=cb238db4d6b74c72a471da818c4b6eaf]), partition=HASH (key) PARTITION 1, RANGE (key) PARTITION 0 <= VALUES < 10
I20260608 10:01:09.145051  5206 data_dirs.cc:400] Could only allocate 1 dirs of requested 3 for tablet d19778f3f27841afa3703662e6bca853. 1 dirs total, 0 dirs full, 0 dirs failed
I20260608 10:01:09.147905  5280 tablet_service.cc:1511] Processing CreateTablet for tablet 31824f2580664e04930c605a13ecb45f (DEFAULT_TABLE table=range_aware_rebalance_new_range [id=cb238db4d6b74c72a471da818c4b6eaf]), partition=HASH (key) PARTITION 2, RANGE (key) PARTITION 0 <= VALUES < 10
I20260608 10:01:09.149524  5280 data_dirs.cc:400] Could only allocate 1 dirs of requested 3 for tablet 31824f2580664e04930c605a13ecb45f. 1 dirs total, 0 dirs full, 0 dirs failed
I20260608 10:01:09.156291  5355 tablet_service.cc:1511] Processing CreateTablet for tablet d19778f3f27841afa3703662e6bca853 (DEFAULT_TABLE table=range_aware_rebalance_new_range [id=cb238db4d6b74c72a471da818c4b6eaf]), partition=HASH (key) PARTITION 1, RANGE (key) PARTITION 0 <= VALUES < 10
I20260608 10:01:09.158577  5355 data_dirs.cc:400] Could only allocate 1 dirs of requested 3 for tablet d19778f3f27841afa3703662e6bca853. 1 dirs total, 0 dirs full, 0 dirs failed
I20260608 10:01:09.170831  5204 tablet_service.cc:1511] Processing CreateTablet for tablet 070f81c8ac954be1846f5bb01850e2f5 (DEFAULT_TABLE table=range_aware_rebalance_new_range [id=cb238db4d6b74c72a471da818c4b6eaf]), partition=HASH (key) PARTITION 3, RANGE (key) PARTITION 0 <= VALUES < 10
I20260608 10:01:09.172513  5204 data_dirs.cc:400] Could only allocate 1 dirs of requested 3 for tablet 070f81c8ac954be1846f5bb01850e2f5. 1 dirs total, 0 dirs full, 0 dirs failed
I20260608 10:01:09.174220  5354 tablet_service.cc:1511] Processing CreateTablet for tablet 31824f2580664e04930c605a13ecb45f (DEFAULT_TABLE table=range_aware_rebalance_new_range [id=cb238db4d6b74c72a471da818c4b6eaf]), partition=HASH (key) PARTITION 2, RANGE (key) PARTITION 0 <= VALUES < 10
I20260608 10:01:09.175869  5354 data_dirs.cc:400] Could only allocate 1 dirs of requested 3 for tablet 31824f2580664e04930c605a13ecb45f. 1 dirs total, 0 dirs full, 0 dirs failed
I20260608 10:01:09.181492  5279 tablet_service.cc:1511] Processing CreateTablet for tablet 070f81c8ac954be1846f5bb01850e2f5 (DEFAULT_TABLE table=range_aware_rebalance_new_range [id=cb238db4d6b74c72a471da818c4b6eaf]), partition=HASH (key) PARTITION 3, RANGE (key) PARTITION 0 <= VALUES < 10
I20260608 10:01:09.183172  5279 data_dirs.cc:400] Could only allocate 1 dirs of requested 3 for tablet 070f81c8ac954be1846f5bb01850e2f5. 1 dirs total, 0 dirs full, 0 dirs failed
I20260608 10:01:09.191871  5353 tablet_service.cc:1511] Processing CreateTablet for tablet 070f81c8ac954be1846f5bb01850e2f5 (DEFAULT_TABLE table=range_aware_rebalance_new_range [id=cb238db4d6b74c72a471da818c4b6eaf]), partition=HASH (key) PARTITION 3, RANGE (key) PARTITION 0 <= VALUES < 10
I20260608 10:01:09.192673  5203 tablet_service.cc:1511] Processing CreateTablet for tablet 0d0cec6fb9fb4d67839e784677279f2b (DEFAULT_TABLE table=range_aware_rebalance_new_range [id=cb238db4d6b74c72a471da818c4b6eaf]), partition=HASH (key) PARTITION 4, RANGE (key) PARTITION 0 <= VALUES < 10
I20260608 10:01:09.194340  5203 data_dirs.cc:400] Could only allocate 1 dirs of requested 3 for tablet 0d0cec6fb9fb4d67839e784677279f2b. 1 dirs total, 0 dirs full, 0 dirs failed
I20260608 10:01:09.194520  5353 data_dirs.cc:400] Could only allocate 1 dirs of requested 3 for tablet 070f81c8ac954be1846f5bb01850e2f5. 1 dirs total, 0 dirs full, 0 dirs failed
I20260608 10:01:09.196112  5317 heartbeater.cc:499] Master 127.2.38.254:37239 was elected leader, sending a full tablet report...
I20260608 10:01:09.213955  5278 tablet_service.cc:1511] Processing CreateTablet for tablet 0d0cec6fb9fb4d67839e784677279f2b (DEFAULT_TABLE table=range_aware_rebalance_new_range [id=cb238db4d6b74c72a471da818c4b6eaf]), partition=HASH (key) PARTITION 4, RANGE (key) PARTITION 0 <= VALUES < 10
I20260608 10:01:09.215643  5352 tablet_service.cc:1511] Processing CreateTablet for tablet 0d0cec6fb9fb4d67839e784677279f2b (DEFAULT_TABLE table=range_aware_rebalance_new_range [id=cb238db4d6b74c72a471da818c4b6eaf]), partition=HASH (key) PARTITION 4, RANGE (key) PARTITION 0 <= VALUES < 10
I20260608 10:01:09.217403  5352 data_dirs.cc:400] Could only allocate 1 dirs of requested 3 for tablet 0d0cec6fb9fb4d67839e784677279f2b. 1 dirs total, 0 dirs full, 0 dirs failed
I20260608 10:01:09.217057  5202 tablet_service.cc:1511] Processing CreateTablet for tablet 9e3cab2a333d48b785b363959a349bca (DEFAULT_TABLE table=range_aware_rebalance_new_range [id=cb238db4d6b74c72a471da818c4b6eaf]), partition=HASH (key) PARTITION 5, RANGE (key) PARTITION 0 <= VALUES < 10
I20260608 10:01:09.218763  5202 data_dirs.cc:400] Could only allocate 1 dirs of requested 3 for tablet 9e3cab2a333d48b785b363959a349bca. 1 dirs total, 0 dirs full, 0 dirs failed
I20260608 10:01:09.219727  5277 tablet_service.cc:1511] Processing CreateTablet for tablet 9e3cab2a333d48b785b363959a349bca (DEFAULT_TABLE table=range_aware_rebalance_new_range [id=cb238db4d6b74c72a471da818c4b6eaf]), partition=HASH (key) PARTITION 5, RANGE (key) PARTITION 0 <= VALUES < 10
I20260608 10:01:09.221909  5351 tablet_service.cc:1511] Processing CreateTablet for tablet 9e3cab2a333d48b785b363959a349bca (DEFAULT_TABLE table=range_aware_rebalance_new_range [id=cb238db4d6b74c72a471da818c4b6eaf]), partition=HASH (key) PARTITION 5, RANGE (key) PARTITION 0 <= VALUES < 10
I20260608 10:01:09.223580  5351 data_dirs.cc:400] Could only allocate 1 dirs of requested 3 for tablet 9e3cab2a333d48b785b363959a349bca. 1 dirs total, 0 dirs full, 0 dirs failed
I20260608 10:01:09.223229  5201 tablet_service.cc:1511] Processing CreateTablet for tablet 377e210578b84b968ddb120ab4138f25 (DEFAULT_TABLE table=range_aware_rebalance_new_range [id=cb238db4d6b74c72a471da818c4b6eaf]), partition=HASH (key) PARTITION 6, RANGE (key) PARTITION 0 <= VALUES < 10
I20260608 10:01:09.225010  5201 data_dirs.cc:400] Could only allocate 1 dirs of requested 3 for tablet 377e210578b84b968ddb120ab4138f25. 1 dirs total, 0 dirs full, 0 dirs failed
I20260608 10:01:09.215679  5278 data_dirs.cc:400] Could only allocate 1 dirs of requested 3 for tablet 0d0cec6fb9fb4d67839e784677279f2b. 1 dirs total, 0 dirs full, 0 dirs failed
I20260608 10:01:09.230414  5277 data_dirs.cc:400] Could only allocate 1 dirs of requested 3 for tablet 9e3cab2a333d48b785b363959a349bca. 1 dirs total, 0 dirs full, 0 dirs failed
I20260608 10:01:09.233534  5276 tablet_service.cc:1511] Processing CreateTablet for tablet 377e210578b84b968ddb120ab4138f25 (DEFAULT_TABLE table=range_aware_rebalance_new_range [id=cb238db4d6b74c72a471da818c4b6eaf]), partition=HASH (key) PARTITION 6, RANGE (key) PARTITION 0 <= VALUES < 10
I20260608 10:01:09.235227  5276 data_dirs.cc:400] Could only allocate 1 dirs of requested 3 for tablet 377e210578b84b968ddb120ab4138f25. 1 dirs total, 0 dirs full, 0 dirs failed
I20260608 10:01:09.247237  5413 tablet_bootstrap.cc:492] T 31824f2580664e04930c605a13ecb45f P 66dee3eda43f4218a9d4ef461f62ba28: Bootstrap starting.
I20260608 10:01:09.223579  5411 tablet_bootstrap.cc:492] T d19778f3f27841afa3703662e6bca853 P ce223825e7674fa2ba1ee14a52c8ae4a: Bootstrap starting.
I20260608 10:01:09.257458  5350 tablet_service.cc:1511] Processing CreateTablet for tablet 377e210578b84b968ddb120ab4138f25 (DEFAULT_TABLE table=range_aware_rebalance_new_range [id=cb238db4d6b74c72a471da818c4b6eaf]), partition=HASH (key) PARTITION 6, RANGE (key) PARTITION 0 <= VALUES < 10
I20260608 10:01:09.261426  5350 data_dirs.cc:400] Could only allocate 1 dirs of requested 3 for tablet 377e210578b84b968ddb120ab4138f25. 1 dirs total, 0 dirs full, 0 dirs failed
I20260608 10:01:09.265272  5281 tablet_service.cc:1511] Processing CreateTablet for tablet 98b248fe33d943f0841d6491192c7397 (DEFAULT_TABLE table=range_aware_rebalance_new_range [id=cb238db4d6b74c72a471da818c4b6eaf]), partition=HASH (key) PARTITION 7, RANGE (key) PARTITION 0 <= VALUES < 10
I20260608 10:01:09.266949  5281 data_dirs.cc:400] Could only allocate 1 dirs of requested 3 for tablet 98b248fe33d943f0841d6491192c7397. 1 dirs total, 0 dirs full, 0 dirs failed
I20260608 10:01:09.272190  5205 tablet_service.cc:1511] Processing CreateTablet for tablet 98b248fe33d943f0841d6491192c7397 (DEFAULT_TABLE table=range_aware_rebalance_new_range [id=cb238db4d6b74c72a471da818c4b6eaf]), partition=HASH (key) PARTITION 7, RANGE (key) PARTITION 0 <= VALUES < 10
I20260608 10:01:09.274425  5205 data_dirs.cc:400] Could only allocate 1 dirs of requested 3 for tablet 98b248fe33d943f0841d6491192c7397. 1 dirs total, 0 dirs full, 0 dirs failed
I20260608 10:01:09.293397  5411 tablet_bootstrap.cc:654] T d19778f3f27841afa3703662e6bca853 P ce223825e7674fa2ba1ee14a52c8ae4a: Neither blocks nor log segments found. Creating new log.
I20260608 10:01:09.296113  5391 heartbeater.cc:499] Master 127.2.38.254:37239 was elected leader, sending a full tablet report...
I20260608 10:01:09.298094  5413 tablet_bootstrap.cc:654] T 31824f2580664e04930c605a13ecb45f P 66dee3eda43f4218a9d4ef461f62ba28: Neither blocks nor log segments found. Creating new log.
I20260608 10:01:09.295652  5412 tablet_bootstrap.cc:492] T d5b5c577a78e409b8a081c994696affd P b4a5172a7b93446a8a170c03409ce02c: Bootstrap starting.
I20260608 10:01:09.302922  5354 tablet_service.cc:1511] Processing CreateTablet for tablet 98b248fe33d943f0841d6491192c7397 (DEFAULT_TABLE table=range_aware_rebalance_new_range [id=cb238db4d6b74c72a471da818c4b6eaf]), partition=HASH (key) PARTITION 7, RANGE (key) PARTITION 0 <= VALUES < 10
I20260608 10:01:09.317958  5354 data_dirs.cc:400] Could only allocate 1 dirs of requested 3 for tablet 98b248fe33d943f0841d6491192c7397. 1 dirs total, 0 dirs full, 0 dirs failed
I20260608 10:01:09.330157  5412 tablet_bootstrap.cc:654] T d5b5c577a78e409b8a081c994696affd P b4a5172a7b93446a8a170c03409ce02c: Neither blocks nor log segments found. Creating new log.
I20260608 10:01:09.342372  5413 tablet_bootstrap.cc:492] T 31824f2580664e04930c605a13ecb45f P 66dee3eda43f4218a9d4ef461f62ba28: No bootstrap required, opened a new log
I20260608 10:01:09.343147  5413 ts_tablet_manager.cc:1403] T 31824f2580664e04930c605a13ecb45f P 66dee3eda43f4218a9d4ef461f62ba28: Time spent bootstrapping tablet: real 0.096s	user 0.012s	sys 0.030s
I20260608 10:01:09.347525  5411 tablet_bootstrap.cc:492] T d19778f3f27841afa3703662e6bca853 P ce223825e7674fa2ba1ee14a52c8ae4a: No bootstrap required, opened a new log
I20260608 10:01:09.347129  5413 raft_consensus.cc:359] T 31824f2580664e04930c605a13ecb45f P 66dee3eda43f4218a9d4ef461f62ba28 [term 0 FOLLOWER]: Replica starting. Triggering 0 pending ops. Active config: opid_index: -1 OBSOLETE_local: false peers { permanent_uuid: "66dee3eda43f4218a9d4ef461f62ba28" member_type: VOTER last_known_addr { host: "127.2.38.193" port: 44223 } } peers { permanent_uuid: "ce223825e7674fa2ba1ee14a52c8ae4a" member_type: VOTER last_known_addr { host: "127.2.38.194" port: 34635 } } peers { permanent_uuid: "b4a5172a7b93446a8a170c03409ce02c" member_type: VOTER last_known_addr { host: "127.2.38.195" port: 35271 } }
I20260608 10:01:09.347982  5413 raft_consensus.cc:385] T 31824f2580664e04930c605a13ecb45f P 66dee3eda43f4218a9d4ef461f62ba28 [term 0 FOLLOWER]: Consensus starting up: Expiring failure detector timer to make a prompt election more likely
I20260608 10:01:09.348086  5411 ts_tablet_manager.cc:1403] T d19778f3f27841afa3703662e6bca853 P ce223825e7674fa2ba1ee14a52c8ae4a: Time spent bootstrapping tablet: real 0.125s	user 0.005s	sys 0.029s
I20260608 10:01:09.348382  5413 raft_consensus.cc:740] T 31824f2580664e04930c605a13ecb45f P 66dee3eda43f4218a9d4ef461f62ba28 [term 0 FOLLOWER]: Becoming Follower/Learner. State: Replica: 66dee3eda43f4218a9d4ef461f62ba28, State: Initialized, Role: FOLLOWER
I20260608 10:01:09.350399  5412 tablet_bootstrap.cc:492] T d5b5c577a78e409b8a081c994696affd P b4a5172a7b93446a8a170c03409ce02c: No bootstrap required, opened a new log
I20260608 10:01:09.351068  5412 ts_tablet_manager.cc:1403] T d5b5c577a78e409b8a081c994696affd P b4a5172a7b93446a8a170c03409ce02c: Time spent bootstrapping tablet: real 0.056s	user 0.013s	sys 0.005s
I20260608 10:01:09.350389  5413 consensus_queue.cc:260] T 31824f2580664e04930c605a13ecb45f P 66dee3eda43f4218a9d4ef461f62ba28 [NON_LEADER]: Queue going to NON_LEADER mode. State: All replicated index: 0, Majority replicated index: 0, Committed index: 0, Last appended: 0.0, Last appended by leader: 0, Current term: 0, Majority size: -1, State: 0, Mode: NON_LEADER, active raft config: opid_index: -1 OBSOLETE_local: false peers { permanent_uuid: "66dee3eda43f4218a9d4ef461f62ba28" member_type: VOTER last_known_addr { host: "127.2.38.193" port: 44223 } } peers { permanent_uuid: "ce223825e7674fa2ba1ee14a52c8ae4a" member_type: VOTER last_known_addr { host: "127.2.38.194" port: 34635 } } peers { permanent_uuid: "b4a5172a7b93446a8a170c03409ce02c" member_type: VOTER last_known_addr { host: "127.2.38.195" port: 35271 } }
I20260608 10:01:09.351617  5411 raft_consensus.cc:359] T d19778f3f27841afa3703662e6bca853 P ce223825e7674fa2ba1ee14a52c8ae4a [term 0 FOLLOWER]: Replica starting. Triggering 0 pending ops. Active config: opid_index: -1 OBSOLETE_local: false peers { permanent_uuid: "66dee3eda43f4218a9d4ef461f62ba28" member_type: VOTER last_known_addr { host: "127.2.38.193" port: 44223 } } peers { permanent_uuid: "ce223825e7674fa2ba1ee14a52c8ae4a" member_type: VOTER last_known_addr { host: "127.2.38.194" port: 34635 } } peers { permanent_uuid: "b4a5172a7b93446a8a170c03409ce02c" member_type: VOTER last_known_addr { host: "127.2.38.195" port: 35271 } }
I20260608 10:01:09.352371  5411 raft_consensus.cc:385] T d19778f3f27841afa3703662e6bca853 P ce223825e7674fa2ba1ee14a52c8ae4a [term 0 FOLLOWER]: Consensus starting up: Expiring failure detector timer to make a prompt election more likely
I20260608 10:01:09.352679  5411 raft_consensus.cc:740] T d19778f3f27841afa3703662e6bca853 P ce223825e7674fa2ba1ee14a52c8ae4a [term 0 FOLLOWER]: Becoming Follower/Learner. State: Replica: ce223825e7674fa2ba1ee14a52c8ae4a, State: Initialized, Role: FOLLOWER
I20260608 10:01:09.353575  5411 consensus_queue.cc:260] T d19778f3f27841afa3703662e6bca853 P ce223825e7674fa2ba1ee14a52c8ae4a [NON_LEADER]: Queue going to NON_LEADER mode. State: All replicated index: 0, Majority replicated index: 0, Committed index: 0, Last appended: 0.0, Last appended by leader: 0, Current term: 0, Majority size: -1, State: 0, Mode: NON_LEADER, active raft config: opid_index: -1 OBSOLETE_local: false peers { permanent_uuid: "66dee3eda43f4218a9d4ef461f62ba28" member_type: VOTER last_known_addr { host: "127.2.38.193" port: 44223 } } peers { permanent_uuid: "ce223825e7674fa2ba1ee14a52c8ae4a" member_type: VOTER last_known_addr { host: "127.2.38.194" port: 34635 } } peers { permanent_uuid: "b4a5172a7b93446a8a170c03409ce02c" member_type: VOTER last_known_addr { host: "127.2.38.195" port: 35271 } }
I20260608 10:01:09.358750  5413 ts_tablet_manager.cc:1434] T 31824f2580664e04930c605a13ecb45f P 66dee3eda43f4218a9d4ef461f62ba28: Time spent starting tablet: real 0.015s	user 0.007s	sys 0.002s
I20260608 10:01:09.359998  5413 tablet_bootstrap.cc:492] T 0d0cec6fb9fb4d67839e784677279f2b P 66dee3eda43f4218a9d4ef461f62ba28: Bootstrap starting.
I20260608 10:01:09.360911  5412 raft_consensus.cc:359] T d5b5c577a78e409b8a081c994696affd P b4a5172a7b93446a8a170c03409ce02c [term 0 FOLLOWER]: Replica starting. Triggering 0 pending ops. Active config: opid_index: -1 OBSOLETE_local: false peers { permanent_uuid: "ce223825e7674fa2ba1ee14a52c8ae4a" member_type: VOTER last_known_addr { host: "127.2.38.194" port: 34635 } } peers { permanent_uuid: "66dee3eda43f4218a9d4ef461f62ba28" member_type: VOTER last_known_addr { host: "127.2.38.193" port: 44223 } } peers { permanent_uuid: "b4a5172a7b93446a8a170c03409ce02c" member_type: VOTER last_known_addr { host: "127.2.38.195" port: 35271 } }
I20260608 10:01:09.361899  5412 raft_consensus.cc:385] T d5b5c577a78e409b8a081c994696affd P b4a5172a7b93446a8a170c03409ce02c [term 0 FOLLOWER]: Consensus starting up: Expiring failure detector timer to make a prompt election more likely
I20260608 10:01:09.362223  5412 raft_consensus.cc:740] T d5b5c577a78e409b8a081c994696affd P b4a5172a7b93446a8a170c03409ce02c [term 0 FOLLOWER]: Becoming Follower/Learner. State: Replica: b4a5172a7b93446a8a170c03409ce02c, State: Initialized, Role: FOLLOWER
I20260608 10:01:09.363087  5412 consensus_queue.cc:260] T d5b5c577a78e409b8a081c994696affd P b4a5172a7b93446a8a170c03409ce02c [NON_LEADER]: Queue going to NON_LEADER mode. State: All replicated index: 0, Majority replicated index: 0, Committed index: 0, Last appended: 0.0, Last appended by leader: 0, Current term: 0, Majority size: -1, State: 0, Mode: NON_LEADER, active raft config: opid_index: -1 OBSOLETE_local: false peers { permanent_uuid: "ce223825e7674fa2ba1ee14a52c8ae4a" member_type: VOTER last_known_addr { host: "127.2.38.194" port: 34635 } } peers { permanent_uuid: "66dee3eda43f4218a9d4ef461f62ba28" member_type: VOTER last_known_addr { host: "127.2.38.193" port: 44223 } } peers { permanent_uuid: "b4a5172a7b93446a8a170c03409ce02c" member_type: VOTER last_known_addr { host: "127.2.38.195" port: 35271 } }
I20260608 10:01:09.367661  5413 tablet_bootstrap.cc:654] T 0d0cec6fb9fb4d67839e784677279f2b P 66dee3eda43f4218a9d4ef461f62ba28: Neither blocks nor log segments found. Creating new log.
I20260608 10:01:09.363616  5411 ts_tablet_manager.cc:1434] T d19778f3f27841afa3703662e6bca853 P ce223825e7674fa2ba1ee14a52c8ae4a: Time spent starting tablet: real 0.015s	user 0.009s	sys 0.004s
I20260608 10:01:09.370055  5411 tablet_bootstrap.cc:492] T d5b5c577a78e409b8a081c994696affd P ce223825e7674fa2ba1ee14a52c8ae4a: Bootstrap starting.
I20260608 10:01:09.379503  5411 tablet_bootstrap.cc:654] T d5b5c577a78e409b8a081c994696affd P ce223825e7674fa2ba1ee14a52c8ae4a: Neither blocks nor log segments found. Creating new log.
I20260608 10:01:09.381189  5413 tablet_bootstrap.cc:492] T 0d0cec6fb9fb4d67839e784677279f2b P 66dee3eda43f4218a9d4ef461f62ba28: No bootstrap required, opened a new log
I20260608 10:01:09.381776  5413 ts_tablet_manager.cc:1403] T 0d0cec6fb9fb4d67839e784677279f2b P 66dee3eda43f4218a9d4ef461f62ba28: Time spent bootstrapping tablet: real 0.022s	user 0.014s	sys 0.004s
I20260608 10:01:09.387372  5412 ts_tablet_manager.cc:1434] T d5b5c577a78e409b8a081c994696affd P b4a5172a7b93446a8a170c03409ce02c: Time spent starting tablet: real 0.036s	user 0.005s	sys 0.015s
I20260608 10:01:09.385334  5413 raft_consensus.cc:359] T 0d0cec6fb9fb4d67839e784677279f2b P 66dee3eda43f4218a9d4ef461f62ba28 [term 0 FOLLOWER]: Replica starting. Triggering 0 pending ops. Active config: opid_index: -1 OBSOLETE_local: false peers { permanent_uuid: "66dee3eda43f4218a9d4ef461f62ba28" member_type: VOTER last_known_addr { host: "127.2.38.193" port: 44223 } } peers { permanent_uuid: "ce223825e7674fa2ba1ee14a52c8ae4a" member_type: VOTER last_known_addr { host: "127.2.38.194" port: 34635 } } peers { permanent_uuid: "b4a5172a7b93446a8a170c03409ce02c" member_type: VOTER last_known_addr { host: "127.2.38.195" port: 35271 } }
I20260608 10:01:09.388211  5413 raft_consensus.cc:385] T 0d0cec6fb9fb4d67839e784677279f2b P 66dee3eda43f4218a9d4ef461f62ba28 [term 0 FOLLOWER]: Consensus starting up: Expiring failure detector timer to make a prompt election more likely
I20260608 10:01:09.388557  5412 tablet_bootstrap.cc:492] T d19778f3f27841afa3703662e6bca853 P b4a5172a7b93446a8a170c03409ce02c: Bootstrap starting.
I20260608 10:01:09.388569  5413 raft_consensus.cc:740] T 0d0cec6fb9fb4d67839e784677279f2b P 66dee3eda43f4218a9d4ef461f62ba28 [term 0 FOLLOWER]: Becoming Follower/Learner. State: Replica: 66dee3eda43f4218a9d4ef461f62ba28, State: Initialized, Role: FOLLOWER
I20260608 10:01:09.389521  5411 tablet_bootstrap.cc:492] T d5b5c577a78e409b8a081c994696affd P ce223825e7674fa2ba1ee14a52c8ae4a: No bootstrap required, opened a new log
I20260608 10:01:09.390210  5411 ts_tablet_manager.cc:1403] T d5b5c577a78e409b8a081c994696affd P ce223825e7674fa2ba1ee14a52c8ae4a: Time spent bootstrapping tablet: real 0.021s	user 0.018s	sys 0.000s
I20260608 10:01:09.389634  5413 consensus_queue.cc:260] T 0d0cec6fb9fb4d67839e784677279f2b P 66dee3eda43f4218a9d4ef461f62ba28 [NON_LEADER]: Queue going to NON_LEADER mode. State: All replicated index: 0, Majority replicated index: 0, Committed index: 0, Last appended: 0.0, Last appended by leader: 0, Current term: 0, Majority size: -1, State: 0, Mode: NON_LEADER, active raft config: opid_index: -1 OBSOLETE_local: false peers { permanent_uuid: "66dee3eda43f4218a9d4ef461f62ba28" member_type: VOTER last_known_addr { host: "127.2.38.193" port: 44223 } } peers { permanent_uuid: "ce223825e7674fa2ba1ee14a52c8ae4a" member_type: VOTER last_known_addr { host: "127.2.38.194" port: 34635 } } peers { permanent_uuid: "b4a5172a7b93446a8a170c03409ce02c" member_type: VOTER last_known_addr { host: "127.2.38.195" port: 35271 } }
I20260608 10:01:09.392325  5413 ts_tablet_manager.cc:1434] T 0d0cec6fb9fb4d67839e784677279f2b P 66dee3eda43f4218a9d4ef461f62ba28: Time spent starting tablet: real 0.010s	user 0.004s	sys 0.003s
I20260608 10:01:09.393369  5413 tablet_bootstrap.cc:492] T d5b5c577a78e409b8a081c994696affd P 66dee3eda43f4218a9d4ef461f62ba28: Bootstrap starting.
I20260608 10:01:09.393580  5411 raft_consensus.cc:359] T d5b5c577a78e409b8a081c994696affd P ce223825e7674fa2ba1ee14a52c8ae4a [term 0 FOLLOWER]: Replica starting. Triggering 0 pending ops. Active config: opid_index: -1 OBSOLETE_local: false peers { permanent_uuid: "ce223825e7674fa2ba1ee14a52c8ae4a" member_type: VOTER last_known_addr { host: "127.2.38.194" port: 34635 } } peers { permanent_uuid: "66dee3eda43f4218a9d4ef461f62ba28" member_type: VOTER last_known_addr { host: "127.2.38.193" port: 44223 } } peers { permanent_uuid: "b4a5172a7b93446a8a170c03409ce02c" member_type: VOTER last_known_addr { host: "127.2.38.195" port: 35271 } }
I20260608 10:01:09.394455  5411 raft_consensus.cc:385] T d5b5c577a78e409b8a081c994696affd P ce223825e7674fa2ba1ee14a52c8ae4a [term 0 FOLLOWER]: Consensus starting up: Expiring failure detector timer to make a prompt election more likely
I20260608 10:01:09.394765  5411 raft_consensus.cc:740] T d5b5c577a78e409b8a081c994696affd P ce223825e7674fa2ba1ee14a52c8ae4a [term 0 FOLLOWER]: Becoming Follower/Learner. State: Replica: ce223825e7674fa2ba1ee14a52c8ae4a, State: Initialized, Role: FOLLOWER
I20260608 10:01:09.395714  5411 consensus_queue.cc:260] T d5b5c577a78e409b8a081c994696affd P ce223825e7674fa2ba1ee14a52c8ae4a [NON_LEADER]: Queue going to NON_LEADER mode. State: All replicated index: 0, Majority replicated index: 0, Committed index: 0, Last appended: 0.0, Last appended by leader: 0, Current term: 0, Majority size: -1, State: 0, Mode: NON_LEADER, active raft config: opid_index: -1 OBSOLETE_local: false peers { permanent_uuid: "ce223825e7674fa2ba1ee14a52c8ae4a" member_type: VOTER last_known_addr { host: "127.2.38.194" port: 34635 } } peers { permanent_uuid: "66dee3eda43f4218a9d4ef461f62ba28" member_type: VOTER last_known_addr { host: "127.2.38.193" port: 44223 } } peers { permanent_uuid: "b4a5172a7b93446a8a170c03409ce02c" member_type: VOTER last_known_addr { host: "127.2.38.195" port: 35271 } }
I20260608 10:01:09.396322  5412 tablet_bootstrap.cc:654] T d19778f3f27841afa3703662e6bca853 P b4a5172a7b93446a8a170c03409ce02c: Neither blocks nor log segments found. Creating new log.
I20260608 10:01:09.400926  5413 tablet_bootstrap.cc:654] T d5b5c577a78e409b8a081c994696affd P 66dee3eda43f4218a9d4ef461f62ba28: Neither blocks nor log segments found. Creating new log.
I20260608 10:01:09.401754  5411 ts_tablet_manager.cc:1434] T d5b5c577a78e409b8a081c994696affd P ce223825e7674fa2ba1ee14a52c8ae4a: Time spent starting tablet: real 0.011s	user 0.007s	sys 0.000s
I20260608 10:01:09.403293  5411 tablet_bootstrap.cc:492] T 070f81c8ac954be1846f5bb01850e2f5 P ce223825e7674fa2ba1ee14a52c8ae4a: Bootstrap starting.
I20260608 10:01:09.408474  5412 tablet_bootstrap.cc:492] T d19778f3f27841afa3703662e6bca853 P b4a5172a7b93446a8a170c03409ce02c: No bootstrap required, opened a new log
I20260608 10:01:09.409057  5412 ts_tablet_manager.cc:1403] T d19778f3f27841afa3703662e6bca853 P b4a5172a7b93446a8a170c03409ce02c: Time spent bootstrapping tablet: real 0.021s	user 0.013s	sys 0.004s
I20260608 10:01:09.410537  5419 raft_consensus.cc:493] T d5b5c577a78e409b8a081c994696affd P b4a5172a7b93446a8a170c03409ce02c [term 0 FOLLOWER]: Starting pre-election (no leader contacted us within the election timeout)
I20260608 10:01:09.411052  5419 raft_consensus.cc:515] T d5b5c577a78e409b8a081c994696affd P b4a5172a7b93446a8a170c03409ce02c [term 0 FOLLOWER]: Starting pre-election with config: opid_index: -1 OBSOLETE_local: false peers { permanent_uuid: "ce223825e7674fa2ba1ee14a52c8ae4a" member_type: VOTER last_known_addr { host: "127.2.38.194" port: 34635 } } peers { permanent_uuid: "66dee3eda43f4218a9d4ef461f62ba28" member_type: VOTER last_known_addr { host: "127.2.38.193" port: 44223 } } peers { permanent_uuid: "b4a5172a7b93446a8a170c03409ce02c" member_type: VOTER last_known_addr { host: "127.2.38.195" port: 35271 } }
I20260608 10:01:09.412246  5412 raft_consensus.cc:359] T d19778f3f27841afa3703662e6bca853 P b4a5172a7b93446a8a170c03409ce02c [term 0 FOLLOWER]: Replica starting. Triggering 0 pending ops. Active config: opid_index: -1 OBSOLETE_local: false peers { permanent_uuid: "66dee3eda43f4218a9d4ef461f62ba28" member_type: VOTER last_known_addr { host: "127.2.38.193" port: 44223 } } peers { permanent_uuid: "ce223825e7674fa2ba1ee14a52c8ae4a" member_type: VOTER last_known_addr { host: "127.2.38.194" port: 34635 } } peers { permanent_uuid: "b4a5172a7b93446a8a170c03409ce02c" member_type: VOTER last_known_addr { host: "127.2.38.195" port: 35271 } }
I20260608 10:01:09.413017  5412 raft_consensus.cc:385] T d19778f3f27841afa3703662e6bca853 P b4a5172a7b93446a8a170c03409ce02c [term 0 FOLLOWER]: Consensus starting up: Expiring failure detector timer to make a prompt election more likely
I20260608 10:01:09.413321  5412 raft_consensus.cc:740] T d19778f3f27841afa3703662e6bca853 P b4a5172a7b93446a8a170c03409ce02c [term 0 FOLLOWER]: Becoming Follower/Learner. State: Replica: b4a5172a7b93446a8a170c03409ce02c, State: Initialized, Role: FOLLOWER
I20260608 10:01:09.414372  5412 consensus_queue.cc:260] T d19778f3f27841afa3703662e6bca853 P b4a5172a7b93446a8a170c03409ce02c [NON_LEADER]: Queue going to NON_LEADER mode. State: All replicated index: 0, Majority replicated index: 0, Committed index: 0, Last appended: 0.0, Last appended by leader: 0, Current term: 0, Majority size: -1, State: 0, Mode: NON_LEADER, active raft config: opid_index: -1 OBSOLETE_local: false peers { permanent_uuid: "66dee3eda43f4218a9d4ef461f62ba28" member_type: VOTER last_known_addr { host: "127.2.38.193" port: 44223 } } peers { permanent_uuid: "ce223825e7674fa2ba1ee14a52c8ae4a" member_type: VOTER last_known_addr { host: "127.2.38.194" port: 34635 } } peers { permanent_uuid: "b4a5172a7b93446a8a170c03409ce02c" member_type: VOTER last_known_addr { host: "127.2.38.195" port: 35271 } }
I20260608 10:01:09.416326  5419 leader_election.cc:290] T d5b5c577a78e409b8a081c994696affd P b4a5172a7b93446a8a170c03409ce02c [CANDIDATE]: Term 1 pre-election: Requested pre-vote from peers ce223825e7674fa2ba1ee14a52c8ae4a (127.2.38.194:34635), 66dee3eda43f4218a9d4ef461f62ba28 (127.2.38.193:44223)
I20260608 10:01:09.426148  5411 tablet_bootstrap.cc:654] T 070f81c8ac954be1846f5bb01850e2f5 P ce223825e7674fa2ba1ee14a52c8ae4a: Neither blocks nor log segments found. Creating new log.
I20260608 10:01:09.434587  5412 ts_tablet_manager.cc:1434] T d19778f3f27841afa3703662e6bca853 P b4a5172a7b93446a8a170c03409ce02c: Time spent starting tablet: real 0.025s	user 0.008s	sys 0.008s
I20260608 10:01:09.435820  5412 tablet_bootstrap.cc:492] T 31824f2580664e04930c605a13ecb45f P b4a5172a7b93446a8a170c03409ce02c: Bootstrap starting.
I20260608 10:01:09.443324  5412 tablet_bootstrap.cc:654] T 31824f2580664e04930c605a13ecb45f P b4a5172a7b93446a8a170c03409ce02c: Neither blocks nor log segments found. Creating new log.
I20260608 10:01:09.446249  5413 tablet_bootstrap.cc:492] T d5b5c577a78e409b8a081c994696affd P 66dee3eda43f4218a9d4ef461f62ba28: No bootstrap required, opened a new log
I20260608 10:01:09.450471  5413 ts_tablet_manager.cc:1403] T d5b5c577a78e409b8a081c994696affd P 66dee3eda43f4218a9d4ef461f62ba28: Time spent bootstrapping tablet: real 0.057s	user 0.022s	sys 0.020s
I20260608 10:01:09.451697  5292 tablet_service.cc:1917] Received RequestConsensusVote() RPC: tablet_id: "d5b5c577a78e409b8a081c994696affd" candidate_uuid: "b4a5172a7b93446a8a170c03409ce02c" candidate_term: 1 candidate_status { last_received { term: 0 index: 0 } } ignore_live_leader: false dest_uuid: "ce223825e7674fa2ba1ee14a52c8ae4a" is_pre_election: true
I20260608 10:01:09.452773  5292 raft_consensus.cc:2468] T d5b5c577a78e409b8a081c994696affd P ce223825e7674fa2ba1ee14a52c8ae4a [term 0 FOLLOWER]: Leader pre-election vote request: Granting yes vote for candidate b4a5172a7b93446a8a170c03409ce02c in term 0.
